[INFO] fetching crate wadec 0.0.1...
[INFO] testing wadec-0.0.1 against 1.99.0-beta.8+cargoflags=--release for beta-release-1.100-2
[INFO] extracting crate wadec 0.0.1 into /workspace/builds/worker-7-tc1/source
[INFO] started tweaking crates.io crate wadec 0.0.1
[INFO] removed 0 missing tests
[INFO] finished tweaking crates.io crate wadec 0.0.1
[INFO] tweaked toml for crates.io crate wadec 0.0.1 written to /workspace/builds/worker-7-tc1/source/Cargo.toml
[INFO] validating manifest of crates.io crate wadec 0.0.1 on toolchain 1.99.0-beta.8
[INFO] running `Command { std: CARGO_HOME="/workspace/cargo-home" RUSTUP_HOME="/workspace/rustup-home" "/workspace/cargo-home/bin/cargo" "+1.99.0-beta.8" "metadata" "--manifest-path" "Cargo.toml" "--no-deps", kill_on_drop: false }`
[INFO] crate crates.io crate wadec 0.0.1 already has a lockfile, it will not be regenerated
[INFO] running `Command { std: CARGO_HOME="/workspace/cargo-home" RUSTUP_HOME="/workspace/rustup-home" "/workspace/cargo-home/bin/cargo" "+1.99.0-beta.8" "fetch" "--manifest-path" "Cargo.toml", kill_on_drop: false }`
[INFO] [stderr]     Updating crates.io index
[INFO] [stderr]  Downloading crates ...
[INFO] [stderr]   Downloaded itoa v1.0.16
[INFO] [stderr]   Downloaded zmij v0.1.9
[INFO] [stderr]   Downloaded phf_generator v0.13.1
[INFO] [stderr]   Downloaded phf v0.13.1
[INFO] [stderr]   Downloaded googletest_macro v0.14.2
[INFO] [stderr]   Downloaded phf_macros v0.13.1
[INFO] [stderr]   Downloaded phf_shared v0.13.1
[INFO] [stderr]   Downloaded syn v2.0.111
[INFO] [stderr]   Downloaded googletest v0.14.2
[INFO] [stderr]   Downloaded serde_json v1.0.147
[INFO] running `Command { std: "docker" "create" "-v" "/var/lib/crater-agent-workspace/builds/worker-7-tc1/source:/opt/rustwide/workdir:ro,Z" "-v" "/var/lib/crater-agent-workspace/builds/worker-7-tc1/target:/opt/rustwide/target:rw,Z" "-v" "/var/lib/crater-agent-workspace/cargo-home:/opt/rustwide/cargo-home:ro,Z" "-v" "/var/lib/crater-agent-workspace/rustup-home:/opt/rustwide/rustup-home:ro,Z" "-m" "1610612736" "--network" "none" "ghcr.io/rust-lang/crates-build-env/linux@sha256:77db811e55d90add9212f6832c23229e3de5f1c1f9905e8cb07319ea15df73ac" "sleep" "infinity", kill_on_drop: false }`
[INFO] [stdout] a5d2b6d397a06f6bf46c4955c921af25981b84b1c068ee3f8554e01eeb2d1896
[INFO] running `Command { std: "docker" "start" "a5d2b6d397a06f6bf46c4955c921af25981b84b1c068ee3f8554e01eeb2d1896", kill_on_drop: false }`
[INFO] running `Command { std: "docker" "inspect" "a5d2b6d397a06f6bf46c4955c921af25981b84b1c068ee3f8554e01eeb2d1896", kill_on_drop: false }`
[INFO] running `Command { std: "docker" "exec" "-e" "SOURCE_DIR=/opt/rustwide/workdir" "-e" "CARGO_HOME=/opt/rustwide/cargo-home" "-e" "RUSTUP_HOME=/opt/rustwide/rustup-home" "-e" "CARGO_TARGET_DIR=/opt/rustwide/target" "-w" "/opt/rustwide/workdir" "--user" "0:0" "a5d2b6d397a06f6bf46c4955c921af25981b84b1c068ee3f8554e01eeb2d1896" "/opt/rustwide/cargo-home/bin/cargo" "+1.99.0-beta.8" "metadata" "--no-deps" "--format-version=1", kill_on_drop: false }`
[INFO] running `Command { std: "docker" "inspect" "a5d2b6d397a06f6bf46c4955c921af25981b84b1c068ee3f8554e01eeb2d1896", kill_on_drop: false }`
[INFO] running `Command { std: "docker" "exec" "-e" "SOURCE_DIR=/opt/rustwide/workdir" "-e" "CARGO_HOME=/opt/rustwide/cargo-home" "-e" "RUSTUP_HOME=/opt/rustwide/rustup-home" "-e" "CARGO_TARGET_DIR=/opt/rustwide/target" "-e" "CARGO_INCREMENTAL=0" "-e" "RUST_BACKTRACE=full" "-e" "RUSTFLAGS=--cap-lints=warn" "-e" "RUSTDOCFLAGS=--cap-lints=warn" "-w" "/opt/rustwide/workdir" "--user" "0:0" "a5d2b6d397a06f6bf46c4955c921af25981b84b1c068ee3f8554e01eeb2d1896" "/opt/rustwide/cargo-home/bin/cargo" "+1.99.0-beta.8" "build" "--frozen" "--message-format=json" "--release", kill_on_drop: false }`
[INFO] [stderr]    Compiling quote v1.0.42
[INFO] [stderr]    Compiling siphasher v1.0.1
[INFO] [stderr]    Compiling fastrand v2.3.0
[INFO] [stderr]    Compiling thiserror v2.0.17
[INFO] [stderr]    Compiling phf_shared v0.13.1
[INFO] [stderr]    Compiling syn v2.0.111
[INFO] [stderr]    Compiling phf_generator v0.13.1
[INFO] [stderr]    Compiling phf_macros v0.13.1
[INFO] [stderr]    Compiling thiserror-impl v2.0.17
[INFO] [stderr]    Compiling phf v0.13.1
[INFO] [stderr]    Compiling wadec v0.0.1 (/opt/rustwide/workdir)
[INFO] [stderr]     Finished `release` profile [optimized] target(s) in 10.30s
[INFO] running `Command { std: "docker" "inspect" "a5d2b6d397a06f6bf46c4955c921af25981b84b1c068ee3f8554e01eeb2d1896", kill_on_drop: false }`
[INFO] running `Command { std: "docker" "exec" "-e" "SOURCE_DIR=/opt/rustwide/workdir" "-e" "CARGO_HOME=/opt/rustwide/cargo-home" "-e" "RUSTUP_HOME=/opt/rustwide/rustup-home" "-e" "CARGO_TARGET_DIR=/opt/rustwide/target" "-e" "CARGO_INCREMENTAL=0" "-e" "RUST_BACKTRACE=full" "-e" "RUSTFLAGS=--cap-lints=warn" "-e" "RUSTDOCFLAGS=--cap-lints=warn" "-w" "/opt/rustwide/workdir" "--user" "0:0" "a5d2b6d397a06f6bf46c4955c921af25981b84b1c068ee3f8554e01eeb2d1896" "/opt/rustwide/cargo-home/bin/cargo" "+1.99.0-beta.8" "test" "--frozen" "--no-run" "--message-format=json" "--release", kill_on_drop: false }`
[INFO] [stderr]    Compiling syn v2.0.111
[INFO] [stderr]    Compiling memchr v2.7.6
[INFO] [stderr]    Compiling regex-syntax v0.8.8
[INFO] [stderr]    Compiling num-traits v0.2.19
[INFO] [stderr]    Compiling anyhow v1.0.100
[INFO] [stderr]    Compiling serde_json v1.0.147
[INFO] [stderr]    Compiling zmij v0.1.9
[INFO] [stderr]    Compiling itoa v1.0.16
[INFO] [stderr]    Compiling yansi v1.0.1
[INFO] [stderr]    Compiling diff v0.1.13
[INFO] [stderr]    Compiling pretty_assertions v1.4.1
[INFO] [stderr]    Compiling aho-corasick v1.1.4
[INFO] [stderr]    Compiling regex-automata v0.4.13
[INFO] [stderr]    Compiling phf_macros v0.13.1
[INFO] [stderr]    Compiling thiserror-impl v2.0.17
[INFO] [stderr]    Compiling googletest_macro v0.14.2
[INFO] [stderr]    Compiling serde_derive v1.0.228
[INFO] [stderr]    Compiling phf v0.13.1
[INFO] [stderr]    Compiling thiserror v2.0.17
[INFO] [stderr]    Compiling wadec v0.0.1 (/opt/rustwide/workdir)
[INFO] [stderr]    Compiling regex v1.12.2
[INFO] [stderr]    Compiling googletest v0.14.2
[INFO] [stderr]    Compiling serde v1.0.228
[INFO] [stderr]     Finished `release` profile [optimized] target(s) in 1m 14s
[INFO] running `Command { std: "docker" "inspect" "a5d2b6d397a06f6bf46c4955c921af25981b84b1c068ee3f8554e01eeb2d1896", kill_on_drop: false }`
[INFO] running `Command { std: "docker" "exec" "-e" "SOURCE_DIR=/opt/rustwide/workdir" "-e" "CARGO_HOME=/opt/rustwide/cargo-home" "-e" "RUSTUP_HOME=/opt/rustwide/rustup-home" "-e" "CARGO_TARGET_DIR=/opt/rustwide/target" "-e" "CARGO_INCREMENTAL=0" "-e" "RUST_BACKTRACE=full" "-e" "RUSTFLAGS=--cap-lints=warn" "-e" "RUSTDOCFLAGS=--cap-lints=warn" "-w" "/opt/rustwide/workdir" "--user" "0:0" "a5d2b6d397a06f6bf46c4955c921af25981b84b1c068ee3f8554e01eeb2d1896" "/opt/rustwide/cargo-home/bin/cargo" "+1.99.0-beta.8" "test" "--frozen" "--release", kill_on_drop: false }`
[INFO] [stderr]     Finished `release` profile [optimized] target(s) in 0.08s
[INFO] [stderr]      Running unittests src/lib.rs (/opt/rustwide/target/release/deps/wadec-73e9cd4e83576571)
[INFO] [stdout] 
[INFO] [stdout] running 18 tests
[INFO] [stdout] test decode::integer::tests::read_i64_accepts_extended_zero ... ok
[INFO] [stdout] test decode::integer::tests::read_i32_rejects_representation_too_long ... ok
[INFO] [stdout] test decode::integer::tests::read_i32_rejects_out_of_range_positive ... ok
[INFO] [stdout] test decode::integer::tests::read_i64_accepts_extended_negative_encoding ... ok
[INFO] [stdout] test decode::integer::tests::read_i32_accepts_non_minimal_encoding_for_negative_one ... ok
[INFO] [stdout] test decode::integer::tests::read_i64_accepts_full_length_negative_min_plus_one ... ok
[INFO] [stdout] test decode::integer::tests::read_i64_accepts_full_length_positive_max ... ok
[INFO] [stdout] test decode::integer::tests::read_i64_accepts_full_length_negative_min ... ok
[INFO] [stdout] test decode::integer::tests::read_i32_rejects_out_of_range_negative ... ok
[INFO] [stdout] test decode::integer::tests::read_i64_decodes_edge_values ... ok
[INFO] [stdout] test decode::integer::tests::read_i64_rejects_incorrect_positive_padding ... ok
[INFO] [stdout] test decode::integer::tests::read_i64_rejects_representation_too_long ... ok
[INFO] [stdout] test decode::integer::tests::read_u32_accepts_extended_zero ... ok
[INFO] [stdout] test decode::integer::tests::read_u32_decodes_simple_values ... ok
[INFO] [stdout] test decode::integer::tests::read_u32_rejects_payload_bits_in_last_byte ... ok
[INFO] [stdout] test decode::integer::tests::read_u32_rejects_representation_too_long ... ok
[INFO] [stdout] test decode::integer::tests::read_i64_rejects_incorrect_negative_padding ... ok
[INFO] [stderr]      Running tests/error_types.rs (/opt/rustwide/target/release/deps/error_types-1e676338da7e4b6b)
[INFO] [stdout] test decode::integer::tests::read_i32_decodes_edge_values ... ok
[INFO] [stdout] 
[INFO] [stdout] test result: ok. 18 passed; 0 failed; 0 ignored; 0 measured; 0 filtered out; finished in 0.06s
[INFO] [stdout] 
[INFO] [stdout] 
[INFO] [stdout] running 121 tests
[INFO] [stdout] test block_type_error_read_marker_byte ... ok
[INFO] [stdout] test block_type_error_type_index_too_large ... ok
[INFO] [stdout] test control_error_block_type ... ok
[INFO] [stdout] test block_type_error_negative_type_index ... ok
[INFO] [stdout] test control_error_table_idx ... ok
[INFO] [stdout] test control_error_type_idx ... ok
[INFO] [stdout] test control_error_decode_label_idx_vector ... ok
[INFO] [stdout] test block_type_error_decode_index_truncated ... ok
[INFO] [stdout] test decode_code_error_locals_vector_length_overlong ... ok
[INFO] [stdout] test control_error_unexpected_else ... ok
[INFO] [stdout] test decode_code_locals_error_count_out_of_bounds ... ok
[INFO] [stdout] test data_idx_error_for_overlong_data_drop_instruction ... ok
[INFO] [stdout] test decode_code_error_entry_size_mismatch ... ok
[INFO] [stdout] test decode_code_error_function_size_truncated ... ok
[INFO] [stdout] test decode_code_error_local_valtype_invalid ... ok
[INFO] [stdout] test decode_custom_section_error_invalid_utf8_name ... ok
[INFO] [stdout] test decode_data_section_error_bitfield_decode ... ok
[INFO] [stdout] test decode_code_locals_error_decode_count ... ok
[INFO] [stdout] test decode_custom_section_error_decode_name_length ... ok
[INFO] [stdout] test decode_data_section_error_init_vector_truncated ... ok
[INFO] [stdout] test decode_data_section_error_invalid_bitfield ... ok
[INFO] [stdout] test decode_data_section_error_offset_expr_missing ... ok
[INFO] [stdout] test decode_datacount_section_error_decode_segment_count ... ok
[INFO] [stdout] test decode_element_error_expression_missing_opcode ... ok
[INFO] [stdout] test decode_element_error_funcidx_vector_overlong ... ok
[INFO] [stdout] test decode_element_error_invalid_bitfield ... ok
[INFO] [stdout] test decode_element_error_offset_expression ... ok
[INFO] [stdout] test decode_export_error_descriptor_missing_byte ... ok
[INFO] [stdout] test decode_element_error_init_decode_length ... ok
[INFO] [stdout] test decode_export_error_index_decode ... ok
[INFO] [stdout] test decode_element_error_reference_type_invalid ... ok
[INFO] [stdout] test decode_func_type_error_invalid_marker_byte ... ok
[INFO] [stdout] test decode_element_error_elemkind_invalid ... ok
[INFO] [stdout] test decode_element_error_elemkind_io ... ok
[INFO] [stdout] test decode_export_error_invalid_descriptor ... ok
[INFO] [stdout] test decode_export_section_error_name_decode ... ok
[INFO] [stdout] test decode_func_type_error_parameter_types_invalid_valtype ... ok
[INFO] [stdout] test decode_func_type_error_read_marker_byte ... ok
[INFO] [stdout] test decode_func_type_error_result_types_truncated ... ok
[INFO] [stdout] test decode_global_error_init_missing_expr ... ok
[INFO] [stdout] test decode_global_type_error_invalid_mutability ... ok
[INFO] [stdout] test decode_element_error_table_idx_overlong ... ok
[INFO] [stdout] test decode_element_section_error_bitfield_decode ... ok
[INFO] [stdout] test decode_global_type_error_invalid_valtype ... ok
[INFO] [stdout] test decode_i64_error_io ... ok
[INFO] [stdout] test decode_global_type_error_missing_mutability ... ok
[INFO] [stdout] test decode_i32_error_io ... ok
[INFO] [stdout] test decode_i64_error_incorrect_sign_extension ... ok
[INFO] [stdout] test decode_i64_error_representation_too_long ... ok
[INFO] [stdout] test decode_import_error_descriptor_missing_byte ... ok
[INFO] [stdout] test decode_import_error_global_invalid_mutability ... ok
[INFO] [stdout] test decode_import_error_table_invalid_reftype ... ok
[INFO] [stdout] test decode_import_error_invalid_descriptor ... ok
[INFO] [stdout] test decode_import_error_typeidx_overlong ... ok
[INFO] [stdout] test decode_memory_type_error_missing_max_limit ... ok
[INFO] [stdout] test decode_i32_error_representation_too_long ... ok
[INFO] [stdout] test decode_import_section_error_module_name ... ok
[INFO] [stdout] test decode_i32_error_too_large ... ok
[INFO] [stdout] test decode_memory_type_error_missing_limits_byte ... ok
[INFO] [stdout] test decode_import_error_memory_invalid_limits ... ok
[INFO] [stdout] test decode_memory_type_error_missing_min_limit ... ok
[INFO] [stdout] test decode_module_data_count_mismatch ... ok
[INFO] [stdout] test decode_module_data_index_without_data_count ... ok
[INFO] [stdout] test decode_module_code_func_entries_len_mismatch ... ok
[INFO] [stdout] test decode_module_section_size_mismatch ... ok
[INFO] [stdout] test decode_section_header_error_invalid_section_id ... ok
[INFO] [stdout] test decode_import_section_error_entity_name_utf8 ... ok
[INFO] [stdout] test decode_memory_type_error_unexpected_max_limit_byte ... ok
[INFO] [stdout] test decode_start_section_error_func_idx ... ok
[INFO] [stdout] test decode_table_error_invalid_reftype_marker ... ok
[INFO] [stdout] test decode_table_error_limits_invalid_flag ... ok
[INFO] [stdout] test decode_u32_error_io_for_section_size ... ok
[INFO] [stdout] test decode_u32_error_representation_too_long_for_section_size ... ok
[INFO] [stdout] test decode_table_error_reftype_truncated ... ok
[INFO] [stdout] test elem_idx_error_for_overlong_elem_drop_instruction ... ok
[INFO] [stdout] test global_idx_error_for_overlong_global_get_instruction ... ok
[INFO] [stdout] test func_idx_error_for_overlong_call_instruction ... ok
[INFO] [stdout] test decode_module_duplicate_section ... ok
[INFO] [stdout] test decode_module_section_out_of_order ... ok
[INFO] [stdout] test decode_u32_error_too_large_for_type_section_length ... ok
[INFO] [stdout] test local_idx_error_for_overlong_local_get_instruction ... ok
[INFO] [stdout] test mem_idx_error_for_overlong_data_segment_memory_index ... ok
[INFO] [stdout] test memory_error_invalid_memory_copy_bytes ... ok
[INFO] [stdout] test lane_idx_error_missing_byte ... ok
[INFO] [stdout] test memory_error_invalid_memory_grow_byte ... ok
[INFO] [stdout] test memarg_error_align_missing ... ok
[INFO] [stdout] test memory_error_decode_memarg_missing_offset ... ok
[INFO] [stdout] test memory_error_invalid_memory_fill_byte ... ok
[INFO] [stdout] test decode_module_data_count_datas_len_mismatch ... ok
[INFO] [stdout] test decode_custom_section_error_decode_name_truncated ... ok
[INFO] [stdout] test label_idx_error_for_overlong_br_instruction ... ok
[INFO] [stdout] test memory_error_read_reserved_bytes ... ok
[INFO] [stdout] test numeric_error_decode_f32_truncated_payload ... ok
[INFO] [stdout] test parametric_error_decode_vector_invalid_valtype ... ok
[INFO] [stdout] test parse_error_control ... ok
[INFO] [stdout] test parse_error_invalid_marker_after_fc ... ok
[INFO] [stdout] test memory_error_invalid_memory_init_byte ... ok
[INFO] [stdout] test parse_error_numeric ... ok
[INFO] [stdout] test memory_error_invalid_memory_size_byte ... ok
[INFO] [stdout] test memory_error_read_reserved_byte ... ok
[INFO] [stdout] test parse_error_invalid_opcode ... ok
[INFO] [stdout] test parse_error_parametric ... ok
[INFO] [stdout] test parse_error_read_opcode ... ok
[INFO] [stdout] test parse_error_table ... ok
[INFO] [stdout] test parse_error_variable ... ok
[INFO] [stdout] test parse_error_vector ... ok
[INFO] [stdout] test parse_expression_error_unexpected_else ... ok
[INFO] [stdout] test reference_error_func_idx ... ok
[INFO] [stdout] test table_idx_error_for_overlong_table_get_instruction ... ok
[INFO] [stdout] test type_idx_error_for_overlong_function_index ... ok
[INFO] [stdout] test vector_error_laneidx_missing ... ok
[INFO] [stdout] test parse_error_reference ... ok
[INFO] [stdout] test vector_error_memarg_offset_missing ... ok
[INFO] [stdout] test parse_preamble_error_io ... ok
[INFO] [stdout] test vector_error_read_immediate_bytes ... ok
[INFO] [stdout] test vector_error_read_opcode_truncated ... ok
[INFO] [stdout] test numeric_error_read_opcode_truncated_fc_prefix ... ok
[INFO] [stdout] test parse_error_memory ... ok
[INFO] [stdout] test parse_preamble_error_unexpected ... ok
[INFO] [stderr]      Running tests/tests.rs (/opt/rustwide/target/release/deps/tests-737d93f7b080780e)
[INFO] [stdout] test numeric_error_decode_f64_truncated_payload ... ok
[INFO] [stdout] test vector_error_invalid_opcode ... ok
[INFO] [stdout] 
[INFO] [stdout] test result: ok. 121 passed; 0 failed; 0 ignored; 0 measured; 0 filtered out; finished in 0.07s
[INFO] [stdout] 
[INFO] [stdout] 
[INFO] [stdout] running 27 tests
[INFO] [stdout] test it_accepts_empty_module ... ok
[INFO] [stdout] test it_accepts_foo ... ok
[INFO] [stdout] test it_accepts_add_sample ... ok
[INFO] [stdout] test it_accepts_imports_of_tables_memories_and_globals ... ok
[INFO] [stdout] test it_accepts_two_funcs_exporting_second ... ok
[INFO] [stdout] test it_accepts_kitchensink ... ok
[INFO] [stdout] test it_accepts_module_without_exports ... ok
[INFO] [stdout] test it_accepts_export_with_locals ... ok
[INFO] [stdout] test it_decodes_data_section_multiple_segments ... ok
[INFO] [stdout] test it_decodes_element_section_all_alts ... ok
[INFO] [stdout] test it_decodes_parametric_instructions ... ok
[INFO] [stdout] test it_decodes_control_instructions ... ok
[INFO] [stdout] test it_decodes_start_section ... ok
[INFO] [stdout] test it_decodes_reference_instructions ... ok
[INFO] [stdout] test it_decodes_numeric_instructions ... ok
[INFO] [stdout] test it_decodes_table_instructions ... ok
[INFO] [stdout] test it_decodes_memory_instructions ... ok
[INFO] [stdout] test it_decodes_variable_instructions ... ok
[INFO] [stdout] test it_fails_on_code_entry_size_mismatch ... ok
[INFO] [stdout] test it_fails_on_code_size_mismatch ... ok
[INFO] [stdout] test it_parses_preamble ... ok
[INFO] [stdout] test it_respects_mem_limits ... ok
[INFO] [stdout] test it_rejects_overlong_type_index_encoding ... ok
[INFO] [stdout] test it_decodes_vector_instructions ... ok
[INFO] [stdout] test it_enforces_section_ordering ... ok
[INFO] [stdout] test it_surfaces_invalid_valtype_marker ... ok
[INFO] [stdout] test it_surfaces_vector_element_index_on_type_decode_failure ... ok
[INFO] [stdout] 
[INFO] [stdout] test result: ok. 27 passed; 0 failed; 0 ignored; 0 measured; 0 filtered out; finished in 0.03s
[INFO] [stdout] 
[INFO] [stderr]      Running tests/z_spec.rs (/opt/rustwide/target/release/deps/z_spec-03f51d32c61d763a)
[INFO] [stdout] 
[INFO] [stdout] running 1 test
[INFO] [stderr] error: test failed, to rerun pass `--test z_spec`
[INFO] [stdout] test upstream_specification_testsuite ... FAILED
[INFO] [stdout] 
[INFO] [stdout] failures:
[INFO] [stdout] 
[INFO] [stdout] ---- upstream_specification_testsuite stdout ----
[INFO] [stdout] 
[INFO] [stdout] thread 'upstream_specification_testsuite' (1131) panicked at tests/z_spec.rs:171:18:
[INFO] [stdout] called `Result::unwrap()` on an `Err` value: Os { code: 2, kind: NotFound, message: "No such file or directory" }
[INFO] [stdout] stack backtrace:
[INFO] [stdout]    0:     0x5fef33284de1 - <<std[70759c8f55707aa4]::sys::backtrace::BacktraceLock>::print::DisplayBacktrace as core[df12db4294e9bfd3]::fmt::Display>::fmt
[INFO] [stdout]    1:     0x5fef33299a1a - core[df12db4294e9bfd3]::fmt::write
[INFO] [stdout]    2:     0x5fef33289c2c - <alloc[2182bb758b4b3781]::vec::Vec<u8> as core[df12db4294e9bfd3]::io::write::Write>::write_fmt
[INFO] [stdout]    3:     0x5fef3325fc36 - std[70759c8f55707aa4]::panicking::default_hook::{closure#0}
[INFO] [stdout]    4:     0x5fef3327d299 - std[70759c8f55707aa4]::panicking::default_hook
[INFO] [stdout]    5:     0x5fef33211060 - test[9d35eded1c95d3be]::test_main_inner::<test[9d35eded1c95d3be]::test_main_static::{closure#0}>::{closure#0}
[INFO] [stdout]    6:     0x5fef3327d452 - std[70759c8f55707aa4]::panicking::panic_with_hook
[INFO] [stdout]    7:     0x5fef3325fce2 - std[70759c8f55707aa4]::panicking::panic_handler::{closure#0}
[INFO] [stdout]    8:     0x5fef33258319 - std[70759c8f55707aa4]::sys::backtrace::__rust_end_short_backtrace::<std[70759c8f55707aa4]::panicking::panic_handler::{closure#0}, !>
[INFO] [stdout]    9:     0x5fef332609ed - __rustc[8fa7c3cbc660c2b3]::rust_begin_unwind
[INFO] [stdout]   10:     0x5fef3329a14c - core[df12db4294e9bfd3]::panicking::panic_fmt
[INFO] [stdout]   11:     0x5fef33299f22 - core[df12db4294e9bfd3]::result::unwrap_failed
[INFO] [stdout]   12:     0x5fef331f6ce1 - <z_spec[a2fccbffa3d6a3cc]::upstream_specification_testsuite::{closure#0} as core[df12db4294e9bfd3]::ops::function::FnOnce<()>>::call_once
[INFO] [stdout]   13:     0x5fef3320434b - test[9d35eded1c95d3be]::__rust_begin_short_backtrace::<core[df12db4294e9bfd3]::result::Result<(), alloc[2182bb758b4b3781]::string::String>, fn() -> core[df12db4294e9bfd3]::result::Result<(), alloc[2182bb758b4b3781]::string::String>>
[INFO] [stdout]   14:     0x5fef332119b5 - test[9d35eded1c95d3be]::run_test::{closure#0}
[INFO] [stdout]   15:     0x5fef3320b274 - std[70759c8f55707aa4]::sys::backtrace::__rust_begin_short_backtrace::<test[9d35eded1c95d3be]::run_test::{closure#1}, ()>
[INFO] [stdout]   16:     0x5fef33214b12 - <std[70759c8f55707aa4]::thread::lifecycle::spawn_unchecked<test[9d35eded1c95d3be]::run_test::{closure#1}, ()>::{closure#1} as core[df12db4294e9bfd3]::ops::function::FnOnce<()>>::call_once::{shim:vtable#0}
[INFO] [stdout]   17:     0x5fef332846b9 - <std[70759c8f55707aa4]::sys::thread::unix::Thread>::new::thread_start
[INFO] [stdout]   18:     0x7553703c7dfa - <unknown>
[INFO] [stdout]   19:     0x75537045b3d4 - clone
[INFO] [stdout]   20:                0x0 - <unknown>
[INFO] [stdout] 
[INFO] [stdout] 
[INFO] [stdout] failures:
[INFO] [stdout]     upstream_specification_testsuite
[INFO] [stdout] 
[INFO] [stdout] test result: FAILED. 0 passed; 1 failed; 0 ignored; 0 measured; 0 filtered out; finished in 0.01s
[INFO] [stdout] 
[INFO] running `Command { std: "docker" "inspect" "a5d2b6d397a06f6bf46c4955c921af25981b84b1c068ee3f8554e01eeb2d1896", kill_on_drop: false }`
[INFO] running `Command { std: "docker" "rm" "-f" "a5d2b6d397a06f6bf46c4955c921af25981b84b1c068ee3f8554e01eeb2d1896", kill_on_drop: false }`
[INFO] [stdout] a5d2b6d397a06f6bf46c4955c921af25981b84b1c068ee3f8554e01eeb2d1896
