[INFO] fetching crate wacksy 0.4.3...
[INFO] testing wacksy-0.4.3 against 1.99.0-beta.8+cargoflags=--release for beta-release-1.100-2
[INFO] extracting crate wacksy 0.4.3 into /workspace/builds/worker-3-tc1/source
[INFO] started tweaking crates.io crate wacksy 0.4.3
[INFO] finished tweaking crates.io crate wacksy 0.4.3
[INFO] tweaked toml for crates.io crate wacksy 0.4.3 written to /workspace/builds/worker-3-tc1/source/Cargo.toml
[INFO] validating manifest of crates.io crate wacksy 0.4.3 on toolchain 1.99.0-beta.8
[INFO] running `Command { std: CARGO_HOME="/workspace/cargo-home" RUSTUP_HOME="/workspace/rustup-home" "/workspace/cargo-home/bin/cargo" "+1.99.0-beta.8" "metadata" "--manifest-path" "Cargo.toml" "--no-deps", kill_on_drop: false }`
[INFO] crate crates.io crate wacksy 0.4.3 already has a lockfile, it will not be regenerated
[INFO] running `Command { std: CARGO_HOME="/workspace/cargo-home" RUSTUP_HOME="/workspace/rustup-home" "/workspace/cargo-home/bin/cargo" "+1.99.0-beta.8" "fetch" "--manifest-path" "Cargo.toml", kill_on_drop: false }`
[INFO] [stderr]     Updating crates.io index
[INFO] [stderr]  Downloading crates ...
[INFO] [stderr]   Downloaded jsonschema-regex v0.46.10
[INFO] [stderr]   Downloaded referencing v0.46.10
[INFO] [stderr]   Downloaded rawzip v0.5.1
[INFO] [stderr]   Downloaded jsonschema v0.46.10
[INFO] running `Command { std: "docker" "create" "-v" "/var/lib/crater-agent-workspace/builds/worker-3-tc1/source:/opt/rustwide/workdir:ro,Z" "-v" "/var/lib/crater-agent-workspace/builds/worker-3-tc1/target:/opt/rustwide/target:rw,Z" "-v" "/var/lib/crater-agent-workspace/cargo-home:/opt/rustwide/cargo-home:ro,Z" "-v" "/var/lib/crater-agent-workspace/rustup-home:/opt/rustwide/rustup-home:ro,Z" "-m" "1610612736" "--network" "none" "ghcr.io/rust-lang/crates-build-env/linux@sha256:77db811e55d90add9212f6832c23229e3de5f1c1f9905e8cb07319ea15df73ac" "sleep" "infinity", kill_on_drop: false }`
[INFO] [stdout] 5ab1afe46dad5382590da80b626c9cda37f5ec18a8b26b3ebaf726200b52deb0
[INFO] running `Command { std: "docker" "start" "5ab1afe46dad5382590da80b626c9cda37f5ec18a8b26b3ebaf726200b52deb0", kill_on_drop: false }`
[INFO] running `Command { std: "docker" "inspect" "5ab1afe46dad5382590da80b626c9cda37f5ec18a8b26b3ebaf726200b52deb0", kill_on_drop: false }`
[INFO] running `Command { std: "docker" "exec" "-e" "SOURCE_DIR=/opt/rustwide/workdir" "-e" "CARGO_HOME=/opt/rustwide/cargo-home" "-e" "RUSTUP_HOME=/opt/rustwide/rustup-home" "-e" "CARGO_TARGET_DIR=/opt/rustwide/target" "-w" "/opt/rustwide/workdir" "--user" "0:0" "5ab1afe46dad5382590da80b626c9cda37f5ec18a8b26b3ebaf726200b52deb0" "/opt/rustwide/cargo-home/bin/cargo" "+1.99.0-beta.8" "metadata" "--no-deps" "--format-version=1", kill_on_drop: false }`
[INFO] running `Command { std: "docker" "inspect" "5ab1afe46dad5382590da80b626c9cda37f5ec18a8b26b3ebaf726200b52deb0", kill_on_drop: false }`
[INFO] running `Command { std: "docker" "exec" "-e" "SOURCE_DIR=/opt/rustwide/workdir" "-e" "CARGO_HOME=/opt/rustwide/cargo-home" "-e" "RUSTUP_HOME=/opt/rustwide/rustup-home" "-e" "CARGO_TARGET_DIR=/opt/rustwide/target" "-e" "CARGO_INCREMENTAL=0" "-e" "RUST_BACKTRACE=full" "-e" "RUSTFLAGS=--cap-lints=warn" "-e" "RUSTDOCFLAGS=--cap-lints=warn" "-w" "/opt/rustwide/workdir" "--user" "0:0" "5ab1afe46dad5382590da80b626c9cda37f5ec18a8b26b3ebaf726200b52deb0" "/opt/rustwide/cargo-home/bin/cargo" "+1.99.0-beta.8" "build" "--frozen" "--message-format=json" "--release", kill_on_drop: false }`
[INFO] [stderr]    Compiling typenum v1.20.1
[INFO] [stderr]    Compiling crc32fast v1.5.1
[INFO] [stderr]    Compiling cfg-if v1.0.4
[INFO] [stderr]    Compiling simd-adler32 v0.3.10
[INFO] [stderr]    Compiling adler2 v2.0.1
[INFO] [stderr]    Compiling const-oid v0.10.2
[INFO] [stderr]    Compiling cpufeatures v0.3.1
[INFO] [stderr]    Compiling rawzip v0.5.1
[INFO] [stderr]    Compiling base16ct v1.0.0
[INFO] [stderr]    Compiling miniz_oxide v0.9.1
[INFO] [stderr]    Compiling flate2 v1.1.10
[INFO] [stderr]    Compiling hybrid-array v0.4.14
[INFO] [stderr]    Compiling crypto-common v0.2.2
[INFO] [stderr]    Compiling block-buffer v0.12.1
[INFO] [stderr]    Compiling digest v0.11.3
[INFO] [stderr]    Compiling sha2 v0.11.0
[INFO] [stderr]    Compiling wacksy v0.4.3 (/opt/rustwide/workdir)
[INFO] [stderr]     Finished `release` profile [optimized] target(s) in 11.78s
[INFO] running `Command { std: "docker" "inspect" "5ab1afe46dad5382590da80b626c9cda37f5ec18a8b26b3ebaf726200b52deb0", kill_on_drop: false }`
[INFO] running `Command { std: "docker" "exec" "-e" "SOURCE_DIR=/opt/rustwide/workdir" "-e" "CARGO_HOME=/opt/rustwide/cargo-home" "-e" "RUSTUP_HOME=/opt/rustwide/rustup-home" "-e" "CARGO_TARGET_DIR=/opt/rustwide/target" "-e" "CARGO_INCREMENTAL=0" "-e" "RUST_BACKTRACE=full" "-e" "RUSTFLAGS=--cap-lints=warn" "-e" "RUSTDOCFLAGS=--cap-lints=warn" "-w" "/opt/rustwide/workdir" "--user" "0:0" "5ab1afe46dad5382590da80b626c9cda37f5ec18a8b26b3ebaf726200b52deb0" "/opt/rustwide/cargo-home/bin/cargo" "+1.99.0-beta.8" "test" "--frozen" "--no-run" "--message-format=json" "--release", kill_on_drop: false }`
[INFO] [stderr]    Compiling proc-macro2 v1.0.107
[INFO] [stderr]    Compiling quote v1.0.47
[INFO] [stderr]    Compiling unicode-ident v1.0.24
[INFO] [stderr]    Compiling stable_deref_trait v1.2.1
[INFO] [stderr]    Compiling autocfg v1.5.1
[INFO] [stderr]    Compiling cfg-if v1.0.4
[INFO] [stderr]    Compiling serde_core v1.0.229
[INFO] [stderr]    Compiling libc v0.2.189
[INFO] [stderr]    Compiling serde v1.0.229
[INFO] [stderr]    Compiling memchr v2.8.3
[INFO] [stderr]    Compiling writeable v0.6.4
[INFO] [stderr]    Compiling smallvec v1.16.0
[INFO] [stderr]    Compiling litemap v0.8.3
[INFO] [stderr]    Compiling icu_normalizer_data v2.3.0
[INFO] [stderr]    Compiling utf8_iter v1.0.4
[INFO] [stderr]    Compiling icu_properties_data v2.3.0
[INFO] [stderr]    Compiling typenum v1.20.1
[INFO] [stderr]    Compiling ref-cast v1.0.27
[INFO] [stderr]    Compiling zerocopy v0.8.56
[INFO] [stderr]    Compiling getrandom v0.3.4
[INFO] [stderr]    Compiling zmij v1.0.23
[INFO] [stderr]    Compiling regex-syntax v0.8.11
[INFO] [stderr]    Compiling parking_lot_core v0.9.12
[INFO] [stderr]    Compiling version_check v0.9.5
[INFO] [stderr]    Compiling scopeguard v1.2.0
[INFO] [stderr]    Compiling serde_json v1.0.151
[INFO] [stderr]    Compiling allocator-api2 v0.2.21
[INFO] [stderr]    Compiling lock_api v0.4.14
[INFO] [stderr]    Compiling borrow-or-share v0.2.4
[INFO] [stderr]    Compiling unicode-general-category v1.1.0
[INFO] [stderr]    Compiling itoa v1.0.18
[INFO] [stderr]    Compiling foldhash v0.2.0
[INFO] [stderr]    Compiling equivalent v1.0.2
[INFO] [stderr]    Compiling ahash v0.8.12
[INFO] [stderr]    Compiling simd-adler32 v0.3.10
[INFO] [stderr]    Compiling bit-vec v0.8.0
[INFO] [stderr]    Compiling adler2 v2.0.1
[INFO] [stderr]    Compiling once_cell v1.21.4
[INFO] [stderr]    Compiling const-oid v0.10.2
[INFO] [stderr]    Compiling num-traits v0.2.19
[INFO] [stderr]    Compiling crc32fast v1.5.1
[INFO] [stderr]    Compiling miniz_oxide v0.9.1
[INFO] [stderr]    Compiling cpufeatures v0.3.1
[INFO] [stderr]    Compiling vsimd v0.8.0
[INFO] [stderr]    Compiling hashbrown v0.16.1
[INFO] [stderr]    Compiling bit-set v0.8.0
[INFO] [stderr]    Compiling percent-encoding v2.3.2
[INFO] [stderr]    Compiling aho-corasick v1.1.5
[INFO] [stderr]    Compiling outref v0.5.2
[INFO] [stderr]    Compiling syn v3.0.5
[INFO] [stderr]    Compiling syn v2.0.119
[INFO] [stderr]    Compiling micromap v0.3.0
[INFO] [stderr]    Compiling lazy_static v1.5.0
[INFO] [stderr]    Compiling bytecount v0.6.9
[INFO] [stderr]    Compiling base16ct v1.0.0
[INFO] [stderr]    Compiling flate2 v1.1.10
[INFO] [stderr]    Compiling rawzip v0.5.1
[INFO] [stderr]    Compiling uuid-simd v0.8.0
[INFO] [stderr]    Compiling yansi v1.0.1
[INFO] [stderr]    Compiling data-encoding v2.11.1
[INFO] [stderr]    Compiling hybrid-array v0.4.14
[INFO] [stderr]    Compiling num-integer v0.1.47
[INFO] [stderr]    Compiling num-complex v0.4.6
[INFO] [stderr]    Compiling diff v0.1.13
[INFO] [stderr]    Compiling num-cmp v0.1.0
[INFO] [stderr]    Compiling pretty_assertions v1.4.1
[INFO] [stderr]    Compiling num-bigint v0.4.8
[INFO] [stderr]    Compiling num-iter v0.1.46
[INFO] [stderr]    Compiling parking_lot v0.12.5
[INFO] [stderr]    Compiling block-buffer v0.12.1
[INFO] [stderr]    Compiling crypto-common v0.2.2
[INFO] [stderr]    Compiling regex-automata v0.4.18
[INFO] [stderr]    Compiling jsonschema-regex v0.46.10
[INFO] [stderr]    Compiling digest v0.11.3
[INFO] [stderr]    Compiling num-rational v0.4.2
[INFO] [stderr]    Compiling sha2 v0.11.0
[INFO] [stderr]    Compiling num v0.4.3
[INFO] [stderr]    Compiling fraction v0.15.4
[INFO] [stderr]    Compiling zerovec-derive v0.11.6
[INFO] [stderr]    Compiling displaydoc v0.2.7
[INFO] [stderr]    Compiling serde_derive v1.0.229
[INFO] [stderr]    Compiling ref-cast-impl v1.0.27
[INFO] [stderr]    Compiling wacksy v0.4.3 (/opt/rustwide/workdir)
[INFO] [stderr]    Compiling synstructure v0.13.2
[INFO] [stderr]    Compiling zerofrom-derive v0.1.7
[INFO] [stderr]    Compiling yoke-derive v0.8.2
[INFO] [stderr]    Compiling zerofrom v0.1.8
[INFO] [stderr]    Compiling yoke v0.8.3
[INFO] [stderr]    Compiling zerovec v0.11.8
[INFO] [stderr]    Compiling zerotrie v0.2.5
[INFO] [stderr]    Compiling tinystr v0.8.4
[INFO] [stderr]    Compiling potential_utf v0.1.6
[INFO] [stderr]    Compiling icu_collections v2.3.0
[INFO] [stderr]    Compiling icu_locale_core v2.3.0
[INFO] [stderr]    Compiling fancy-regex v0.18.0
[INFO] [stderr]    Compiling regex v1.13.1
[INFO] [stderr]    Compiling fluent-uri v0.4.1
[INFO] [stderr]    Compiling email_address v0.2.9
[INFO] [stderr]    Compiling icu_provider v2.3.1
[INFO] [stderr]    Compiling icu_normalizer v2.3.0
[INFO] [stderr]    Compiling icu_properties v2.3.0
[INFO] [stderr]    Compiling referencing v0.46.10
[INFO] [stderr]    Compiling idna_adapter v1.2.2
[INFO] [stderr]    Compiling idna v1.1.0
[INFO] [stderr]    Compiling jsonschema v0.46.10
[INFO] [stderr]     Finished `release` profile [optimized] target(s) in 1m 38s
[INFO] running `Command { std: "docker" "inspect" "5ab1afe46dad5382590da80b626c9cda37f5ec18a8b26b3ebaf726200b52deb0", kill_on_drop: false }`
[INFO] running `Command { std: "docker" "exec" "-e" "SOURCE_DIR=/opt/rustwide/workdir" "-e" "CARGO_HOME=/opt/rustwide/cargo-home" "-e" "RUSTUP_HOME=/opt/rustwide/rustup-home" "-e" "CARGO_TARGET_DIR=/opt/rustwide/target" "-e" "CARGO_INCREMENTAL=0" "-e" "RUST_BACKTRACE=full" "-e" "RUSTFLAGS=--cap-lints=warn" "-e" "RUSTDOCFLAGS=--cap-lints=warn" "-w" "/opt/rustwide/workdir" "--user" "0:0" "5ab1afe46dad5382590da80b626c9cda37f5ec18a8b26b3ebaf726200b52deb0" "/opt/rustwide/cargo-home/bin/cargo" "+1.99.0-beta.8" "test" "--frozen" "--release", kill_on_drop: false }`
[INFO] [stderr]     Finished `release` profile [optimized] target(s) in 0.10s
[INFO] [stderr]      Running unittests src/lib.rs (/opt/rustwide/target/release/deps/wacksy-cfc9d4c101bca6c1)
[INFO] [stdout] 
[INFO] [stdout] running 6 tests
[INFO] [stdout] test indexer::surt::valid_surt ... ok
[INFO] [stdout] test time::tests::test_is_leap_year ... ok
[INFO] [stdout] test time::tests::test_unix_epoch_to_datetime_string ... ok
[INFO] [stdout] test time::tests::test_is_not_leap_year ... ok
[INFO] [stderr] error: test failed, to rerun pass `--lib`
[INFO] [stdout] test datapackage::tests::validate_datapackage_digest_schema ... FAILED
[INFO] [stdout] test datapackage::tests::validate_datapackage_schema ... FAILED
[INFO] [stdout] 
[INFO] [stdout] failures:
[INFO] [stdout] 
[INFO] [stdout] ---- datapackage::tests::validate_datapackage_digest_schema stdout ----
[INFO] [stdout] 
[INFO] [stdout] thread 'datapackage::tests::validate_datapackage_digest_schema' (1755) panicked at src/indexer.rs:123:47:
[INFO] [stdout] called `Result::unwrap()` on an `Err` value: Os { code: 2, kind: NotFound, message: "No such file or directory" }
[INFO] [stdout] stack backtrace:
[INFO] [stdout]    0:     0x5bc2ecdf1b67 - <unknown>
[INFO] [stdout]    1:     0x5bc2ecba241a - <unknown>
[INFO] [stdout]    2:     0x5bc2ecdf111b - <unknown>
[INFO] [stdout]    3:     0x5bc2ecdf0bff - <unknown>
[INFO] [stdout]    4:     0x5bc2ecdf082a - <unknown>
[INFO] [stdout]    5:     0x5bc2ecdf0362 - <unknown>
[INFO] [stdout]    6:     0x5bc2ece17131 - <unknown>
[INFO] [stdout]    7:     0x5bc2ece170e9 - <unknown>
[INFO] [stdout]    8:     0x5bc2ece175fc - <unknown>
[INFO] [stdout]    9:     0x5bc2ecba22ab - <unknown>
[INFO] [stdout]   10:     0x5bc2ecba6981 - <unknown>
[INFO] [stdout]   11:     0x5bc2ecb6f25a - <unknown>
[INFO] [stdout]   12:     0x5bc2ecb72e56 - <unknown>
[INFO] [stdout]   13:     0x5bc2ece3148b - <unknown>
[INFO] [stdout]   14:     0x5bc2ece2ca7f - <unknown>
[INFO] [stdout]   15:     0x5bc2ece2c4fc - <unknown>
[INFO] [stdout]   16:     0x5bc2ece477ec - <unknown>
[INFO] [stdout]   17:     0x5bc2ece18842 - <unknown>
[INFO] [stdout]   18:     0x79ff71b9cdfa - <unknown>
[INFO] [stdout]   19:     0x79ff71c303d4 - clone
[INFO] [stdout]   20:                0x0 - <unknown>
[INFO] [stdout] 
[INFO] [stdout] ---- datapackage::tests::validate_datapackage_schema stdout ----
[INFO] [stdout] 
[INFO] [stdout] thread 'datapackage::tests::validate_datapackage_schema' (1756) panicked at src/indexer.rs:123:47:
[INFO] [stdout] called `Result::unwrap()` on an `Err` value: Os { code: 2, kind: NotFound, message: "No such file or directory" }
[INFO] [stdout] stack backtrace:
[INFO] [stdout]    0:     0x5bc2ecdf1b67 - <unknown>
[INFO] [stdout]    1:     0x5bc2ecba241a - <unknown>
[INFO] [stdout]    2:     0x5bc2ecdf111b - <unknown>
[INFO] [stdout]    3:     0x5bc2ecdf0bff - <unknown>
[INFO] [stdout]    4:     0x5bc2ecdf082a - <unknown>
[INFO] [stdout]    5:     0x5bc2ecdf0362 - <unknown>
[INFO] [stdout]    6:     0x5bc2ece17131 - <unknown>
[INFO] [stdout]    7:     0x5bc2ece170e9 - <unknown>
[INFO] [stdout]    8:     0x5bc2ece175fc - <unknown>
[INFO] [stdout]    9:     0x5bc2ecba22ab - <unknown>
[INFO] [stdout]   10:     0x5bc2ecba6981 - <unknown>
[INFO] [stdout]   11:     0x5bc2ecb6f25a - <unknown>
[INFO] [stdout]   12:     0x5bc2ecb72684 - <unknown>
[INFO] [stdout]   13:     0x5bc2ece3148b - <unknown>
[INFO] [stdout]   14:     0x5bc2ece2ca7f - <unknown>
[INFO] [stdout]   15:     0x5bc2ece2c4fc - <unknown>
[INFO] [stdout]   16:     0x5bc2ece477ec - <unknown>
[INFO] [stdout]   17:     0x5bc2ece18842 - <unknown>
[INFO] [stdout]   18:     0x79ff71b9cdfa - <unknown>
[INFO] [stdout]   19:     0x79ff71c303d4 - clone
[INFO] [stdout]   20:                0x0 - <unknown>
[INFO] [stdout] 
[INFO] [stdout] 
[INFO] [stdout] failures:
[INFO] [stdout]     datapackage::tests::validate_datapackage_digest_schema
[INFO] [stdout]     datapackage::tests::validate_datapackage_schema
[INFO] [stdout] 
[INFO] [stdout] test result: FAILED. 4 passed; 2 failed; 0 ignored; 0 measured; 0 filtered out; finished in 0.00s
[INFO] [stdout] 
[INFO] running `Command { std: "docker" "inspect" "5ab1afe46dad5382590da80b626c9cda37f5ec18a8b26b3ebaf726200b52deb0", kill_on_drop: false }`
[INFO] running `Command { std: "docker" "rm" "-f" "5ab1afe46dad5382590da80b626c9cda37f5ec18a8b26b3ebaf726200b52deb0", kill_on_drop: false }`
[INFO] [stdout] 5ab1afe46dad5382590da80b626c9cda37f5ec18a8b26b3ebaf726200b52deb0
