[INFO] fetching crate wac-graph 0.12.0...
[INFO] testing wac-graph-0.12.0 against 1.100.0-beta.1+cargoflags=--release for beta-release-1.100-2
[INFO] extracting crate wac-graph 0.12.0 into /workspace/builds/worker-6-tc2/source
[INFO] started tweaking crates.io crate wac-graph 0.12.0
[INFO] removed 0 missing tests
[INFO] finished tweaking crates.io crate wac-graph 0.12.0
[INFO] tweaked toml for crates.io crate wac-graph 0.12.0 written to /workspace/builds/worker-6-tc2/source/Cargo.toml
[INFO] validating manifest of crates.io crate wac-graph 0.12.0 on toolchain 1.100.0-beta.1
[INFO] running `Command { std: CARGO_HOME="/workspace/cargo-home" RUSTUP_HOME="/workspace/rustup-home" "/workspace/cargo-home/bin/cargo" "+1.100.0-beta.1" "metadata" "--manifest-path" "Cargo.toml" "--no-deps", kill_on_drop: false }`
[INFO] crate crates.io crate wac-graph 0.12.0 already has a lockfile, it will not be regenerated
[INFO] running `Command { std: CARGO_HOME="/workspace/cargo-home" RUSTUP_HOME="/workspace/rustup-home" "/workspace/cargo-home/bin/cargo" "+1.100.0-beta.1" "fetch" "--manifest-path" "Cargo.toml", kill_on_drop: false }`
[INFO] running `Command { std: "docker" "create" "-v" "/var/lib/crater-agent-workspace/builds/worker-6-tc2/source:/opt/rustwide/workdir:ro,Z" "-v" "/var/lib/crater-agent-workspace/builds/worker-6-tc2/target:/opt/rustwide/target:rw,Z" "-v" "/var/lib/crater-agent-workspace/cargo-home:/opt/rustwide/cargo-home:ro,Z" "-v" "/var/lib/crater-agent-workspace/rustup-home:/opt/rustwide/rustup-home:ro,Z" "-m" "1610612736" "--network" "none" "ghcr.io/rust-lang/crates-build-env/linux@sha256:77db811e55d90add9212f6832c23229e3de5f1c1f9905e8cb07319ea15df73ac" "sleep" "infinity", kill_on_drop: false }`
[INFO] [stdout] f2365525de537f0b9713514b2758cbb884f7ae2e294d42dce3b17cb6f2e38c7e
[INFO] running `Command { std: "docker" "start" "f2365525de537f0b9713514b2758cbb884f7ae2e294d42dce3b17cb6f2e38c7e", kill_on_drop: false }`
[INFO] running `Command { std: "docker" "inspect" "f2365525de537f0b9713514b2758cbb884f7ae2e294d42dce3b17cb6f2e38c7e", kill_on_drop: false }`
[INFO] running `Command { std: "docker" "exec" "-e" "SOURCE_DIR=/opt/rustwide/workdir" "-e" "CARGO_HOME=/opt/rustwide/cargo-home" "-e" "RUSTUP_HOME=/opt/rustwide/rustup-home" "-e" "CARGO_TARGET_DIR=/opt/rustwide/target" "-w" "/opt/rustwide/workdir" "--user" "0:0" "f2365525de537f0b9713514b2758cbb884f7ae2e294d42dce3b17cb6f2e38c7e" "/opt/rustwide/cargo-home/bin/cargo" "+1.100.0-beta.1" "metadata" "--no-deps" "--format-version=1", kill_on_drop: false }`
[INFO] running `Command { std: "docker" "inspect" "f2365525de537f0b9713514b2758cbb884f7ae2e294d42dce3b17cb6f2e38c7e", kill_on_drop: false }`
[INFO] running `Command { std: "docker" "exec" "-e" "SOURCE_DIR=/opt/rustwide/workdir" "-e" "CARGO_HOME=/opt/rustwide/cargo-home" "-e" "RUSTUP_HOME=/opt/rustwide/rustup-home" "-e" "CARGO_TARGET_DIR=/opt/rustwide/target" "-e" "CARGO_INCREMENTAL=0" "-e" "RUST_BACKTRACE=full" "-e" "RUSTFLAGS=--cap-lints=warn" "-e" "RUSTDOCFLAGS=--cap-lints=warn" "-w" "/opt/rustwide/workdir" "--user" "0:0" "f2365525de537f0b9713514b2758cbb884f7ae2e294d42dce3b17cb6f2e38c7e" "/opt/rustwide/cargo-home/bin/cargo" "+1.100.0-beta.1" "build" "--frozen" "--message-format=json" "--release", kill_on_drop: false }`
[INFO] [stderr]    Compiling proc-macro2 v1.0.103
[INFO] [stderr]    Compiling serde v1.0.228
[INFO] [stderr]    Compiling semver v1.0.22
[INFO] [stderr]    Compiling equivalent v1.0.1
[INFO] [stderr]    Compiling tinyvec_macros v0.1.1
[INFO] [stderr]    Compiling serde_json v1.0.115
[INFO] [stderr]    Compiling anyhow v1.0.81
[INFO] [stderr]    Compiling adler2 v2.0.0
[INFO] [stderr]    Compiling percent-encoding v2.3.1
[INFO] [stderr]    Compiling ryu v1.0.17
[INFO] [stderr]    Compiling bitflags v2.5.0
[INFO] [stderr]    Compiling leb128fmt v0.1.0
[INFO] [stderr]    Compiling itoa v1.0.11
[INFO] [stderr]    Compiling cfg-if v1.0.0
[INFO] [stderr]    Compiling unicode-bidi v0.3.15
[INFO] [stderr]    Compiling hashbrown v0.17.0
[INFO] [stderr]    Compiling tinyvec v1.6.0
[INFO] [stderr]    Compiling topological-sort v0.2.2
[INFO] [stderr]    Compiling crc32fast v1.4.2
[INFO] [stderr]    Compiling form_urlencoded v1.2.1
[INFO] [stderr]    Compiling miniz_oxide v0.8.5
[INFO] [stderr]    Compiling wasm-encoder v0.258.0
[INFO] [stderr]    Compiling thiserror v1.0.58
[INFO] [stderr]    Compiling spdx v0.13.4
[INFO] [stderr]    Compiling id-arena v2.3.0
[INFO] [stderr]    Compiling fixedbitset v0.4.2
[INFO] [stderr]    Compiling log v0.4.21
[INFO] [stderr]    Compiling quote v1.0.35
[INFO] [stderr]    Compiling indexmap v2.14.0
[INFO] [stderr]    Compiling flate2 v1.1.0
[INFO] [stderr]    Compiling syn v2.0.110
[INFO] [stderr]    Compiling unicode-normalization v0.1.23
[INFO] [stderr]    Compiling petgraph v0.6.4
[INFO] [stderr]    Compiling idna v0.5.0
[INFO] [stderr]    Compiling url v2.5.0
[INFO] [stderr]    Compiling serde_derive v1.0.228
[INFO] [stderr]    Compiling thiserror-impl v1.0.58
[INFO] [stderr]    Compiling wasmparser v0.258.0
[INFO] [stderr]    Compiling auditable-serde v0.9.0
[INFO] [stderr]    Compiling wasm-metadata v0.258.0
[INFO] [stderr]    Compiling wac-types v0.12.0
[INFO] [stderr]    Compiling wac-graph v0.12.0 (/opt/rustwide/workdir)
[INFO] [stderr]     Finished `release` profile [optimized] target(s) in 56.58s
[INFO] running `Command { std: "docker" "inspect" "f2365525de537f0b9713514b2758cbb884f7ae2e294d42dce3b17cb6f2e38c7e", kill_on_drop: false }`
[INFO] running `Command { std: "docker" "exec" "-e" "SOURCE_DIR=/opt/rustwide/workdir" "-e" "CARGO_HOME=/opt/rustwide/cargo-home" "-e" "RUSTUP_HOME=/opt/rustwide/rustup-home" "-e" "CARGO_TARGET_DIR=/opt/rustwide/target" "-e" "CARGO_INCREMENTAL=0" "-e" "RUST_BACKTRACE=full" "-e" "RUSTFLAGS=--cap-lints=warn" "-e" "RUSTDOCFLAGS=--cap-lints=warn" "-w" "/opt/rustwide/workdir" "--user" "0:0" "f2365525de537f0b9713514b2758cbb884f7ae2e294d42dce3b17cb6f2e38c7e" "/opt/rustwide/cargo-home/bin/cargo" "+1.100.0-beta.1" "test" "--frozen" "--no-run" "--message-format=json" "--release", kill_on_drop: false }`
[INFO] [stderr]    Compiling unicode-width v0.2.0
[INFO] [stderr]    Compiling memchr v2.7.2
[INFO] [stderr]    Compiling yansi v0.5.1
[INFO] [stderr]    Compiling diff v0.1.13
[INFO] [stderr]    Compiling termcolor v1.4.1
[INFO] [stderr]    Compiling serde v1.0.228
[INFO] [stderr]    Compiling pretty_assertions v1.4.0
[INFO] [stderr]    Compiling semver v1.0.22
[INFO] [stderr]    Compiling serde_json v1.0.115
[INFO] [stderr]    Compiling wasmparser v0.258.0
[INFO] [stderr]    Compiling auditable-serde v0.9.0
[INFO] [stderr]    Compiling wasm-encoder v0.258.0
[INFO] [stderr]    Compiling wit-parser v0.258.0
[INFO] [stderr]    Compiling wasmprinter v0.258.0
[INFO] [stderr]    Compiling wasm-metadata v0.258.0
[INFO] [stderr]    Compiling wast v258.0.0
[INFO] [stderr]    Compiling wac-types v0.12.0
[INFO] [stderr]    Compiling wac-graph v0.12.0 (/opt/rustwide/workdir)
[INFO] [stderr]    Compiling wat v1.258.0
[INFO] [stderr]    Compiling wit-component v0.258.0
[INFO] [stderr]     Finished `release` profile [optimized] target(s) in 1m 38s
[INFO] running `Command { std: "docker" "inspect" "f2365525de537f0b9713514b2758cbb884f7ae2e294d42dce3b17cb6f2e38c7e", kill_on_drop: false }`
[INFO] running `Command { std: "docker" "exec" "-e" "SOURCE_DIR=/opt/rustwide/workdir" "-e" "CARGO_HOME=/opt/rustwide/cargo-home" "-e" "RUSTUP_HOME=/opt/rustwide/rustup-home" "-e" "CARGO_TARGET_DIR=/opt/rustwide/target" "-e" "CARGO_INCREMENTAL=0" "-e" "RUST_BACKTRACE=full" "-e" "RUSTFLAGS=--cap-lints=warn" "-e" "RUSTDOCFLAGS=--cap-lints=warn" "-w" "/opt/rustwide/workdir" "--user" "0:0" "f2365525de537f0b9713514b2758cbb884f7ae2e294d42dce3b17cb6f2e38c7e" "/opt/rustwide/cargo-home/bin/cargo" "+1.100.0-beta.1" "test" "--frozen" "--release", kill_on_drop: false }`
[INFO] [stderr]     Finished `release` profile [optimized] target(s) in 0.12s
[INFO] [stderr]      Running unittests src/lib.rs (/opt/rustwide/target/release/build/wac-graph/1c97a0f3c09d4d43/out/wac_graph-1c97a0f3c09d4d43)
[INFO] [stdout] 
[INFO] [stdout] running 5 tests
[INFO] [stdout] test graph::test::it_can_remove_a_type_definition ... ok
[INFO] [stdout] test graph::test::it_adds_a_type_definition ... ok
[INFO] [stdout] test graph::test::it_cannot_define_a_resource ... ok
[INFO] [stdout] test graph::test::it_cleans_up_exports_on_unregister_package ... ok
[INFO] [stdout] test graph::test::it_must_export_a_type_definition ... ok
[INFO] [stdout] 
[INFO] [stdout] test result: ok. 5 passed; 0 failed; 0 ignored; 0 measured; 0 filtered out; finished in 0.01s
[INFO] [stdout] 
[INFO] [stderr]      Running tests/encoding.rs (/opt/rustwide/target/release/build/wac-graph/5d1d61478eddf919/out/encoding-5d1d61478eddf919)
[INFO] [stdout] 
[INFO] [stdout] running 1 test
[INFO] [stdout] test encoding ... FAILED
[INFO] [stdout] 
[INFO] [stdout] failures:
[INFO] [stdout] 
[INFO] [stdout] ---- encoding stdout ----
[INFO] [stdout] ================ test: argument-already-satisfied ================
[INFO] [stdout] 
[INFO] [stdout] thread 'encoding' (1441) panicked at tests/encoding.rs:373:13:
[INFO] [stdout] assertion failed: `(left == right)`: failed baseline comparison for test case `argument-already-satisfied` (tests/graphs/argument-already-satisfied/error.txt)
[INFO] [stdout] 
[INFO] [stdout] [1mDiff[0m [31m< left[0m / [32mright >[0m :
[INFO] [stdout]  failed to add argument edge from source node 1 to target node 2 referenced in argument 1 for test case `argument-already-satisfied`
[INFO] [stdout]  
[INFO] [stdout]  Caused by:
[INFO] [stdout]      argument `a` has already been passed to the instantiation
[INFO] [stdout] [32m>[0m
[INFO] [stdout] [32m>Stack backtrace:[0m
[INFO] [stdout] [32m>   0: <wac_graph::graph::InstantiationArgumentError as anyhow::context::ext::StdError>::ext_context::<alloc::string::String>[0m
[INFO] [stdout] [32m>   1: <encoding::encoding::{closure#0} as core::ops::function::FnOnce<()>>::call_once[0m
[INFO] [stdout] [32m>   2: test::__rust_begin_short_backtrace::<core::result::Result<(), alloc::string::String>, fn() -> core::result::Result<(), alloc::string::String>>[0m
[INFO] [stdout] [32m>   3: test::run_test::{closure#0}[0m
[INFO] [stdout] [32m>   4: std::sys::backtrace::__rust_begin_short_backtrace::<test::run_test::{closure#1}, ()>[0m
[INFO] [stdout] [32m>   5: <std::thread::lifecycle::spawn_unchecked<test::run_test::{closure#1}, ()>::{closure#1} as core::ops::function::FnOnce<()>>::call_once::{shim:vtable#0}[0m
[INFO] [stdout] [32m>   6: <std::sys::thread::unix::Thread>::new::thread_start[0m
[INFO] [stdout] [32m>   7: <unknown>[0m
[INFO] [stdout] [32m>   8: clone[0m
[INFO] [stdout]  
[INFO] [stdout] 
[INFO] [stdout] 
[INFO] [stdout] stack backtrace:
[INFO] [stdout]    0:     0x63c57a5f0de1 - <<std[617be2ca0a6fd877]::sys::backtrace::BacktraceLock>::print::DisplayBacktrace as core[a373ad73a504971]::fmt::Display>::fmt
[INFO] [stdout]    1:     0x63c57a608a7a - core[a373ad73a504971]::fmt::write
[INFO] [stdout]    2:     0x63c57a5f589c - <alloc[2e1b2a31b91974c5]::vec::Vec<u8> as core[a373ad73a504971]::io::write::Write>::write_fmt
[INFO] [stdout]    3:     0x63c57a5cb9b6 - std[617be2ca0a6fd877]::panicking::default_hook::{closure#0}
[INFO] [stdout]    4:     0x63c57a5e8979 - std[617be2ca0a6fd877]::panicking::default_hook
[INFO] [stdout]    5:     0x63c57a1a6ce0 - test[aada8e7e76ba119b]::test_main_inner::{closure#0}
[INFO] [stdout]    6:     0x63c57a5e8b32 - std[617be2ca0a6fd877]::panicking::panic_with_hook
[INFO] [stdout]    7:     0x63c57a5cba62 - std[617be2ca0a6fd877]::panicking::panic_handler::{closure#0}
[INFO] [stdout]    8:     0x63c57a5c3f89 - std[617be2ca0a6fd877]::sys::backtrace::__rust_end_short_backtrace::<std[617be2ca0a6fd877]::panicking::panic_handler::{closure#0}, !>
[INFO] [stdout]    9:     0x63c57a5cc77d - __rustc[ea4f61d10b84890b]::rust_begin_unwind
[INFO] [stdout]   10:     0x63c57a6091dc - core[a373ad73a504971]::panicking::panic_fmt
[INFO] [stdout]   11:     0x63c57a0f481e - <encoding[61d43d4573f6e357]::encoding::{closure#0} as core[a373ad73a504971]::ops::function::FnOnce<()>>::call_once
[INFO] [stdout]   12:     0x63c57a19a12b - test[aada8e7e76ba119b]::__rust_begin_short_backtrace::<core[a373ad73a504971]::result::Result<(), alloc[2e1b2a31b91974c5]::string::String>, fn() -> core[a373ad73a504971]::result::Result<(), alloc[2e1b2a31b91974c5]::string::String>>
[INFO] [stdout]   13:     0x63c57a1a7305 - test[aada8e7e76ba119b]::run_test::{closure#0}
[INFO] [stdout]   14:     0x63c57a1a0bf4 - std[617be2ca0a6fd877]::sys::backtrace::__rust_begin_short_backtrace::<test[aada8e7e76ba119b]::run_test::{closure#1}, ()>
[INFO] [stdout]   15:     0x63c57a1aa392 - <std[617be2ca0a6fd877]::thread::lifecycle::spawn_unchecked<test[aada8e7e76ba119b]::run_test::{closure#1}, ()>::{closure#1} as core[a373ad73a504971]::ops::function::FnOnce<()>>::call_once::{shim:vtable#0}
[INFO] [stdout]   16:     0x63c57a5efdef - <std[617be2ca0a6fd877]::sys::thread::unix::Thread>::new::thread_start
[INFO] [stdout]   17:     0x7bc43bd5edfa - <unknown>
[INFO] [stdout]   18:     0x7bc43bdf23d4 - clone
[INFO] [stdout]   19:                0x0 - <unknown>
[INFO] [stdout] 
[INFO] [stdout] 
[INFO] [stdout] failures:
[INFO] [stdout]     encoding
[INFO] [stdout] 
[INFO] [stdout] test result: FAILED. 0 passed; 1 failed; 0 ignored; 0 measured; 0 filtered out; finished in 0.01s
[INFO] [stdout] 
[INFO] [stderr] error: test failed, to rerun pass `--test encoding`
[INFO] running `Command { std: "docker" "inspect" "f2365525de537f0b9713514b2758cbb884f7ae2e294d42dce3b17cb6f2e38c7e", kill_on_drop: false }`
[INFO] running `Command { std: "docker" "rm" "-f" "f2365525de537f0b9713514b2758cbb884f7ae2e294d42dce3b17cb6f2e38c7e", kill_on_drop: false }`
[INFO] [stdout] f2365525de537f0b9713514b2758cbb884f7ae2e294d42dce3b17cb6f2e38c7e
