[INFO] fetching crate vyper-rs 2.0.1...
[INFO] testing vyper-rs-2.0.1 against 1.99.0-beta.8+cargoflags=--release for beta-release-1.100-2
[INFO] extracting crate vyper-rs 2.0.1 into /workspace/builds/worker-4-tc1/source
[INFO] started tweaking crates.io crate vyper-rs 2.0.1
[INFO] finished tweaking crates.io crate vyper-rs 2.0.1
[INFO] tweaked toml for crates.io crate vyper-rs 2.0.1 written to /workspace/builds/worker-4-tc1/source/Cargo.toml
[INFO] validating manifest of crates.io crate vyper-rs 2.0.1 on toolchain 1.99.0-beta.8
[INFO] running `Command { std: CARGO_HOME="/workspace/cargo-home" RUSTUP_HOME="/workspace/rustup-home" "/workspace/cargo-home/bin/cargo" "+1.99.0-beta.8" "metadata" "--manifest-path" "Cargo.toml" "--no-deps", kill_on_drop: false }`
[INFO] running `Command { std: CARGO_HOME="/workspace/cargo-home" RUSTUP_HOME="/workspace/rustup-home" "/workspace/cargo-home/bin/cargo" "+1.99.0-beta.8" "generate-lockfile" "--manifest-path" "Cargo.toml", kill_on_drop: false }`
[INFO] [stderr]     Updating crates.io index
[INFO] [stderr]      Locking 18 packages to highest compatible versions
[INFO] running `Command { std: CARGO_HOME="/workspace/cargo-home" RUSTUP_HOME="/workspace/rustup-home" "/workspace/cargo-home/bin/cargo" "+1.99.0-beta.8" "fetch" "--manifest-path" "Cargo.toml", kill_on_drop: false }`
[INFO] [stderr]     Blocking waiting for file lock on package cache
[INFO] [stderr]  Downloading crates ...
[INFO] [stderr]   Downloaded tokio-test v0.4.6
[INFO] running `Command { std: "docker" "create" "-v" "/var/lib/crater-agent-workspace/builds/worker-4-tc1/source:/opt/rustwide/workdir:ro,Z" "-v" "/var/lib/crater-agent-workspace/builds/worker-4-tc1/target:/opt/rustwide/target:rw,Z" "-v" "/var/lib/crater-agent-workspace/cargo-home:/opt/rustwide/cargo-home:ro,Z" "-v" "/var/lib/crater-agent-workspace/rustup-home:/opt/rustwide/rustup-home:ro,Z" "-m" "1610612736" "--network" "none" "ghcr.io/rust-lang/crates-build-env/linux@sha256:77db811e55d90add9212f6832c23229e3de5f1c1f9905e8cb07319ea15df73ac" "sleep" "infinity", kill_on_drop: false }`
[INFO] [stdout] fa105126cbae915b11aed8e3d37d05d536f6137189fe3d8a2baaf5c4d3408683
[INFO] running `Command { std: "docker" "start" "fa105126cbae915b11aed8e3d37d05d536f6137189fe3d8a2baaf5c4d3408683", kill_on_drop: false }`
[INFO] running `Command { std: "docker" "inspect" "fa105126cbae915b11aed8e3d37d05d536f6137189fe3d8a2baaf5c4d3408683", kill_on_drop: false }`
[INFO] running `Command { std: "docker" "exec" "-e" "SOURCE_DIR=/opt/rustwide/workdir" "-e" "CARGO_HOME=/opt/rustwide/cargo-home" "-e" "RUSTUP_HOME=/opt/rustwide/rustup-home" "-e" "CARGO_TARGET_DIR=/opt/rustwide/target" "-w" "/opt/rustwide/workdir" "--user" "0:0" "fa105126cbae915b11aed8e3d37d05d536f6137189fe3d8a2baaf5c4d3408683" "/opt/rustwide/cargo-home/bin/cargo" "+1.99.0-beta.8" "metadata" "--no-deps" "--format-version=1", kill_on_drop: false }`
[INFO] running `Command { std: "docker" "inspect" "fa105126cbae915b11aed8e3d37d05d536f6137189fe3d8a2baaf5c4d3408683", kill_on_drop: false }`
[INFO] running `Command { std: "docker" "exec" "-e" "SOURCE_DIR=/opt/rustwide/workdir" "-e" "CARGO_HOME=/opt/rustwide/cargo-home" "-e" "RUSTUP_HOME=/opt/rustwide/rustup-home" "-e" "CARGO_TARGET_DIR=/opt/rustwide/target" "-e" "CARGO_INCREMENTAL=0" "-e" "RUST_BACKTRACE=full" "-e" "RUSTFLAGS=--cap-lints=warn" "-e" "RUSTDOCFLAGS=--cap-lints=warn" "-w" "/opt/rustwide/workdir" "--user" "0:0" "fa105126cbae915b11aed8e3d37d05d536f6137189fe3d8a2baaf5c4d3408683" "/opt/rustwide/cargo-home/bin/cargo" "+1.99.0-beta.8" "build" "--frozen" "--message-format=json" "--release", kill_on_drop: false }`
[INFO] [stderr]    Compiling serde_derive v1.0.229
[INFO] [stderr]    Compiling tokio-macros v2.7.2
[INFO] [stderr]    Compiling tokio v1.53.3
[INFO] [stderr]    Compiling serde v1.0.229
[INFO] [stderr]    Compiling vyper-rs v2.0.1 (/opt/rustwide/workdir)
[INFO] [stdout] warning: hiding a lifetime that's named elsewhere is confusing
[INFO] [stdout]    --> src/venv.rs:254:61
[INFO] [stdout]     |
[INFO] [stdout] 254 |     pub fn ivyper_pip(self, ver: Option<&'a str>) -> Result<Venv<Complete>, VyperErrors> {
[INFO] [stdout]     |                                          --                 ^^^^^^^^^^^^^^ the same lifetime is hidden here
[INFO] [stdout]     |                                          |
[INFO] [stdout]     |                                          the lifetime is named here
[INFO] [stdout]     |
[INFO] [stdout]     = help: the same lifetime is referred to in inconsistent ways, making the signature confusing
[INFO] [stdout]     = note: `#[warn(mismatched_lifetime_syntaxes)]` on by default
[INFO] [stdout] help: consistently use `'a`
[INFO] [stdout]     |
[INFO] [stdout] 254 |     pub fn ivyper_pip(self, ver: Option<&'a str>) -> Result<Venv<'a, Complete>, VyperErrors> {
[INFO] [stdout]     |                                                                  +++
[INFO] [stdout] 
[INFO] [stdout] 
[INFO] [stderr]     Finished `release` profile [optimized] target(s) in 7.70s
[INFO] running `Command { std: "docker" "inspect" "fa105126cbae915b11aed8e3d37d05d536f6137189fe3d8a2baaf5c4d3408683", kill_on_drop: false }`
[INFO] running `Command { std: "docker" "exec" "-e" "SOURCE_DIR=/opt/rustwide/workdir" "-e" "CARGO_HOME=/opt/rustwide/cargo-home" "-e" "RUSTUP_HOME=/opt/rustwide/rustup-home" "-e" "CARGO_TARGET_DIR=/opt/rustwide/target" "-e" "CARGO_INCREMENTAL=0" "-e" "RUST_BACKTRACE=full" "-e" "RUSTFLAGS=--cap-lints=warn" "-e" "RUSTDOCFLAGS=--cap-lints=warn" "-w" "/opt/rustwide/workdir" "--user" "0:0" "fa105126cbae915b11aed8e3d37d05d536f6137189fe3d8a2baaf5c4d3408683" "/opt/rustwide/cargo-home/bin/cargo" "+1.99.0-beta.8" "test" "--frozen" "--no-run" "--message-format=json" "--release", kill_on_drop: false }`
[INFO] [stderr]    Compiling tokio v1.53.3
[INFO] [stderr]    Compiling tokio-stream v0.1.19
[INFO] [stderr]    Compiling vyper-rs v2.0.1 (/opt/rustwide/workdir)
[INFO] [stdout] warning: hiding a lifetime that's named elsewhere is confusing
[INFO] [stdout]    --> src/venv.rs:254:61
[INFO] [stdout]     |
[INFO] [stdout] 254 |     pub fn ivyper_pip(self, ver: Option<&'a str>) -> Result<Venv<Complete>, VyperErrors> {
[INFO] [stdout]     |                                          --                 ^^^^^^^^^^^^^^ the same lifetime is hidden here
[INFO] [stdout]     |                                          |
[INFO] [stdout]     |                                          the lifetime is named here
[INFO] [stdout]     |
[INFO] [stdout]     = help: the same lifetime is referred to in inconsistent ways, making the signature confusing
[INFO] [stdout]     = note: `#[warn(mismatched_lifetime_syntaxes)]` on by default
[INFO] [stdout] help: consistently use `'a`
[INFO] [stdout]     |
[INFO] [stdout] 254 |     pub fn ivyper_pip(self, ver: Option<&'a str>) -> Result<Venv<'a, Complete>, VyperErrors> {
[INFO] [stdout]     |                                                                  +++
[INFO] [stdout] 
[INFO] [stdout] 
[INFO] [stderr]    Compiling tokio-test v0.4.6
[INFO] [stdout] warning: hiding a lifetime that's named elsewhere is confusing
[INFO] [stdout]    --> src/venv.rs:254:61
[INFO] [stdout]     |
[INFO] [stdout] 254 |     pub fn ivyper_pip(self, ver: Option<&'a str>) -> Result<Venv<Complete>, VyperErrors> {
[INFO] [stdout]     |                                          --                 ^^^^^^^^^^^^^^ the same lifetime is hidden here
[INFO] [stdout]     |                                          |
[INFO] [stdout]     |                                          the lifetime is named here
[INFO] [stdout]     |
[INFO] [stdout]     = help: the same lifetime is referred to in inconsistent ways, making the signature confusing
[INFO] [stdout]     = note: `#[warn(mismatched_lifetime_syntaxes)]` on by default
[INFO] [stdout] help: consistently use `'a`
[INFO] [stdout]     |
[INFO] [stdout] 254 |     pub fn ivyper_pip(self, ver: Option<&'a str>) -> Result<Venv<'a, Complete>, VyperErrors> {
[INFO] [stdout]     |                                                                  +++
[INFO] [stdout] 
[INFO] [stdout] 
[INFO] [stderr]     Finished `release` profile [optimized] target(s) in 10.64s
[INFO] running `Command { std: "docker" "inspect" "fa105126cbae915b11aed8e3d37d05d536f6137189fe3d8a2baaf5c4d3408683", kill_on_drop: false }`
[INFO] running `Command { std: "docker" "exec" "-e" "SOURCE_DIR=/opt/rustwide/workdir" "-e" "CARGO_HOME=/opt/rustwide/cargo-home" "-e" "RUSTUP_HOME=/opt/rustwide/rustup-home" "-e" "CARGO_TARGET_DIR=/opt/rustwide/target" "-e" "CARGO_INCREMENTAL=0" "-e" "RUST_BACKTRACE=full" "-e" "RUSTFLAGS=--cap-lints=warn" "-e" "RUSTDOCFLAGS=--cap-lints=warn" "-w" "/opt/rustwide/workdir" "--user" "0:0" "fa105126cbae915b11aed8e3d37d05d536f6137189fe3d8a2baaf5c4d3408683" "/opt/rustwide/cargo-home/bin/cargo" "+1.99.0-beta.8" "test" "--frozen" "--release", kill_on_drop: false }`
[INFO] [stderr] warning: hiding a lifetime that's named elsewhere is confusing
[INFO] [stdout] 
[INFO] [stderr]    --> src/venv.rs:254:61
[INFO] [stdout] running 21 tests
[INFO] [stderr]     |
[INFO] [stderr] 254 |     pub fn ivyper_pip(self, ver: Option<&'a str>) -> Result<Venv<Complete>, VyperErrors> {
[INFO] [stderr]     |                                          --                 ^^^^^^^^^^^^^^ the same lifetime is hidden here
[INFO] [stderr]     |                                          |
[INFO] [stderr]     |                                          the lifetime is named here
[INFO] [stderr]     |
[INFO] [stderr]     = help: the same lifetime is referred to in inconsistent ways, making the signature confusing
[INFO] [stderr]     = note: `#[warn(mismatched_lifetime_syntaxes)]` on by default
[INFO] [stderr] help: consistently use `'a`
[INFO] [stderr]     |
[INFO] [stderr] 254 |     pub fn ivyper_pip(self, ver: Option<&'a str>) -> Result<Venv<'a, Complete>, VyperErrors> {
[INFO] [stderr]     |                                                                  +++
[INFO] [stderr] 
[INFO] [stderr] warning: `vyper-rs` (lib) generated 1 warning (run `cargo fix --lib -p vyper-rs` to apply 1 suggestion)
[INFO] [stderr] warning: `vyper-rs` (lib test) generated 1 warning (1 duplicate)
[INFO] [stderr]     Finished `release` profile [optimized] target(s) in 0.03s
[INFO] [stderr]      Running unittests src/lib.rs (/opt/rustwide/target/release/deps/vyper_rs-cfe850f31f9eda09)
[INFO] [stdout] test test::bp ... FAILED
[INFO] [stdout] test test::ast ... FAILED
[INFO] [stdout] test test::compile_macro_test ... FAILED
[INFO] [stdout] test test::compile_version ... FAILED
[INFO] [stdout] test test::interface ... FAILED
[INFO] [stdout] test test::exists ... FAILED
[INFO] [stdout] test test::vyper_macro_test ... ok
[INFO] [stdout] test test::vypers_macro_test ... ok
[INFO] [stdout] test test::version_detect ... FAILED
[INFO] [stdout] test test::parse_bp ... ok
[INFO] [stdout] test test::storage ... FAILED
[INFO] [stdout] test test::opcodes ... FAILED
[INFO] [stdout] test test::compile_mt_macro_test ... FAILED
[INFO] [stdout] test test::compabijson_mt_macro_test ... FAILED
[INFO] [stdout] test test::concurrent_compilation ... FAILED
[INFO] [stdout] test test::venv_test ... FAILED
[INFO] [stdout] test test::venv_macro_test ... FAILED
[INFO] [stdout] test test::test_stack_mt ... ok
[INFO] [stdout] test test::basic ... FAILED
[INFO] [stdout] test test::compabijson_macro_test ... FAILED
[INFO] [stdout] test test::concurrent_compilation_vers ... FAILED
[INFO] [stderr] error: test failed, to rerun pass `--lib`
[INFO] [stdout] 
[INFO] [stdout] failures:
[INFO] [stdout] 
[INFO] [stdout] ---- test::bp stdout ----
[INFO] [stdout] 
[INFO] [stdout] thread 'test::bp' (402) panicked at src/lib.rs:99:44:
[INFO] [stdout] called `Result::unwrap()` on an `Err` value: IoError(Os { code: 2, kind: NotFound, message: "No such file or directory" })
[INFO] [stdout] stack backtrace:
[INFO] [stdout]    0:     0x5fbbd3d28da1 - <<std[70759c8f55707aa4]::sys::backtrace::BacktraceLock>::print::DisplayBacktrace as core[df12db4294e9bfd3]::fmt::Display>::fmt
[INFO] [stdout]    1:     0x5fbbd3d3dd1a - core[df12db4294e9bfd3]::fmt::write
[INFO] [stdout]    2:     0x5fbbd3d2d2dc - <alloc[2182bb758b4b3781]::vec::Vec<u8> as core[df12db4294e9bfd3]::io::write::Write>::write_fmt
[INFO] [stdout]    3:     0x5fbbd3d04a66 - std[70759c8f55707aa4]::panicking::default_hook::{closure#0}
[INFO] [stdout]    4:     0x5fbbd3d21219 - std[70759c8f55707aa4]::panicking::default_hook
[INFO] [stdout]    5:     0x5fbbd3ca0430 - test[9d35eded1c95d3be]::test_main_inner::<test[9d35eded1c95d3be]::test_main_static::{closure#0}>::{closure#0}
[INFO] [stdout]    6:     0x5fbbd3d21542 - std[70759c8f55707aa4]::panicking::panic_with_hook
[INFO] [stdout]    7:     0x5fbbd3d04b12 - std[70759c8f55707aa4]::panicking::panic_handler::{closure#0}
[INFO] [stdout]    8:     0x5fbbd3cfd899 - std[70759c8f55707aa4]::sys::backtrace::__rust_end_short_backtrace::<std[70759c8f55707aa4]::panicking::panic_handler::{closure#0}, !>
[INFO] [stdout]    9:     0x5fbbd3d0570d - __rustc[8fa7c3cbc660c2b3]::rust_begin_unwind
[INFO] [stdout]   10:     0x5fbbd3d3e47c - core[df12db4294e9bfd3]::panicking::panic_fmt
[INFO] [stdout]   11:     0x5fbbd3d3e252 - core[df12db4294e9bfd3]::result::unwrap_failed
[INFO] [stdout]   12:     0x5fbbd3c9029c - vyper_rs[af5b958b18e3d6ca]::test::bp
[INFO] [stdout]   13:     0x5fbbd3c7ffa9 - <vyper_rs[af5b958b18e3d6ca]::test::bp::{closure#0} as core[df12db4294e9bfd3]::ops::function::FnOnce<()>>::call_once
[INFO] [stdout]   14:     0x5fbbd3c9371b - test[9d35eded1c95d3be]::__rust_begin_short_backtrace::<core[df12db4294e9bfd3]::result::Result<(), alloc[2182bb758b4b3781]::string::String>, fn() -> core[df12db4294e9bfd3]::result::Result<(), alloc[2182bb758b4b3781]::string::String>>
[INFO] [stdout]   15:     0x5fbbd3ca0d85 - test[9d35eded1c95d3be]::run_test::{closure#0}
[INFO] [stdout]   16:     0x5fbbd3c9a644 - std[70759c8f55707aa4]::sys::backtrace::__rust_begin_short_backtrace::<test[9d35eded1c95d3be]::run_test::{closure#1}, ()>
[INFO] [stdout]   17:     0x5fbbd3ca3ee2 - <std[70759c8f55707aa4]::thread::lifecycle::spawn_unchecked<test[9d35eded1c95d3be]::run_test::{closure#1}, ()>::{closure#1} as core[df12db4294e9bfd3]::ops::function::FnOnce<()>>::call_once::{shim:vtable#0}
[INFO] [stdout]   18:     0x5fbbd3d28669 - <std[70759c8f55707aa4]::sys::thread::unix::Thread>::new::thread_start
[INFO] [stdout]   19:     0x70261ac0fdfa - <unknown>
[INFO] [stdout]   20:     0x70261aca33d4 - clone
[INFO] [stdout]   21:                0x0 - <unknown>
[INFO] [stdout] 
[INFO] [stdout] ---- test::ast stdout ----
[INFO] [stdout] 
[INFO] [stdout] thread 'test::ast' (400) panicked at src/lib.rs:92:30:
[INFO] [stdout] called `Result::unwrap()` on an `Err` value: IoError(Os { code: 2, kind: NotFound, message: "No such file or directory" })
[INFO] [stdout] stack backtrace:
[INFO] [stdout]    0:     0x5fbbd3d28da1 - <<std[70759c8f55707aa4]::sys::backtrace::BacktraceLock>::print::DisplayBacktrace as core[df12db4294e9bfd3]::fmt::Display>::fmt
[INFO] [stdout]    1:     0x5fbbd3d3dd1a - core[df12db4294e9bfd3]::fmt::write
[INFO] [stdout]    2:     0x5fbbd3d2d2dc - <alloc[2182bb758b4b3781]::vec::Vec<u8> as core[df12db4294e9bfd3]::io::write::Write>::write_fmt
[INFO] [stdout]    3:     0x5fbbd3d04a66 - std[70759c8f55707aa4]::panicking::default_hook::{closure#0}
[INFO] [stdout]    4:     0x5fbbd3d21219 - std[70759c8f55707aa4]::panicking::default_hook
[INFO] [stdout]    5:     0x5fbbd3ca0430 - test[9d35eded1c95d3be]::test_main_inner::<test[9d35eded1c95d3be]::test_main_static::{closure#0}>::{closure#0}
[INFO] [stdout]    6:     0x5fbbd3d21542 - std[70759c8f55707aa4]::panicking::panic_with_hook
[INFO] [stdout]    7:     0x5fbbd3d04b12 - std[70759c8f55707aa4]::panicking::panic_handler::{closure#0}
[INFO] [stdout]    8:     0x5fbbd3cfd899 - std[70759c8f55707aa4]::sys::backtrace::__rust_end_short_backtrace::<std[70759c8f55707aa4]::panicking::panic_handler::{closure#0}, !>
[INFO] [stdout]    9:     0x5fbbd3d0570d - __rustc[8fa7c3cbc660c2b3]::rust_begin_unwind
[INFO] [stdout]   10:     0x5fbbd3d3e47c - core[df12db4294e9bfd3]::panicking::panic_fmt
[INFO] [stdout]   11:     0x5fbbd3d3e252 - core[df12db4294e9bfd3]::result::unwrap_failed
[INFO] [stdout]   12:     0x5fbbd3c90401 - vyper_rs[af5b958b18e3d6ca]::test::ast
[INFO] [stdout]   13:     0x5fbbd3c7ffc9 - <vyper_rs[af5b958b18e3d6ca]::test::ast::{closure#0} as core[df12db4294e9bfd3]::ops::function::FnOnce<()>>::call_once
[INFO] [stdout]   14:     0x5fbbd3c9371b - test[9d35eded1c95d3be]::__rust_begin_short_backtrace::<core[df12db4294e9bfd3]::result::Result<(), alloc[2182bb758b4b3781]::string::String>, fn() -> core[df12db4294e9bfd3]::result::Result<(), alloc[2182bb758b4b3781]::string::String>>
[INFO] [stdout]   15:     0x5fbbd3ca0d85 - test[9d35eded1c95d3be]::run_test::{closure#0}
[INFO] [stdout]   16:     0x5fbbd3c9a644 - std[70759c8f55707aa4]::sys::backtrace::__rust_begin_short_backtrace::<test[9d35eded1c95d3be]::run_test::{closure#1}, ()>
[INFO] [stdout]   17:     0x5fbbd3ca3ee2 - <std[70759c8f55707aa4]::thread::lifecycle::spawn_unchecked<test[9d35eded1c95d3be]::run_test::{closure#1}, ()>::{closure#1} as core[df12db4294e9bfd3]::ops::function::FnOnce<()>>::call_once::{shim:vtable#0}
[INFO] [stdout]   18:     0x5fbbd3d28669 - <std[70759c8f55707aa4]::sys::thread::unix::Thread>::new::thread_start
[INFO] [stdout]   19:     0x70261ac0fdfa - <unknown>
[INFO] [stdout]   20:     0x70261aca33d4 - clone
[INFO] [stdout]   21:                0x0 - <unknown>
[INFO] [stdout] 
[INFO] [stdout] ---- test::compile_macro_test stdout ----
[INFO] [stdout] 
[INFO] [stdout] thread 'test::compile_macro_test' (405) panicked at src/lib.rs:211:38:
[INFO] [stdout] called `Result::unwrap()` on an `Err` value: IoError(Os { code: 2, kind: NotFound, message: "No such file or directory" })
[INFO] [stdout] stack backtrace:
[INFO] [stdout]    0:     0x5fbbd3d28da1 - <<std[70759c8f55707aa4]::sys::backtrace::BacktraceLock>::print::DisplayBacktrace as core[df12db4294e9bfd3]::fmt::Display>::fmt
[INFO] [stdout]    1:     0x5fbbd3d3dd1a - core[df12db4294e9bfd3]::fmt::write
[INFO] [stdout]    2:     0x5fbbd3d2d2dc - <alloc[2182bb758b4b3781]::vec::Vec<u8> as core[df12db4294e9bfd3]::io::write::Write>::write_fmt
[INFO] [stdout]    3:     0x5fbbd3d04a66 - std[70759c8f55707aa4]::panicking::default_hook::{closure#0}
[INFO] [stdout]    4:     0x5fbbd3d21219 - std[70759c8f55707aa4]::panicking::default_hook
[INFO] [stdout]    5:     0x5fbbd3ca0430 - test[9d35eded1c95d3be]::test_main_inner::<test[9d35eded1c95d3be]::test_main_static::{closure#0}>::{closure#0}
[INFO] [stdout]    6:     0x5fbbd3d21542 - std[70759c8f55707aa4]::panicking::panic_with_hook
[INFO] [stdout]    7:     0x5fbbd3d04b12 - std[70759c8f55707aa4]::panicking::panic_handler::{closure#0}
[INFO] [stdout]    8:     0x5fbbd3cfd899 - std[70759c8f55707aa4]::sys::backtrace::__rust_end_short_backtrace::<std[70759c8f55707aa4]::panicking::panic_handler::{closure#0}, !>
[INFO] [stdout]    9:     0x5fbbd3d0570d - __rustc[8fa7c3cbc660c2b3]::rust_begin_unwind
[INFO] [stdout]   10:     0x5fbbd3d3e47c - core[df12db4294e9bfd3]::panicking::panic_fmt
[INFO] [stdout]   11:     0x5fbbd3d3e252 - core[df12db4294e9bfd3]::result::unwrap_failed
[INFO] [stdout]   12:     0x5fbbd3c8f991 - vyper_rs[af5b958b18e3d6ca]::test::compile_macro_test
[INFO] [stdout]   13:     0x5fbbd3c7fc44 - <vyper_rs[af5b958b18e3d6ca]::test::compile_macro_test::{closure#0} as core[df12db4294e9bfd3]::ops::function::FnOnce<()>>::call_once
[INFO] [stdout]   14:     0x5fbbd3c9371b - test[9d35eded1c95d3be]::__rust_begin_short_backtrace::<core[df12db4294e9bfd3]::result::Result<(), alloc[2182bb758b4b3781]::string::String>, fn() -> core[df12db4294e9bfd3]::result::Result<(), alloc[2182bb758b4b3781]::string::String>>
[INFO] [stdout]   15:     0x5fbbd3ca0d85 - test[9d35eded1c95d3be]::run_test::{closure#0}
[INFO] [stdout]   16:     0x5fbbd3c9a644 - std[70759c8f55707aa4]::sys::backtrace::__rust_begin_short_backtrace::<test[9d35eded1c95d3be]::run_test::{closure#1}, ()>
[INFO] [stdout]   17:     0x5fbbd3ca3ee2 - <std[70759c8f55707aa4]::thread::lifecycle::spawn_unchecked<test[9d35eded1c95d3be]::run_test::{closure#1}, ()>::{closure#1} as core[df12db4294e9bfd3]::ops::function::FnOnce<()>>::call_once::{shim:vtable#0}
[INFO] [stdout]   18:     0x5fbbd3d28669 - <std[70759c8f55707aa4]::sys::thread::unix::Thread>::new::thread_start
[INFO] [stdout]   19:     0x70261ac0fdfa - <unknown>
[INFO] [stdout]   20:     0x70261aca33d4 - clone
[INFO] [stdout]   21:                0x0 - <unknown>
[INFO] [stdout] 
[INFO] [stdout] ---- test::compile_version stdout ----
[INFO] [stdout] 
[INFO] [stdout] thread 'test::compile_version' (407) panicked at src/lib.rs:35:52:
[INFO] [stdout] called `Result::unwrap()` on an `Err` value: IoError(Os { code: 2, kind: NotFound, message: "No such file or directory" })
[INFO] [stdout] stack backtrace:
[INFO] [stdout]    0:     0x5fbbd3d28da1 - <<std[70759c8f55707aa4]::sys::backtrace::BacktraceLock>::print::DisplayBacktrace as core[df12db4294e9bfd3]::fmt::Display>::fmt
[INFO] [stdout]    1:     0x5fbbd3d3dd1a - core[df12db4294e9bfd3]::fmt::write
[INFO] [stdout]    2:     0x5fbbd3d2d2dc - <alloc[2182bb758b4b3781]::vec::Vec<u8> as core[df12db4294e9bfd3]::io::write::Write>::write_fmt
[INFO] [stdout]    3:     0x5fbbd3d04a66 - std[70759c8f55707aa4]::panicking::default_hook::{closure#0}
[INFO] [stdout]    4:     0x5fbbd3d21219 - std[70759c8f55707aa4]::panicking::default_hook
[INFO] [stdout]    5:     0x5fbbd3ca0430 - test[9d35eded1c95d3be]::test_main_inner::<test[9d35eded1c95d3be]::test_main_static::{closure#0}>::{closure#0}
[INFO] [stdout]    6:     0x5fbbd3d21542 - std[70759c8f55707aa4]::panicking::panic_with_hook
[INFO] [stdout]    7:     0x5fbbd3d04b12 - std[70759c8f55707aa4]::panicking::panic_handler::{closure#0}
[INFO] [stdout]    8:     0x5fbbd3cfd899 - std[70759c8f55707aa4]::sys::backtrace::__rust_end_short_backtrace::<std[70759c8f55707aa4]::panicking::panic_handler::{closure#0}, !>
[INFO] [stdout]    9:     0x5fbbd3d0570d - __rustc[8fa7c3cbc660c2b3]::rust_begin_unwind
[INFO] [stdout]   10:     0x5fbbd3d3e47c - core[df12db4294e9bfd3]::panicking::panic_fmt
[INFO] [stdout]   11:     0x5fbbd3d3e252 - core[df12db4294e9bfd3]::result::unwrap_failed
[INFO] [stdout]   12:     0x5fbbd3c8ec23 - vyper_rs[af5b958b18e3d6ca]::test::compile_version
[INFO] [stdout]   13:     0x5fbbd3c7fb19 - <vyper_rs[af5b958b18e3d6ca]::test::compile_version::{closure#0} as core[df12db4294e9bfd3]::ops::function::FnOnce<()>>::call_once
[INFO] [stdout]   14:     0x5fbbd3c9371b - test[9d35eded1c95d3be]::__rust_begin_short_backtrace::<core[df12db4294e9bfd3]::result::Result<(), alloc[2182bb758b4b3781]::string::String>, fn() -> core[df12db4294e9bfd3]::result::Result<(), alloc[2182bb758b4b3781]::string::String>>
[INFO] [stdout]   15:     0x5fbbd3ca0d85 - test[9d35eded1c95d3be]::run_test::{closure#0}
[INFO] [stdout]   16:     0x5fbbd3c9a644 - std[70759c8f55707aa4]::sys::backtrace::__rust_begin_short_backtrace::<test[9d35eded1c95d3be]::run_test::{closure#1}, ()>
[INFO] [stdout]   17:     0x5fbbd3ca3ee2 - <std[70759c8f55707aa4]::thread::lifecycle::spawn_unchecked<test[9d35eded1c95d3be]::run_test::{closure#1}, ()>::{closure#1} as core[df12db4294e9bfd3]::ops::function::FnOnce<()>>::call_once::{shim:vtable#0}
[INFO] [stdout]   18:     0x5fbbd3d28669 - <std[70759c8f55707aa4]::sys::thread::unix::Thread>::new::thread_start
[INFO] [stdout]   19:     0x70261ac0fdfa - <unknown>
[INFO] [stdout]   20:     0x70261aca33d4 - clone
[INFO] [stdout]   21:                0x0 - <unknown>
[INFO] [stdout] 
[INFO] [stdout] ---- test::interface stdout ----
[INFO] [stdout] 
[INFO] [stdout] thread 'test::interface' (412) panicked at src/lib.rs:71:36:
[INFO] [stdout] called `Result::unwrap()` on an `Err` value: IoError(Os { code: 2, kind: NotFound, message: "No such file or directory" })
[INFO] [stdout] stack backtrace:
[INFO] [stdout]    0:     0x5fbbd3d28da1 - <<std[70759c8f55707aa4]::sys::backtrace::BacktraceLock>::print::DisplayBacktrace as core[df12db4294e9bfd3]::fmt::Display>::fmt
[INFO] [stdout]    1:     0x5fbbd3d3dd1a - core[df12db4294e9bfd3]::fmt::write
[INFO] [stdout]    2:     0x5fbbd3d2d2dc - <alloc[2182bb758b4b3781]::vec::Vec<u8> as core[df12db4294e9bfd3]::io::write::Write>::write_fmt
[INFO] [stdout]    3:     0x5fbbd3d04a66 - std[70759c8f55707aa4]::panicking::default_hook::{closure#0}
[INFO] [stdout]    4:     0x5fbbd3d21219 - std[70759c8f55707aa4]::panicking::default_hook
[INFO] [stdout]    5:     0x5fbbd3ca0430 - test[9d35eded1c95d3be]::test_main_inner::<test[9d35eded1c95d3be]::test_main_static::{closure#0}>::{closure#0}
[INFO] [stdout]    6:     0x5fbbd3d21542 - std[70759c8f55707aa4]::panicking::panic_with_hook
[INFO] [stdout]    7:     0x5fbbd3d04b12 - std[70759c8f55707aa4]::panicking::panic_handler::{closure#0}
[INFO] [stdout]    8:     0x5fbbd3cfd899 - std[70759c8f55707aa4]::sys::backtrace::__rust_end_short_backtrace::<std[70759c8f55707aa4]::panicking::panic_handler::{closure#0}, !>
[INFO] [stdout]    9:     0x5fbbd3d0570d - __rustc[8fa7c3cbc660c2b3]::rust_begin_unwind
[INFO] [stdout]   10:     0x5fbbd3d3e47c - core[df12db4294e9bfd3]::panicking::panic_fmt
[INFO] [stdout]   11:     0x5fbbd3d3e252 - core[df12db4294e9bfd3]::result::unwrap_failed
[INFO] [stdout]   12:     0x5fbbd3c91341 - vyper_rs[af5b958b18e3d6ca]::test::interface
[INFO] [stdout]   13:     0x5fbbd3c80089 - <vyper_rs[af5b958b18e3d6ca]::test::interface::{closure#0} as core[df12db4294e9bfd3]::ops::function::FnOnce<()>>::call_once
[INFO] [stdout]   14:     0x5fbbd3c9371b - test[9d35eded1c95d3be]::__rust_begin_short_backtrace::<core[df12db4294e9bfd3]::result::Result<(), alloc[2182bb758b4b3781]::string::String>, fn() -> core[df12db4294e9bfd3]::result::Result<(), alloc[2182bb758b4b3781]::string::String>>
[INFO] [stdout]   15:     0x5fbbd3ca0d85 - test[9d35eded1c95d3be]::run_test::{closure#0}
[INFO] [stdout]   16:     0x5fbbd3c9a644 - std[70759c8f55707aa4]::sys::backtrace::__rust_begin_short_backtrace::<test[9d35eded1c95d3be]::run_test::{closure#1}, ()>
[INFO] [stdout]   17:     0x5fbbd3ca3ee2 - <std[70759c8f55707aa4]::thread::lifecycle::spawn_unchecked<test[9d35eded1c95d3be]::run_test::{closure#1}, ()>::{closure#1} as core[df12db4294e9bfd3]::ops::function::FnOnce<()>>::call_once::{shim:vtable#0}
[INFO] [stdout]   18:     0x5fbbd3d28669 - <std[70759c8f55707aa4]::sys::thread::unix::Thread>::new::thread_start
[INFO] [stdout]   19:     0x70261ac0fdfa - <unknown>
[INFO] [stdout]   20:     0x70261aca33d4 - clone
[INFO] [stdout]   21:                0x0 - <unknown>
[INFO] [stdout] 
[INFO] [stdout] ---- test::exists stdout ----
[INFO] [stdout] 
[INFO] [stdout] thread 'test::exists' (411) panicked at src/lib.rs:104:9:
[INFO] [stdout] assertion `left == right` failed
[INFO] [stdout]   left: true
[INFO] [stdout]  right: false
[INFO] [stdout] stack backtrace:
[INFO] [stdout]    0:     0x5fbbd3d28da1 - <<std[70759c8f55707aa4]::sys::backtrace::BacktraceLock>::print::DisplayBacktrace as core[df12db4294e9bfd3]::fmt::Display>::fmt
[INFO] [stdout]    1:     0x5fbbd3d3dd1a - core[df12db4294e9bfd3]::fmt::write
[INFO] [stdout]    2:     0x5fbbd3d2d2dc - <alloc[2182bb758b4b3781]::vec::Vec<u8> as core[df12db4294e9bfd3]::io::write::Write>::write_fmt
[INFO] [stdout]    3:     0x5fbbd3d04a66 - std[70759c8f55707aa4]::panicking::default_hook::{closure#0}
[INFO] [stdout]    4:     0x5fbbd3d21219 - std[70759c8f55707aa4]::panicking::default_hook
[INFO] [stdout]    5:     0x5fbbd3ca0430 - test[9d35eded1c95d3be]::test_main_inner::<test[9d35eded1c95d3be]::test_main_static::{closure#0}>::{closure#0}
[INFO] [stdout]    6:     0x5fbbd3d21542 - std[70759c8f55707aa4]::panicking::panic_with_hook
[INFO] [stdout]    7:     0x5fbbd3d04b12 - std[70759c8f55707aa4]::panicking::panic_handler::{closure#0}
[INFO] [stdout]    8:     0x5fbbd3cfd899 - std[70759c8f55707aa4]::sys::backtrace::__rust_end_short_backtrace::<std[70759c8f55707aa4]::panicking::panic_handler::{closure#0}, !>
[INFO] [stdout]    9:     0x5fbbd3d0570d - __rustc[8fa7c3cbc660c2b3]::rust_begin_unwind
[INFO] [stdout]   10:     0x5fbbd3d3e47c - core[df12db4294e9bfd3]::panicking::panic_fmt
[INFO] [stdout]   11:     0x5fbbd3d3e393 - core[df12db4294e9bfd3]::panicking::assert_failed_inner
[INFO] [stdout]   12:     0x5fbbd3c89cfa - core[df12db4294e9bfd3]::panicking::assert_failed::<bool, bool>
[INFO] [stdout]   13:     0x5fbbd3c90776 - vyper_rs[af5b958b18e3d6ca]::test::exists
[INFO] [stdout]   14:     0x5fbbd3c80009 - <vyper_rs[af5b958b18e3d6ca]::test::exists::{closure#0} as core[df12db4294e9bfd3]::ops::function::FnOnce<()>>::call_once
[INFO] [stdout]   15:     0x5fbbd3c9371b - test[9d35eded1c95d3be]::__rust_begin_short_backtrace::<core[df12db4294e9bfd3]::result::Result<(), alloc[2182bb758b4b3781]::string::String>, fn() -> core[df12db4294e9bfd3]::result::Result<(), alloc[2182bb758b4b3781]::string::String>>
[INFO] [stdout]   16:     0x5fbbd3ca0d85 - test[9d35eded1c95d3be]::run_test::{closure#0}
[INFO] [stdout]   17:     0x5fbbd3c9a644 - std[70759c8f55707aa4]::sys::backtrace::__rust_begin_short_backtrace::<test[9d35eded1c95d3be]::run_test::{closure#1}, ()>
[INFO] [stdout]   18:     0x5fbbd3ca3ee2 - <std[70759c8f55707aa4]::thread::lifecycle::spawn_unchecked<test[9d35eded1c95d3be]::run_test::{closure#1}, ()>::{closure#1} as core[df12db4294e9bfd3]::ops::function::FnOnce<()>>::call_once::{shim:vtable#0}
[INFO] [stdout]   19:     0x5fbbd3d28669 - <std[70759c8f55707aa4]::sys::thread::unix::Thread>::new::thread_start
[INFO] [stdout]   20:     0x70261ac0fdfa - <unknown>
[INFO] [stdout]   21:     0x70261aca33d4 - clone
[INFO] [stdout]   22:                0x0 - <unknown>
[INFO] [stdout] 
[INFO] [stdout] ---- test::version_detect stdout ----
[INFO] [stdout] 
[INFO] [stdout] thread 'test::version_detect' (438) panicked at src/lib.rs:182:69:
[INFO] [stdout] called `Result::unwrap()` on an `Err` value: IoError(Os { code: 2, kind: NotFound, message: "No such file or directory" })
[INFO] [stdout] stack backtrace:
[INFO] [stdout]    0:     0x5fbbd3d28da1 - <<std[70759c8f55707aa4]::sys::backtrace::BacktraceLock>::print::DisplayBacktrace as core[df12db4294e9bfd3]::fmt::Display>::fmt
[INFO] [stdout]    1:     0x5fbbd3d3dd1a - core[df12db4294e9bfd3]::fmt::write
[INFO] [stdout]    2:     0x5fbbd3d2d2dc - <alloc[2182bb758b4b3781]::vec::Vec<u8> as core[df12db4294e9bfd3]::io::write::Write>::write_fmt
[INFO] [stdout]    3:     0x5fbbd3d04a66 - std[70759c8f55707aa4]::panicking::default_hook::{closure#0}
[INFO] [stdout]    4:     0x5fbbd3d21219 - std[70759c8f55707aa4]::panicking::default_hook
[INFO] [stdout]    5:     0x5fbbd3ca0430 - test[9d35eded1c95d3be]::test_main_inner::<test[9d35eded1c95d3be]::test_main_static::{closure#0}>::{closure#0}
[INFO] [stdout]    6:     0x5fbbd3d21542 - std[70759c8f55707aa4]::panicking::panic_with_hook
[INFO] [stdout]    7:     0x5fbbd3d04b12 - std[70759c8f55707aa4]::panicking::panic_handler::{closure#0}
[INFO] [stdout]    8:     0x5fbbd3cfd899 - std[70759c8f55707aa4]::sys::backtrace::__rust_end_short_backtrace::<std[70759c8f55707aa4]::panicking::panic_handler::{closure#0}, !>
[INFO] [stdout]    9:     0x5fbbd3d0570d - __rustc[8fa7c3cbc660c2b3]::rust_begin_unwind
[INFO] [stdout]   10:     0x5fbbd3d3e47c - core[df12db4294e9bfd3]::panicking::panic_fmt
[INFO] [stdout]   11:     0x5fbbd3d3e252 - core[df12db4294e9bfd3]::result::unwrap_failed
[INFO] [stdout]   12:     0x5fbbd3c8eab2 - vyper_rs[af5b958b18e3d6ca]::test::version_detect
[INFO] [stdout]   13:     0x5fbbd3c7faf9 - <vyper_rs[af5b958b18e3d6ca]::test::version_detect::{closure#0} as core[df12db4294e9bfd3]::ops::function::FnOnce<()>>::call_once
[INFO] [stdout]   14:     0x5fbbd3c9371b - test[9d35eded1c95d3be]::__rust_begin_short_backtrace::<core[df12db4294e9bfd3]::result::Result<(), alloc[2182bb758b4b3781]::string::String>, fn() -> core[df12db4294e9bfd3]::result::Result<(), alloc[2182bb758b4b3781]::string::String>>
[INFO] [stdout]   15:     0x5fbbd3ca0d85 - test[9d35eded1c95d3be]::run_test::{closure#0}
[INFO] [stdout]   16:     0x5fbbd3c9a644 - std[70759c8f55707aa4]::sys::backtrace::__rust_begin_short_backtrace::<test[9d35eded1c95d3be]::run_test::{closure#1}, ()>
[INFO] [stdout]   17:     0x5fbbd3ca3ee2 - <std[70759c8f55707aa4]::thread::lifecycle::spawn_unchecked<test[9d35eded1c95d3be]::run_test::{closure#1}, ()>::{closure#1} as core[df12db4294e9bfd3]::ops::function::FnOnce<()>>::call_once::{shim:vtable#0}
[INFO] [stdout]   18:     0x5fbbd3d28669 - <std[70759c8f55707aa4]::sys::thread::unix::Thread>::new::thread_start
[INFO] [stdout]   19:     0x70261ac0fdfa - <unknown>
[INFO] [stdout]   20:     0x70261aca33d4 - clone
[INFO] [stdout]   21:                0x0 - <unknown>
[INFO] [stdout] 
[INFO] [stdout] ---- test::storage stdout ----
[INFO] [stdout] 
[INFO] [stdout] thread 'test::storage' (415) panicked at src/lib.rs:78:41:
[INFO] [stdout] called `Result::unwrap()` on an `Err` value: IoError(Os { code: 2, kind: NotFound, message: "No such file or directory" })
[INFO] [stdout] stack backtrace:
[INFO] [stdout]    0:     0x5fbbd3d28da1 - <<std[70759c8f55707aa4]::sys::backtrace::BacktraceLock>::print::DisplayBacktrace as core[df12db4294e9bfd3]::fmt::Display>::fmt
[INFO] [stdout]    1:     0x5fbbd3d3dd1a - core[df12db4294e9bfd3]::fmt::write
[INFO] [stdout]    2:     0x5fbbd3d2d2dc - <alloc[2182bb758b4b3781]::vec::Vec<u8> as core[df12db4294e9bfd3]::io::write::Write>::write_fmt
[INFO] [stdout]    3:     0x5fbbd3d04a66 - std[70759c8f55707aa4]::panicking::default_hook::{closure#0}
[INFO] [stdout]    4:     0x5fbbd3d21219 - std[70759c8f55707aa4]::panicking::default_hook
[INFO] [stdout]    5:     0x5fbbd3ca0430 - test[9d35eded1c95d3be]::test_main_inner::<test[9d35eded1c95d3be]::test_main_static::{closure#0}>::{closure#0}
[INFO] [stdout]    6:     0x5fbbd3d21542 - std[70759c8f55707aa4]::panicking::panic_with_hook
[INFO] [stdout]    7:     0x5fbbd3d04b12 - std[70759c8f55707aa4]::panicking::panic_handler::{closure#0}
[INFO] [stdout]    8:     0x5fbbd3cfd899 - std[70759c8f55707aa4]::sys::backtrace::__rust_end_short_backtrace::<std[70759c8f55707aa4]::panicking::panic_handler::{closure#0}, !>
[INFO] [stdout]    9:     0x5fbbd3d0570d - __rustc[8fa7c3cbc660c2b3]::rust_begin_unwind
[INFO] [stdout]   10:     0x5fbbd3d3e47c - core[df12db4294e9bfd3]::panicking::panic_fmt
[INFO] [stdout]   11:     0x5fbbd3d3e252 - core[df12db4294e9bfd3]::result::unwrap_failed
[INFO] [stdout]   12:     0x5fbbd3c90a11 - vyper_rs[af5b958b18e3d6ca]::test::storage
[INFO] [stdout]   13:     0x5fbbd3c80049 - <vyper_rs[af5b958b18e3d6ca]::test::storage::{closure#0} as core[df12db4294e9bfd3]::ops::function::FnOnce<()>>::call_once
[INFO] [stdout]   14:     0x5fbbd3c9371b - test[9d35eded1c95d3be]::__rust_begin_short_backtrace::<core[df12db4294e9bfd3]::result::Result<(), alloc[2182bb758b4b3781]::string::String>, fn() -> core[df12db4294e9bfd3]::result::Result<(), alloc[2182bb758b4b3781]::string::String>>
[INFO] [stdout]   15:     0x5fbbd3ca0d85 - test[9d35eded1c95d3be]::run_test::{closure#0}
[INFO] [stdout]   16:     0x5fbbd3c9a644 - std[70759c8f55707aa4]::sys::backtrace::__rust_begin_short_backtrace::<test[9d35eded1c95d3be]::run_test::{closure#1}, ()>
[INFO] [stdout]   17:     0x5fbbd3ca3ee2 - <std[70759c8f55707aa4]::thread::lifecycle::spawn_unchecked<test[9d35eded1c95d3be]::run_test::{closure#1}, ()>::{closure#1} as core[df12db4294e9bfd3]::ops::function::FnOnce<()>>::call_once::{shim:vtable#0}
[INFO] [stdout]   18:     0x5fbbd3d28669 - <std[70759c8f55707aa4]::sys::thread::unix::Thread>::new::thread_start
[INFO] [stdout]   19:     0x70261ac0fdfa - <unknown>
[INFO] [stdout]   20:     0x70261aca33d4 - clone
[INFO] [stdout]   21:                0x0 - <unknown>
[INFO] [stdout] 
[INFO] [stdout] ---- test::opcodes stdout ----
[INFO] [stdout] 
[INFO] [stdout] thread 'test::opcodes' (413) panicked at src/lib.rs:85:34:
[INFO] [stdout] called `Result::unwrap()` on an `Err` value: IoError(Os { code: 2, kind: NotFound, message: "No such file or directory" })
[INFO] [stdout] stack backtrace:
[INFO] [stdout]    0:     0x5fbbd3d28da1 - <<std[70759c8f55707aa4]::sys::backtrace::BacktraceLock>::print::DisplayBacktrace as core[df12db4294e9bfd3]::fmt::Display>::fmt
[INFO] [stdout]    1:     0x5fbbd3d3dd1a - core[df12db4294e9bfd3]::fmt::write
[INFO] [stdout]    2:     0x5fbbd3d2d2dc - <alloc[2182bb758b4b3781]::vec::Vec<u8> as core[df12db4294e9bfd3]::io::write::Write>::write_fmt
[INFO] [stdout]    3:     0x5fbbd3d04a66 - std[70759c8f55707aa4]::panicking::default_hook::{closure#0}
[INFO] [stdout]    4:     0x5fbbd3d21219 - std[70759c8f55707aa4]::panicking::default_hook
[INFO] [stdout]    5:     0x5fbbd3ca0430 - test[9d35eded1c95d3be]::test_main_inner::<test[9d35eded1c95d3be]::test_main_static::{closure#0}>::{closure#0}
[INFO] [stdout]    6:     0x5fbbd3d21542 - std[70759c8f55707aa4]::panicking::panic_with_hook
[INFO] [stdout]    7:     0x5fbbd3d04b12 - std[70759c8f55707aa4]::panicking::panic_handler::{closure#0}
[INFO] [stdout]    8:     0x5fbbd3cfd899 - std[70759c8f55707aa4]::sys::backtrace::__rust_end_short_backtrace::<std[70759c8f55707aa4]::panicking::panic_handler::{closure#0}, !>
[INFO] [stdout]    9:     0x5fbbd3d0570d - __rustc[8fa7c3cbc660c2b3]::rust_begin_unwind
[INFO] [stdout]   10:     0x5fbbd3d3e47c - core[df12db4294e9bfd3]::panicking::panic_fmt
[INFO] [stdout]   11:     0x5fbbd3d3e252 - core[df12db4294e9bfd3]::result::unwrap_failed
[INFO] [stdout]   12:     0x5fbbd3c908a1 - vyper_rs[af5b958b18e3d6ca]::test::opcodes
[INFO] [stdout]   13:     0x5fbbd3c80029 - <vyper_rs[af5b958b18e3d6ca]::test::opcodes::{closure#0} as core[df12db4294e9bfd3]::ops::function::FnOnce<()>>::call_once
[INFO] [stdout]   14:     0x5fbbd3c9371b - test[9d35eded1c95d3be]::__rust_begin_short_backtrace::<core[df12db4294e9bfd3]::result::Result<(), alloc[2182bb758b4b3781]::string::String>, fn() -> core[df12db4294e9bfd3]::result::Result<(), alloc[2182bb758b4b3781]::string::String>>
[INFO] [stdout]   15:     0x5fbbd3ca0d85 - test[9d35eded1c95d3be]::run_test::{closure#0}
[INFO] [stdout]   16:     0x5fbbd3c9a644 - std[70759c8f55707aa4]::sys::backtrace::__rust_begin_short_backtrace::<test[9d35eded1c95d3be]::run_test::{closure#1}, ()>
[INFO] [stdout]   17:     0x5fbbd3ca3ee2 - <std[70759c8f55707aa4]::thread::lifecycle::spawn_unchecked<test[9d35eded1c95d3be]::run_test::{closure#1}, ()>::{closure#1} as core[df12db4294e9bfd3]::ops::function::FnOnce<()>>::call_once::{shim:vtable#0}
[INFO] [stdout]   18:     0x5fbbd3d28669 - <std[70759c8f55707aa4]::sys::thread::unix::Thread>::new::thread_start
[INFO] [stdout]   19:     0x70261ac0fdfa - <unknown>
[INFO] [stdout]   20:     0x70261aca33d4 - clone
[INFO] [stdout]   21:                0x0 - <unknown>
[INFO] [stdout] 
[INFO] [stdout] ---- test::compile_mt_macro_test stdout ----
[INFO] [stdout] 
[INFO] [stdout] thread 'test::compile_mt_macro_test' (406) panicked at src/lib.rs:220:44:
[INFO] [stdout] called `Result::unwrap()` on an `Err` value: IoError(Os { code: 2, kind: NotFound, message: "No such file or directory" })
[INFO] [stdout] stack backtrace:
[INFO] [stdout]    0:     0x5fbbd3d28da1 - <<std[70759c8f55707aa4]::sys::backtrace::BacktraceLock>::print::DisplayBacktrace as core[df12db4294e9bfd3]::fmt::Display>::fmt
[INFO] [stdout]    1:     0x5fbbd3d3dd1a - core[df12db4294e9bfd3]::fmt::write
[INFO] [stdout]    2:     0x5fbbd3d2d2dc - <alloc[2182bb758b4b3781]::vec::Vec<u8> as core[df12db4294e9bfd3]::io::write::Write>::write_fmt
[INFO] [stdout]    3:     0x5fbbd3d04a66 - std[70759c8f55707aa4]::panicking::default_hook::{closure#0}
[INFO] [stdout]    4:     0x5fbbd3d21219 - std[70759c8f55707aa4]::panicking::default_hook
[INFO] [stdout]    5:     0x5fbbd3ca0430 - test[9d35eded1c95d3be]::test_main_inner::<test[9d35eded1c95d3be]::test_main_static::{closure#0}>::{closure#0}
[INFO] [stdout]    6:     0x5fbbd3d21542 - std[70759c8f55707aa4]::panicking::panic_with_hook
[INFO] [stdout]    7:     0x5fbbd3d04b12 - std[70759c8f55707aa4]::panicking::panic_handler::{closure#0}
[INFO] [stdout]    8:     0x5fbbd3cfd899 - std[70759c8f55707aa4]::sys::backtrace::__rust_end_short_backtrace::<std[70759c8f55707aa4]::panicking::panic_handler::{closure#0}, !>
[INFO] [stdout]    9:     0x5fbbd3d0570d - __rustc[8fa7c3cbc660c2b3]::rust_begin_unwind
[INFO] [stdout]   10:     0x5fbbd3d3e47c - core[df12db4294e9bfd3]::panicking::panic_fmt
[INFO] [stdout]   11:     0x5fbbd3d3e252 - core[df12db4294e9bfd3]::result::unwrap_failed
[INFO] [stdout]   12:     0x5fbbd3c8e631 - vyper_rs[af5b958b18e3d6ca]::test::compile_mt_macro_test::{closure#0}
[INFO] [stdout]   13:     0x5fbbd3c78b2d - <tokio[741b64832484e4d1]::runtime::scheduler::current_thread::Context>::enter::<core[df12db4294e9bfd3]::task::poll::Poll<core[df12db4294e9bfd3]::result::Result<(), vyper_rs[af5b958b18e3d6ca]::vyper_errors::VyperErrors>>, <tokio[741b64832484e4d1]::runtime::scheduler::current_thread::CoreGuard>::block_on<core[df12db4294e9bfd3]::pin::Pin<&mut core[df12db4294e9bfd3]::pin::Pin<&mut dyn core[df12db4294e9bfd3]::future::future::Future<Output = core[df12db4294e9bfd3]::result::Result<(), vyper_rs[af5b958b18e3d6ca]::vyper_errors::VyperErrors>>>>>::{closure#0}::{closure#0}>
[INFO] [stdout]   14:     0x5fbbd3c85a76 - <std[70759c8f55707aa4]::thread::local::LocalKey<tokio[741b64832484e4d1]::runtime::context::Context>>::with::<tokio[741b64832484e4d1]::runtime::context::set_scheduler<(alloc[2182bb758b4b3781]::boxed::Box<tokio[741b64832484e4d1]::runtime::scheduler::current_thread::Core>, core[df12db4294e9bfd3]::option::Option<core[df12db4294e9bfd3]::result::Result<(), vyper_rs[af5b958b18e3d6ca]::vyper_errors::VyperErrors>>), <tokio[741b64832484e4d1]::runtime::scheduler::current_thread::CoreGuard>::enter<<tokio[741b64832484e4d1]::runtime::scheduler::current_thread::CoreGuard>::block_on<core[df12db4294e9bfd3]::pin::Pin<&mut core[df12db4294e9bfd3]::pin::Pin<&mut dyn core[df12db4294e9bfd3]::future::future::Future<Output = core[df12db4294e9bfd3]::result::Result<(), vyper_rs[af5b958b18e3d6ca]::vyper_errors::VyperErrors>>>>>::{closure#0}, core[df12db4294e9bfd3]::option::Option<core[df12db4294e9bfd3]::result::Result<(), vyper_rs[af5b958b18e3d6ca]::vyper_errors::VyperErrors>>>::{closure#0}>::{closure#0}, (alloc[2182bb758b4b3781]::boxed::Box<tokio[741b64832484e4d1]::runtime::scheduler::current_thread::Core>, core[df12db4294e9bfd3]::option::Option<core[df12db4294e9bfd3]::result::Result<(), vyper_rs[af5b958b18e3d6ca]::vyper_errors::VyperErrors>>)>
[INFO] [stdout]   15:     0x5fbbd3c794d8 - <tokio[741b64832484e4d1]::runtime::scheduler::current_thread::CoreGuard>::block_on::<core[df12db4294e9bfd3]::pin::Pin<&mut core[df12db4294e9bfd3]::pin::Pin<&mut dyn core[df12db4294e9bfd3]::future::future::Future<Output = core[df12db4294e9bfd3]::result::Result<(), vyper_rs[af5b958b18e3d6ca]::vyper_errors::VyperErrors>>>>>
[INFO] [stdout]   16:     0x5fbbd3c82a2b - tokio[741b64832484e4d1]::runtime::context::runtime::enter_runtime::<<tokio[741b64832484e4d1]::runtime::scheduler::current_thread::CurrentThread>::block_on<core[df12db4294e9bfd3]::pin::Pin<&mut dyn core[df12db4294e9bfd3]::future::future::Future<Output = core[df12db4294e9bfd3]::result::Result<(), vyper_rs[af5b958b18e3d6ca]::vyper_errors::VyperErrors>>>>::{closure#0}, core[df12db4294e9bfd3]::result::Result<(), vyper_rs[af5b958b18e3d6ca]::vyper_errors::VyperErrors>>
[INFO] [stdout]   17:     0x5fbbd3c91daa - <tokio[741b64832484e4d1]::runtime::runtime::Runtime>::block_on::<core[df12db4294e9bfd3]::pin::Pin<&mut dyn core[df12db4294e9bfd3]::future::future::Future<Output = core[df12db4294e9bfd3]::result::Result<(), vyper_rs[af5b958b18e3d6ca]::vyper_errors::VyperErrors>>>>
[INFO] [stdout]   18:     0x5fbbd3c8fabf - vyper_rs[af5b958b18e3d6ca]::test::compile_mt_macro_test
[INFO] [stdout]   19:     0x5fbbd3c7fd04 - <vyper_rs[af5b958b18e3d6ca]::test::compile_mt_macro_test::{closure#0} as core[df12db4294e9bfd3]::ops::function::FnOnce<()>>::call_once
[INFO] [stdout]   20:     0x5fbbd3c9371b - test[9d35eded1c95d3be]::__rust_begin_short_backtrace::<core[df12db4294e9bfd3]::result::Result<(), alloc[2182bb758b4b3781]::string::String>, fn() -> core[df12db4294e9bfd3]::result::Result<(), alloc[2182bb758b4b3781]::string::String>>
[INFO] [stdout]   21:     0x5fbbd3ca0d85 - test[9d35eded1c95d3be]::run_test::{closure#0}
[INFO] [stdout]   22:     0x5fbbd3c9a644 - std[70759c8f55707aa4]::sys::backtrace::__rust_begin_short_backtrace::<test[9d35eded1c95d3be]::run_test::{closure#1}, ()>
[INFO] [stdout]   23:     0x5fbbd3ca3ee2 - <std[70759c8f55707aa4]::thread::lifecycle::spawn_unchecked<test[9d35eded1c95d3be]::run_test::{closure#1}, ()>::{closure#1} as core[df12db4294e9bfd3]::ops::function::FnOnce<()>>::call_once::{shim:vtable#0}
[INFO] [stdout]   24:     0x5fbbd3d28669 - <std[70759c8f55707aa4]::sys::thread::unix::Thread>::new::thread_start
[INFO] [stdout]   25:     0x70261ac0fdfa - <unknown>
[INFO] [stdout]   26:     0x70261aca33d4 - clone
[INFO] [stdout]   27:                0x0 - <unknown>
[INFO] [stdout] 
[INFO] [stdout] ---- test::compabijson_mt_macro_test stdout ----
[INFO] [stdout] Error: IoError(Os { code: 2, kind: NotFound, message: "No such file or directory" })
[INFO] [stdout] 
[INFO] [stdout] ---- test::concurrent_compilation stdout ----
[INFO] [stdout] 
[INFO] [stdout] thread 'test::concurrent_compilation' (408) panicked at src/lib.rs:62:50:
[INFO] [stdout] called `Result::unwrap()` on an `Err` value: IoError(Os { code: 2, kind: NotFound, message: "No such file or directory" })
[INFO] [stdout] stack backtrace:
[INFO] [stdout]    0:     0x5fbbd3d28da1 - <<std[70759c8f55707aa4]::sys::backtrace::BacktraceLock>::print::DisplayBacktrace as core[df12db4294e9bfd3]::fmt::Display>::fmt
[INFO] [stdout]    1:     0x5fbbd3d3dd1a - core[df12db4294e9bfd3]::fmt::write
[INFO] [stdout]    2:     0x5fbbd3d2d2dc - <alloc[2182bb758b4b3781]::vec::Vec<u8> as core[df12db4294e9bfd3]::io::write::Write>::write_fmt
[INFO] [stdout]    3:     0x5fbbd3d04a66 - std[70759c8f55707aa4]::panicking::default_hook::{closure#0}
[INFO] [stdout]    4:     0x5fbbd3d21219 - std[70759c8f55707aa4]::panicking::default_hook
[INFO] [stdout]    5:     0x5fbbd3ca0430 - test[9d35eded1c95d3be]::test_main_inner::<test[9d35eded1c95d3be]::test_main_static::{closure#0}>::{closure#0}
[INFO] [stdout]    6:     0x5fbbd3d21542 - std[70759c8f55707aa4]::panicking::panic_with_hook
[INFO] [stdout]    7:     0x5fbbd3d04b12 - std[70759c8f55707aa4]::panicking::panic_handler::{closure#0}
[INFO] [stdout]    8:     0x5fbbd3cfd899 - std[70759c8f55707aa4]::sys::backtrace::__rust_end_short_backtrace::<std[70759c8f55707aa4]::panicking::panic_handler::{closure#0}, !>
[INFO] [stdout]    9:     0x5fbbd3d0570d - __rustc[8fa7c3cbc660c2b3]::rust_begin_unwind
[INFO] [stdout]   10:     0x5fbbd3d3e47c - core[df12db4294e9bfd3]::panicking::panic_fmt
[INFO] [stdout]   11:     0x5fbbd3d3e252 - core[df12db4294e9bfd3]::result::unwrap_failed
[INFO] [stdout]   12:     0x5fbbd3c750ea - vyper_rs[af5b958b18e3d6ca]::test::concurrent_compilation::{closure#0}
[INFO] [stdout]   13:     0x5fbbd3c78ebe - <tokio[741b64832484e4d1]::runtime::scheduler::current_thread::Context>::enter::<core[df12db4294e9bfd3]::task::poll::Poll<()>, <tokio[741b64832484e4d1]::runtime::scheduler::current_thread::CoreGuard>::block_on<core[df12db4294e9bfd3]::pin::Pin<&mut vyper_rs[af5b958b18e3d6ca]::test::concurrent_compilation::{closure#0}>>::{closure#0}::{closure#0}>
[INFO] [stdout]   14:     0x5fbbd3c85fd9 - <std[70759c8f55707aa4]::thread::local::LocalKey<tokio[741b64832484e4d1]::runtime::context::Context>>::with::<tokio[741b64832484e4d1]::runtime::context::set_scheduler<(alloc[2182bb758b4b3781]::boxed::Box<tokio[741b64832484e4d1]::runtime::scheduler::current_thread::Core>, core[df12db4294e9bfd3]::option::Option<()>), <tokio[741b64832484e4d1]::runtime::scheduler::current_thread::CoreGuard>::enter<<tokio[741b64832484e4d1]::runtime::scheduler::current_thread::CoreGuard>::block_on<core[df12db4294e9bfd3]::pin::Pin<&mut vyper_rs[af5b958b18e3d6ca]::test::concurrent_compilation::{closure#0}>>::{closure#0}, core[df12db4294e9bfd3]::option::Option<()>>::{closure#0}>::{closure#0}, (alloc[2182bb758b4b3781]::boxed::Box<tokio[741b64832484e4d1]::runtime::scheduler::current_thread::Core>, core[df12db4294e9bfd3]::option::Option<()>)>
[INFO] [stdout]   15:     0x5fbbd3c796b7 - <tokio[741b64832484e4d1]::runtime::scheduler::current_thread::CoreGuard>::block_on::<core[df12db4294e9bfd3]::pin::Pin<&mut vyper_rs[af5b958b18e3d6ca]::test::concurrent_compilation::{closure#0}>>
[INFO] [stdout]   16:     0x5fbbd3c82ee6 - tokio[741b64832484e4d1]::runtime::context::runtime::enter_runtime::<<tokio[741b64832484e4d1]::runtime::scheduler::current_thread::CurrentThread>::block_on<vyper_rs[af5b958b18e3d6ca]::test::concurrent_compilation::{closure#0}>::{closure#0}, ()>
[INFO] [stdout]   17:     0x5fbbd3c78a21 - <tokio[741b64832484e4d1]::runtime::scheduler::current_thread::CurrentThread>::block_on::<vyper_rs[af5b958b18e3d6ca]::test::concurrent_compilation::{closure#0}>
[INFO] [stdout]   18:     0x5fbbd3c91eb4 - <tokio[741b64832484e4d1]::runtime::runtime::Runtime>::block_on::<vyper_rs[af5b958b18e3d6ca]::test::concurrent_compilation::{closure#0}>
[INFO] [stdout]   19:     0x5fbbd3c80439 - tokio_test[9919c2874c97edf5]::block_on::<vyper_rs[af5b958b18e3d6ca]::test::concurrent_compilation::{closure#0}>
[INFO] [stdout]   20:     0x5fbbd3c7fe8d - <vyper_rs[af5b958b18e3d6ca]::test::concurrent_compilation::{closure#0} as core[df12db4294e9bfd3]::ops::function::FnOnce<()>>::call_once
[INFO] [stdout]   21:     0x5fbbd3c9371b - test[9d35eded1c95d3be]::__rust_begin_short_backtrace::<core[df12db4294e9bfd3]::result::Result<(), alloc[2182bb758b4b3781]::string::String>, fn() -> core[df12db4294e9bfd3]::result::Result<(), alloc[2182bb758b4b3781]::string::String>>
[INFO] [stdout]   22:     0x5fbbd3ca0d85 - test[9d35eded1c95d3be]::run_test::{closure#0}
[INFO] [stdout]   23:     0x5fbbd3c9a644 - std[70759c8f55707aa4]::sys::backtrace::__rust_begin_short_backtrace::<test[9d35eded1c95d3be]::run_test::{closure#1}, ()>
[INFO] [stdout]   24:     0x5fbbd3ca3ee2 - <std[70759c8f55707aa4]::thread::lifecycle::spawn_unchecked<test[9d35eded1c95d3be]::run_test::{closure#1}, ()>::{closure#1} as core[df12db4294e9bfd3]::ops::function::FnOnce<()>>::call_once::{shim:vtable#0}
[INFO] [stdout]   25:     0x5fbbd3d28669 - <std[70759c8f55707aa4]::sys::thread::unix::Thread>::new::thread_start
[INFO] [stdout]   26:     0x70261ac0fdfa - <unknown>
[INFO] [stdout]   27:     0x70261aca33d4 - clone
[INFO] [stdout]   28:                0x0 - <unknown>
[INFO] [stdout] 
[INFO] [stdout] ---- test::venv_test stdout ----
[INFO] [stdout] 
[INFO] [stdout] thread 'test::venv_test' (436) panicked at src/lib.rs:173:14:
[INFO] [stdout] called `Result::unwrap()` on an `Err` value: DirError("mkdir: Read-only file system\n")
[INFO] [stdout] stack backtrace:
[INFO] [stdout]    0:     0x5fbbd3d28da1 - <<std[70759c8f55707aa4]::sys::backtrace::BacktraceLock>::print::DisplayBacktrace as core[df12db4294e9bfd3]::fmt::Display>::fmt
[INFO] [stdout]    1:     0x5fbbd3d3dd1a - core[df12db4294e9bfd3]::fmt::write
[INFO] [stdout]    2:     0x5fbbd3d2d2dc - <alloc[2182bb758b4b3781]::vec::Vec<u8> as core[df12db4294e9bfd3]::io::write::Write>::write_fmt
[INFO] [stdout]    3:     0x5fbbd3d04a66 - std[70759c8f55707aa4]::panicking::default_hook::{closure#0}
[INFO] [stdout]    4:     0x5fbbd3d21219 - std[70759c8f55707aa4]::panicking::default_hook
[INFO] [stdout]    5:     0x5fbbd3ca0430 - test[9d35eded1c95d3be]::test_main_inner::<test[9d35eded1c95d3be]::test_main_static::{closure#0}>::{closure#0}
[INFO] [stdout]    6:     0x5fbbd3d21542 - std[70759c8f55707aa4]::panicking::panic_with_hook
[INFO] [stdout]    7:     0x5fbbd3d04b12 - std[70759c8f55707aa4]::panicking::panic_handler::{closure#0}
[INFO] [stdout]    8:     0x5fbbd3cfd899 - std[70759c8f55707aa4]::sys::backtrace::__rust_end_short_backtrace::<std[70759c8f55707aa4]::panicking::panic_handler::{closure#0}, !>
[INFO] [stdout]    9:     0x5fbbd3d0570d - __rustc[8fa7c3cbc660c2b3]::rust_begin_unwind
[INFO] [stdout]   10:     0x5fbbd3d3e47c - core[df12db4294e9bfd3]::panicking::panic_fmt
[INFO] [stdout]   11:     0x5fbbd3d3e252 - core[df12db4294e9bfd3]::result::unwrap_failed
[INFO] [stdout]   12:     0x5fbbd3c914d6 - vyper_rs[af5b958b18e3d6ca]::test::venv_test
[INFO] [stdout]   13:     0x5fbbd3c800a9 - <vyper_rs[af5b958b18e3d6ca]::test::venv_test::{closure#0} as core[df12db4294e9bfd3]::ops::function::FnOnce<()>>::call_once
[INFO] [stdout]   14:     0x5fbbd3c9371b - test[9d35eded1c95d3be]::__rust_begin_short_backtrace::<core[df12db4294e9bfd3]::result::Result<(), alloc[2182bb758b4b3781]::string::String>, fn() -> core[df12db4294e9bfd3]::result::Result<(), alloc[2182bb758b4b3781]::string::String>>
[INFO] [stdout]   15:     0x5fbbd3ca0d85 - test[9d35eded1c95d3be]::run_test::{closure#0}
[INFO] [stdout]   16:     0x5fbbd3c9a644 - std[70759c8f55707aa4]::sys::backtrace::__rust_begin_short_backtrace::<test[9d35eded1c95d3be]::run_test::{closure#1}, ()>
[INFO] [stdout]   17:     0x5fbbd3ca3ee2 - <std[70759c8f55707aa4]::thread::lifecycle::spawn_unchecked<test[9d35eded1c95d3be]::run_test::{closure#1}, ()>::{closure#1} as core[df12db4294e9bfd3]::ops::function::FnOnce<()>>::call_once::{shim:vtable#0}
[INFO] [stdout]   18:     0x5fbbd3d28669 - <std[70759c8f55707aa4]::sys::thread::unix::Thread>::new::thread_start
[INFO] [stdout]   19:     0x70261ac0fdfa - <unknown>
[INFO] [stdout]   20:     0x70261aca33d4 - clone
[INFO] [stdout]   21:                0x0 - <unknown>
[INFO] [stdout] 
[INFO] [stdout] ---- test::venv_macro_test stdout ----
[INFO] [stdout] Error: DirError("mkdir: Read-only file system\n")
[INFO] [stdout] 
[INFO] [stdout] ---- test::basic stdout ----
[INFO] [stdout] 
[INFO] [stdout] thread 'test::basic' (401) panicked at src/lib.rs:26:34:
[INFO] [stdout] called `Result::unwrap()` on an `Err` value: IoError(Os { code: 2, kind: NotFound, message: "No such file or directory" })
[INFO] [stdout] stack backtrace:
[INFO] [stdout]    0:     0x5fbbd3d28da1 - <<std[70759c8f55707aa4]::sys::backtrace::BacktraceLock>::print::DisplayBacktrace as core[df12db4294e9bfd3]::fmt::Display>::fmt
[INFO] [stdout]    1:     0x5fbbd3d3dd1a - core[df12db4294e9bfd3]::fmt::write
[INFO] [stdout]    2:     0x5fbbd3d2d2dc - <alloc[2182bb758b4b3781]::vec::Vec<u8> as core[df12db4294e9bfd3]::io::write::Write>::write_fmt
[INFO] [stdout]    3:     0x5fbbd3d04a66 - std[70759c8f55707aa4]::panicking::default_hook::{closure#0}
[INFO] [stdout]    4:     0x5fbbd3d21219 - std[70759c8f55707aa4]::panicking::default_hook
[INFO] [stdout]    5:     0x5fbbd3ca0430 - test[9d35eded1c95d3be]::test_main_inner::<test[9d35eded1c95d3be]::test_main_static::{closure#0}>::{closure#0}
[INFO] [stdout]    6:     0x5fbbd3d21542 - std[70759c8f55707aa4]::panicking::panic_with_hook
[INFO] [stdout]    7:     0x5fbbd3d04b12 - std[70759c8f55707aa4]::panicking::panic_handler::{closure#0}
[INFO] [stdout]    8:     0x5fbbd3cfd899 - std[70759c8f55707aa4]::sys::backtrace::__rust_end_short_backtrace::<std[70759c8f55707aa4]::panicking::panic_handler::{closure#0}, !>
[INFO] [stdout]    9:     0x5fbbd3d0570d - __rustc[8fa7c3cbc660c2b3]::rust_begin_unwind
[INFO] [stdout]   10:     0x5fbbd3d3e47c - core[df12db4294e9bfd3]::panicking::panic_fmt
[INFO] [stdout]   11:     0x5fbbd3d3e252 - core[df12db4294e9bfd3]::result::unwrap_failed
[INFO] [stdout]   12:     0x5fbbd3c905ca - vyper_rs[af5b958b18e3d6ca]::test::basic
[INFO] [stdout]   13:     0x5fbbd3c7ffe9 - <vyper_rs[af5b958b18e3d6ca]::test::basic::{closure#0} as core[df12db4294e9bfd3]::ops::function::FnOnce<()>>::call_once
[INFO] [stdout]   14:     0x5fbbd3c9371b - test[9d35eded1c95d3be]::__rust_begin_short_backtrace::<core[df12db4294e9bfd3]::result::Result<(), alloc[2182bb758b4b3781]::string::String>, fn() -> core[df12db4294e9bfd3]::result::Result<(), alloc[2182bb758b4b3781]::string::String>>
[INFO] [stdout]   15:     0x5fbbd3ca0d85 - test[9d35eded1c95d3be]::run_test::{closure#0}
[INFO] [stdout]   16:     0x5fbbd3c9a644 - std[70759c8f55707aa4]::sys::backtrace::__rust_begin_short_backtrace::<test[9d35eded1c95d3be]::run_test::{closure#1}, ()>
[INFO] [stdout]   17:     0x5fbbd3ca3ee2 - <std[70759c8f55707aa4]::thread::lifecycle::spawn_unchecked<test[9d35eded1c95d3be]::run_test::{closure#1}, ()>::{closure#1} as core[df12db4294e9bfd3]::ops::function::FnOnce<()>>::call_once::{shim:vtable#0}
[INFO] [stdout]   18:     0x5fbbd3d28669 - <std[70759c8f55707aa4]::sys::thread::unix::Thread>::new::thread_start
[INFO] [stdout]   19:     0x70261ac0fdfa - <unknown>
[INFO] [stdout]   20:     0x70261aca33d4 - clone
[INFO] [stdout]   21:                0x0 - <unknown>
[INFO] [stdout] 
[INFO] [stdout] ---- test::compabijson_macro_test stdout ----
[INFO] [stdout] Error: IoError(Os { code: 2, kind: NotFound, message: "No such file or directory" })
[INFO] [stdout] 
[INFO] [stdout] ---- test::concurrent_compilation_vers stdout ----
[INFO] [stdout] 
[INFO] [stdout] thread 'test::concurrent_compilation_vers' (410) panicked at src/lib.rs:49:18:
[INFO] [stdout] called `Result::unwrap()` on an `Err` value: IoError(Os { code: 2, kind: NotFound, message: "No such file or directory" })
[INFO] [stdout] stack backtrace:
[INFO] [stdout]    0:     0x5fbbd3d28da1 - <<std[70759c8f55707aa4]::sys::backtrace::BacktraceLock>::print::DisplayBacktrace as core[df12db4294e9bfd3]::fmt::Display>::fmt
[INFO] [stdout]    1:     0x5fbbd3d3dd1a - core[df12db4294e9bfd3]::fmt::write
[INFO] [stdout]    2:     0x5fbbd3d2d2dc - <alloc[2182bb758b4b3781]::vec::Vec<u8> as core[df12db4294e9bfd3]::io::write::Write>::write_fmt
[INFO] [stdout]    3:     0x5fbbd3d04a66 - std[70759c8f55707aa4]::panicking::default_hook::{closure#0}
[INFO] [stdout]    4:     0x5fbbd3d21219 - std[70759c8f55707aa4]::panicking::default_hook
[INFO] [stdout]    5:     0x5fbbd3ca0430 - test[9d35eded1c95d3be]::test_main_inner::<test[9d35eded1c95d3be]::test_main_static::{closure#0}>::{closure#0}
[INFO] [stdout]    6:     0x5fbbd3d21542 - std[70759c8f55707aa4]::panicking::panic_with_hook
[INFO] [stdout]    7:     0x5fbbd3d04b12 - std[70759c8f55707aa4]::panicking::panic_handler::{closure#0}
[INFO] [stdout]    8:     0x5fbbd3cfd899 - std[70759c8f55707aa4]::sys::backtrace::__rust_end_short_backtrace::<std[70759c8f55707aa4]::panicking::panic_handler::{closure#0}, !>
[INFO] [stdout]    9:     0x5fbbd3d0570d - __rustc[8fa7c3cbc660c2b3]::rust_begin_unwind
[INFO] [stdout]   10:     0x5fbbd3d3e47c - core[df12db4294e9bfd3]::panicking::panic_fmt
[INFO] [stdout]   11:     0x5fbbd3d3e252 - core[df12db4294e9bfd3]::result::unwrap_failed
[INFO] [stdout]   12:     0x5fbbd3c768cd - vyper_rs[af5b958b18e3d6ca]::test::concurrent_compilation_vers::{closure#0}
[INFO] [stdout]   13:     0x5fbbd3c7904e - <tokio[741b64832484e4d1]::runtime::scheduler::current_thread::Context>::enter::<core[df12db4294e9bfd3]::task::poll::Poll<()>, <tokio[741b64832484e4d1]::runtime::scheduler::current_thread::CoreGuard>::block_on<core[df12db4294e9bfd3]::pin::Pin<&mut vyper_rs[af5b958b18e3d6ca]::test::concurrent_compilation_vers::{closure#0}>>::{closure#0}::{closure#0}>
[INFO] [stdout]   14:     0x5fbbd3c861f9 - <std[70759c8f55707aa4]::thread::local::LocalKey<tokio[741b64832484e4d1]::runtime::context::Context>>::with::<tokio[741b64832484e4d1]::runtime::context::set_scheduler<(alloc[2182bb758b4b3781]::boxed::Box<tokio[741b64832484e4d1]::runtime::scheduler::current_thread::Core>, core[df12db4294e9bfd3]::option::Option<()>), <tokio[741b64832484e4d1]::runtime::scheduler::current_thread::CoreGuard>::enter<<tokio[741b64832484e4d1]::runtime::scheduler::current_thread::CoreGuard>::block_on<core[df12db4294e9bfd3]::pin::Pin<&mut vyper_rs[af5b958b18e3d6ca]::test::concurrent_compilation_vers::{closure#0}>>::{closure#0}, core[df12db4294e9bfd3]::option::Option<()>>::{closure#0}>::{closure#0}, (alloc[2182bb758b4b3781]::boxed::Box<tokio[741b64832484e4d1]::runtime::scheduler::current_thread::Core>, core[df12db4294e9bfd3]::option::Option<()>)>
[INFO] [stdout]   15:     0x5fbbd3c79a27 - <tokio[741b64832484e4d1]::runtime::scheduler::current_thread::CoreGuard>::block_on::<core[df12db4294e9bfd3]::pin::Pin<&mut vyper_rs[af5b958b18e3d6ca]::test::concurrent_compilation_vers::{closure#0}>>
[INFO] [stdout]   16:     0x5fbbd3c83806 - tokio[741b64832484e4d1]::runtime::context::runtime::enter_runtime::<<tokio[741b64832484e4d1]::runtime::scheduler::current_thread::CurrentThread>::block_on<vyper_rs[af5b958b18e3d6ca]::test::concurrent_compilation_vers::{closure#0}>::{closure#0}, ()>
[INFO] [stdout]   17:     0x5fbbd3c9217f - <tokio[741b64832484e4d1]::runtime::runtime::Runtime>::block_on::<vyper_rs[af5b958b18e3d6ca]::test::concurrent_compilation_vers::{closure#0}>
[INFO] [stdout]   18:     0x5fbbd3c806a9 - tokio_test[9919c2874c97edf5]::block_on::<vyper_rs[af5b958b18e3d6ca]::test::concurrent_compilation_vers::{closure#0}>
[INFO] [stdout]   19:     0x5fbbd3c7ff8b - <vyper_rs[af5b958b18e3d6ca]::test::concurrent_compilation_vers::{closure#0} as core[df12db4294e9bfd3]::ops::function::FnOnce<()>>::call_once
[INFO] [stdout]   20:     0x5fbbd3c9371b - test[9d35eded1c95d3be]::__rust_begin_short_backtrace::<core[df12db4294e9bfd3]::result::Result<(), alloc[2182bb758b4b3781]::string::String>, fn() -> core[df12db4294e9bfd3]::result::Result<(), alloc[2182bb758b4b3781]::string::String>>
[INFO] [stdout]   21:     0x5fbbd3ca0d85 - test[9d35eded1c95d3be]::run_test::{closure#0}
[INFO] [stdout]   22:     0x5fbbd3c9a644 - std[70759c8f55707aa4]::sys::backtrace::__rust_begin_short_backtrace::<test[9d35eded1c95d3be]::run_test::{closure#1}, ()>
[INFO] [stdout]   23:     0x5fbbd3ca3ee2 - <std[70759c8f55707aa4]::thread::lifecycle::spawn_unchecked<test[9d35eded1c95d3be]::run_test::{closure#1}, ()>::{closure#1} as core[df12db4294e9bfd3]::ops::function::FnOnce<()>>::call_once::{shim:vtable#0}
[INFO] [stdout]   24:     0x5fbbd3d28669 - <std[70759c8f55707aa4]::sys::thread::unix::Thread>::new::thread_start
[INFO] [stdout]   25:     0x70261ac0fdfa - <unknown>
[INFO] [stdout]   26:     0x70261aca33d4 - clone
[INFO] [stdout]   27:                0x0 - <unknown>
[INFO] [stdout] 
[INFO] [stdout] 
[INFO] [stdout] failures:
[INFO] [stdout]     test::ast
[INFO] [stdout]     test::basic
[INFO] [stdout]     test::bp
[INFO] [stdout]     test::compabijson_macro_test
[INFO] [stdout]     test::compabijson_mt_macro_test
[INFO] [stdout]     test::compile_macro_test
[INFO] [stdout]     test::compile_mt_macro_test
[INFO] [stdout]     test::compile_version
[INFO] [stdout]     test::concurrent_compilation
[INFO] [stdout]     test::concurrent_compilation_vers
[INFO] [stdout]     test::exists
[INFO] [stdout]     test::interface
[INFO] [stdout]     test::opcodes
[INFO] [stdout]     test::storage
[INFO] [stdout]     test::venv_macro_test
[INFO] [stdout]     test::venv_test
[INFO] [stdout]     test::version_detect
[INFO] [stdout] 
[INFO] [stdout] test result: FAILED. 4 passed; 17 failed; 0 ignored; 0 measured; 0 filtered out; finished in 0.04s
[INFO] [stdout] 
[INFO] running `Command { std: "docker" "inspect" "fa105126cbae915b11aed8e3d37d05d536f6137189fe3d8a2baaf5c4d3408683", kill_on_drop: false }`
[INFO] running `Command { std: "docker" "rm" "-f" "fa105126cbae915b11aed8e3d37d05d536f6137189fe3d8a2baaf5c4d3408683", kill_on_drop: false }`
[INFO] [stdout] fa105126cbae915b11aed8e3d37d05d536f6137189fe3d8a2baaf5c4d3408683
