[INFO] fetching crate vue_oxlint_jsx 0.15.0...
[INFO] testing vue_oxlint_jsx-0.15.0 against 1.100.0-beta.1+cargoflags=--release for beta-release-1.100-2
[INFO] extracting crate vue_oxlint_jsx 0.15.0 into /workspace/builds/worker-5-tc2/source
[INFO] started tweaking crates.io crate vue_oxlint_jsx 0.15.0
[INFO] finished tweaking crates.io crate vue_oxlint_jsx 0.15.0
[INFO] tweaked toml for crates.io crate vue_oxlint_jsx 0.15.0 written to /workspace/builds/worker-5-tc2/source/Cargo.toml
[INFO] validating manifest of crates.io crate vue_oxlint_jsx 0.15.0 on toolchain 1.100.0-beta.1
[INFO] running `Command { std: CARGO_HOME="/workspace/cargo-home" RUSTUP_HOME="/workspace/rustup-home" "/workspace/cargo-home/bin/cargo" "+1.100.0-beta.1" "metadata" "--manifest-path" "Cargo.toml" "--no-deps", kill_on_drop: false }`
[INFO] crate crates.io crate vue_oxlint_jsx 0.15.0 already has a lockfile, it will not be regenerated
[INFO] running `Command { std: CARGO_HOME="/workspace/cargo-home" RUSTUP_HOME="/workspace/rustup-home" "/workspace/cargo-home/bin/cargo" "+1.100.0-beta.1" "fetch" "--manifest-path" "Cargo.toml", kill_on_drop: false }`
[INFO] running `Command { std: "docker" "create" "-v" "/var/lib/crater-agent-workspace/builds/worker-5-tc2/source:/opt/rustwide/workdir:ro,Z" "-v" "/var/lib/crater-agent-workspace/builds/worker-5-tc2/target:/opt/rustwide/target:rw,Z" "-v" "/var/lib/crater-agent-workspace/cargo-home:/opt/rustwide/cargo-home:ro,Z" "-v" "/var/lib/crater-agent-workspace/rustup-home:/opt/rustwide/rustup-home:ro,Z" "-m" "1610612736" "--network" "none" "ghcr.io/rust-lang/crates-build-env/linux@sha256:77db811e55d90add9212f6832c23229e3de5f1c1f9905e8cb07319ea15df73ac" "sleep" "infinity", kill_on_drop: false }`
[INFO] [stdout] fc0f1d1763c02f39a5e8bd40cdfb98b4663906b1a4c1a2e9c61e062b77f2bf58
[INFO] running `Command { std: "docker" "start" "fc0f1d1763c02f39a5e8bd40cdfb98b4663906b1a4c1a2e9c61e062b77f2bf58", kill_on_drop: false }`
[INFO] running `Command { std: "docker" "inspect" "fc0f1d1763c02f39a5e8bd40cdfb98b4663906b1a4c1a2e9c61e062b77f2bf58", kill_on_drop: false }`
[INFO] running `Command { std: "docker" "exec" "-e" "SOURCE_DIR=/opt/rustwide/workdir" "-e" "CARGO_HOME=/opt/rustwide/cargo-home" "-e" "RUSTUP_HOME=/opt/rustwide/rustup-home" "-e" "CARGO_TARGET_DIR=/opt/rustwide/target" "-w" "/opt/rustwide/workdir" "--user" "0:0" "fc0f1d1763c02f39a5e8bd40cdfb98b4663906b1a4c1a2e9c61e062b77f2bf58" "/opt/rustwide/cargo-home/bin/cargo" "+1.100.0-beta.1" "metadata" "--no-deps" "--format-version=1", kill_on_drop: false }`
[INFO] running `Command { std: "docker" "inspect" "fc0f1d1763c02f39a5e8bd40cdfb98b4663906b1a4c1a2e9c61e062b77f2bf58", kill_on_drop: false }`
[INFO] running `Command { std: "docker" "exec" "-e" "SOURCE_DIR=/opt/rustwide/workdir" "-e" "CARGO_HOME=/opt/rustwide/cargo-home" "-e" "RUSTUP_HOME=/opt/rustwide/rustup-home" "-e" "CARGO_TARGET_DIR=/opt/rustwide/target" "-e" "CARGO_INCREMENTAL=0" "-e" "RUST_BACKTRACE=full" "-e" "RUSTFLAGS=--cap-lints=warn" "-e" "RUSTDOCFLAGS=--cap-lints=warn" "-w" "/opt/rustwide/workdir" "--user" "0:0" "fc0f1d1763c02f39a5e8bd40cdfb98b4663906b1a4c1a2e9c61e062b77f2bf58" "/opt/rustwide/cargo-home/bin/cargo" "+1.100.0-beta.1" "build" "--frozen" "--message-format=json" "--release", kill_on_drop: false }`
[INFO] [stderr]    Compiling siphasher v1.0.3
[INFO] [stderr]    Compiling owo-colors v4.3.0
[INFO] [stderr]    Compiling thiserror-impl v2.0.18
[INFO] [stderr]    Compiling unicode-linebreak v0.1.5
[INFO] [stderr]    Compiling serde v1.0.228
[INFO] [stderr]    Compiling smawk v0.3.2
[INFO] [stderr]    Compiling hashbrown v0.17.0
[INFO] [stderr]    Compiling oxc-miette-derive v2.7.1
[INFO] [stderr]    Compiling textwrap v0.16.2
[INFO] [stderr]    Compiling fastrand v2.4.1
[INFO] [stderr]    Compiling phf_shared v0.13.1
[INFO] [stderr]    Compiling unicode-segmentation v1.13.2
[INFO] [stderr]    Compiling oxc_data_structures v0.129.0
[INFO] [stderr]    Compiling compact_str v0.9.0
[INFO] [stderr]    Compiling phf v0.13.1
[INFO] [stderr]    Compiling phf_generator v0.13.1
[INFO] [stderr]    Compiling oxc_allocator v0.129.0
[INFO] [stderr]    Compiling oxc_estree v0.129.0
[INFO] [stderr]    Compiling phf_macros v0.13.1
[INFO] [stderr]    Compiling oxc_ast_macros v0.129.0
[INFO] [stderr]    Compiling thiserror v2.0.18
[INFO] [stderr]    Compiling oxc-miette v2.7.1
[INFO] [stderr]    Compiling erasable v1.3.0
[INFO] [stderr]    Compiling dragonbox_ecma v0.1.12
[INFO] [stderr]    Compiling cow-utils v0.1.3
[INFO] [stderr]    Compiling oxc_str v0.129.0
[INFO] [stderr]    Compiling smol_str v0.1.24
[INFO] [stderr]    Compiling slice-dst v1.6.0
[INFO] [stderr]    Compiling unicode-id-start v1.4.0
[INFO] [stderr]    Compiling nonmax v0.5.5
[INFO] [stderr]    Compiling text-size v1.1.1
[INFO] [stderr]    Compiling triomphe v0.1.15
[INFO] [stderr]    Compiling oxc_index v4.1.0
[INFO] [stderr]    Compiling hashbrown v0.9.1
[INFO] [stderr]    Compiling lexical-core v0.7.6
[INFO] [stderr]    Compiling colored v2.2.0
[INFO] [stderr]    Compiling rslint_rowan v0.10.0
[INFO] [stderr]    Compiling num-bigint v0.3.3
[INFO] [stderr]    Compiling arrayvec v0.5.2
[INFO] [stderr]    Compiling atty v0.2.14
[INFO] [stderr]    Compiling num-bigint v0.4.6
[INFO] [stderr]    Compiling rowan v0.10.6
[INFO] [stderr]    Compiling rslint_syntax v0.1.4
[INFO] [stderr]    Compiling oxc_span v0.129.0
[INFO] [stderr]    Compiling oxc_diagnostics v0.129.0
[INFO] [stderr]    Compiling oxc_regular_expression v0.129.0
[INFO] [stderr]    Compiling oxc_syntax v0.129.0
[INFO] [stderr]    Compiling rslint_text_edit v0.1.0
[INFO] [stderr]    Compiling oxc_ast v0.129.0
[INFO] [stderr]    Compiling rslint_errors v0.2.0
[INFO] [stderr]    Compiling regex-automata v0.4.14
[INFO] [stderr]    Compiling lexical v5.2.2
[INFO] [stderr]    Compiling itertools v0.14.0
[INFO] [stderr]    Compiling rslint_lexer v0.2.0
[INFO] [stderr]    Compiling rslint_parser v0.3.1
[INFO] [stderr]    Compiling smallvec v1.15.1
[INFO] [stderr]    Compiling self_cell v1.2.2
[INFO] [stderr]    Compiling json v0.12.4
[INFO] [stderr]    Compiling regex v1.12.3
[INFO] [stderr]    Compiling vue-compiler-core v0.1.0
[INFO] [stderr]    Compiling oxc_ecmascript v0.129.0
[INFO] [stderr]    Compiling oxc_ast_visit v0.129.0
[INFO] [stderr]    Compiling oxc_parser v0.129.0
[INFO] [stderr]    Compiling oxc_semantic v0.129.0
[INFO] [stderr]    Compiling vue_oxlint_jsx v0.15.0 (/opt/rustwide/workdir)
[INFO] [stderr]     Finished `release` profile [optimized] target(s) in 2m 41s
[INFO] running `Command { std: "docker" "inspect" "fc0f1d1763c02f39a5e8bd40cdfb98b4663906b1a4c1a2e9c61e062b77f2bf58", kill_on_drop: false }`
[INFO] running `Command { std: "docker" "exec" "-e" "SOURCE_DIR=/opt/rustwide/workdir" "-e" "CARGO_HOME=/opt/rustwide/cargo-home" "-e" "RUSTUP_HOME=/opt/rustwide/rustup-home" "-e" "CARGO_TARGET_DIR=/opt/rustwide/target" "-e" "CARGO_INCREMENTAL=0" "-e" "RUST_BACKTRACE=full" "-e" "RUSTFLAGS=--cap-lints=warn" "-e" "RUSTDOCFLAGS=--cap-lints=warn" "-w" "/opt/rustwide/workdir" "--user" "0:0" "fc0f1d1763c02f39a5e8bd40cdfb98b4663906b1a4c1a2e9c61e062b77f2bf58" "/opt/rustwide/cargo-home/bin/cargo" "+1.100.0-beta.1" "test" "--frozen" "--no-run" "--message-format=json" "--release", kill_on_drop: false }`
[INFO] [stderr]    Compiling bitflags v2.11.1
[INFO] [stderr]    Compiling atty v0.2.14
[INFO] [stderr]    Compiling oxc_sourcemap v6.1.1
[INFO] [stderr]    Compiling outref v0.5.2
[INFO] [stderr]    Compiling vsimd v0.8.0
[INFO] [stderr]    Compiling serde_json v1.0.149
[INFO] [stderr]    Compiling getrandom v0.4.2
[INFO] [stderr]    Compiling fastrand v2.4.1
[INFO] [stderr]    Compiling rslint_lexer v0.2.0
[INFO] [stderr]    Compiling oxc_syntax v0.129.0
[INFO] [stderr]    Compiling oxc_regular_expression v0.129.0
[INFO] [stderr]    Compiling rustix v1.1.4
[INFO] [stderr]    Compiling json-escape-simd v3.0.2
[INFO] [stderr]    Compiling console v0.16.3
[INFO] [stderr]    Compiling base64-simd v0.8.0
[INFO] [stderr]    Compiling diff v0.1.13
[INFO] [stderr]    Compiling rslint_parser v0.3.1
[INFO] [stderr]    Compiling yansi v1.0.1
[INFO] [stderr]    Compiling oxc_ast v0.129.0
[INFO] [stderr]    Compiling pretty_assertions v1.4.1
[INFO] [stderr]    Compiling tempfile v3.27.0
[INFO] [stderr]    Compiling insta v1.47.2
[INFO] [stderr]    Compiling vue-compiler-core v0.1.0
[INFO] [stderr]    Compiling oxc_ecmascript v0.129.0
[INFO] [stderr]    Compiling oxc_ast_visit v0.129.0
[INFO] [stderr]    Compiling oxc_parser v0.129.0
[INFO] [stderr]    Compiling oxc_semantic v0.129.0
[INFO] [stderr]    Compiling oxc_codegen v0.129.0
[INFO] [stderr]    Compiling vue_oxlint_jsx v0.15.0 (/opt/rustwide/workdir)
[INFO] [stderr]     Finished `release` profile [optimized] target(s) in 2m 17s
[INFO] running `Command { std: "docker" "inspect" "fc0f1d1763c02f39a5e8bd40cdfb98b4663906b1a4c1a2e9c61e062b77f2bf58", kill_on_drop: false }`
[INFO] running `Command { std: "docker" "exec" "-e" "SOURCE_DIR=/opt/rustwide/workdir" "-e" "CARGO_HOME=/opt/rustwide/cargo-home" "-e" "RUSTUP_HOME=/opt/rustwide/rustup-home" "-e" "CARGO_TARGET_DIR=/opt/rustwide/target" "-e" "CARGO_INCREMENTAL=0" "-e" "RUST_BACKTRACE=full" "-e" "RUSTFLAGS=--cap-lints=warn" "-e" "RUSTDOCFLAGS=--cap-lints=warn" "-w" "/opt/rustwide/workdir" "--user" "0:0" "fc0f1d1763c02f39a5e8bd40cdfb98b4663906b1a4c1a2e9c61e062b77f2bf58" "/opt/rustwide/cargo-home/bin/cargo" "+1.100.0-beta.1" "test" "--frozen" "--release", kill_on_drop: false }`
[INFO] [stderr]     Finished `release` profile [optimized] target(s) in 0.30s
[INFO] [stderr]      Running unittests src/lib.rs (/opt/rustwide/target/release/build/vue_oxlint_jsx/c4ad95b6b6ac7573/out/vue_oxlint_jsx-c4ad95b6b6ac7573)
[INFO] [stdout] 
[INFO] [stdout] running 4 tests
[INFO] [stdout] test parser::tests::fixtures ... ok
[INFO] [stderr] error: test failed, to rerun pass `--lib`
[INFO] [stdout] test parser::modules::tests::basic ... FAILED
[INFO] [stdout] test parser::modules::tests::setup ... FAILED
[INFO] [stdout] test parser::irregular_whitespaces::tests::test_irregular_whitespaces ... ok
[INFO] [stdout] 
[INFO] [stdout] failures:
[INFO] [stdout] 
[INFO] [stdout] ---- parser::modules::tests::basic stdout ----
[INFO] [stdout] 
[INFO] [stdout] thread 'parser::modules::tests::basic' (1925) panicked at src/test/mod.rs:143:6:
[INFO] [stdout] Failed to read test file: Os { code: 2, kind: NotFound, message: "No such file or directory" }
[INFO] [stdout] stack backtrace:
[INFO] [stdout]    0:     0x61d81d5b4491 - <<std[617be2ca0a6fd877]::sys::backtrace::BacktraceLock>::print::DisplayBacktrace as core[a373ad73a504971]::fmt::Display>::fmt
[INFO] [stdout]    1:     0x61d81d5cc76a - core[a373ad73a504971]::fmt::write
[INFO] [stdout]    2:     0x61d81d5b8c1c - <alloc[2e1b2a31b91974c5]::vec::Vec<u8> as core[a373ad73a504971]::io::write::Write>::write_fmt
[INFO] [stdout]    3:     0x61d81d58d756 - std[617be2ca0a6fd877]::panicking::default_hook::{closure#0}
[INFO] [stdout]    4:     0x61d81d5ab5c9 - std[617be2ca0a6fd877]::panicking::default_hook
[INFO] [stdout]    5:     0x61d81d3e31e0 - test[aada8e7e76ba119b]::test_main_inner::{closure#0}
[INFO] [stdout]    6:     0x61d81d5ab782 - std[617be2ca0a6fd877]::panicking::panic_with_hook
[INFO] [stdout]    7:     0x61d81d58d802 - std[617be2ca0a6fd877]::panicking::panic_handler::{closure#0}
[INFO] [stdout]    8:     0x61d81d586039 - std[617be2ca0a6fd877]::sys::backtrace::__rust_end_short_backtrace::<std[617be2ca0a6fd877]::panicking::panic_handler::{closure#0}, !>
[INFO] [stdout]    9:     0x61d81d58e4ad - __rustc[ea4f61d10b84890b]::rust_begin_unwind
[INFO] [stdout]   10:     0x61d81d5ccf4c - core[a373ad73a504971]::panicking::panic_fmt
[INFO] [stdout]   11:     0x61d81d5ccd22 - core[a373ad73a504971]::result::unwrap_failed
[INFO] [stdout]   12:     0x61d81d35f1a8 - vue_oxlint_jsx[f94cd262e14b2f93]::test::run_test::<vue_oxlint_jsx[f94cd262e14b2f93]::parser::modules::tests::basic::{closure#0}>
[INFO] [stdout]   13:     0x61d81d3640e7 - <vue_oxlint_jsx[f94cd262e14b2f93]::parser::modules::tests::basic::{closure#0} as core[a373ad73a504971]::ops::function::FnOnce<()>>::call_once
[INFO] [stdout]   14:     0x61d81d3d662b - test[aada8e7e76ba119b]::__rust_begin_short_backtrace::<core[a373ad73a504971]::result::Result<(), alloc[2e1b2a31b91974c5]::string::String>, fn() -> core[a373ad73a504971]::result::Result<(), alloc[2e1b2a31b91974c5]::string::String>>
[INFO] [stdout]   15:     0x61d81d3e3805 - test[aada8e7e76ba119b]::run_test::{closure#0}
[INFO] [stdout]   16:     0x61d81d3dd0f4 - std[617be2ca0a6fd877]::sys::backtrace::__rust_begin_short_backtrace::<test[aada8e7e76ba119b]::run_test::{closure#1}, ()>
[INFO] [stdout]   17:     0x61d81d3e6892 - <std[617be2ca0a6fd877]::thread::lifecycle::spawn_unchecked<test[aada8e7e76ba119b]::run_test::{closure#1}, ()>::{closure#1} as core[a373ad73a504971]::ops::function::FnOnce<()>>::call_once::{shim:vtable#0}
[INFO] [stdout]   18:     0x61d81d5b346f - <std[617be2ca0a6fd877]::sys::thread::unix::Thread>::new::thread_start
[INFO] [stdout]   19:     0x7df012685dfa - <unknown>
[INFO] [stdout]   20:     0x7df0127193d4 - clone
[INFO] [stdout]   21:                0x0 - <unknown>
[INFO] [stdout] 
[INFO] [stdout] ---- parser::modules::tests::setup stdout ----
[INFO] [stdout] 
[INFO] [stdout] thread 'parser::modules::tests::setup' (1926) panicked at src/test/mod.rs:143:6:
[INFO] [stdout] Failed to read test file: Os { code: 2, kind: NotFound, message: "No such file or directory" }
[INFO] [stdout] stack backtrace:
[INFO] [stdout]    0:     0x61d81d5b4491 - <<std[617be2ca0a6fd877]::sys::backtrace::BacktraceLock>::print::DisplayBacktrace as core[a373ad73a504971]::fmt::Display>::fmt
[INFO] [stdout]    1:     0x61d81d5cc76a - core[a373ad73a504971]::fmt::write
[INFO] [stdout]    2:     0x61d81d5b8c1c - <alloc[2e1b2a31b91974c5]::vec::Vec<u8> as core[a373ad73a504971]::io::write::Write>::write_fmt
[INFO] [stdout]    3:     0x61d81d58d756 - std[617be2ca0a6fd877]::panicking::default_hook::{closure#0}
[INFO] [stdout]    4:     0x61d81d5ab5c9 - std[617be2ca0a6fd877]::panicking::default_hook
[INFO] [stdout]    5:     0x61d81d3e31e0 - test[aada8e7e76ba119b]::test_main_inner::{closure#0}
[INFO] [stdout]    6:     0x61d81d5ab782 - std[617be2ca0a6fd877]::panicking::panic_with_hook
[INFO] [stdout]    7:     0x61d81d58d802 - std[617be2ca0a6fd877]::panicking::panic_handler::{closure#0}
[INFO] [stdout]    8:     0x61d81d586039 - std[617be2ca0a6fd877]::sys::backtrace::__rust_end_short_backtrace::<std[617be2ca0a6fd877]::panicking::panic_handler::{closure#0}, !>
[INFO] [stdout]    9:     0x61d81d58e4ad - __rustc[ea4f61d10b84890b]::rust_begin_unwind
[INFO] [stdout]   10:     0x61d81d5ccf4c - core[a373ad73a504971]::panicking::panic_fmt
[INFO] [stdout]   11:     0x61d81d5ccd22 - core[a373ad73a504971]::result::unwrap_failed
[INFO] [stdout]   12:     0x61d81d35fcb8 - vue_oxlint_jsx[f94cd262e14b2f93]::test::run_test::<vue_oxlint_jsx[f94cd262e14b2f93]::parser::modules::tests::setup::{closure#0}>
[INFO] [stdout]   13:     0x61d81d364151 - <vue_oxlint_jsx[f94cd262e14b2f93]::parser::modules::tests::setup::{closure#0} as core[a373ad73a504971]::ops::function::FnOnce<()>>::call_once
[INFO] [stdout]   14:     0x61d81d3d662b - test[aada8e7e76ba119b]::__rust_begin_short_backtrace::<core[a373ad73a504971]::result::Result<(), alloc[2e1b2a31b91974c5]::string::String>, fn() -> core[a373ad73a504971]::result::Result<(), alloc[2e1b2a31b91974c5]::string::String>>
[INFO] [stdout]   15:     0x61d81d3e3805 - test[aada8e7e76ba119b]::run_test::{closure#0}
[INFO] [stdout]   16:     0x61d81d3dd0f4 - std[617be2ca0a6fd877]::sys::backtrace::__rust_begin_short_backtrace::<test[aada8e7e76ba119b]::run_test::{closure#1}, ()>
[INFO] [stdout]   17:     0x61d81d3e6892 - <std[617be2ca0a6fd877]::thread::lifecycle::spawn_unchecked<test[aada8e7e76ba119b]::run_test::{closure#1}, ()>::{closure#1} as core[a373ad73a504971]::ops::function::FnOnce<()>>::call_once::{shim:vtable#0}
[INFO] [stdout]   18:     0x61d81d5b346f - <std[617be2ca0a6fd877]::sys::thread::unix::Thread>::new::thread_start
[INFO] [stdout]   19:     0x7df012685dfa - <unknown>
[INFO] [stdout]   20:     0x7df0127193d4 - clone
[INFO] [stdout]   21:                0x0 - <unknown>
[INFO] [stdout] 
[INFO] [stdout] 
[INFO] [stdout] failures:
[INFO] [stdout]     parser::modules::tests::basic
[INFO] [stdout]     parser::modules::tests::setup
[INFO] [stdout] 
[INFO] [stdout] test result: FAILED. 2 passed; 2 failed; 0 ignored; 0 measured; 0 filtered out; finished in 0.00s
[INFO] [stdout] 
[INFO] running `Command { std: "docker" "inspect" "fc0f1d1763c02f39a5e8bd40cdfb98b4663906b1a4c1a2e9c61e062b77f2bf58", kill_on_drop: false }`
[INFO] running `Command { std: "docker" "rm" "-f" "fc0f1d1763c02f39a5e8bd40cdfb98b4663906b1a4c1a2e9c61e062b77f2bf58", kill_on_drop: false }`
[INFO] [stdout] fc0f1d1763c02f39a5e8bd40cdfb98b4663906b1a4c1a2e9c61e062b77f2bf58
