[INFO] fetching crate vtracer 1.0.0-alpha.4...
[INFO] testing vtracer-1.0.0-alpha.4 against 1.99.0-beta.8+cargoflags=--release for beta-release-1.100-2
[INFO] extracting crate vtracer 1.0.0-alpha.4 into /workspace/builds/worker-1-tc1/source
[INFO] started tweaking crates.io crate vtracer 1.0.0-alpha.4
[INFO] removed 0 missing tests
[INFO] finished tweaking crates.io crate vtracer 1.0.0-alpha.4
[INFO] tweaked toml for crates.io crate vtracer 1.0.0-alpha.4 written to /workspace/builds/worker-1-tc1/source/Cargo.toml
[INFO] validating manifest of crates.io crate vtracer 1.0.0-alpha.4 on toolchain 1.99.0-beta.8
[INFO] running `Command { std: CARGO_HOME="/workspace/cargo-home" RUSTUP_HOME="/workspace/rustup-home" "/workspace/cargo-home/bin/cargo" "+1.99.0-beta.8" "metadata" "--manifest-path" "Cargo.toml" "--no-deps", kill_on_drop: false }`
[INFO] crate crates.io crate vtracer 1.0.0-alpha.4 already has a lockfile, it will not be regenerated
[INFO] running `Command { std: CARGO_HOME="/workspace/cargo-home" RUSTUP_HOME="/workspace/rustup-home" "/workspace/cargo-home/bin/cargo" "+1.99.0-beta.8" "fetch" "--manifest-path" "Cargo.toml", kill_on_drop: false }`
[INFO] [stderr]     Updating crates.io index
[INFO] [stderr]  Downloading crates ...
[INFO] [stderr]   Downloaded visioncortex v0.9.3
[INFO] [stderr]   Downloaded roots v0.0.6
[INFO] [stderr]   Downloaded ouroboros v0.17.2
[INFO] [stderr]   Downloaded roots v0.0.8
[INFO] [stderr]   Downloaded ouroboros_macro v0.17.2
[INFO] [stderr]   Downloaded flo_curves v0.3.1
[INFO] [stderr]   Downloaded flo_curves v0.8.0
[INFO] running `Command { std: "docker" "create" "-v" "/var/lib/crater-agent-workspace/builds/worker-1-tc1/source:/opt/rustwide/workdir:ro,Z" "-v" "/var/lib/crater-agent-workspace/builds/worker-1-tc1/target:/opt/rustwide/target:rw,Z" "-v" "/var/lib/crater-agent-workspace/cargo-home:/opt/rustwide/cargo-home:ro,Z" "-v" "/var/lib/crater-agent-workspace/rustup-home:/opt/rustwide/rustup-home:ro,Z" "-m" "1610612736" "--network" "none" "ghcr.io/rust-lang/crates-build-env/linux@sha256:77db811e55d90add9212f6832c23229e3de5f1c1f9905e8cb07319ea15df73ac" "sleep" "infinity", kill_on_drop: false }`
[INFO] [stdout] 21d7f9a6329eb2e74ddaad6d76fcbf5f32f39079a5233d08de6c266e5b888eea
[INFO] running `Command { std: "docker" "start" "21d7f9a6329eb2e74ddaad6d76fcbf5f32f39079a5233d08de6c266e5b888eea", kill_on_drop: false }`
[INFO] running `Command { std: "docker" "inspect" "21d7f9a6329eb2e74ddaad6d76fcbf5f32f39079a5233d08de6c266e5b888eea", kill_on_drop: false }`
[INFO] running `Command { std: "docker" "exec" "-e" "SOURCE_DIR=/opt/rustwide/workdir" "-e" "CARGO_HOME=/opt/rustwide/cargo-home" "-e" "RUSTUP_HOME=/opt/rustwide/rustup-home" "-e" "CARGO_TARGET_DIR=/opt/rustwide/target" "-w" "/opt/rustwide/workdir" "--user" "0:0" "21d7f9a6329eb2e74ddaad6d76fcbf5f32f39079a5233d08de6c266e5b888eea" "/opt/rustwide/cargo-home/bin/cargo" "+1.99.0-beta.8" "metadata" "--no-deps" "--format-version=1", kill_on_drop: false }`
[INFO] running `Command { std: "docker" "inspect" "21d7f9a6329eb2e74ddaad6d76fcbf5f32f39079a5233d08de6c266e5b888eea", kill_on_drop: false }`
[INFO] running `Command { std: "docker" "exec" "-e" "SOURCE_DIR=/opt/rustwide/workdir" "-e" "CARGO_HOME=/opt/rustwide/cargo-home" "-e" "RUSTUP_HOME=/opt/rustwide/rustup-home" "-e" "CARGO_TARGET_DIR=/opt/rustwide/target" "-e" "CARGO_INCREMENTAL=0" "-e" "RUST_BACKTRACE=full" "-e" "RUSTFLAGS=--cap-lints=warn" "-e" "RUSTDOCFLAGS=--cap-lints=warn" "-w" "/opt/rustwide/workdir" "--user" "0:0" "21d7f9a6329eb2e74ddaad6d76fcbf5f32f39079a5233d08de6c266e5b888eea" "/opt/rustwide/cargo-home/bin/cargo" "+1.99.0-beta.8" "build" "--frozen" "--message-format=json" "--release", kill_on_drop: false }`
[INFO] [stderr]    Compiling proc-macro-error-attr v1.0.4
[INFO] [stderr]    Compiling syn v1.0.109
[INFO] [stderr]    Compiling itertools v0.8.2
[INFO] [stderr]    Compiling roots v0.0.6
[INFO] [stderr]    Compiling aliasable v0.1.3
[INFO] [stderr]    Compiling itertools v0.11.0
[INFO] [stderr]    Compiling bit-vec v0.6.3
[INFO] [stderr]    Compiling roots v0.0.8
[INFO] [stderr]    Compiling proc-macro-error v1.0.4
[INFO] [stderr]    Compiling ouroboros_macro v0.17.2
[INFO] [stderr]    Compiling flo_curves v0.3.1
[INFO] [stderr]    Compiling ouroboros v0.17.2
[INFO] [stderr]    Compiling flo_curves v0.8.0
[INFO] [stderr]    Compiling visioncortex v0.9.3
[INFO] [stderr]    Compiling vtracer v1.0.0-alpha.4 (/opt/rustwide/workdir)
[INFO] [stderr]     Finished `release` profile [optimized] target(s) in 14.41s
[INFO] running `Command { std: "docker" "inspect" "21d7f9a6329eb2e74ddaad6d76fcbf5f32f39079a5233d08de6c266e5b888eea", kill_on_drop: false }`
[INFO] running `Command { std: "docker" "exec" "-e" "SOURCE_DIR=/opt/rustwide/workdir" "-e" "CARGO_HOME=/opt/rustwide/cargo-home" "-e" "RUSTUP_HOME=/opt/rustwide/rustup-home" "-e" "CARGO_TARGET_DIR=/opt/rustwide/target" "-e" "CARGO_INCREMENTAL=0" "-e" "RUST_BACKTRACE=full" "-e" "RUSTFLAGS=--cap-lints=warn" "-e" "RUSTDOCFLAGS=--cap-lints=warn" "-w" "/opt/rustwide/workdir" "--user" "0:0" "21d7f9a6329eb2e74ddaad6d76fcbf5f32f39079a5233d08de6c266e5b888eea" "/opt/rustwide/cargo-home/bin/cargo" "+1.99.0-beta.8" "test" "--frozen" "--no-run" "--message-format=json" "--release", kill_on_drop: false }`
[INFO] [stderr]    Compiling simd-adler32 v0.3.10
[INFO] [stderr]    Compiling bytemuck v1.25.2
[INFO] [stderr]    Compiling slotmap v1.1.1
[INFO] [stderr]    Compiling float-cmp v0.9.0
[INFO] [stderr]    Compiling roxmltree v0.20.0
[INFO] [stderr]    Compiling kurbo v0.11.3
[INFO] [stderr]    Compiling core_maths v0.1.1
[INFO] [stderr]    Compiling memmap2 v0.9.11
[INFO] [stderr]    Compiling tinyvec v1.12.0
[INFO] [stderr]    Compiling unicode-script v0.5.8
[INFO] [stderr]    Compiling unicode-properties v0.1.4
[INFO] [stderr]    Compiling unicode-ccc v0.4.0
[INFO] [stderr]    Compiling byteorder-lite v0.1.0
[INFO] [stderr]    Compiling unicode-bidi-mirroring v0.4.0
[INFO] [stderr]    Compiling simplecss v0.2.2
[INFO] [stderr]    Compiling xmlwriter v0.1.0
[INFO] [stderr]    Compiling miniz_oxide v0.8.9
[INFO] [stderr]    Compiling strict-num v0.1.1
[INFO] [stderr]    Compiling ttf-parser v0.25.1
[INFO] [stderr]    Compiling fdeflate v0.3.7
[INFO] [stderr]    Compiling unicode-vo v0.1.0
[INFO] [stderr]    Compiling imagesize v0.13.0
[INFO] [stderr]    Compiling pxfm v0.1.30
[INFO] [stderr]    Compiling pico-args v0.5.0
[INFO] [stderr]    Compiling unicode-bidi v0.3.18
[INFO] [stderr]    Compiling tiny-skia-path v0.11.4
[INFO] [stderr]    Compiling data-url v0.3.2
[INFO] [stderr]    Compiling zune-jpeg v0.4.21
[INFO] [stderr]    Compiling image-webp v0.2.4
[INFO] [stderr]    Compiling rgb v0.8.53
[INFO] [stderr]    Compiling gif v0.13.3
[INFO] [stderr]    Compiling flate2 v1.1.9
[INFO] [stderr]    Compiling fontconfig-parser v0.5.8
[INFO] [stderr]    Compiling png v0.17.16
[INFO] [stderr]    Compiling svgtypes v0.15.3
[INFO] [stderr]    Compiling tiny-skia v0.11.4
[INFO] [stderr]    Compiling moxcms v0.8.1
[INFO] [stderr]    Compiling rustybuzz v0.20.1
[INFO] [stderr]    Compiling fontdb v0.23.0
[INFO] [stderr]    Compiling usvg v0.45.1
[INFO] [stderr]    Compiling image v0.25.10
[INFO] [stderr]    Compiling resvg v0.45.1
[INFO] [stderr]    Compiling vtracer v1.0.0-alpha.4 (/opt/rustwide/workdir)
[INFO] [stderr]     Finished `release` profile [optimized] target(s) in 1m 22s
[INFO] running `Command { std: "docker" "inspect" "21d7f9a6329eb2e74ddaad6d76fcbf5f32f39079a5233d08de6c266e5b888eea", kill_on_drop: false }`
[INFO] running `Command { std: "docker" "exec" "-e" "SOURCE_DIR=/opt/rustwide/workdir" "-e" "CARGO_HOME=/opt/rustwide/cargo-home" "-e" "RUSTUP_HOME=/opt/rustwide/rustup-home" "-e" "CARGO_TARGET_DIR=/opt/rustwide/target" "-e" "CARGO_INCREMENTAL=0" "-e" "RUST_BACKTRACE=full" "-e" "RUSTFLAGS=--cap-lints=warn" "-e" "RUSTDOCFLAGS=--cap-lints=warn" "-w" "/opt/rustwide/workdir" "--user" "0:0" "21d7f9a6329eb2e74ddaad6d76fcbf5f32f39079a5233d08de6c266e5b888eea" "/opt/rustwide/cargo-home/bin/cargo" "+1.99.0-beta.8" "test" "--frozen" "--release", kill_on_drop: false }`
[INFO] [stderr]     Finished `release` profile [optimized] target(s) in 0.09s
[INFO] [stderr]      Running unittests src/lib.rs (/opt/rustwide/target/release/deps/vtracer-420a473ad266d64e)
[INFO] [stdout] 
[INFO] [stdout] running 31 tests
[INFO] [stdout] test colorfit::tests::merge_adjacent_unions_same_paint_runs ... ok
[INFO] [stdout] test mosaic::tests::disjoint_patches_of_one_region_get_separate_faces ... ok
[INFO] [stdout] test mosaic::tests::t_junction ... ok
[INFO] [stdout] test mosaic::tests::diagonal_lobes_share_one_face ... ok
[INFO] [stdout] test mosaic::tests::vertical_split ... ok
[INFO] [stdout] test mosaic::tests::merge_similar_rejoins_close_neighbours ... ok
[INFO] [stdout] test mosaic::tests::merge_similar_uses_running_means_not_original_colors ... ok
[INFO] [stdout] test mosaic::tests::nested_rings ... ok
[INFO] [stdout] test mosaic::tests::outside_region_border_touching ... ok
[INFO] [stdout] test mosaic::tests::merge_similar_zero_threshold_merges_only_identical_colors ... ok
[INFO] [stdout] test simplify::tests::corner_survives_in_place ... ok
[INFO] [stdout] test simplify::tests::polylines_pass_through_untouched ... ok
[INFO] [stdout] test colorfit::tests::fixed_palette_snaps_to_nearest_oklab ... ok
[INFO] [stdout] test mosaic::tests::compose_mosaic_merges_gradient_faces ... ok
[INFO] [stdout] test mosaic::tests::merge_similar_ignores_outside_and_non_neighbours ... ok
[INFO] [stdout] test mosaic::tests::single_region_is_one_ring ... ok
[INFO] [stdout] test svg::tests::join_omits_separator_before_negative ... ok
[INFO] [stdout] test optimize::tests::quantize_rounds_coordinates ... ok
[INFO] [stdout] test simplify::tests::ring_stays_closed_and_keeps_square_corners ... ok
[INFO] [stdout] test simplify::tests::collinear_run_collapses_to_one_cubic ... ok
[INFO] [stdout] test mosaic::tests::checkerboard_pinch ... ok
[INFO] [stdout] test mosaic::tests::spline_segments_pin_endpoints_to_lattice ... ok
[INFO] [stdout] test simplify::tests::arc_merges_within_tolerance ... ok
[INFO] [stdout] test mosaic::tests::curve_passes_keep_segment_endpoints_pinned ... ok
[INFO] [stdout] test optimize::tests::cleanup_drops_collinear_and_zero_length ... ok
[INFO] [stdout] test simplify::tests::refit_never_grows_the_chain ... ok
[INFO] [stdout] test svg::tests::absolute_mode_uses_no_relative_commands ... ok
[INFO] [stdout] test svg::tests::encodes_axis_aligned_shorthands ... ok
[INFO] [stderr]      Running tests/binary_threshold.rs (/opt/rustwide/target/release/deps/binary_threshold-a8ce854dcbda9718)
[INFO] [stdout] test mosaic::tests::random_maps_roundtrip ... ok
[INFO] [stdout] test svg::tests::number_formatting ... ok
[INFO] [stdout] test svg::tests::relative_and_absolute_encode_same_geometry ... ok
[INFO] [stdout] 
[INFO] [stdout] test result: ok. 31 passed; 0 failed; 0 ignored; 0 measured; 0 filtered out; finished in 0.01s
[INFO] [stdout] 
[INFO] [stdout] 
[INFO] [stdout] running 2 tests
[INFO] [stdout] test adaptive_beats_fixed_under_uneven_lighting ... ok
[INFO] [stdout] test fixed_threshold_is_tunable ... ok
[INFO] [stderr]      Running tests/equivalence.rs (/opt/rustwide/target/release/deps/equivalence-99a890cd00d9b75b)
[INFO] [stdout] 
[INFO] [stdout] test result: ok. 2 passed; 0 failed; 0 ignored; 0 measured; 0 filtered out; finished in 0.00s
[INFO] [stdout] 
[INFO] [stdout] 
[INFO] [stdout] running 6 tests
[INFO] [stdout] test stacked_and_cutout_agree_in_interiors_polygon ... ok
[INFO] [stdout] test stacked_has_no_seams ... ok
[INFO] [stdout] test stacked_and_cutout_agree_in_interiors_pixel ... ok
[INFO] [stdout] test watershed_stacked_has_no_seams ... ok
[INFO] [stdout] test stacked_and_cutout_agree_in_interiors_spline ... ok
[INFO] [stdout] test watershed_stacked_and_cutout_agree_in_interiors ... ok
[INFO] [stdout] 
[INFO] [stdout] test result: ok. 6 passed; 0 failed; 0 ignored; 0 measured; 0 filtered out; finished in 0.04s
[INFO] [stdout] 
[INFO] [stderr]      Running tests/golden.rs (/opt/rustwide/target/release/deps/golden-0f1c3361b1b99dd1)
[INFO] [stdout] 
[INFO] [stdout] running 1 test
[INFO] [stdout] test golden_snapshots ... ok
[INFO] [stdout] 
[INFO] [stdout] test result: ok. 1 passed; 0 failed; 0 ignored; 0 measured; 0 filtered out; finished in 0.02s
[INFO] [stdout] 
[INFO] [stderr]      Running tests/pipeline.rs (/opt/rustwide/target/release/deps/pipeline-dcbaf8800f2f6551)
[INFO] [stdout] 
[INFO] [stdout] running 6 tests
[INFO] [stdout] test binary_pipeline_produces_svg ... ok
[INFO] [stdout] test default_color_pipeline_produces_svg ... ok
[INFO] [stdout] test all_fit_modes_produce_svg ... ok
[INFO] [stdout] test optimize_levels_shrink_or_match ... ok
[INFO] [stdout] test mosaic_cutout_produces_svg ... ok
[INFO] [stdout] test watershed_pipeline_produces_svg ... ok
[INFO] [stdout] 
[INFO] [stdout] test result: ok. 6 passed; 0 failed; 0 ignored; 0 measured; 0 filtered out; finished in 0.00s
[INFO] [stdout] 
[INFO] [stderr]      Running tests/progress.rs (/opt/rustwide/target/release/deps/progress-0fd1b3e5247b366f)
[INFO] [stdout] 
[INFO] [stdout] running 3 tests
[INFO] [stdout] test precancelled_returns_cancelled ... ok
[INFO] [stdout] test cancel_during_progress_trips ... ok
[INFO] [stdout] test progress_completes_and_matches_run ... ok
[INFO] [stdout] 
[INFO] [stdout] test result: ok. 3 passed; 0 failed; 0 ignored; 0 measured; 0 filtered out; finished in 0.01s
[INFO] [stdout] 
[INFO] [stderr]      Running tests/reuse.rs (/opt/rustwide/target/release/deps/reuse-8ebf937e274ee393)
[INFO] [stdout] 
[INFO] [stdout] running 3 tests
[INFO] [stdout] test tune_curve_fitting_on_cached_segmentation ... ok
[INFO] [stdout] test cached_segmentation_is_reusable ... ok
[INFO] [stdout] test two_phase_matches_one_shot ... ok
[INFO] [stdout] 
[INFO] [stdout] test result: ok. 3 passed; 0 failed; 0 ignored; 0 measured; 0 filtered out; finished in 0.00s
[INFO] [stdout] 
[INFO] [stderr]      Running tests/session.rs (/opt/rustwide/target/release/deps/session-5f4d232f9f51db8d)
[INFO] [stdout] 
[INFO] [stdout] running 5 tests
[INFO] [stdout] test segment_key_tracks_only_clustering_params ... ok
[INFO] [stdout] test invalidate_then_render_matches ... ok
[INFO] [stdout] test session_matches_one_shot ... ok
[INFO] [stdout] test render_with_progress_matches_plain_render ... ok
[INFO] [stdout] test session_equals_one_shot_across_param_walk ... ok
[INFO] [stdout] 
[INFO] [stdout] test result: ok. 5 passed; 0 failed; 0 ignored; 0 measured; 0 filtered out; finished in 0.03s
[INFO] [stdout] 
[INFO] [stderr]      Running tests/simplify.rs (/opt/rustwide/target/release/deps/simplify-dffe62dd03d68717)
[INFO] [stdout] 
[INFO] [stdout] running 3 tests
[INFO] [stdout] test simplify_leaves_polyline_modes_untouched ... ok
[INFO] [stdout] test simplify_reduces_cubics_in_cutout_mode ... ok
[INFO] [stderr]      Running tests/spline_fit.rs (/opt/rustwide/target/release/deps/spline_fit-5cc7ca641697dd93)
[INFO] [stdout] test simplify_reduces_cubics_in_stacked_mode ... ok
[INFO] [stdout] 
[INFO] [stdout] test result: ok. 3 passed; 0 failed; 0 ignored; 0 measured; 0 filtered out; finished in 0.01s
[INFO] [stdout] 
[INFO] [stdout] 
[INFO] [stdout] running 1 test
[INFO] [stdout] test spline_handles_stay_anchored_on_photo ... FAILED
[INFO] [stdout] 
[INFO] [stdout] failures:
[INFO] [stdout] 
[INFO] [stdout] ---- spline_handles_stay_anchored_on_photo stdout ----
[INFO] [stdout] 
[INFO] [stdout] thread 'spline_handles_stay_anchored_on_photo' (1544) panicked at tests/spline_fit.rs:19:31:
[INFO] [stdout] sample image: IoError(Os { code: 2, kind: NotFound, message: "No such file or directory" })
[INFO] [stdout] stack backtrace:
[INFO] [stdout]    0:     0x591fef9f78a1 - <<std[70759c8f55707aa4]::sys::backtrace::BacktraceLock>::print::DisplayBacktrace as core[df12db4294e9bfd3]::fmt::Display>::fmt
[INFO] [stdout]    1:     0x591fefa0c56a - core[df12db4294e9bfd3]::fmt::write
[INFO] [stdout]    2:     0x591fef9fbe2c - <alloc[2182bb758b4b3781]::vec::Vec<u8> as core[df12db4294e9bfd3]::io::write::Write>::write_fmt
[INFO] [stdout]    3:     0x591fef9d3c36 - std[70759c8f55707aa4]::panicking::default_hook::{closure#0}
[INFO] [stdout]    4:     0x591fef9f0009 - std[70759c8f55707aa4]::panicking::default_hook
[INFO] [stdout]    5:     0x591fef94c460 - test[9d35eded1c95d3be]::test_main_inner::<test[9d35eded1c95d3be]::test_main_static::{closure#0}>::{closure#0}
[INFO] [stdout]    6:     0x591fef9f01c2 - std[70759c8f55707aa4]::panicking::panic_with_hook
[INFO] [stdout]    7:     0x591fef9d3ce2 - std[70759c8f55707aa4]::panicking::panic_handler::{closure#0}
[INFO] [stdout]    8:     0x591fef9cca69 - std[70759c8f55707aa4]::sys::backtrace::__rust_end_short_backtrace::<std[70759c8f55707aa4]::panicking::panic_handler::{closure#0}, !>
[INFO] [stdout]    9:     0x591fef9d48dd - __rustc[8fa7c3cbc660c2b3]::rust_begin_unwind
[INFO] [stdout]   10:     0x591fefa0cc9c - core[df12db4294e9bfd3]::panicking::panic_fmt
[INFO] [stdout]   11:     0x591fefa0ca72 - core[df12db4294e9bfd3]::result::unwrap_failed
[INFO] [stdout]   12:     0x591fef912ade - <spline_fit[270378e1419c3436]::spline_handles_stay_anchored_on_photo::{closure#0} as core[df12db4294e9bfd3]::ops::function::FnOnce<()>>::call_once
[INFO] [stdout]   13:     0x591fef93f74b - test[9d35eded1c95d3be]::__rust_begin_short_backtrace::<core[df12db4294e9bfd3]::result::Result<(), alloc[2182bb758b4b3781]::string::String>, fn() -> core[df12db4294e9bfd3]::result::Result<(), alloc[2182bb758b4b3781]::string::String>>
[INFO] [stdout]   14:     0x591fef94cdb5 - test[9d35eded1c95d3be]::run_test::{closure#0}
[INFO] [stdout]   15:     0x591fef946674 - std[70759c8f55707aa4]::sys::backtrace::__rust_begin_short_backtrace::<test[9d35eded1c95d3be]::run_test::{closure#1}, ()>
[INFO] [stdout]   16:     0x591fef94ff12 - <std[70759c8f55707aa4]::thread::lifecycle::spawn_unchecked<test[9d35eded1c95d3be]::run_test::{closure#1}, ()>::{closure#1} as core[df12db4294e9bfd3]::ops::function::FnOnce<()>>::call_once::{shim:vtable#0}
[INFO] [stdout]   17:     0x591fef9f7179 - <std[70759c8f55707aa4]::sys::thread::unix::Thread>::new::thread_start
[INFO] [stdout]   18:     0x7eb0e9fe7dfa - <unknown>
[INFO] [stdout]   19:     0x7eb0ea07b3d4 - clone
[INFO] [stdout]   20:                0x0 - <unknown>
[INFO] [stdout] 
[INFO] [stdout] 
[INFO] [stdout] failures:
[INFO] [stdout]     spline_handles_stay_anchored_on_photo
[INFO] [stdout] 
[INFO] [stdout] test result: FAILED. 0 passed; 1 failed; 0 ignored; 0 measured; 0 filtered out; finished in 0.00s
[INFO] [stdout] 
[INFO] [stderr] error: test failed, to rerun pass `--test spline_fit`
[INFO] running `Command { std: "docker" "inspect" "21d7f9a6329eb2e74ddaad6d76fcbf5f32f39079a5233d08de6c266e5b888eea", kill_on_drop: false }`
[INFO] running `Command { std: "docker" "rm" "-f" "21d7f9a6329eb2e74ddaad6d76fcbf5f32f39079a5233d08de6c266e5b888eea", kill_on_drop: false }`
[INFO] [stdout] 21d7f9a6329eb2e74ddaad6d76fcbf5f32f39079a5233d08de6c266e5b888eea
