[INFO] fetching crate vsp-router 1.0.3...
[INFO] testing vsp-router-1.0.3 against 1.100.0-beta.1+cargoflags=--release for beta-release-1.100-2
[INFO] extracting crate vsp-router 1.0.3 into /workspace/builds/worker-5-tc2/source
[INFO] started tweaking crates.io crate vsp-router 1.0.3
[INFO] removed 0 missing tests
[INFO] finished tweaking crates.io crate vsp-router 1.0.3
[INFO] tweaked toml for crates.io crate vsp-router 1.0.3 written to /workspace/builds/worker-5-tc2/source/Cargo.toml
[INFO] validating manifest of crates.io crate vsp-router 1.0.3 on toolchain 1.100.0-beta.1
[INFO] running `Command { std: CARGO_HOME="/workspace/cargo-home" RUSTUP_HOME="/workspace/rustup-home" "/workspace/cargo-home/bin/cargo" "+1.100.0-beta.1" "metadata" "--manifest-path" "Cargo.toml" "--no-deps", kill_on_drop: false }`
[INFO] crate crates.io crate vsp-router 1.0.3 already has a lockfile, it will not be regenerated
[INFO] running `Command { std: CARGO_HOME="/workspace/cargo-home" RUSTUP_HOME="/workspace/rustup-home" "/workspace/cargo-home/bin/cargo" "+1.100.0-beta.1" "fetch" "--manifest-path" "Cargo.toml", kill_on_drop: false }`
[INFO] running `Command { std: "docker" "create" "-v" "/var/lib/crater-agent-workspace/builds/worker-5-tc2/source:/opt/rustwide/workdir:ro,Z" "-v" "/var/lib/crater-agent-workspace/builds/worker-5-tc2/target:/opt/rustwide/target:rw,Z" "-v" "/var/lib/crater-agent-workspace/cargo-home:/opt/rustwide/cargo-home:ro,Z" "-v" "/var/lib/crater-agent-workspace/rustup-home:/opt/rustwide/rustup-home:ro,Z" "-m" "1610612736" "--network" "none" "ghcr.io/rust-lang/crates-build-env/linux@sha256:77db811e55d90add9212f6832c23229e3de5f1c1f9905e8cb07319ea15df73ac" "sleep" "infinity", kill_on_drop: false }`
[INFO] [stdout] 5a9711266e36d0160b49f029642c233fbe3c86acf49e3a04151caf4a2797f054
[INFO] running `Command { std: "docker" "start" "5a9711266e36d0160b49f029642c233fbe3c86acf49e3a04151caf4a2797f054", kill_on_drop: false }`
[INFO] running `Command { std: "docker" "inspect" "5a9711266e36d0160b49f029642c233fbe3c86acf49e3a04151caf4a2797f054", kill_on_drop: false }`
[INFO] running `Command { std: "docker" "exec" "-e" "SOURCE_DIR=/opt/rustwide/workdir" "-e" "CARGO_HOME=/opt/rustwide/cargo-home" "-e" "RUSTUP_HOME=/opt/rustwide/rustup-home" "-e" "CARGO_TARGET_DIR=/opt/rustwide/target" "-w" "/opt/rustwide/workdir" "--user" "0:0" "5a9711266e36d0160b49f029642c233fbe3c86acf49e3a04151caf4a2797f054" "/opt/rustwide/cargo-home/bin/cargo" "+1.100.0-beta.1" "metadata" "--no-deps" "--format-version=1", kill_on_drop: false }`
[INFO] running `Command { std: "docker" "inspect" "5a9711266e36d0160b49f029642c233fbe3c86acf49e3a04151caf4a2797f054", kill_on_drop: false }`
[INFO] running `Command { std: "docker" "exec" "-e" "SOURCE_DIR=/opt/rustwide/workdir" "-e" "CARGO_HOME=/opt/rustwide/cargo-home" "-e" "RUSTUP_HOME=/opt/rustwide/rustup-home" "-e" "CARGO_TARGET_DIR=/opt/rustwide/target" "-e" "CARGO_INCREMENTAL=0" "-e" "RUST_BACKTRACE=full" "-e" "RUSTFLAGS=--cap-lints=warn" "-e" "RUSTDOCFLAGS=--cap-lints=warn" "-w" "/opt/rustwide/workdir" "--user" "0:0" "5a9711266e36d0160b49f029642c233fbe3c86acf49e3a04151caf4a2797f054" "/opt/rustwide/cargo-home/bin/cargo" "+1.100.0-beta.1" "build" "--frozen" "--message-format=json" "--release", kill_on_drop: false }`
[INFO] [stderr]    Compiling proc-macro2 v1.0.86
[INFO] [stderr]    Compiling unicode-ident v1.0.12
[INFO] [stderr]    Compiling autocfg v1.3.0
[INFO] [stderr]    Compiling libc v0.2.155
[INFO] [stderr]    Compiling cfg-if v1.0.0
[INFO] [stderr]    Compiling scopeguard v1.2.0
[INFO] [stderr]    Compiling pin-project-lite v0.2.14
[INFO] [stderr]    Compiling pin-utils v0.1.0
[INFO] [stderr]    Compiling futures-core v0.3.30
[INFO] [stderr]    Compiling smallvec v1.13.2
[INFO] [stderr]    Compiling parking_lot_core v0.9.10
[INFO] [stderr]    Compiling futures-sink v0.3.30
[INFO] [stderr]    Compiling thiserror v1.0.63
[INFO] [stderr]    Compiling once_cell v1.19.0
[INFO] [stderr]    Compiling log v0.4.22
[INFO] [stderr]    Compiling utf8parse v0.2.2
[INFO] [stderr]    Compiling memchr v2.7.4
[INFO] [stderr]    Compiling bytes v1.7.1
[INFO] [stderr]    Compiling bitflags v1.3.2
[INFO] [stderr]    Compiling futures-task v0.3.30
[INFO] [stderr]    Compiling futures-channel v0.3.30
[INFO] [stderr]    Compiling futures-io v0.3.30
[INFO] [stderr]    Compiling anstyle-parse v0.2.5
[INFO] [stderr]    Compiling minimal-lexical v0.2.1
[INFO] [stderr]    Compiling anstyle-query v1.1.1
[INFO] [stderr]    Compiling bitflags v2.6.0
[INFO] [stderr]    Compiling is_terminal_polyfill v1.70.1
[INFO] [stderr]    Compiling anstyle v1.0.8
[INFO] [stderr]    Compiling colorchoice v1.0.2
[INFO] [stderr]    Compiling lazy_static v1.5.0
[INFO] [stderr]    Compiling overload v0.1.1
[INFO] [stderr]    Compiling clap_lex v0.7.2
[INFO] [stderr]    Compiling camino v1.1.7
[INFO] [stderr]    Compiling strsim v0.11.1
[INFO] [stderr]    Compiling anyhow v1.0.86
[INFO] [stderr]    Compiling heck v0.5.0
[INFO] [stderr]    Compiling sharded-slab v0.1.7
[INFO] [stderr]    Compiling tracing-core v0.1.32
[INFO] [stderr]    Compiling anstream v0.6.15
[INFO] [stderr]    Compiling thread_local v1.1.8
[INFO] [stderr]    Compiling nu-ansi-term v0.46.0
[INFO] [stderr]    Compiling lock_api v0.4.12
[INFO] [stderr]    Compiling memoffset v0.7.1
[INFO] [stderr]    Compiling slab v0.4.9
[INFO] [stderr]    Compiling clap_builder v4.5.15
[INFO] [stderr]    Compiling quote v1.0.36
[INFO] [stderr]    Compiling nom v7.1.3
[INFO] [stderr]    Compiling syn v2.0.74
[INFO] [stderr]    Compiling tracing-log v0.2.0
[INFO] [stderr]    Compiling tracing-subscriber v0.3.18
[INFO] [stderr]    Compiling mio v1.0.2
[INFO] [stderr]    Compiling signal-hook-registry v1.4.2
[INFO] [stderr]    Compiling socket2 v0.5.7
[INFO] [stderr]    Compiling nix v0.26.4
[INFO] [stderr]    Compiling mio v0.8.11
[INFO] [stderr]    Compiling parking_lot v0.12.3
[INFO] [stderr]    Compiling thiserror-impl v1.0.63
[INFO] [stderr]    Compiling tokio-macros v2.4.0
[INFO] [stderr]    Compiling futures-macro v0.3.30
[INFO] [stderr]    Compiling color-print-proc-macro v0.3.6
[INFO] [stderr]    Compiling clap_derive v4.5.13
[INFO] [stderr]    Compiling tracing-attributes v0.1.27
[INFO] [stderr]    Compiling tokio v1.39.2
[INFO] [stderr]    Compiling unescaper v0.1.5
[INFO] [stderr]    Compiling futures-util v0.3.30
[INFO] [stderr]    Compiling color-print v0.3.6
[INFO] [stderr]    Compiling tracing v0.1.40
[INFO] [stderr]    Compiling serialport v4.5.0
[INFO] [stderr]    Compiling mio-serial v5.0.5
[INFO] [stderr]    Compiling clap v4.5.15
[INFO] [stderr]    Compiling futures-executor v0.3.30
[INFO] [stderr]    Compiling futures v0.3.30
[INFO] [stderr]    Compiling tokio-stream v0.1.15
[INFO] [stderr]    Compiling tokio-serial v5.4.4
[INFO] [stderr]    Compiling tokio-util v0.7.11
[INFO] [stderr]    Compiling vsp-router v1.0.3 (/opt/rustwide/workdir)
[INFO] [stderr]     Finished `release` profile [optimized] target(s) in 43.93s
[INFO] running `Command { std: "docker" "inspect" "5a9711266e36d0160b49f029642c233fbe3c86acf49e3a04151caf4a2797f054", kill_on_drop: false }`
[INFO] running `Command { std: "docker" "exec" "-e" "SOURCE_DIR=/opt/rustwide/workdir" "-e" "CARGO_HOME=/opt/rustwide/cargo-home" "-e" "RUSTUP_HOME=/opt/rustwide/rustup-home" "-e" "CARGO_TARGET_DIR=/opt/rustwide/target" "-e" "CARGO_INCREMENTAL=0" "-e" "RUST_BACKTRACE=full" "-e" "RUSTFLAGS=--cap-lints=warn" "-e" "RUSTDOCFLAGS=--cap-lints=warn" "-w" "/opt/rustwide/workdir" "--user" "0:0" "5a9711266e36d0160b49f029642c233fbe3c86acf49e3a04151caf4a2797f054" "/opt/rustwide/cargo-home/bin/cargo" "+1.100.0-beta.1" "test" "--frozen" "--no-run" "--message-format=json" "--release", kill_on_drop: false }`
[INFO] [stderr]    Compiling wait-timeout v0.2.0
[INFO] [stderr]    Compiling os_pipe v1.2.1
[INFO] [stderr]    Compiling snapbox-macros v0.3.10
[INFO] [stderr]    Compiling similar v2.6.0
[INFO] [stderr]    Compiling normalize-line-endings v0.3.0
[INFO] [stderr]    Compiling snapbox v0.4.17
[INFO] [stderr]    Compiling vsp-router v1.0.3 (/opt/rustwide/workdir)
[INFO] [stderr]     Finished `release` profile [optimized] target(s) in 9.53s
[INFO] running `Command { std: "docker" "inspect" "5a9711266e36d0160b49f029642c233fbe3c86acf49e3a04151caf4a2797f054", kill_on_drop: false }`
[INFO] running `Command { std: "docker" "exec" "-e" "SOURCE_DIR=/opt/rustwide/workdir" "-e" "CARGO_HOME=/opt/rustwide/cargo-home" "-e" "RUSTUP_HOME=/opt/rustwide/rustup-home" "-e" "CARGO_TARGET_DIR=/opt/rustwide/target" "-e" "CARGO_INCREMENTAL=0" "-e" "RUST_BACKTRACE=full" "-e" "RUSTFLAGS=--cap-lints=warn" "-e" "RUSTDOCFLAGS=--cap-lints=warn" "-w" "/opt/rustwide/workdir" "--user" "0:0" "5a9711266e36d0160b49f029642c233fbe3c86acf49e3a04151caf4a2797f054" "/opt/rustwide/cargo-home/bin/cargo" "+1.100.0-beta.1" "test" "--frozen" "--release", kill_on_drop: false }`
[INFO] [stderr]     Finished `release` profile [optimized] target(s) in 0.11s
[INFO] [stderr]      Running unittests src/lib.rs (/opt/rustwide/target/release/build/vsp-router/53e5c6b7a50471a1/out/vsp_router-53e5c6b7a50471a1)
[INFO] [stdout] 
[INFO] [stderr]      Running unittests src/main.rs (/opt/rustwide/target/release/build/vsp-router/e7dadd7a2ee6fb41/out/vsp_router-e7dadd7a2ee6fb41)
[INFO] [stdout] running 0 tests
[INFO] [stdout] 
[INFO] [stdout] test result: ok. 0 passed; 0 failed; 0 ignored; 0 measured; 0 filtered out; finished in 0.00s
[INFO] [stdout] 
[INFO] [stdout] 
[INFO] [stdout] running 1 test
[INFO] [stdout] test cli::test::debug_assert ... ok
[INFO] [stdout] 
[INFO] [stdout] test result: ok. 1 passed; 0 failed; 0 ignored; 0 measured; 0 filtered out; finished in 0.00s
[INFO] [stdout] 
[INFO] [stderr]      Running tests/cli-help.rs (/opt/rustwide/target/release/build/vsp-router/9d5af0d77116e452/out/cli_help-9d5af0d77116e452)
[INFO] [stdout] 
[INFO] [stdout] running 1 test
[INFO] [stdout] test long ... ok
[INFO] [stdout] 
[INFO] [stdout] test result: ok. 1 passed; 0 failed; 0 ignored; 0 measured; 0 filtered out; finished in 0.02s
[INFO] [stdout] 
[INFO] [stderr]      Running tests/integration.rs (/opt/rustwide/target/release/build/vsp-router/9de194dc8d7649a8/out/integration-9de194dc8d7649a8)
[INFO] [stdout] 
[INFO] [stdout] running 1 test
[INFO] [stdout] test virtual_routes ... FAILED
[INFO] [stdout] 
[INFO] [stdout] failures:
[INFO] [stdout] 
[INFO] [stdout] ---- virtual_routes stdout ----
[INFO] [stdout] 
[INFO] [stdout] thread 'virtual_routes' (1681) panicked at tests/integration.rs:22:78:
[INFO] [stdout] called `Result::unwrap()` on an `Err` value: Link(Os { code: 30, kind: ReadOnlyFilesystem, message: "Read-only file system" })
[INFO] [stdout] stack backtrace:
[INFO] [stdout]    0:     0x618b81491851 - <unknown>
[INFO] [stdout]    1:     0x618b814a5d5a - <unknown>
[INFO] [stdout]    2:     0x618b81495cbc - <unknown>
[INFO] [stdout]    3:     0x618b8146d326 - <unknown>
[INFO] [stdout]    4:     0x618b81489999 - <unknown>
[INFO] [stdout]    5:     0x618b813fa930 - <unknown>
[INFO] [stdout]    6:     0x618b81489cc2 - <unknown>
[INFO] [stdout]    7:     0x618b8146d3d2 - <unknown>
[INFO] [stdout]    8:     0x618b81465fa9 - <unknown>
[INFO] [stdout]    9:     0x618b8146e0cd - <unknown>
[INFO] [stdout]   10:     0x618b814a64bc - <unknown>
[INFO] [stdout]   11:     0x618b814a6292 - <unknown>
[INFO] [stdout]   12:     0x618b813e77b6 - <unknown>
[INFO] [stdout]   13:     0x618b813e60a6 - <unknown>
[INFO] [stdout]   14:     0x618b813e083d - <unknown>
[INFO] [stdout]   15:     0x618b813ec793 - <unknown>
[INFO] [stdout]   16:     0x618b813e2e1f - <unknown>
[INFO] [stdout]   17:     0x618b813ec1db - <unknown>
[INFO] [stdout]   18:     0x618b813e2c7e - <unknown>
[INFO] [stdout]   19:     0x618b813edd7b - <unknown>
[INFO] [stdout]   20:     0x618b813faf55 - <unknown>
[INFO] [stdout]   21:     0x618b813f4844 - <unknown>
[INFO] [stdout]   22:     0x618b813fdfe2 - <unknown>
[INFO] [stdout]   23:     0x618b8149106f - <unknown>
[INFO] [stdout]   24:     0x75eda09dfdfa - <unknown>
[INFO] [stdout]   25:     0x75eda0a733d4 - clone
[INFO] [stdout]   26:                0x0 - <unknown>
[INFO] [stdout] 
[INFO] [stdout] 
[INFO] [stdout] failures:
[INFO] [stdout]     virtual_routes
[INFO] [stdout] 
[INFO] [stdout] test result: FAILED. 0 passed; 1 failed; 0 ignored; 0 measured; 0 filtered out; finished in 0.00s
[INFO] [stdout] 
[INFO] [stderr] error: test failed, to rerun pass `--test integration`
[INFO] running `Command { std: "docker" "inspect" "5a9711266e36d0160b49f029642c233fbe3c86acf49e3a04151caf4a2797f054", kill_on_drop: false }`
[INFO] running `Command { std: "docker" "rm" "-f" "5a9711266e36d0160b49f029642c233fbe3c86acf49e3a04151caf4a2797f054", kill_on_drop: false }`
[INFO] [stdout] 5a9711266e36d0160b49f029642c233fbe3c86acf49e3a04151caf4a2797f054
