[INFO] fetching crate vs 0.0.4...
[INFO] testing vs-0.0.4 against 1.99.0-beta.8+cargoflags=--release for beta-release-1.100-2
[INFO] extracting crate vs 0.0.4 into /workspace/builds/worker-4-tc1/source
[INFO] started tweaking crates.io crate vs 0.0.4
[INFO] removed 0 missing tests
[INFO] finished tweaking crates.io crate vs 0.0.4
[INFO] tweaked toml for crates.io crate vs 0.0.4 written to /workspace/builds/worker-4-tc1/source/Cargo.toml
[INFO] validating manifest of crates.io crate vs 0.0.4 on toolchain 1.99.0-beta.8
[INFO] running `Command { std: CARGO_HOME="/workspace/cargo-home" RUSTUP_HOME="/workspace/rustup-home" "/workspace/cargo-home/bin/cargo" "+1.99.0-beta.8" "metadata" "--manifest-path" "Cargo.toml" "--no-deps", kill_on_drop: false }`
[INFO] crate crates.io crate vs 0.0.4 already has a lockfile, it will not be regenerated
[INFO] running `Command { std: CARGO_HOME="/workspace/cargo-home" RUSTUP_HOME="/workspace/rustup-home" "/workspace/cargo-home/bin/cargo" "+1.99.0-beta.8" "fetch" "--manifest-path" "Cargo.toml", kill_on_drop: false }`
[INFO] [stderr] warning: Cargo.toml: `lints.rust.future-incompatible` is deprecated in favor of `lints.rust.future_incompatible` and will not work in a future edition
[INFO] [stderr] warning: Cargo.toml: `lints.rust.nonstandard-style` is deprecated in favor of `lints.rust.nonstandard_style` and will not work in a future edition
[INFO] [stderr] warning: Cargo.toml: `lints.rust.rust-2018-idioms` is deprecated in favor of `lints.rust.rust_2018_idioms` and will not work in a future edition
[INFO] [stderr] warning: Cargo.toml: `lints.rust.rust-2021-prelude-collisions` is deprecated in favor of `lints.rust.rust_2021_prelude_collisions` and will not work in a future edition
[INFO] [stderr] warning: Cargo.toml: `lints.rust.unused-lifetimes` is deprecated in favor of `lints.rust.unused_lifetimes` and will not work in a future edition
[INFO] [stderr] warning: Cargo.toml: `lints.rust.unused-macro-rules` is deprecated in favor of `lints.rust.unused_macro_rules` and will not work in a future edition
[INFO] [stderr] warning: Cargo.toml: `lints.rust.unused-qualifications` is deprecated in favor of `lints.rust.unused_qualifications` and will not work in a future edition
[INFO] [stderr] warning: `vs` (manifest) generated 7 warnings
[INFO] [stderr]     Updating crates.io index
[INFO] [stderr]  Downloading crates ...
[INFO] [stderr]   Downloaded vs-core v0.0.4
[INFO] [stderr]   Downloaded vs-registry v0.0.4
[INFO] [stderr]   Downloaded vs-plugin-api v0.0.4
[INFO] [stderr]   Downloaded vs-cli v0.0.4
[INFO] [stderr]   Downloaded markup5ever v0.35.0
[INFO] [stderr]   Downloaded vs-test-support v0.0.4
[INFO] [stderr]   Downloaded wasm-bindgen-futures v0.4.65
[INFO] [stderr]   Downloaded wasm-bindgen-shared v0.2.115
[INFO] [stderr]   Downloaded scraper v0.24.0
[INFO] [stderr]   Downloaded wasm-bindgen v0.2.115
[INFO] [stderr]   Downloaded selectors v0.31.0
[INFO] [stderr]   Downloaded vs-shell v0.0.4
[INFO] [stderr]   Downloaded wasm-bindgen-macro v0.2.115
[INFO] [stderr]   Downloaded match_token v0.35.0
[INFO] [stderr]   Downloaded vs-plugin-wasi v0.0.4
[INFO] [stderr]   Downloaded vs-plugin-lua v0.0.4
[INFO] [stderr]   Downloaded web_atoms v0.1.3
[INFO] [stderr]   Downloaded cssparser v0.35.0
[INFO] [stderr]   Downloaded wasm-bindgen-macro-support v0.2.115
[INFO] [stderr]   Downloaded tar v0.4.45
[INFO] [stderr]   Downloaded mlua-sys v0.6.8
[INFO] [stderr]   Downloaded vs-installer v0.0.4
[INFO] [stderr]   Downloaded vs-config v0.0.4
[INFO] [stderr]   Downloaded html5ever v0.35.0
[INFO] [stderr]   Downloaded js-sys v0.3.92
[INFO] [stderr]   Downloaded dialoguer v0.12.0
[INFO] [stderr]   Downloaded clap_complete v4.6.0
[INFO] [stderr]   Downloaded mlua v0.10.5
[INFO] [stderr]   Downloaded web-sys v0.3.92
[INFO] [stderr]   Downloaded lua-src v547.0.0
[INFO] [stderr]   Downloaded luajit-src v210.5.12+a4f56a4
[INFO] running `Command { std: "docker" "create" "-v" "/var/lib/crater-agent-workspace/builds/worker-4-tc1/source:/opt/rustwide/workdir:ro,Z" "-v" "/var/lib/crater-agent-workspace/builds/worker-4-tc1/target:/opt/rustwide/target:rw,Z" "-v" "/var/lib/crater-agent-workspace/cargo-home:/opt/rustwide/cargo-home:ro,Z" "-v" "/var/lib/crater-agent-workspace/rustup-home:/opt/rustwide/rustup-home:ro,Z" "-m" "1610612736" "--network" "none" "ghcr.io/rust-lang/crates-build-env/linux@sha256:77db811e55d90add9212f6832c23229e3de5f1c1f9905e8cb07319ea15df73ac" "sleep" "infinity", kill_on_drop: false }`
[INFO] [stdout] 83e492350ccce473aca68a48e905861e209b28fd51ee4b994fa3e6ba967f2885
[INFO] running `Command { std: "docker" "start" "83e492350ccce473aca68a48e905861e209b28fd51ee4b994fa3e6ba967f2885", kill_on_drop: false }`
[INFO] running `Command { std: "docker" "inspect" "83e492350ccce473aca68a48e905861e209b28fd51ee4b994fa3e6ba967f2885", kill_on_drop: false }`
[INFO] running `Command { std: "docker" "exec" "-e" "SOURCE_DIR=/opt/rustwide/workdir" "-e" "CARGO_HOME=/opt/rustwide/cargo-home" "-e" "RUSTUP_HOME=/opt/rustwide/rustup-home" "-e" "CARGO_TARGET_DIR=/opt/rustwide/target" "-w" "/opt/rustwide/workdir" "--user" "0:0" "83e492350ccce473aca68a48e905861e209b28fd51ee4b994fa3e6ba967f2885" "/opt/rustwide/cargo-home/bin/cargo" "+1.99.0-beta.8" "metadata" "--no-deps" "--format-version=1", kill_on_drop: false }`
[INFO] running `Command { std: "docker" "inspect" "83e492350ccce473aca68a48e905861e209b28fd51ee4b994fa3e6ba967f2885", kill_on_drop: false }`
[INFO] running `Command { std: "docker" "exec" "-e" "SOURCE_DIR=/opt/rustwide/workdir" "-e" "CARGO_HOME=/opt/rustwide/cargo-home" "-e" "RUSTUP_HOME=/opt/rustwide/rustup-home" "-e" "CARGO_TARGET_DIR=/opt/rustwide/target" "-e" "CARGO_INCREMENTAL=0" "-e" "RUST_BACKTRACE=full" "-e" "RUSTFLAGS=--cap-lints=warn" "-e" "RUSTDOCFLAGS=--cap-lints=warn" "-w" "/opt/rustwide/workdir" "--user" "0:0" "83e492350ccce473aca68a48e905861e209b28fd51ee4b994fa3e6ba967f2885" "/opt/rustwide/cargo-home/bin/cargo" "+1.99.0-beta.8" "build" "--frozen" "--message-format=json" "--release", kill_on_drop: false }`
[INFO] [stderr] warning: Cargo.toml: `lints.rust.future-incompatible` is deprecated in favor of `lints.rust.future_incompatible` and will not work in a future edition
[INFO] [stderr] warning: Cargo.toml: `lints.rust.nonstandard-style` is deprecated in favor of `lints.rust.nonstandard_style` and will not work in a future edition
[INFO] [stderr] warning: Cargo.toml: `lints.rust.rust-2018-idioms` is deprecated in favor of `lints.rust.rust_2018_idioms` and will not work in a future edition
[INFO] [stderr] warning: Cargo.toml: `lints.rust.rust-2021-prelude-collisions` is deprecated in favor of `lints.rust.rust_2021_prelude_collisions` and will not work in a future edition
[INFO] [stderr] warning: Cargo.toml: `lints.rust.unused-lifetimes` is deprecated in favor of `lints.rust.unused_lifetimes` and will not work in a future edition
[INFO] [stderr] warning: Cargo.toml: `lints.rust.unused-macro-rules` is deprecated in favor of `lints.rust.unused_macro_rules` and will not work in a future edition
[INFO] [stderr] warning: Cargo.toml: `lints.rust.unused-qualifications` is deprecated in favor of `lints.rust.unused_qualifications` and will not work in a future edition
[INFO] [stderr] warning: `vs` (manifest) generated 7 warnings
[INFO] [stderr]    Compiling syn v2.0.117
[INFO] [stderr]    Compiling stable_deref_trait v1.2.1
[INFO] [stderr]    Compiling cc v1.2.58
[INFO] [stderr]    Compiling rand v0.8.5
[INFO] [stderr]    Compiling phf_shared v0.11.3
[INFO] [stderr]    Compiling futures-sink v0.3.32
[INFO] [stderr]    Compiling mio v1.2.0
[INFO] [stderr]    Compiling socket2 v0.6.3
[INFO] [stderr]    Compiling rustix v1.1.4
[INFO] [stderr]    Compiling lock_api v0.4.14
[INFO] [stderr]    Compiling parking_lot_core v0.9.12
[INFO] [stderr]    Compiling getrandom v0.2.17
[INFO] [stderr]    Compiling bitflags v2.11.0
[INFO] [stderr]    Compiling futures-io v0.3.32
[INFO] [stderr]    Compiling env_home v0.1.0
[INFO] [stderr]    Compiling precomputed-hash v0.1.1
[INFO] [stderr]    Compiling num-traits v0.2.19
[INFO] [stderr]    Compiling futures-channel v0.3.32
[INFO] [stderr]    Compiling simd-adler32 v0.3.9
[INFO] [stderr]    Compiling futures-util v0.3.32
[INFO] [stderr]    Compiling mac v0.1.1
[INFO] [stderr]    Compiling tracing v0.1.44
[INFO] [stderr]    Compiling utf-8 v0.7.6
[INFO] [stderr]    Compiling futf v0.1.5
[INFO] [stderr]    Compiling dtoa v1.0.11
[INFO] [stderr]    Compiling parking_lot v0.12.5
[INFO] [stderr]    Compiling tendril v0.4.3
[INFO] [stderr]    Compiling miniz_oxide v0.8.9
[INFO] [stderr]    Compiling dtoa-short v0.3.5
[INFO] [stderr]    Compiling serde_json v1.0.149
[INFO] [stderr]    Compiling zip v2.4.2
[INFO] [stderr]    Compiling portable-atomic v1.13.1
[INFO] [stderr]    Compiling iri-string v0.7.11
[INFO] [stderr]    Compiling erased-serde v0.4.10
[INFO] [stderr]    Compiling bumpalo v3.20.2
[INFO] [stderr]    Compiling tokio v1.50.0
[INFO] [stderr]    Compiling phf_generator v0.11.3
[INFO] [stderr]    Compiling phf_codegen v0.11.3
[INFO] [stderr]    Compiling string_cache_codegen v0.5.4
[INFO] [stderr]    Compiling lua-src v547.0.0
[INFO] [stderr]    Compiling selectors v0.31.0
[INFO] [stderr]    Compiling ordered-float v2.10.1
[INFO] [stderr]    Compiling flate2 v1.1.9
[INFO] [stderr]    Compiling zopfli v0.8.3
[INFO] [stderr]    Compiling xattr v1.6.1
[INFO] [stderr]    Compiling servo_arc v0.4.3
[INFO] [stderr]    Compiling web_atoms v0.1.3
[INFO] [stderr]    Compiling console v0.16.3
[INFO] [stderr]    Compiling ring v0.17.14
[INFO] [stderr]    Compiling lzma-sys v0.1.20
[INFO] [stderr]    Compiling http-body-util v0.1.3
[INFO] [stderr]    Compiling filetime v0.2.27
[INFO] [stderr]    Compiling tar v0.4.45
[INFO] [stderr]    Compiling xz2 v0.1.7
[INFO] [stderr]    Compiling getopts v0.2.24
[INFO] [stderr]    Compiling ego-tree v0.10.0
[INFO] [stderr]    Compiling unit-prefix v0.5.2
[INFO] [stderr]    Compiling tempfile v3.27.0
[INFO] [stderr]    Compiling clap_builder v4.6.0
[INFO] [stderr]    Compiling sha1 v0.10.6
[INFO] [stderr]    Compiling indicatif v0.18.4
[INFO] [stderr]    Compiling md-5 v0.10.6
[INFO] [stderr]    Compiling which v7.0.3
[INFO] [stderr]    Compiling vs-core v0.0.4
[INFO] [stderr]    Compiling fuzzy-matcher v0.3.7
[INFO] [stderr]    Compiling luajit-src v210.5.12+a4f56a4
[INFO] [stderr]    Compiling shell-words v1.1.1
[INFO] [stderr]    Compiling mlua-sys v0.6.8
[INFO] [stderr]    Compiling dialoguer v0.12.0
[INFO] [stderr]    Compiling synstructure v0.13.2
[INFO] [stderr]    Compiling hyper v1.8.1
[INFO] [stderr]    Compiling tower v0.5.3
[INFO] [stderr]    Compiling serde_derive v1.0.228
[INFO] [stderr]    Compiling zerofrom-derive v0.1.6
[INFO] [stderr]    Compiling yoke-derive v0.8.1
[INFO] [stderr]    Compiling zerovec-derive v0.11.2
[INFO] [stderr]    Compiling displaydoc v0.2.5
[INFO] [stderr]    Compiling thiserror-impl v2.0.18
[INFO] [stderr]    Compiling phf_macros v0.11.3
[INFO] [stderr]    Compiling derive_more-impl v2.1.1
[INFO] [stderr]    Compiling cssparser-macros v0.6.1
[INFO] [stderr]    Compiling match_token v0.35.0
[INFO] [stderr]    Compiling tower-http v0.6.8
[INFO] [stderr]    Compiling clap_derive v4.6.0
[INFO] [stderr]    Compiling phf v0.11.3
[INFO] [stderr]    Compiling cssparser v0.35.0
[INFO] [stderr]    Compiling thiserror v2.0.18
[INFO] [stderr]    Compiling hyper-util v0.1.20
[INFO] [stderr]    Compiling vs-shell v0.0.4
[INFO] [stderr]    Compiling zerofrom v0.1.6
[INFO] [stderr]    Compiling derive_more v2.1.1
[INFO] [stderr]    Compiling yoke v0.8.1
[INFO] [stderr]    Compiling zerovec v0.11.5
[INFO] [stderr]    Compiling zerotrie v0.2.3
[INFO] [stderr]    Compiling clap v4.6.0
[INFO] [stderr]    Compiling clap_complete v4.6.0
[INFO] [stderr]    Compiling tinystr v0.8.2
[INFO] [stderr]    Compiling potential_utf v0.1.4
[INFO] [stderr]    Compiling icu_locale_core v2.1.1
[INFO] [stderr]    Compiling icu_collections v2.1.1
[INFO] [stderr]    Compiling serde v1.0.228
[INFO] [stderr]    Compiling icu_provider v2.1.1
[INFO] [stderr]    Compiling string_cache v0.8.9
[INFO] [stderr]    Compiling toml_datetime v0.6.11
[INFO] [stderr]    Compiling serde_spanned v0.6.9
[INFO] [stderr]    Compiling vs-plugin-api v0.0.4
[INFO] [stderr]    Compiling serde_urlencoded v0.7.1
[INFO] [stderr]    Compiling serde-value v0.7.0
[INFO] [stderr]    Compiling bstr v1.12.1
[INFO] [stderr]    Compiling serde_yaml v0.9.34+deprecated
[INFO] [stderr]    Compiling icu_normalizer v2.1.1
[INFO] [stderr]    Compiling icu_properties v2.1.2
[INFO] [stderr]    Compiling toml_edit v0.22.27
[INFO] [stderr]    Compiling vs-registry v0.0.4
[INFO] [stderr]    Compiling markup5ever v0.35.0
[INFO] [stderr]    Compiling html5ever v0.35.0
[INFO] [stderr]    Compiling idna_adapter v1.2.1
[INFO] [stderr]    Compiling idna v1.1.0
[INFO] [stderr]    Compiling url v2.5.8
[INFO] [stderr]    Compiling scraper v0.24.0
[INFO] [stderr]    Compiling rustls v0.23.37
[INFO] [stderr]    Compiling toml v0.8.23
[INFO] [stderr]    Compiling mlua v0.10.5
[INFO] [stderr]    Compiling vs-config v0.0.4
[INFO] [stderr]    Compiling vs-plugin-wasi v0.0.4
[INFO] [stderr]    Compiling rustls-webpki v0.103.10
[INFO] [stderr]    Compiling tokio-rustls v0.26.4
[INFO] [stderr]    Compiling hyper-rustls v0.27.7
[INFO] [stderr]    Compiling reqwest v0.12.28
[INFO] [stderr]    Compiling vs-plugin-lua v0.0.4
[INFO] [stderr]    Compiling vs-installer v0.0.4
[INFO] [stderr]    Compiling vs-cli v0.0.4
[INFO] [stderr]    Compiling vs v0.0.4 (/opt/rustwide/workdir)
[INFO] [stderr]     Finished `release` profile [optimized] target(s) in 2m 23s
[INFO] running `Command { std: "docker" "inspect" "83e492350ccce473aca68a48e905861e209b28fd51ee4b994fa3e6ba967f2885", kill_on_drop: false }`
[INFO] running `Command { std: "docker" "exec" "-e" "SOURCE_DIR=/opt/rustwide/workdir" "-e" "CARGO_HOME=/opt/rustwide/cargo-home" "-e" "RUSTUP_HOME=/opt/rustwide/rustup-home" "-e" "CARGO_TARGET_DIR=/opt/rustwide/target" "-e" "CARGO_INCREMENTAL=0" "-e" "RUST_BACKTRACE=full" "-e" "RUSTFLAGS=--cap-lints=warn" "-e" "RUSTDOCFLAGS=--cap-lints=warn" "-w" "/opt/rustwide/workdir" "--user" "0:0" "83e492350ccce473aca68a48e905861e209b28fd51ee4b994fa3e6ba967f2885" "/opt/rustwide/cargo-home/bin/cargo" "+1.99.0-beta.8" "test" "--frozen" "--no-run" "--message-format=json" "--release", kill_on_drop: false }`
[INFO] [stderr] warning: Cargo.toml: `lints.rust.future-incompatible` is deprecated in favor of `lints.rust.future_incompatible` and will not work in a future edition
[INFO] [stderr] warning: Cargo.toml: `lints.rust.nonstandard-style` is deprecated in favor of `lints.rust.nonstandard_style` and will not work in a future edition
[INFO] [stderr] warning: Cargo.toml: `lints.rust.rust-2018-idioms` is deprecated in favor of `lints.rust.rust_2018_idioms` and will not work in a future edition
[INFO] [stderr] warning: Cargo.toml: `lints.rust.rust-2021-prelude-collisions` is deprecated in favor of `lints.rust.rust_2021_prelude_collisions` and will not work in a future edition
[INFO] [stderr] warning: Cargo.toml: `lints.rust.unused-lifetimes` is deprecated in favor of `lints.rust.unused_lifetimes` and will not work in a future edition
[INFO] [stderr] warning: Cargo.toml: `lints.rust.unused-macro-rules` is deprecated in favor of `lints.rust.unused_macro_rules` and will not work in a future edition
[INFO] [stderr] warning: Cargo.toml: `lints.rust.unused-qualifications` is deprecated in favor of `lints.rust.unused_qualifications` and will not work in a future edition
[INFO] [stderr] warning: `vs` (manifest) generated 7 warnings
[INFO] [stderr]    Compiling vs-test-support v0.0.4
[INFO] [stderr]    Compiling vs v0.0.4 (/opt/rustwide/workdir)
[INFO] [stderr]     Finished `release` profile [optimized] target(s) in 1.26s
[INFO] running `Command { std: "docker" "inspect" "83e492350ccce473aca68a48e905861e209b28fd51ee4b994fa3e6ba967f2885", kill_on_drop: false }`
[INFO] running `Command { std: "docker" "exec" "-e" "SOURCE_DIR=/opt/rustwide/workdir" "-e" "CARGO_HOME=/opt/rustwide/cargo-home" "-e" "RUSTUP_HOME=/opt/rustwide/rustup-home" "-e" "CARGO_TARGET_DIR=/opt/rustwide/target" "-e" "CARGO_INCREMENTAL=0" "-e" "RUST_BACKTRACE=full" "-e" "RUSTFLAGS=--cap-lints=warn" "-e" "RUSTDOCFLAGS=--cap-lints=warn" "-w" "/opt/rustwide/workdir" "--user" "0:0" "83e492350ccce473aca68a48e905861e209b28fd51ee4b994fa3e6ba967f2885" "/opt/rustwide/cargo-home/bin/cargo" "+1.99.0-beta.8" "test" "--frozen" "--release", kill_on_drop: false }`
[INFO] [stderr] warning: Cargo.toml: `lints.rust.future-incompatible` is deprecated in favor of `lints.rust.future_incompatible` and will not work in a future edition
[INFO] [stderr] warning: Cargo.toml: `lints.rust.nonstandard-style` is deprecated in favor of `lints.rust.nonstandard_style` and will not work in a future edition
[INFO] [stderr] warning: Cargo.toml: `lints.rust.rust-2018-idioms` is deprecated in favor of `lints.rust.rust_2018_idioms` and will not work in a future edition
[INFO] [stderr] warning: Cargo.toml: `lints.rust.rust-2021-prelude-collisions` is deprecated in favor of `lints.rust.rust_2021_prelude_collisions` and will not work in a future edition
[INFO] [stderr] warning: Cargo.toml: `lints.rust.unused-lifetimes` is deprecated in favor of `lints.rust.unused_lifetimes` and will not work in a future edition
[INFO] [stderr] warning: Cargo.toml: `lints.rust.unused-macro-rules` is deprecated in favor of `lints.rust.unused_macro_rules` and will not work in a future edition
[INFO] [stderr] warning: Cargo.toml: `lints.rust.unused-qualifications` is deprecated in favor of `lints.rust.unused_qualifications` and will not work in a future edition
[INFO] [stderr] warning: `vs` (manifest) generated 7 warnings
[INFO] [stderr]     Finished `release` profile [optimized] target(s) in 0.25s
[INFO] [stderr]      Running unittests src/main.rs (/opt/rustwide/target/release/deps/vs-479c5ad56f33ca2f)
[INFO] [stdout] 
[INFO] [stdout] running 0 tests
[INFO] [stdout] 
[INFO] [stdout] test result: ok. 0 passed; 0 failed; 0 ignored; 0 measured; 0 filtered out; finished in 0.00s
[INFO] [stdout] 
[INFO] [stderr]      Running tests/cli.rs (/opt/rustwide/target/release/deps/cli-ea8d1e35f445e2c5)
[INFO] [stdout] 
[INFO] [stdout] running 9 tests
[INFO] [stdout] test cli_should_migrate_from_a_legacy_home ... ok
[INFO] [stdout] test cli_should_support_auto_add_and_alias ... FAILED
[INFO] [stdout] test cli_should_prefer_project_scope_and_support_unlink ... FAILED
[INFO] [stdout] test cli_version_should_print_build_metadata ... ok
[INFO] [stdout] test cli_use_without_version_should_require_explicit_version_in_non_interactive_mode ... FAILED
[INFO] [stdout] test cli_help_should_be_english ... ok
[INFO] [stdout] test cli_should_run_registry_install_use_and_exec_flow ... FAILED
[INFO] [stdout] test cli_should_support_config_get_info_path_and_list_plugin ... FAILED
[INFO] [stdout] test cli_cd_should_support_home_and_plugin_directories ... FAILED
[INFO] [stdout] 
[INFO] [stdout] failures:
[INFO] [stdout] 
[INFO] [stdout] ---- cli_should_support_auto_add_and_alias stdout ----
[INFO] [stdout] 
[INFO] [stdout] thread 'cli_should_support_auto_add_and_alias' (2928) panicked at tests/cli.rs:281:5:
[INFO] [stdout] command failed with status Some(1)
[INFO] [stdout] [nodejs] is not added yet, automatically proceeding with installation.
[INFO] [stdout] Failed to install nodejs@20.11.1: failed to parse registry source at /opt/rustwide/cargo-home/registry/src/index.crates.io-1949cf8c6b5b557f/vs-test-support-0.0.4/../../fixtures/registry/index.json: No such file or directory (os error 2)
[INFO] [stdout] Error: failed to install: nodejs@20.11.1
[INFO] [stdout] 
[INFO] [stdout] Stack backtrace:
[INFO] [stdout]    0: <anyhow::Error>::msg::<alloc::string::String>
[INFO] [stdout]    1: vs_cli::run_with_app
[INFO] [stdout]    2: vs_cli::run
[INFO] [stdout]    3: std::sys::backtrace::__rust_begin_short_backtrace::<fn() -> core::result::Result<(), anyhow::Error>, core::result::Result<(), anyhow::Error>>
[INFO] [stdout]    4: std::rt::lang_start::<core::result::Result<(), anyhow::Error>>::{closure#0}
[INFO] [stdout]    5: std::rt::lang_start_internal
[INFO] [stdout]    6: main
[INFO] [stdout]    7: <unknown>
[INFO] [stdout]    8: __libc_start_main
[INFO] [stdout]    9: _start
[INFO] [stdout] 
[INFO] [stdout] stack backtrace:
[INFO] [stdout]    0:     0x5bcbb9aa0651 - <<std[70759c8f55707aa4]::sys::backtrace::BacktraceLock>::print::DisplayBacktrace as core[df12db4294e9bfd3]::fmt::Display>::fmt
[INFO] [stdout]    1:     0x5bcbb9ab4b7a - core[df12db4294e9bfd3]::fmt::write
[INFO] [stdout]    2:     0x5bcbb9aa4d6c - <alloc[2182bb758b4b3781]::vec::Vec<u8> as core[df12db4294e9bfd3]::io::write::Write>::write_fmt
[INFO] [stdout]    3:     0x5bcbb9a7b456 - std[70759c8f55707aa4]::panicking::default_hook::{closure#0}
[INFO] [stdout]    4:     0x5bcbb9a98439 - std[70759c8f55707aa4]::panicking::default_hook
[INFO] [stdout]    5:     0x5bcbb9a32020 - test[9d35eded1c95d3be]::test_main_inner::<test[9d35eded1c95d3be]::test_main_static::{closure#0}>::{closure#0}
[INFO] [stdout]    6:     0x5bcbb9a985f2 - std[70759c8f55707aa4]::panicking::panic_with_hook
[INFO] [stdout]    7:     0x5bcbb9a7b502 - std[70759c8f55707aa4]::panicking::panic_handler::{closure#0}
[INFO] [stdout]    8:     0x5bcbb9a74169 - std[70759c8f55707aa4]::sys::backtrace::__rust_end_short_backtrace::<std[70759c8f55707aa4]::panicking::panic_handler::{closure#0}, !>
[INFO] [stdout]    9:     0x5bcbb9a7c0fd - __rustc[8fa7c3cbc660c2b3]::rust_begin_unwind
[INFO] [stdout]   10:     0x5bcbb9ab52ac - core[df12db4294e9bfd3]::panicking::panic_fmt
[INFO] [stdout]   11:     0x5bcbb9a1f825 - cli[e09704e2a8823b86]::assert_success
[INFO] [stdout]   12:     0x5bcbb9a2118e - <cli[e09704e2a8823b86]::cli_should_support_auto_add_and_alias::{closure#0} as core[df12db4294e9bfd3]::ops::function::FnOnce<()>>::call_once
[INFO] [stdout]   13:     0x5bcbb9a2530b - test[9d35eded1c95d3be]::__rust_begin_short_backtrace::<core[df12db4294e9bfd3]::result::Result<(), alloc[2182bb758b4b3781]::string::String>, fn() -> core[df12db4294e9bfd3]::result::Result<(), alloc[2182bb758b4b3781]::string::String>>
[INFO] [stdout]   14:     0x5bcbb9a32975 - test[9d35eded1c95d3be]::run_test::{closure#0}
[INFO] [stdout]   15:     0x5bcbb9a2c234 - std[70759c8f55707aa4]::sys::backtrace::__rust_begin_short_backtrace::<test[9d35eded1c95d3be]::run_test::{closure#1}, ()>
[INFO] [stdout]   16:     0x5bcbb9a35ad2 - <std[70759c8f55707aa4]::thread::lifecycle::spawn_unchecked<test[9d35eded1c95d3be]::run_test::{closure#1}, ()>::{closure#1} as core[df12db4294e9bfd3]::ops::function::FnOnce<()>>::call_once::{shim:vtable#0}
[INFO] [stdout]   17:     0x5bcbb9a9fd39 - <std[70759c8f55707aa4]::sys::thread::unix::Thread>::new::thread_start
[INFO] [stdout]   18:     0x7ae1f5521dfa - <unknown>
[INFO] [stdout]   19:     0x7ae1f55b53d4 - clone
[INFO] [stdout]   20:                0x0 - <unknown>
[INFO] [stdout] 
[INFO] [stdout] ---- cli_should_prefer_project_scope_and_support_unlink stdout ----
[INFO] [stdout] 
[INFO] [stdout] thread 'cli_should_prefer_project_scope_and_support_unlink' (2926) panicked at tests/cli.rs:281:5:
[INFO] [stdout] command failed with status Some(1)
[INFO] [stdout] Error: failed to parse registry source at /opt/rustwide/cargo-home/registry/src/index.crates.io-1949cf8c6b5b557f/vs-test-support-0.0.4/../../fixtures/registry/index.json: No such file or directory (os error 2)
[INFO] [stdout] 
[INFO] [stdout] Stack backtrace:
[INFO] [stdout]    0: <anyhow::Error as core::convert::From<vs_core::error::CoreError>>::from
[INFO] [stdout]    1: vs_cli::run_with_app
[INFO] [stdout]    2: vs_cli::run
[INFO] [stdout]    3: std::sys::backtrace::__rust_begin_short_backtrace::<fn() -> core::result::Result<(), anyhow::Error>, core::result::Result<(), anyhow::Error>>
[INFO] [stdout]    4: std::rt::lang_start::<core::result::Result<(), anyhow::Error>>::{closure#0}
[INFO] [stdout]    5: std::rt::lang_start_internal
[INFO] [stdout]    6: main
[INFO] [stdout]    7: <unknown>
[INFO] [stdout]    8: __libc_start_main
[INFO] [stdout]    9: _start
[INFO] [stdout] 
[INFO] [stdout] stack backtrace:
[INFO] [stdout]    0:     0x5bcbb9aa0651 - <<std[70759c8f55707aa4]::sys::backtrace::BacktraceLock>::print::DisplayBacktrace as core[df12db4294e9bfd3]::fmt::Display>::fmt
[INFO] [stdout]    1:     0x5bcbb9ab4b7a - core[df12db4294e9bfd3]::fmt::write
[INFO] [stdout]    2:     0x5bcbb9aa4d6c - <alloc[2182bb758b4b3781]::vec::Vec<u8> as core[df12db4294e9bfd3]::io::write::Write>::write_fmt
[INFO] [stdout]    3:     0x5bcbb9a7b456 - std[70759c8f55707aa4]::panicking::default_hook::{closure#0}
[INFO] [stdout]    4:     0x5bcbb9a98439 - std[70759c8f55707aa4]::panicking::default_hook
[INFO] [stdout]    5:     0x5bcbb9a32020 - test[9d35eded1c95d3be]::test_main_inner::<test[9d35eded1c95d3be]::test_main_static::{closure#0}>::{closure#0}
[INFO] [stdout]    6:     0x5bcbb9a985f2 - std[70759c8f55707aa4]::panicking::panic_with_hook
[INFO] [stdout]    7:     0x5bcbb9a7b502 - std[70759c8f55707aa4]::panicking::panic_handler::{closure#0}
[INFO] [stdout]    8:     0x5bcbb9a74169 - std[70759c8f55707aa4]::sys::backtrace::__rust_end_short_backtrace::<std[70759c8f55707aa4]::panicking::panic_handler::{closure#0}, !>
[INFO] [stdout]    9:     0x5bcbb9a7c0fd - __rustc[8fa7c3cbc660c2b3]::rust_begin_unwind
[INFO] [stdout]   10:     0x5bcbb9ab52ac - core[df12db4294e9bfd3]::panicking::panic_fmt
[INFO] [stdout]   11:     0x5bcbb9a1f825 - cli[e09704e2a8823b86]::assert_success
[INFO] [stdout]   12:     0x5bcbb9a22e0c - <cli[e09704e2a8823b86]::cli_should_prefer_project_scope_and_support_unlink::{closure#0} as core[df12db4294e9bfd3]::ops::function::FnOnce<()>>::call_once
[INFO] [stdout]   13:     0x5bcbb9a2530b - test[9d35eded1c95d3be]::__rust_begin_short_backtrace::<core[df12db4294e9bfd3]::result::Result<(), alloc[2182bb758b4b3781]::string::String>, fn() -> core[df12db4294e9bfd3]::result::Result<(), alloc[2182bb758b4b3781]::string::String>>
[INFO] [stdout]   14:     0x5bcbb9a32975 - test[9d35eded1c95d3be]::run_test::{closure#0}
[INFO] [stdout]   15:     0x5bcbb9a2c234 - std[70759c8f55707aa4]::sys::backtrace::__rust_begin_short_backtrace::<test[9d35eded1c95d3be]::run_test::{closure#1}, ()>
[INFO] [stdout]   16:     0x5bcbb9a35ad2 - <std[70759c8f55707aa4]::thread::lifecycle::spawn_unchecked<test[9d35eded1c95d3be]::run_test::{closure#1}, ()>::{closure#1} as core[df12db4294e9bfd3]::ops::function::FnOnce<()>>::call_once::{shim:vtable#0}
[INFO] [stdout]   17:     0x5bcbb9a9fd39 - <std[70759c8f55707aa4]::sys::thread::unix::Thread>::new::thread_start
[INFO] [stdout]   18:     0x7ae1f5521dfa - <unknown>
[INFO] [stdout]   19:     0x7ae1f55b53d4 - clone
[INFO] [stdout]   20:                0x0 - <unknown>
[INFO] [stdout] 
[INFO] [stdout] ---- cli_use_without_version_should_require_explicit_version_in_non_interactive_mode stdout ----
[INFO] [stdout] 
[INFO] [stdout] thread 'cli_use_without_version_should_require_explicit_version_in_non_interactive_mode' (2930) panicked at tests/cli.rs:281:5:
[INFO] [stdout] command failed with status Some(1)
[INFO] [stdout] Error: failed to parse registry source at /opt/rustwide/cargo-home/registry/src/index.crates.io-1949cf8c6b5b557f/vs-test-support-0.0.4/../../fixtures/registry/index.json: No such file or directory (os error 2)
[INFO] [stdout] 
[INFO] [stdout] Stack backtrace:
[INFO] [stdout]    0: <anyhow::Error as core::convert::From<vs_core::error::CoreError>>::from
[INFO] [stdout]    1: vs_cli::run_with_app
[INFO] [stdout]    2: vs_cli::run
[INFO] [stdout]    3: std::sys::backtrace::__rust_begin_short_backtrace::<fn() -> core::result::Result<(), anyhow::Error>, core::result::Result<(), anyhow::Error>>
[INFO] [stdout]    4: std::rt::lang_start::<core::result::Result<(), anyhow::Error>>::{closure#0}
[INFO] [stdout]    5: std::rt::lang_start_internal
[INFO] [stdout]    6: main
[INFO] [stdout]    7: <unknown>
[INFO] [stdout]    8: __libc_start_main
[INFO] [stdout]    9: _start
[INFO] [stdout] 
[INFO] [stdout] stack backtrace:
[INFO] [stdout]    0:     0x5bcbb9aa0651 - <<std[70759c8f55707aa4]::sys::backtrace::BacktraceLock>::print::DisplayBacktrace as core[df12db4294e9bfd3]::fmt::Display>::fmt
[INFO] [stdout]    1:     0x5bcbb9ab4b7a - core[df12db4294e9bfd3]::fmt::write
[INFO] [stdout]    2:     0x5bcbb9aa4d6c - <alloc[2182bb758b4b3781]::vec::Vec<u8> as core[df12db4294e9bfd3]::io::write::Write>::write_fmt
[INFO] [stdout]    3:     0x5bcbb9a7b456 - std[70759c8f55707aa4]::panicking::default_hook::{closure#0}
[INFO] [stdout]    4:     0x5bcbb9a98439 - std[70759c8f55707aa4]::panicking::default_hook
[INFO] [stdout]    5:     0x5bcbb9a32020 - test[9d35eded1c95d3be]::test_main_inner::<test[9d35eded1c95d3be]::test_main_static::{closure#0}>::{closure#0}
[INFO] [stdout]    6:     0x5bcbb9a985f2 - std[70759c8f55707aa4]::panicking::panic_with_hook
[INFO] [stdout]    7:     0x5bcbb9a7b502 - std[70759c8f55707aa4]::panicking::panic_handler::{closure#0}
[INFO] [stdout]    8:     0x5bcbb9a74169 - std[70759c8f55707aa4]::sys::backtrace::__rust_end_short_backtrace::<std[70759c8f55707aa4]::panicking::panic_handler::{closure#0}, !>
[INFO] [stdout]    9:     0x5bcbb9a7c0fd - __rustc[8fa7c3cbc660c2b3]::rust_begin_unwind
[INFO] [stdout]   10:     0x5bcbb9ab52ac - core[df12db4294e9bfd3]::panicking::panic_fmt
[INFO] [stdout]   11:     0x5bcbb9a1f825 - cli[e09704e2a8823b86]::assert_success
[INFO] [stdout]   12:     0x5bcbb9a240cb - <cli[e09704e2a8823b86]::cli_use_without_version_should_require_explicit_version_in_non_interactive_mode::{closure#0} as core[df12db4294e9bfd3]::ops::function::FnOnce<()>>::call_once
[INFO] [stdout]   13:     0x5bcbb9a2530b - test[9d35eded1c95d3be]::__rust_begin_short_backtrace::<core[df12db4294e9bfd3]::result::Result<(), alloc[2182bb758b4b3781]::string::String>, fn() -> core[df12db4294e9bfd3]::result::Result<(), alloc[2182bb758b4b3781]::string::String>>
[INFO] [stdout]   14:     0x5bcbb9a32975 - test[9d35eded1c95d3be]::run_test::{closure#0}
[INFO] [stdout]   15:     0x5bcbb9a2c234 - std[70759c8f55707aa4]::sys::backtrace::__rust_begin_short_backtrace::<test[9d35eded1c95d3be]::run_test::{closure#1}, ()>
[INFO] [stdout]   16:     0x5bcbb9a35ad2 - <std[70759c8f55707aa4]::thread::lifecycle::spawn_unchecked<test[9d35eded1c95d3be]::run_test::{closure#1}, ()>::{closure#1} as core[df12db4294e9bfd3]::ops::function::FnOnce<()>>::call_once::{shim:vtable#0}
[INFO] [stdout]   17:     0x5bcbb9a9fd39 - <std[70759c8f55707aa4]::sys::thread::unix::Thread>::new::thread_start
[INFO] [stdout]   18:     0x7ae1f5521dfa - <unknown>
[INFO] [stdout]   19:     0x7ae1f55b53d4 - clone
[INFO] [stdout]   20:                0x0 - <unknown>
[INFO] [stdout] 
[INFO] [stdout] ---- cli_should_run_registry_install_use_and_exec_flow stdout ----
[INFO] [stdout] 
[INFO] [stdout] thread 'cli_should_run_registry_install_use_and_exec_flow' (2927) panicked at tests/cli.rs:281:5:
[INFO] [stdout] command failed with status Some(1)
[INFO] [stdout] Error: failed to parse registry source at /opt/rustwide/cargo-home/registry/src/index.crates.io-1949cf8c6b5b557f/vs-test-support-0.0.4/../../fixtures/registry/index.json: No such file or directory (os error 2)
[INFO] [stdout] 
[INFO] [stdout] Stack backtrace:
[INFO] [stdout]    0: <anyhow::Error as core::convert::From<vs_core::error::CoreError>>::from
[INFO] [stdout]    1: vs_cli::run_with_app
[INFO] [stdout]    2: vs_cli::run
[INFO] [stdout]    3: std::sys::backtrace::__rust_begin_short_backtrace::<fn() -> core::result::Result<(), anyhow::Error>, core::result::Result<(), anyhow::Error>>
[INFO] [stdout]    4: std::rt::lang_start::<core::result::Result<(), anyhow::Error>>::{closure#0}
[INFO] [stdout]    5: std::rt::lang_start_internal
[INFO] [stdout]    6: main
[INFO] [stdout]    7: <unknown>
[INFO] [stdout]    8: __libc_start_main
[INFO] [stdout]    9: _start
[INFO] [stdout] 
[INFO] [stdout] stack backtrace:
[INFO] [stdout]    0:     0x5bcbb9aa0651 - <<std[70759c8f55707aa4]::sys::backtrace::BacktraceLock>::print::DisplayBacktrace as core[df12db4294e9bfd3]::fmt::Display>::fmt
[INFO] [stdout]    1:     0x5bcbb9ab4b7a - core[df12db4294e9bfd3]::fmt::write
[INFO] [stdout]    2:     0x5bcbb9aa4d6c - <alloc[2182bb758b4b3781]::vec::Vec<u8> as core[df12db4294e9bfd3]::io::write::Write>::write_fmt
[INFO] [stdout]    3:     0x5bcbb9a7b456 - std[70759c8f55707aa4]::panicking::default_hook::{closure#0}
[INFO] [stdout]    4:     0x5bcbb9a98439 - std[70759c8f55707aa4]::panicking::default_hook
[INFO] [stdout]    5:     0x5bcbb9a32020 - test[9d35eded1c95d3be]::test_main_inner::<test[9d35eded1c95d3be]::test_main_static::{closure#0}>::{closure#0}
[INFO] [stdout]    6:     0x5bcbb9a985f2 - std[70759c8f55707aa4]::panicking::panic_with_hook
[INFO] [stdout]    7:     0x5bcbb9a7b502 - std[70759c8f55707aa4]::panicking::panic_handler::{closure#0}
[INFO] [stdout]    8:     0x5bcbb9a74169 - std[70759c8f55707aa4]::sys::backtrace::__rust_end_short_backtrace::<std[70759c8f55707aa4]::panicking::panic_handler::{closure#0}, !>
[INFO] [stdout]    9:     0x5bcbb9a7c0fd - __rustc[8fa7c3cbc660c2b3]::rust_begin_unwind
[INFO] [stdout]   10:     0x5bcbb9ab52ac - core[df12db4294e9bfd3]::panicking::panic_fmt
[INFO] [stdout]   11:     0x5bcbb9a1f825 - cli[e09704e2a8823b86]::assert_success
[INFO] [stdout]   12:     0x5bcbb9a2251e - <cli[e09704e2a8823b86]::cli_should_run_registry_install_use_and_exec_flow::{closure#0} as core[df12db4294e9bfd3]::ops::function::FnOnce<()>>::call_once
[INFO] [stdout]   13:     0x5bcbb9a2530b - test[9d35eded1c95d3be]::__rust_begin_short_backtrace::<core[df12db4294e9bfd3]::result::Result<(), alloc[2182bb758b4b3781]::string::String>, fn() -> core[df12db4294e9bfd3]::result::Result<(), alloc[2182bb758b4b3781]::string::String>>
[INFO] [stdout]   14:     0x5bcbb9a32975 - test[9d35eded1c95d3be]::run_test::{closure#0}
[INFO] [stdout]   15:     0x5bcbb9a2c234 - std[70759c8f55707aa4]::sys::backtrace::__rust_begin_short_backtrace::<test[9d35eded1c95d3be]::run_test::{closure#1}, ()>
[INFO] [stdout]   16:     0x5bcbb9a35ad2 - <std[70759c8f55707aa4]::thread::lifecycle::spawn_unchecked<test[9d35eded1c95d3be]::run_test::{closure#1}, ()>::{closure#1} as core[df12db4294e9bfd3]::ops::function::FnOnce<()>>::call_once::{shim:vtable#0}
[INFO] [stdout]   17:     0x5bcbb9a9fd39 - <std[70759c8f55707aa4]::sys::thread::unix::Thread>::new::thread_start
[INFO] [stdout]   18:     0x7ae1f5521dfa - <unknown>
[INFO] [stdout]   19:     0x7ae1f55b53d4 - clone
[INFO] [stdout]   20:                0x0 - <unknown>
[INFO] [stdout] 
[INFO] [stdout] ---- cli_should_support_config_get_info_path_and_list_plugin stdout ----
[INFO] [stdout] 
[INFO] [stdout] thread 'cli_should_support_config_get_info_path_and_list_plugin' (2929) panicked at tests/cli.rs:281:5:
[INFO] [stdout] command failed with status Some(1)
[INFO] [stdout] Error: failed to parse registry source at /opt/rustwide/cargo-home/registry/src/index.crates.io-1949cf8c6b5b557f/vs-test-support-0.0.4/../../fixtures/registry/index.json: No such file or directory (os error 2)
[INFO] [stdout] 
[INFO] [stdout] Stack backtrace:
[INFO] [stdout]    0: <anyhow::Error as core::convert::From<vs_core::error::CoreError>>::from
[INFO] [stdout]    1: vs_cli::run_with_app
[INFO] [stdout]    2: vs_cli::run
[INFO] [stdout]    3: std::sys::backtrace::__rust_begin_short_backtrace::<fn() -> core::result::Result<(), anyhow::Error>, core::result::Result<(), anyhow::Error>>
[INFO] [stdout]    4: std::rt::lang_start::<core::result::Result<(), anyhow::Error>>::{closure#0}
[INFO] [stdout]    5: std::rt::lang_start_internal
[INFO] [stdout]    6: main
[INFO] [stdout]    7: <unknown>
[INFO] [stdout]    8: __libc_start_main
[INFO] [stdout]    9: _start
[INFO] [stdout] 
[INFO] [stdout] stack backtrace:
[INFO] [stdout]    0:     0x5bcbb9aa0651 - <<std[70759c8f55707aa4]::sys::backtrace::BacktraceLock>::print::DisplayBacktrace as core[df12db4294e9bfd3]::fmt::Display>::fmt
[INFO] [stdout]    1:     0x5bcbb9ab4b7a - core[df12db4294e9bfd3]::fmt::write
[INFO] [stdout]    2:     0x5bcbb9aa4d6c - <alloc[2182bb758b4b3781]::vec::Vec<u8> as core[df12db4294e9bfd3]::io::write::Write>::write_fmt
[INFO] [stdout]    3:     0x5bcbb9a7b456 - std[70759c8f55707aa4]::panicking::default_hook::{closure#0}
[INFO] [stdout]    4:     0x5bcbb9a98439 - std[70759c8f55707aa4]::panicking::default_hook
[INFO] [stdout]    5:     0x5bcbb9a32020 - test[9d35eded1c95d3be]::test_main_inner::<test[9d35eded1c95d3be]::test_main_static::{closure#0}>::{closure#0}
[INFO] [stdout]    6:     0x5bcbb9a985f2 - std[70759c8f55707aa4]::panicking::panic_with_hook
[INFO] [stdout]    7:     0x5bcbb9a7b502 - std[70759c8f55707aa4]::panicking::panic_handler::{closure#0}
[INFO] [stdout]    8:     0x5bcbb9a74169 - std[70759c8f55707aa4]::sys::backtrace::__rust_end_short_backtrace::<std[70759c8f55707aa4]::panicking::panic_handler::{closure#0}, !>
[INFO] [stdout]    9:     0x5bcbb9a7c0fd - __rustc[8fa7c3cbc660c2b3]::rust_begin_unwind
[INFO] [stdout]   10:     0x5bcbb9ab52ac - core[df12db4294e9bfd3]::panicking::panic_fmt
[INFO] [stdout]   11:     0x5bcbb9a1f825 - cli[e09704e2a8823b86]::assert_success
[INFO] [stdout]   12:     0x5bcbb9a23947 - <cli[e09704e2a8823b86]::cli_should_support_config_get_info_path_and_list_plugin::{closure#0} as core[df12db4294e9bfd3]::ops::function::FnOnce<()>>::call_once
[INFO] [stdout]   13:     0x5bcbb9a2530b - test[9d35eded1c95d3be]::__rust_begin_short_backtrace::<core[df12db4294e9bfd3]::result::Result<(), alloc[2182bb758b4b3781]::string::String>, fn() -> core[df12db4294e9bfd3]::result::Result<(), alloc[2182bb758b4b3781]::string::String>>
[INFO] [stdout]   14:     0x5bcbb9a32975 - test[9d35eded1c95d3be]::run_test::{closure#0}
[INFO] [stdout]   15:     0x5bcbb9a2c234 - std[70759c8f55707aa4]::sys::backtrace::__rust_begin_short_backtrace::<test[9d35eded1c95d3be]::run_test::{closure#1}, ()>
[INFO] [stdout]   16:     0x5bcbb9a35ad2 - <std[70759c8f55707aa4]::thread::lifecycle::spawn_unchecked<test[9d35eded1c95d3be]::run_test::{closure#1}, ()>::{closure#1} as core[df12db4294e9bfd3]::ops::function::FnOnce<()>>::call_once::{shim:vtable#0}
[INFO] [stdout]   17:     0x5bcbb9a9fd39 - <std[70759c8f55707aa4]::sys::thread::unix::Thread>::new::thread_start
[INFO] [stdout]   18:     0x7ae1f5521dfa - <unknown>
[INFO] [stdout]   19:     0x7ae1f55b53d4 - clone
[INFO] [stdout]   20:                0x0 - <unknown>
[INFO] [stdout] 
[INFO] [stdout] ---- cli_cd_should_support_home_and_plugin_directories stdout ----
[INFO] [stdout] 
[INFO] [stdout] thread 'cli_cd_should_support_home_and_plugin_directories' (2923) panicked at tests/cli.rs:281:5:
[INFO] [stdout] command failed with status Some(1)
[INFO] [stdout] Error: failed to parse registry source at /opt/rustwide/cargo-home/registry/src/index.crates.io-1949cf8c6b5b557f/vs-test-support-0.0.4/../../fixtures/registry/index.json: No such file or directory (os error 2)
[INFO] [stdout] 
[INFO] [stdout] Stack backtrace:
[INFO] [stdout]    0: <anyhow::Error as core::convert::From<vs_core::error::CoreError>>::from
[INFO] [stdout]    1: vs_cli::run_with_app
[INFO] [stdout]    2: vs_cli::run
[INFO] [stdout]    3: std::sys::backtrace::__rust_begin_short_backtrace::<fn() -> core::result::Result<(), anyhow::Error>, core::result::Result<(), anyhow::Error>>
[INFO] [stdout]    4: std::rt::lang_start::<core::result::Result<(), anyhow::Error>>::{closure#0}
[INFO] [stdout]    5: std::rt::lang_start_internal
[INFO] [stdout]    6: main
[INFO] [stdout]    7: <unknown>
[INFO] [stdout]    8: __libc_start_main
[INFO] [stdout]    9: _start
[INFO] [stdout] 
[INFO] [stdout] stack backtrace:
[INFO] [stdout]    0:     0x5bcbb9aa0651 - <<std[70759c8f55707aa4]::sys::backtrace::BacktraceLock>::print::DisplayBacktrace as core[df12db4294e9bfd3]::fmt::Display>::fmt
[INFO] [stdout]    1:     0x5bcbb9ab4b7a - core[df12db4294e9bfd3]::fmt::write
[INFO] [stdout]    2:     0x5bcbb9aa4d6c - <alloc[2182bb758b4b3781]::vec::Vec<u8> as core[df12db4294e9bfd3]::io::write::Write>::write_fmt
[INFO] [stdout]    3:     0x5bcbb9a7b456 - std[70759c8f55707aa4]::panicking::default_hook::{closure#0}
[INFO] [stdout]    4:     0x5bcbb9a98439 - std[70759c8f55707aa4]::panicking::default_hook
[INFO] [stdout]    5:     0x5bcbb9a32020 - test[9d35eded1c95d3be]::test_main_inner::<test[9d35eded1c95d3be]::test_main_static::{closure#0}>::{closure#0}
[INFO] [stdout]    6:     0x5bcbb9a985f2 - std[70759c8f55707aa4]::panicking::panic_with_hook
[INFO] [stdout]    7:     0x5bcbb9a7b502 - std[70759c8f55707aa4]::panicking::panic_handler::{closure#0}
[INFO] [stdout]    8:     0x5bcbb9a74169 - std[70759c8f55707aa4]::sys::backtrace::__rust_end_short_backtrace::<std[70759c8f55707aa4]::panicking::panic_handler::{closure#0}, !>
[INFO] [stdout]    9:     0x5bcbb9a7c0fd - __rustc[8fa7c3cbc660c2b3]::rust_begin_unwind
[INFO] [stdout]   10:     0x5bcbb9ab52ac - core[df12db4294e9bfd3]::panicking::panic_fmt
[INFO] [stdout]   11:     0x5bcbb9a1f825 - cli[e09704e2a8823b86]::assert_success
[INFO] [stdout]   12:     0x5bcbb9a21e5d - <cli[e09704e2a8823b86]::cli_cd_should_support_home_and_plugin_directories::{closure#0} as core[df12db4294e9bfd3]::ops::function::FnOnce<()>>::call_once
[INFO] [stdout]   13:     0x5bcbb9a2530b - test[9d35eded1c95d3be]::__rust_begin_short_backtrace::<core[df12db4294e9bfd3]::result::Result<(), alloc[2182bb758b4b3781]::string::String>, fn() -> core[df12db4294e9bfd3]::result::Result<(), alloc[2182bb758b4b3781]::string::String>>
[INFO] [stdout]   14:     0x5bcbb9a32975 - test[9d35eded1c95d3be]::run_test::{closure#0}
[INFO] [stdout]   15:     0x5bcbb9a2c234 - std[70759c8f55707aa4]::sys::backtrace::__rust_begin_short_backtrace::<test[9d35eded1c95d3be]::run_test::{closure#1}, ()>
[INFO] [stdout]   16:     0x5bcbb9a35ad2 - <std[70759c8f55707aa4]::thread::lifecycle::spawn_unchecked<test[9d35eded1c95d3be]::run_test::{closure#1}, ()>::{closure#1} as core[df12db4294e9bfd3]::ops::function::FnOnce<()>>::call_once::{shim:vtable#0}
[INFO] [stdout]   17:     0x5bcbb9a9fd39 - <std[70759c8f55707aa4]::sys::thread::unix::Thread>::new::thread_start
[INFO] [stdout]   18:     0x7ae1f5521dfa - <unknown>
[INFO] [stdout]   19:     0x7ae1f55b53d4 - clone
[INFO] [stdout]   20:                0x0 - <unknown>
[INFO] [stdout] 
[INFO] [stdout] 
[INFO] [stdout] failures:
[INFO] [stdout]     cli_cd_should_support_home_and_plugin_directories
[INFO] [stdout]     cli_should_prefer_project_scope_and_support_unlink
[INFO] [stdout]     cli_should_run_registry_install_use_and_exec_flow
[INFO] [stdout]     cli_should_support_auto_add_and_alias
[INFO] [stdout]     cli_should_support_config_get_info_path_and_list_plugin
[INFO] [stdout]     cli_use_without_version_should_require_explicit_version_in_non_interactive_mode
[INFO] [stdout] 
[INFO] [stdout] test result: FAILED. 3 passed; 6 failed; 0 ignored; 0 measured; 0 filtered out; finished in 0.04s
[INFO] [stdout] 
[INFO] [stderr] error: test failed, to rerun pass `--test cli`
[INFO] running `Command { std: "docker" "inspect" "83e492350ccce473aca68a48e905861e209b28fd51ee4b994fa3e6ba967f2885", kill_on_drop: false }`
[INFO] running `Command { std: "docker" "rm" "-f" "83e492350ccce473aca68a48e905861e209b28fd51ee4b994fa3e6ba967f2885", kill_on_drop: false }`
[INFO] [stdout] 83e492350ccce473aca68a48e905861e209b28fd51ee4b994fa3e6ba967f2885
