[INFO] fetching crate vs-core 0.0.4...
[INFO] testing vs-core-0.0.4 against 1.100.0-beta.1+cargoflags=--release for beta-release-1.100-2
[INFO] extracting crate vs-core 0.0.4 into /workspace/builds/worker-4-tc2/source
[INFO] started tweaking crates.io crate vs-core 0.0.4
[INFO] finished tweaking crates.io crate vs-core 0.0.4
[INFO] tweaked toml for crates.io crate vs-core 0.0.4 written to /workspace/builds/worker-4-tc2/source/Cargo.toml
[INFO] validating manifest of crates.io crate vs-core 0.0.4 on toolchain 1.100.0-beta.1
[INFO] running `Command { std: CARGO_HOME="/workspace/cargo-home" RUSTUP_HOME="/workspace/rustup-home" "/workspace/cargo-home/bin/cargo" "+1.100.0-beta.1" "metadata" "--manifest-path" "Cargo.toml" "--no-deps", kill_on_drop: false }`
[INFO] crate crates.io crate vs-core 0.0.4 already has a lockfile, it will not be regenerated
[INFO] running `Command { std: CARGO_HOME="/workspace/cargo-home" RUSTUP_HOME="/workspace/rustup-home" "/workspace/cargo-home/bin/cargo" "+1.100.0-beta.1" "fetch" "--manifest-path" "Cargo.toml", kill_on_drop: false }`
[INFO] [stderr] warning: Cargo.toml: `lints.rust.future-incompatible` is deprecated in favor of `lints.rust.future_incompatible` and will not work in a future edition
[INFO] [stderr] warning: Cargo.toml: `lints.rust.nonstandard-style` is deprecated in favor of `lints.rust.nonstandard_style` and will not work in a future edition
[INFO] [stderr] warning: Cargo.toml: `lints.rust.rust-2018-idioms` is deprecated in favor of `lints.rust.rust_2018_idioms` and will not work in a future edition
[INFO] [stderr] warning: Cargo.toml: `lints.rust.rust-2021-prelude-collisions` is deprecated in favor of `lints.rust.rust_2021_prelude_collisions` and will not work in a future edition
[INFO] [stderr] warning: Cargo.toml: `lints.rust.unused-lifetimes` is deprecated in favor of `lints.rust.unused_lifetimes` and will not work in a future edition
[INFO] [stderr] warning: Cargo.toml: `lints.rust.unused-macro-rules` is deprecated in favor of `lints.rust.unused_macro_rules` and will not work in a future edition
[INFO] [stderr] warning: Cargo.toml: `lints.rust.unused-qualifications` is deprecated in favor of `lints.rust.unused_qualifications` and will not work in a future edition
[INFO] [stderr] warning: `package.homepage` is redundant with `package.repository`
[INFO] [stderr]    --> Cargo.toml:115:12
[INFO] [stderr]     |
[INFO] [stderr] 115 | homepage = "https://github.com/unsdk/vs"
[INFO] [stderr]     |            ^^^^^^^^^^^^^^^^^^^^^^^^^^^^^
[INFO] [stderr] ...
[INFO] [stderr] 119 | repository = "https://github.com/unsdk/vs"
[INFO] [stderr]     |              -----------------------------
[INFO] [stderr]     |
[INFO] [stderr]     = note: `cargo::redundant_homepage` is set to `warn` by default
[INFO] [stderr] help: consider removing `package.homepage`
[INFO] [stderr] warning: `vs-core` (manifest) generated 8 warnings
[INFO] [stderr]     Blocking waiting for file lock on package cache
[INFO] running `Command { std: "docker" "create" "-v" "/var/lib/crater-agent-workspace/builds/worker-4-tc2/source:/opt/rustwide/workdir:ro,Z" "-v" "/var/lib/crater-agent-workspace/builds/worker-4-tc2/target:/opt/rustwide/target:rw,Z" "-v" "/var/lib/crater-agent-workspace/cargo-home:/opt/rustwide/cargo-home:ro,Z" "-v" "/var/lib/crater-agent-workspace/rustup-home:/opt/rustwide/rustup-home:ro,Z" "-m" "1610612736" "--network" "none" "ghcr.io/rust-lang/crates-build-env/linux@sha256:77db811e55d90add9212f6832c23229e3de5f1c1f9905e8cb07319ea15df73ac" "sleep" "infinity", kill_on_drop: false }`
[INFO] [stdout] 70659502b68370d7ff51df77654027199f31ae1a30285ac9c3ce7bdd022b841d
[INFO] running `Command { std: "docker" "start" "70659502b68370d7ff51df77654027199f31ae1a30285ac9c3ce7bdd022b841d", kill_on_drop: false }`
[INFO] running `Command { std: "docker" "inspect" "70659502b68370d7ff51df77654027199f31ae1a30285ac9c3ce7bdd022b841d", kill_on_drop: false }`
[INFO] running `Command { std: "docker" "exec" "-e" "SOURCE_DIR=/opt/rustwide/workdir" "-e" "CARGO_HOME=/opt/rustwide/cargo-home" "-e" "RUSTUP_HOME=/opt/rustwide/rustup-home" "-e" "CARGO_TARGET_DIR=/opt/rustwide/target" "-w" "/opt/rustwide/workdir" "--user" "0:0" "70659502b68370d7ff51df77654027199f31ae1a30285ac9c3ce7bdd022b841d" "/opt/rustwide/cargo-home/bin/cargo" "+1.100.0-beta.1" "metadata" "--no-deps" "--format-version=1", kill_on_drop: false }`
[INFO] running `Command { std: "docker" "inspect" "70659502b68370d7ff51df77654027199f31ae1a30285ac9c3ce7bdd022b841d", kill_on_drop: false }`
[INFO] running `Command { std: "docker" "exec" "-e" "SOURCE_DIR=/opt/rustwide/workdir" "-e" "CARGO_HOME=/opt/rustwide/cargo-home" "-e" "RUSTUP_HOME=/opt/rustwide/rustup-home" "-e" "CARGO_TARGET_DIR=/opt/rustwide/target" "-e" "CARGO_INCREMENTAL=0" "-e" "RUST_BACKTRACE=full" "-e" "RUSTFLAGS=--cap-lints=warn" "-e" "RUSTDOCFLAGS=--cap-lints=warn" "-w" "/opt/rustwide/workdir" "--user" "0:0" "70659502b68370d7ff51df77654027199f31ae1a30285ac9c3ce7bdd022b841d" "/opt/rustwide/cargo-home/bin/cargo" "+1.100.0-beta.1" "build" "--frozen" "--message-format=json" "--release", kill_on_drop: false }`
[INFO] [stderr] warning: Cargo.toml: `lints.rust.future-incompatible` is deprecated in favor of `lints.rust.future_incompatible` and will not work in a future edition
[INFO] [stderr] warning: Cargo.toml: `lints.rust.nonstandard-style` is deprecated in favor of `lints.rust.nonstandard_style` and will not work in a future edition
[INFO] [stderr] warning: Cargo.toml: `lints.rust.rust-2018-idioms` is deprecated in favor of `lints.rust.rust_2018_idioms` and will not work in a future edition
[INFO] [stderr] warning: Cargo.toml: `lints.rust.rust-2021-prelude-collisions` is deprecated in favor of `lints.rust.rust_2021_prelude_collisions` and will not work in a future edition
[INFO] [stderr] warning: Cargo.toml: `lints.rust.unused-lifetimes` is deprecated in favor of `lints.rust.unused_lifetimes` and will not work in a future edition
[INFO] [stderr] warning: Cargo.toml: `lints.rust.unused-macro-rules` is deprecated in favor of `lints.rust.unused_macro_rules` and will not work in a future edition
[INFO] [stderr] warning: Cargo.toml: `lints.rust.unused-qualifications` is deprecated in favor of `lints.rust.unused_qualifications` and will not work in a future edition
[INFO] [stderr] warning: `package.homepage` is redundant with `package.repository`
[INFO] [stderr]    --> Cargo.toml:115:12
[INFO] [stderr]     |
[INFO] [stderr] 115 | homepage = "https://github.com/unsdk/vs"
[INFO] [stderr]     |            ^^^^^^^^^^^^^^^^^^^^^^^^^^^^^
[INFO] [stderr] ...
[INFO] [stderr] 119 | repository = "https://github.com/unsdk/vs"
[INFO] [stderr]     |              -----------------------------
[INFO] [stderr]     |
[INFO] [stderr]     = note: `cargo::redundant_homepage` is set to `warn` by default
[INFO] [stderr] help: consider removing `package.homepage`
[INFO] [stderr] warning: `vs-core` (manifest) generated 8 warnings
[INFO] [stderr]    Compiling stable_deref_trait v1.2.1
[INFO] [stderr]    Compiling siphasher v1.0.2
[INFO] [stderr]    Compiling rand_core v0.6.4
[INFO] [stderr]    Compiling cc v1.2.58
[INFO] [stderr]    Compiling bitflags v2.11.0
[INFO] [stderr]    Compiling pkg-config v0.3.32
[INFO] [stderr]    Compiling phf_shared v0.11.3
[INFO] [stderr]    Compiling zerovec-derive v0.11.2
[INFO] [stderr]    Compiling tokio v1.50.0
[INFO] [stderr]    Compiling thiserror-impl v2.0.18
[INFO] [stderr]    Compiling new_debug_unreachable v1.0.6
[INFO] [stderr]    Compiling rustix v1.1.4
[INFO] [stderr]    Compiling serde v1.0.228
[INFO] [stderr]    Compiling zerofrom-derive v0.1.6
[INFO] [stderr]    Compiling yoke-derive v0.8.1
[INFO] [stderr]    Compiling lock_api v0.4.14
[INFO] [stderr]    Compiling parking_lot_core v0.9.12
[INFO] [stderr]    Compiling rand v0.8.5
[INFO] [stderr]    Compiling getrandom v0.2.17
[INFO] [stderr]    Compiling futures-io v0.3.32
[INFO] [stderr]    Compiling futures-util v0.3.32
[INFO] [stderr]    Compiling env_home v0.1.0
[INFO] [stderr]    Compiling precomputed-hash v0.1.1
[INFO] [stderr]    Compiling either v1.15.0
[INFO] [stderr]    Compiling rustls v0.23.37
[INFO] [stderr]    Compiling parking_lot v0.12.5
[INFO] [stderr]    Compiling futures-channel v0.3.32
[INFO] [stderr]    Compiling mac v0.1.1
[INFO] [stderr]    Compiling simd-adler32 v0.3.9
[INFO] [stderr]    Compiling futf v0.1.5
[INFO] [stderr]    Compiling dtoa v1.0.11
[INFO] [stderr]    Compiling digest v0.10.7
[INFO] [stderr]    Compiling tendril v0.4.3
[INFO] [stderr]    Compiling dtoa-short v0.3.5
[INFO] [stderr]    Compiling miniz_oxide v0.8.9
[INFO] [stderr]    Compiling serde_json v1.0.149
[INFO] [stderr]    Compiling derive_more-impl v2.1.1
[INFO] [stderr]    Compiling phf_generator v0.11.3
[INFO] [stderr]    Compiling cssparser-macros v0.6.1
[INFO] [stderr]    Compiling phf_codegen v0.11.3
[INFO] [stderr]    Compiling phf_macros v0.11.3
[INFO] [stderr]    Compiling string_cache_codegen v0.5.4
[INFO] [stderr]    Compiling zerofrom v0.1.6
[INFO] [stderr]    Compiling yoke v0.8.1
[INFO] [stderr]    Compiling string_cache v0.8.9
[INFO] [stderr]    Compiling lua-src v547.0.0
[INFO] [stderr]    Compiling serde_spanned v0.6.9
[INFO] [stderr]    Compiling toml_datetime v0.6.11
[INFO] [stderr]    Compiling selectors v0.31.0
[INFO] [stderr]    Compiling bumpalo v3.20.2
[INFO] [stderr]    Compiling zerovec v0.11.5
[INFO] [stderr]    Compiling zerotrie v0.2.3
[INFO] [stderr]    Compiling web_atoms v0.1.3
[INFO] [stderr]    Compiling winnow v0.7.15
[INFO] [stderr]    Compiling ring v0.17.14
[INFO] [stderr]    Compiling phf v0.11.3
[INFO] [stderr]    Compiling lzma-sys v0.1.20
[INFO] [stderr]    Compiling thiserror v2.0.18
[INFO] [stderr]    Compiling zip v2.4.2
[INFO] [stderr]    Compiling erased-serde v0.4.10
[INFO] [stderr]    Compiling portable-atomic v1.13.1
[INFO] [stderr]    Compiling vs-plugin-api v0.0.4
[INFO] [stderr]    Compiling toml_write v0.1.2
[INFO] [stderr]    Compiling iri-string v0.7.11
[INFO] [stderr]    Compiling derive_more v2.1.1
[INFO] [stderr]    Compiling cssparser v0.35.0
[INFO] [stderr]    Compiling flate2 v1.1.9
[INFO] [stderr]    Compiling zopfli v0.8.3
[INFO] [stderr]    Compiling fxhash v0.2.1
[INFO] [stderr]    Compiling serde_urlencoded v0.7.1
[INFO] [stderr]    Compiling ordered-float v2.10.1
[INFO] [stderr]    Compiling servo_arc v0.4.3
[INFO] [stderr]    Compiling tinystr v0.8.2
[INFO] [stderr]    Compiling potential_utf v0.1.4
[INFO] [stderr]    Compiling which v7.0.3
[INFO] [stderr]    Compiling match_token v0.35.0
[INFO] [stderr]    Compiling icu_collections v2.1.1
[INFO] [stderr]    Compiling icu_locale_core v2.1.1
[INFO] [stderr]    Compiling luajit-src v210.5.12+a4f56a4
[INFO] [stderr]    Compiling xattr v1.6.1
[INFO] [stderr]    Compiling filetime v0.2.27
[INFO] [stderr]    Compiling mlua-sys v0.6.8
[INFO] [stderr]    Compiling markup5ever v0.35.0
[INFO] [stderr]    Compiling html5ever v0.35.0
[INFO] [stderr]    Compiling tar v0.4.45
[INFO] [stderr]    Compiling serde-value v0.7.0
[INFO] [stderr]    Compiling icu_provider v2.1.1
[INFO] [stderr]    Compiling toml_edit v0.22.27
[INFO] [stderr]    Compiling getrandom v0.4.2
[INFO] [stderr]    Compiling xz2 v0.1.7
[INFO] [stderr]    Compiling icu_properties v2.1.2
[INFO] [stderr]    Compiling icu_normalizer v2.1.1
[INFO] [stderr]    Compiling bstr v1.12.1
[INFO] [stderr]    Compiling getopts v0.2.24
[INFO] [stderr]    Compiling console v0.16.3
[INFO] [stderr]    Compiling unit-prefix v0.5.2
[INFO] [stderr]    Compiling ego-tree v0.10.0
[INFO] [stderr]    Compiling rustc-hash v2.1.2
[INFO] [stderr]    Compiling unsafe-libyaml v0.2.11
[INFO] [stderr]    Compiling fastrand v2.3.0
[INFO] [stderr]    Compiling idna_adapter v1.2.1
[INFO] [stderr]    Compiling tempfile v3.27.0
[INFO] [stderr]    Compiling scraper v0.24.0
[INFO] [stderr]    Compiling hyper v1.8.1
[INFO] [stderr]    Compiling tower v0.5.3
[INFO] [stderr]    Compiling idna v1.1.0
[INFO] [stderr]    Compiling anyhow v1.0.102
[INFO] [stderr]    Compiling indicatif v0.18.4
[INFO] [stderr]    Compiling dirs v6.0.0
[INFO] [stderr]    Compiling sha1 v0.10.6
[INFO] [stderr]    Compiling serde_yaml v0.9.34+deprecated
[INFO] [stderr]    Compiling sha2 v0.10.9
[INFO] [stderr]    Compiling tower-http v0.6.8
[INFO] [stderr]    Compiling url v2.5.8
[INFO] [stderr]    Compiling md-5 v0.10.6
[INFO] [stderr]    Compiling vs-core v0.0.4 (/opt/rustwide/workdir)
[INFO] [stderr]    Compiling vs-registry v0.0.4
[INFO] [stderr]    Compiling hyper-util v0.1.20
[INFO] [stderr]    Compiling toml v0.8.23
[INFO] [stderr]    Compiling vs-shell v0.0.4
[INFO] [stderr]    Compiling vs-config v0.0.4
[INFO] [stderr]    Compiling vs-plugin-wasi v0.0.4
[INFO] [stderr]    Compiling rustls-webpki v0.103.10
[INFO] [stderr]    Compiling mlua v0.10.5
[INFO] [stderr]    Compiling tokio-rustls v0.26.4
[INFO] [stderr]    Compiling hyper-rustls v0.27.7
[INFO] [stderr]    Compiling reqwest v0.12.28
[INFO] [stderr]    Compiling vs-installer v0.0.4
[INFO] [stderr]    Compiling vs-plugin-lua v0.0.4
[INFO] [stderr] warning: unused dependency `anyhow`
[INFO] [stderr]  --> Cargo.toml:1:15
[INFO] [stderr]   |
[INFO] [stderr] 1 | [dependencies.anyhow]
[INFO] [stderr]   |               ^^^^^^^
[INFO] [stderr]   |
[INFO] [stderr]   = note: `cargo::unused_dependencies` is set to `warn` by default
[INFO] [stderr] help: consider removing the dependency on `anyhow`
[INFO] [stderr] warning: `vs-core` (manifest) generated 1 warning
[INFO] [stderr]     Finished `release` profile [optimized] target(s) in 2m 19s
[INFO] running `Command { std: "docker" "inspect" "70659502b68370d7ff51df77654027199f31ae1a30285ac9c3ce7bdd022b841d", kill_on_drop: false }`
[INFO] running `Command { std: "docker" "exec" "-e" "SOURCE_DIR=/opt/rustwide/workdir" "-e" "CARGO_HOME=/opt/rustwide/cargo-home" "-e" "RUSTUP_HOME=/opt/rustwide/rustup-home" "-e" "CARGO_TARGET_DIR=/opt/rustwide/target" "-e" "CARGO_INCREMENTAL=0" "-e" "RUST_BACKTRACE=full" "-e" "RUSTFLAGS=--cap-lints=warn" "-e" "RUSTDOCFLAGS=--cap-lints=warn" "-w" "/opt/rustwide/workdir" "--user" "0:0" "70659502b68370d7ff51df77654027199f31ae1a30285ac9c3ce7bdd022b841d" "/opt/rustwide/cargo-home/bin/cargo" "+1.100.0-beta.1" "test" "--frozen" "--no-run" "--message-format=json" "--release", kill_on_drop: false }`
[INFO] [stderr] warning: Cargo.toml: `lints.rust.future-incompatible` is deprecated in favor of `lints.rust.future_incompatible` and will not work in a future edition
[INFO] [stderr] warning: Cargo.toml: `lints.rust.nonstandard-style` is deprecated in favor of `lints.rust.nonstandard_style` and will not work in a future edition
[INFO] [stderr] warning: Cargo.toml: `lints.rust.rust-2018-idioms` is deprecated in favor of `lints.rust.rust_2018_idioms` and will not work in a future edition
[INFO] [stderr] warning: Cargo.toml: `lints.rust.rust-2021-prelude-collisions` is deprecated in favor of `lints.rust.rust_2021_prelude_collisions` and will not work in a future edition
[INFO] [stderr] warning: Cargo.toml: `lints.rust.unused-lifetimes` is deprecated in favor of `lints.rust.unused_lifetimes` and will not work in a future edition
[INFO] [stderr] warning: Cargo.toml: `lints.rust.unused-macro-rules` is deprecated in favor of `lints.rust.unused_macro_rules` and will not work in a future edition
[INFO] [stderr] warning: Cargo.toml: `lints.rust.unused-qualifications` is deprecated in favor of `lints.rust.unused_qualifications` and will not work in a future edition
[INFO] [stderr] warning: `package.homepage` is redundant with `package.repository`
[INFO] [stderr]    --> Cargo.toml:115:12
[INFO] [stderr]     |
[INFO] [stderr] 115 | homepage = "https://github.com/unsdk/vs"
[INFO] [stderr]     |            ^^^^^^^^^^^^^^^^^^^^^^^^^^^^^
[INFO] [stderr] ...
[INFO] [stderr] 119 | repository = "https://github.com/unsdk/vs"
[INFO] [stderr]     |              -----------------------------
[INFO] [stderr]     |
[INFO] [stderr]     = note: `cargo::redundant_homepage` is set to `warn` by default
[INFO] [stderr] help: consider removing `package.homepage`
[INFO] [stderr] warning: `vs-core` (manifest) generated 8 warnings
[INFO] [stderr]    Compiling vs-core v0.0.4 (/opt/rustwide/workdir)
[INFO] [stderr] warning: unused dependency `anyhow`
[INFO] [stderr]  --> Cargo.toml:1:15
[INFO] [stderr]   |
[INFO] [stderr] 1 | [dependencies.anyhow]
[INFO] [stderr]   |               ^^^^^^^
[INFO] [stderr]   |
[INFO] [stderr]   = note: `cargo::unused_dependencies` is set to `warn` by default
[INFO] [stderr] help: consider removing the dependency on `anyhow`
[INFO] [stderr] warning: `vs-core` (manifest) generated 1 warning
[INFO] [stderr]     Finished `release` profile [optimized] target(s) in 8.91s
[INFO] running `Command { std: "docker" "inspect" "70659502b68370d7ff51df77654027199f31ae1a30285ac9c3ce7bdd022b841d", kill_on_drop: false }`
[INFO] running `Command { std: "docker" "exec" "-e" "SOURCE_DIR=/opt/rustwide/workdir" "-e" "CARGO_HOME=/opt/rustwide/cargo-home" "-e" "RUSTUP_HOME=/opt/rustwide/rustup-home" "-e" "CARGO_TARGET_DIR=/opt/rustwide/target" "-e" "CARGO_INCREMENTAL=0" "-e" "RUST_BACKTRACE=full" "-e" "RUSTFLAGS=--cap-lints=warn" "-e" "RUSTDOCFLAGS=--cap-lints=warn" "-w" "/opt/rustwide/workdir" "--user" "0:0" "70659502b68370d7ff51df77654027199f31ae1a30285ac9c3ce7bdd022b841d" "/opt/rustwide/cargo-home/bin/cargo" "+1.100.0-beta.1" "test" "--frozen" "--release", kill_on_drop: false }`
[INFO] [stderr] warning: Cargo.toml: `lints.rust.future-incompatible` is deprecated in favor of `lints.rust.future_incompatible` and will not work in a future edition
[INFO] [stderr] warning: Cargo.toml: `lints.rust.nonstandard-style` is deprecated in favor of `lints.rust.nonstandard_style` and will not work in a future edition
[INFO] [stderr] warning: Cargo.toml: `lints.rust.rust-2018-idioms` is deprecated in favor of `lints.rust.rust_2018_idioms` and will not work in a future edition
[INFO] [stderr] warning: Cargo.toml: `lints.rust.rust-2021-prelude-collisions` is deprecated in favor of `lints.rust.rust_2021_prelude_collisions` and will not work in a future edition
[INFO] [stderr] warning: Cargo.toml: `lints.rust.unused-lifetimes` is deprecated in favor of `lints.rust.unused_lifetimes` and will not work in a future edition
[INFO] [stderr] warning: Cargo.toml: `lints.rust.unused-macro-rules` is deprecated in favor of `lints.rust.unused_macro_rules` and will not work in a future edition
[INFO] [stderr] warning: Cargo.toml: `lints.rust.unused-qualifications` is deprecated in favor of `lints.rust.unused_qualifications` and will not work in a future edition
[INFO] [stderr] warning: `package.homepage` is redundant with `package.repository`
[INFO] [stderr]    --> Cargo.toml:115:12
[INFO] [stderr]     |
[INFO] [stderr] 115 | homepage = "https://github.com/unsdk/vs"
[INFO] [stderr]     |            ^^^^^^^^^^^^^^^^^^^^^^^^^^^^^
[INFO] [stderr] ...
[INFO] [stderr] 119 | repository = "https://github.com/unsdk/vs"
[INFO] [stderr]     |              -----------------------------
[INFO] [stderr]     |
[INFO] [stderr]     = note: `cargo::redundant_homepage` is set to `warn` by default
[INFO] [stderr] help: consider removing `package.homepage`
[INFO] [stderr] warning: `vs-core` (manifest) generated 8 warnings
[INFO] [stderr] warning: unused dependency `anyhow`
[INFO] [stderr]  --> Cargo.toml:1:15
[INFO] [stderr]   |
[INFO] [stderr] 1 | [dependencies.anyhow]
[INFO] [stderr]   |               ^^^^^^^
[INFO] [stderr]   |
[INFO] [stderr]   = note: `cargo::unused_dependencies` is set to `warn` by default
[INFO] [stderr] help: consider removing the dependency on `anyhow`
[INFO] [stderr] warning: `vs-core` (manifest) generated 1 warning
[INFO] [stderr]     Finished `release` profile [optimized] target(s) in 0.26s
[INFO] [stderr]      Running unittests src/lib.rs (/opt/rustwide/target/release/build/vs-core/573988144842ae71/out/vs_core-573988144842ae71)
[INFO] [stdout] 
[INFO] [stdout] running 30 tests
[INFO] [stdout] test registry_source::tests::parse_registry_entries_should_accept_vfox_index_shape ... ok
[INFO] [stdout] test plugin_source::tests::is_remote_source_should_match_http_and_https ... ok
[INFO] [stdout] test registry_source::tests::parse_registry_entries_should_accept_real_vfox_index_shape ... ok
[INFO] [stdout] test plugin_source::tests::normalize_remote_plugin_archive_url_should_keep_archive_urls ... ok
[INFO] [stdout] test plugin_source::tests::github_repo_zipball_url_should_convert_repository_homepage ... ok
[INFO] [stdout] test registry_source::tests::registry_manifest_url_should_build_plugin_manifest_path ... ok
[INFO] [stdout] test service::exec::tests::resolve_command_path_should_skip_non_executable_candidates ... ok
[INFO] [stdout] test registry_source::tests::default_registry_source_should_be_remote ... ok
[INFO] [stdout] test service::upgrade::tests::release_archive_name_should_include_target_triple ... ok
[INFO] [stdout] test service::use_tool::tests::session_scope_should_require_shell_hooks_on_unix ... ok
[INFO] [stdout] test app::tests::env_state_hash_should_change_when_env_changes ... ok
[INFO] [stdout] test service::upgrade::tests::select_release_asset_should_match_expected_archive_name ... ok
[INFO] [stdout] test service::version::tests::build_metadata_should_be_injected_at_compile_time ... ok
[INFO] [stdout] test service::version::tests::build_variant_should_map_to_supported_labels ... ok
[INFO] [stdout] test tests::add_plugin_should_fallback_to_cached_registry_when_refresh_fails ... FAILED
[INFO] [stdout] test service::exec::tests::resolve_command_path_should_prefer_runtime_bin_directory ... ok
[INFO] [stdout] test tests::available_plugins_should_fallback_to_cached_registry_when_refresh_fails ... FAILED
[INFO] [stdout] test tests::available_plugins_should_bootstrap_registry_when_source_is_configured ... FAILED
[INFO] [stdout] test tests::project_tool_version_for_use_should_resolve_legacy_file ... ok
[INFO] [stdout] test service::use_tool::tests::use_tool_should_fail_when_requested_version_is_not_installed ... ok
[INFO] [stdout] test app::tests::build_env_should_fall_back_to_global_when_project_version_is_not_installed ... ok
[INFO] [stdout] test tests::available_hook_cache_should_return_cached_versions_when_enabled ... ok
[INFO] [stdout] test tests::storage_sdk_path_should_redirect_runtime_installs ... ok
[INFO] [stdout] test tests::use_tool_should_write_project_config ... ok
[INFO] [stdout] test service::use_tool::tests::use_tool_should_apply_pre_use_resolution ... ok
[INFO] [stdout] test app::tests::nushell_rendering_should_emit_unset_markers_for_stale_vars ... ok
[INFO] [stdout] test registry_source::tests::registry_index_url_should_append_index_json ... ok
[INFO] [stdout] test service::upgrade::tests::release_archive_name_should_include_feature_variant ... ok
[INFO] [stdout] test service::use_tool::tests::project_scope_should_not_require_shell_hooks ... ok
[INFO] [stdout] test tests::legacy_latest_installed_should_pick_the_newest_matching_runtime ... ok
[INFO] [stderr] error: test failed, to rerun pass `--lib`
[INFO] [stdout] 
[INFO] [stdout] failures:
[INFO] [stdout] 
[INFO] [stdout] ---- tests::add_plugin_should_fallback_to_cached_registry_when_refresh_fails stdout ----
[INFO] [stdout] Error: RegistrySource { path: "/opt/rustwide/workdir/../../fixtures/registry/index.json", message: "No such file or directory (os error 2)" }
[INFO] [stdout] 
[INFO] [stdout] ---- tests::available_plugins_should_fallback_to_cached_registry_when_refresh_fails stdout ----
[INFO] [stdout] Error: RegistrySource { path: "/opt/rustwide/workdir/../../fixtures/registry/index.json", message: "No such file or directory (os error 2)" }
[INFO] [stdout] 
[INFO] [stdout] ---- tests::available_plugins_should_bootstrap_registry_when_source_is_configured stdout ----
[INFO] [stdout] Error: RegistrySource { path: "/opt/rustwide/workdir/../../fixtures/registry/index.json", message: "No such file or directory (os error 2)" }
[INFO] [stdout] 
[INFO] [stdout] 
[INFO] [stdout] failures:
[INFO] [stdout]     tests::add_plugin_should_fallback_to_cached_registry_when_refresh_fails
[INFO] [stdout]     tests::available_plugins_should_bootstrap_registry_when_source_is_configured
[INFO] [stdout]     tests::available_plugins_should_fallback_to_cached_registry_when_refresh_fails
[INFO] [stdout] 
[INFO] [stdout] test result: FAILED. 27 passed; 3 failed; 0 ignored; 0 measured; 0 filtered out; finished in 0.07s
[INFO] [stdout] 
[INFO] running `Command { std: "docker" "inspect" "70659502b68370d7ff51df77654027199f31ae1a30285ac9c3ce7bdd022b841d", kill_on_drop: false }`
[INFO] running `Command { std: "docker" "rm" "-f" "70659502b68370d7ff51df77654027199f31ae1a30285ac9c3ce7bdd022b841d", kill_on_drop: false }`
[INFO] [stdout] 70659502b68370d7ff51df77654027199f31ae1a30285ac9c3ce7bdd022b841d
