[INFO] fetching crate vrsc-rpc 0.1.20...
[INFO] testing vrsc-rpc-0.1.20 against 1.100.0-beta.1+cargoflags=--release for beta-release-1.100-2
[INFO] extracting crate vrsc-rpc 0.1.20 into /workspace/builds/worker-0-tc2/source
[INFO] started tweaking crates.io crate vrsc-rpc 0.1.20
[INFO] finished tweaking crates.io crate vrsc-rpc 0.1.20
[INFO] tweaked toml for crates.io crate vrsc-rpc 0.1.20 written to /workspace/builds/worker-0-tc2/source/Cargo.toml
[INFO] validating manifest of crates.io crate vrsc-rpc 0.1.20 on toolchain 1.100.0-beta.1
[INFO] running `Command { std: CARGO_HOME="/workspace/cargo-home" RUSTUP_HOME="/workspace/rustup-home" "/workspace/cargo-home/bin/cargo" "+1.100.0-beta.1" "metadata" "--manifest-path" "Cargo.toml" "--no-deps", kill_on_drop: false }`
[INFO] running `Command { std: CARGO_HOME="/workspace/cargo-home" RUSTUP_HOME="/workspace/rustup-home" "/workspace/cargo-home/bin/cargo" "+1.100.0-beta.1" "generate-lockfile" "--manifest-path" "Cargo.toml", kill_on_drop: false }`
[INFO] [stderr]     Updating crates.io index
[INFO] [stderr]      Locking 122 packages to highest compatible versions
[INFO] [stderr]       Adding dirs v5.0.1 (available: v7.0.0)
[INFO] [stderr]       Adding jsonrpc v0.12.1 (available: v0.21.0)
[INFO] [stderr]       Adding serde_with v2.3.3 (available: v3.24.0)
[INFO] running `Command { std: CARGO_HOME="/workspace/cargo-home" RUSTUP_HOME="/workspace/rustup-home" "/workspace/cargo-home/bin/cargo" "+1.100.0-beta.1" "fetch" "--manifest-path" "Cargo.toml", kill_on_drop: false }`
[INFO] running `Command { std: "docker" "create" "-v" "/var/lib/crater-agent-workspace/builds/worker-0-tc2/source:/opt/rustwide/workdir:ro,Z" "-v" "/var/lib/crater-agent-workspace/builds/worker-0-tc2/target:/opt/rustwide/target:rw,Z" "-v" "/var/lib/crater-agent-workspace/cargo-home:/opt/rustwide/cargo-home:ro,Z" "-v" "/var/lib/crater-agent-workspace/rustup-home:/opt/rustwide/rustup-home:ro,Z" "-m" "1610612736" "--network" "none" "ghcr.io/rust-lang/crates-build-env/linux@sha256:77db811e55d90add9212f6832c23229e3de5f1c1f9905e8cb07319ea15df73ac" "sleep" "infinity", kill_on_drop: false }`
[INFO] [stdout] ac2f87d47b7618f38230a0d1e7b38261f3fda899eb58b20c6918a4e42c5992ad
[INFO] running `Command { std: "docker" "start" "ac2f87d47b7618f38230a0d1e7b38261f3fda899eb58b20c6918a4e42c5992ad", kill_on_drop: false }`
[INFO] running `Command { std: "docker" "inspect" "ac2f87d47b7618f38230a0d1e7b38261f3fda899eb58b20c6918a4e42c5992ad", kill_on_drop: false }`
[INFO] running `Command { std: "docker" "exec" "-e" "SOURCE_DIR=/opt/rustwide/workdir" "-e" "CARGO_HOME=/opt/rustwide/cargo-home" "-e" "RUSTUP_HOME=/opt/rustwide/rustup-home" "-e" "CARGO_TARGET_DIR=/opt/rustwide/target" "-w" "/opt/rustwide/workdir" "--user" "0:0" "ac2f87d47b7618f38230a0d1e7b38261f3fda899eb58b20c6918a4e42c5992ad" "/opt/rustwide/cargo-home/bin/cargo" "+1.100.0-beta.1" "metadata" "--no-deps" "--format-version=1", kill_on_drop: false }`
[INFO] running `Command { std: "docker" "inspect" "ac2f87d47b7618f38230a0d1e7b38261f3fda899eb58b20c6918a4e42c5992ad", kill_on_drop: false }`
[INFO] running `Command { std: "docker" "exec" "-e" "SOURCE_DIR=/opt/rustwide/workdir" "-e" "CARGO_HOME=/opt/rustwide/cargo-home" "-e" "RUSTUP_HOME=/opt/rustwide/rustup-home" "-e" "CARGO_TARGET_DIR=/opt/rustwide/target" "-e" "CARGO_INCREMENTAL=0" "-e" "RUST_BACKTRACE=full" "-e" "RUSTFLAGS=--cap-lints=warn" "-e" "RUSTDOCFLAGS=--cap-lints=warn" "-w" "/opt/rustwide/workdir" "--user" "0:0" "ac2f87d47b7618f38230a0d1e7b38261f3fda899eb58b20c6918a4e42c5992ad" "/opt/rustwide/cargo-home/bin/cargo" "+1.100.0-beta.1" "build" "--frozen" "--message-format=json" "--release", kill_on_drop: false }`
[INFO] [stderr]    Compiling find-msvc-tools v0.1.14
[INFO] [stderr]    Compiling serde_core v1.0.229
[INFO] [stderr]    Compiling serde v1.0.229
[INFO] [stderr]    Compiling strsim v0.11.1
[INFO] [stderr]    Compiling ident_case v1.0.1
[INFO] [stderr]    Compiling proc-macro2 v1.0.107
[INFO] [stderr]    Compiling libc v0.2.191
[INFO] [stderr]    Compiling serde_json v1.0.154
[INFO] [stderr]    Compiling nix v0.31.3
[INFO] [stderr]    Compiling bitcoin_hashes v0.9.7
[INFO] [stderr]    Compiling cc v1.8.0
[INFO] [stderr]    Compiling bech32 v0.7.3
[INFO] [stderr]    Compiling bech32 v0.9.1
[INFO] [stderr]    Compiling bitcoin_hashes v0.10.0
[INFO] [stderr]    Compiling quote v1.0.47
[INFO] [stderr]    Compiling tracing-core v0.1.36
[INFO] [stderr]    Compiling base64-compat v1.0.0
[INFO] [stderr]    Compiling syn v3.0.9
[INFO] [stderr]    Compiling syn v2.0.119
[INFO] [stderr]    Compiling secp256k1-sys v0.4.2
[INFO] [stderr]    Compiling secp256k1-sys v0.3.0
[INFO] [stderr]    Compiling secp256k1-sys v0.6.1
[INFO] [stderr]    Compiling serde_derive v1.0.229
[INFO] [stderr]    Compiling dirs-sys v0.4.1
[INFO] [stderr]    Compiling dirs v5.0.1
[INFO] [stderr]    Compiling darling_core v0.20.11
[INFO] [stderr]    Compiling tracing-attributes v0.1.31
[INFO] [stderr]    Compiling darling_macro v0.20.11
[INFO] [stderr]    Compiling secp256k1 v0.19.0
[INFO] [stderr]    Compiling darling v0.20.11
[INFO] [stderr]    Compiling serde_with_macros v2.3.3
[INFO] [stderr]    Compiling bitcoin_hashes v0.11.0
[INFO] [stderr]    Compiling jsonrpc v0.12.1
[INFO] [stderr]    Compiling os_info v3.15.0
[INFO] [stderr]    Compiling secp256k1 v0.20.3
[INFO] [stderr]    Compiling tracing v0.1.44
[INFO] [stderr]    Compiling serde_with v2.3.3
[INFO] [stderr]    Compiling bitcoin v0.26.2
[INFO] [stderr]    Compiling secp256k1 v0.24.3
[INFO] [stderr]    Compiling bitcoin v0.29.2
[INFO] [stderr]    Compiling vrsc v0.0.1
[INFO] [stderr]    Compiling vrsc-rpc-json v0.1.20
[INFO] [stderr]    Compiling vrsc-rpc v0.1.20 (/opt/rustwide/workdir)
[INFO] [stderr]     Finished `release` profile [optimized] target(s) in 1m 40s
[INFO] running `Command { std: "docker" "inspect" "ac2f87d47b7618f38230a0d1e7b38261f3fda899eb58b20c6918a4e42c5992ad", kill_on_drop: false }`
[INFO] running `Command { std: "docker" "exec" "-e" "SOURCE_DIR=/opt/rustwide/workdir" "-e" "CARGO_HOME=/opt/rustwide/cargo-home" "-e" "RUSTUP_HOME=/opt/rustwide/rustup-home" "-e" "CARGO_TARGET_DIR=/opt/rustwide/target" "-e" "CARGO_INCREMENTAL=0" "-e" "RUST_BACKTRACE=full" "-e" "RUSTFLAGS=--cap-lints=warn" "-e" "RUSTDOCFLAGS=--cap-lints=warn" "-w" "/opt/rustwide/workdir" "--user" "0:0" "ac2f87d47b7618f38230a0d1e7b38261f3fda899eb58b20c6918a4e42c5992ad" "/opt/rustwide/cargo-home/bin/cargo" "+1.100.0-beta.1" "test" "--frozen" "--no-run" "--message-format=json" "--release", kill_on_drop: false }`
[INFO] [stderr]    Compiling vrsc-rpc v0.1.20 (/opt/rustwide/workdir)
[INFO] [stderr]     Finished `release` profile [optimized] target(s) in 1.40s
[INFO] running `Command { std: "docker" "inspect" "ac2f87d47b7618f38230a0d1e7b38261f3fda899eb58b20c6918a4e42c5992ad", kill_on_drop: false }`
[INFO] running `Command { std: "docker" "exec" "-e" "SOURCE_DIR=/opt/rustwide/workdir" "-e" "CARGO_HOME=/opt/rustwide/cargo-home" "-e" "RUSTUP_HOME=/opt/rustwide/rustup-home" "-e" "CARGO_TARGET_DIR=/opt/rustwide/target" "-e" "CARGO_INCREMENTAL=0" "-e" "RUST_BACKTRACE=full" "-e" "RUSTFLAGS=--cap-lints=warn" "-e" "RUSTDOCFLAGS=--cap-lints=warn" "-w" "/opt/rustwide/workdir" "--user" "0:0" "ac2f87d47b7618f38230a0d1e7b38261f3fda899eb58b20c6918a4e42c5992ad" "/opt/rustwide/cargo-home/bin/cargo" "+1.100.0-beta.1" "test" "--frozen" "--release", kill_on_drop: false }`
[INFO] [stderr]     Finished `release` profile [optimized] target(s) in 0.11s
[INFO] [stderr]      Running unittests src/lib.rs (/opt/rustwide/target/release/build/vrsc-rpc/8732bd302ed948e2/out/vrsc_rpc-8732bd302ed948e2)
[INFO] [stdout] 
[INFO] [stdout] running 1 test
[INFO] [stdout] test client::tests::get_config ... FAILED
[INFO] [stdout] 
[INFO] [stdout] failures:
[INFO] [stdout] 
[INFO] [stdout] ---- client::tests::get_config stdout ----
[INFO] [stdout] [src/chain_config.rs:28:15] os_info::get().os_type() = Ubuntu
[INFO] [stdout] [src/chain_config.rs:50:13] &full_path = "/root/.komodo"
[INFO] [stdout] 
[INFO] [stdout] thread 'client::tests::get_config' (976) panicked at src/client.rs:1126:51:
[INFO] [stdout] called `Result::unwrap()` on an `Err` value: IOError(Kind(NotFound))
[INFO] [stdout] stack backtrace:
[INFO] [stdout]    0:     0x61cf86a355f1 - <<std[617be2ca0a6fd877]::sys::backtrace::BacktraceLock>::print::DisplayBacktrace as core[a373ad73a504971]::fmt::Display>::fmt
[INFO] [stdout]    1:     0x61cf86a4b2ba - core[a373ad73a504971]::fmt::write
[INFO] [stdout]    2:     0x61cf86a39e2c - <alloc[2e1b2a31b91974c5]::vec::Vec<u8> as core[a373ad73a504971]::io::write::Write>::write_fmt
[INFO] [stdout]    3:     0x61cf86a101c6 - std[617be2ca0a6fd877]::panicking::default_hook::{closure#0}
[INFO] [stdout]    4:     0x61cf86a2d379 - std[617be2ca0a6fd877]::panicking::default_hook
[INFO] [stdout]    5:     0x61cf869ac3d0 - test[aada8e7e76ba119b]::test_main_inner::{closure#0}
[INFO] [stdout]    6:     0x61cf86a2d532 - std[617be2ca0a6fd877]::panicking::panic_with_hook
[INFO] [stdout]    7:     0x61cf86a10272 - std[617be2ca0a6fd877]::panicking::panic_handler::{closure#0}
[INFO] [stdout]    8:     0x61cf86a08d19 - std[617be2ca0a6fd877]::sys::backtrace::__rust_end_short_backtrace::<std[617be2ca0a6fd877]::panicking::panic_handler::{closure#0}, !>
[INFO] [stdout]    9:     0x61cf86a1106d - __rustc[ea4f61d10b84890b]::rust_begin_unwind
[INFO] [stdout]   10:     0x61cf86a4ba1c - core[a373ad73a504971]::panicking::panic_fmt
[INFO] [stdout]   11:     0x61cf86a4b7f2 - core[a373ad73a504971]::result::unwrap_failed
[INFO] [stdout]   12:     0x61cf8699f312 - <vrsc_rpc[9f62de4906ffdefe]::client::tests::get_config::{closure#0} as core[a373ad73a504971]::ops::function::FnOnce<()>>::call_once
[INFO] [stdout]   13:     0x61cf8699f81b - test[aada8e7e76ba119b]::__rust_begin_short_backtrace::<core[a373ad73a504971]::result::Result<(), alloc[2e1b2a31b91974c5]::string::String>, fn() -> core[a373ad73a504971]::result::Result<(), alloc[2e1b2a31b91974c5]::string::String>>
[INFO] [stdout]   14:     0x61cf869ac9f5 - test[aada8e7e76ba119b]::run_test::{closure#0}
[INFO] [stdout]   15:     0x61cf869a62e4 - std[617be2ca0a6fd877]::sys::backtrace::__rust_begin_short_backtrace::<test[aada8e7e76ba119b]::run_test::{closure#1}, ()>
[INFO] [stdout]   16:     0x61cf869afa82 - <std[617be2ca0a6fd877]::thread::lifecycle::spawn_unchecked<test[aada8e7e76ba119b]::run_test::{closure#1}, ()>::{closure#1} as core[a373ad73a504971]::ops::function::FnOnce<()>>::call_once::{shim:vtable#0}
[INFO] [stdout]   17:     0x61cf86a3474f - <std[617be2ca0a6fd877]::sys::thread::unix::Thread>::new::thread_start
[INFO] [stdout]   18:     0x71667d536dfa - <unknown>
[INFO] [stdout]   19:     0x71667d5ca3d4 - clone
[INFO] [stdout]   20:                0x0 - <unknown>
[INFO] [stdout] 
[INFO] [stdout] 
[INFO] [stdout] failures:
[INFO] [stdout]     client::tests::get_config
[INFO] [stdout] 
[INFO] [stdout] test result: FAILED. 0 passed; 1 failed; 0 ignored; 0 measured; 0 filtered out; finished in 0.01s
[INFO] [stdout] 
[INFO] [stderr] error: test failed, to rerun pass `--lib`
[INFO] running `Command { std: "docker" "inspect" "ac2f87d47b7618f38230a0d1e7b38261f3fda899eb58b20c6918a4e42c5992ad", kill_on_drop: false }`
[INFO] running `Command { std: "docker" "rm" "-f" "ac2f87d47b7618f38230a0d1e7b38261f3fda899eb58b20c6918a4e42c5992ad", kill_on_drop: false }`
[INFO] [stdout] ac2f87d47b7618f38230a0d1e7b38261f3fda899eb58b20c6918a4e42c5992ad
