[INFO] fetching crate vpn-kill-switch 0.8.3...
[INFO] testing vpn-kill-switch-0.8.3 against 1.99.0-beta.8+cargoflags=--release for beta-release-1.100-2
[INFO] extracting crate vpn-kill-switch 0.8.3 into /workspace/builds/worker-7-tc1/source
[INFO] started tweaking crates.io crate vpn-kill-switch 0.8.3
[INFO] finished tweaking crates.io crate vpn-kill-switch 0.8.3
[INFO] tweaked toml for crates.io crate vpn-kill-switch 0.8.3 written to /workspace/builds/worker-7-tc1/source/Cargo.toml
[INFO] validating manifest of crates.io crate vpn-kill-switch 0.8.3 on toolchain 1.99.0-beta.8
[INFO] running `Command { std: CARGO_HOME="/workspace/cargo-home" RUSTUP_HOME="/workspace/rustup-home" "/workspace/cargo-home/bin/cargo" "+1.99.0-beta.8" "metadata" "--manifest-path" "Cargo.toml" "--no-deps", kill_on_drop: false }`
[INFO] crate crates.io crate vpn-kill-switch 0.8.3 already has a lockfile, it will not be regenerated
[INFO] running `Command { std: CARGO_HOME="/workspace/cargo-home" RUSTUP_HOME="/workspace/rustup-home" "/workspace/cargo-home/bin/cargo" "+1.99.0-beta.8" "fetch" "--manifest-path" "Cargo.toml", kill_on_drop: false }`
[INFO] running `Command { std: "docker" "create" "-v" "/var/lib/crater-agent-workspace/builds/worker-7-tc1/source:/opt/rustwide/workdir:ro,Z" "-v" "/var/lib/crater-agent-workspace/builds/worker-7-tc1/target:/opt/rustwide/target:rw,Z" "-v" "/var/lib/crater-agent-workspace/cargo-home:/opt/rustwide/cargo-home:ro,Z" "-v" "/var/lib/crater-agent-workspace/rustup-home:/opt/rustwide/rustup-home:ro,Z" "-m" "1610612736" "--network" "none" "ghcr.io/rust-lang/crates-build-env/linux@sha256:77db811e55d90add9212f6832c23229e3de5f1c1f9905e8cb07319ea15df73ac" "sleep" "infinity", kill_on_drop: false }`
[INFO] [stdout] c57f9754c374e267e6cc7f6013bb6906eaa7850eeea91b30db9e8742a8828358
[INFO] running `Command { std: "docker" "start" "c57f9754c374e267e6cc7f6013bb6906eaa7850eeea91b30db9e8742a8828358", kill_on_drop: false }`
[INFO] running `Command { std: "docker" "inspect" "c57f9754c374e267e6cc7f6013bb6906eaa7850eeea91b30db9e8742a8828358", kill_on_drop: false }`
[INFO] running `Command { std: "docker" "exec" "-e" "SOURCE_DIR=/opt/rustwide/workdir" "-e" "CARGO_HOME=/opt/rustwide/cargo-home" "-e" "RUSTUP_HOME=/opt/rustwide/rustup-home" "-e" "CARGO_TARGET_DIR=/opt/rustwide/target" "-w" "/opt/rustwide/workdir" "--user" "0:0" "c57f9754c374e267e6cc7f6013bb6906eaa7850eeea91b30db9e8742a8828358" "/opt/rustwide/cargo-home/bin/cargo" "+1.99.0-beta.8" "metadata" "--no-deps" "--format-version=1", kill_on_drop: false }`
[INFO] running `Command { std: "docker" "inspect" "c57f9754c374e267e6cc7f6013bb6906eaa7850eeea91b30db9e8742a8828358", kill_on_drop: false }`
[INFO] running `Command { std: "docker" "exec" "-e" "SOURCE_DIR=/opt/rustwide/workdir" "-e" "CARGO_HOME=/opt/rustwide/cargo-home" "-e" "RUSTUP_HOME=/opt/rustwide/rustup-home" "-e" "CARGO_TARGET_DIR=/opt/rustwide/target" "-e" "CARGO_INCREMENTAL=0" "-e" "RUST_BACKTRACE=full" "-e" "RUSTFLAGS=--cap-lints=warn" "-e" "RUSTDOCFLAGS=--cap-lints=warn" "-w" "/opt/rustwide/workdir" "--user" "0:0" "c57f9754c374e267e6cc7f6013bb6906eaa7850eeea91b30db9e8742a8828358" "/opt/rustwide/cargo-home/bin/cargo" "+1.99.0-beta.8" "build" "--frozen" "--message-format=json" "--release", kill_on_drop: false }`
[INFO] [stderr]    Compiling proc-macro2 v1.0.106
[INFO] [stderr]    Compiling quote v1.0.45
[INFO] [stderr]    Compiling unicode-ident v1.0.24
[INFO] [stderr]    Compiling stable_deref_trait v1.2.1
[INFO] [stderr]    Compiling libc v0.2.185
[INFO] [stderr]    Compiling find-msvc-tools v0.1.9
[INFO] [stderr]    Compiling litemap v0.8.2
[INFO] [stderr]    Compiling writeable v0.6.3
[INFO] [stderr]    Compiling shlex v1.3.0
[INFO] [stderr]    Compiling pkg-config v0.3.33
[INFO] [stderr]    Compiling icu_normalizer_data v2.2.0
[INFO] [stderr]    Compiling icu_properties_data v2.2.0
[INFO] [stderr]    Compiling utf8_iter v1.0.4
[INFO] [stderr]    Compiling vcpkg v0.2.15
[INFO] [stderr]    Compiling autocfg v1.5.0
[INFO] [stderr]    Compiling smallvec v1.15.1
[INFO] [stderr]    Compiling percent-encoding v2.3.2
[INFO] [stderr]    Compiling bitflags v2.11.1
[INFO] [stderr]    Compiling utf8parse v0.2.2
[INFO] [stderr]    Compiling form_urlencoded v1.2.2
[INFO] [stderr]    Compiling log v0.4.29
[INFO] [stderr]    Compiling anstyle-parse v1.0.0
[INFO] [stderr]    Compiling is_terminal_polyfill v1.70.2
[INFO] [stderr]    Compiling colorchoice v1.0.5
[INFO] [stderr]    Compiling anstyle-query v1.1.5
[INFO] [stderr]    Compiling anstyle v1.0.14
[INFO] [stderr]    Compiling cfg_aliases v0.2.1
[INFO] [stderr]    Compiling anyhow v1.0.102
[INFO] [stderr]    Compiling strsim v0.11.1
[INFO] [stderr]    Compiling clap_lex v1.1.0
[INFO] [stderr]    Compiling cfg-if v1.0.4
[INFO] [stderr]    Compiling nix v0.31.2
[INFO] [stderr]    Compiling iana-time-zone v0.1.65
[INFO] [stderr]    Compiling anstream v1.0.0
[INFO] [stderr]    Compiling memoffset v0.9.1
[INFO] [stderr]    Compiling num-traits v0.2.19
[INFO] [stderr]    Compiling clap_builder v4.6.0
[INFO] [stderr]    Compiling syn v2.0.117
[INFO] [stderr]    Compiling chrono v0.4.44
[INFO] [stderr]    Compiling jobserver v0.1.34
[INFO] [stderr]    Compiling cc v1.2.60
[INFO] [stderr]    Compiling synstructure v0.13.2
[INFO] [stderr]    Compiling zerovec-derive v0.11.3
[INFO] [stderr]    Compiling displaydoc v0.2.5
[INFO] [stderr]    Compiling libz-sys v1.1.28
[INFO] [stderr]    Compiling libgit2-sys v0.18.3+1.9.2
[INFO] [stderr]    Compiling zerofrom-derive v0.1.7
[INFO] [stderr]    Compiling yoke-derive v0.8.2
[INFO] [stderr]    Compiling clap v4.6.1
[INFO] [stderr]    Compiling zerofrom v0.1.7
[INFO] [stderr]    Compiling yoke v0.8.2
[INFO] [stderr]    Compiling zerotrie v0.2.4
[INFO] [stderr]    Compiling zerovec v0.11.6
[INFO] [stderr]    Compiling tinystr v0.8.3
[INFO] [stderr]    Compiling potential_utf v0.1.5
[INFO] [stderr]    Compiling icu_locale_core v2.2.0
[INFO] [stderr]    Compiling icu_collections v2.2.0
[INFO] [stderr]    Compiling icu_provider v2.2.0
[INFO] [stderr]    Compiling icu_normalizer v2.2.0
[INFO] [stderr]    Compiling icu_properties v2.2.0
[INFO] [stderr]    Compiling idna_adapter v1.2.1
[INFO] [stderr]    Compiling idna v1.1.0
[INFO] [stderr]    Compiling url v2.5.8
[INFO] [stderr]    Compiling git2 v0.20.4
[INFO] [stderr]    Compiling built v0.8.0
[INFO] [stderr]    Compiling vpn-kill-switch v0.8.3 (/opt/rustwide/workdir)
[INFO] [stderr]     Finished `release` profile [optimized] target(s) in 54.67s
[INFO] running `Command { std: "docker" "inspect" "c57f9754c374e267e6cc7f6013bb6906eaa7850eeea91b30db9e8742a8828358", kill_on_drop: false }`
[INFO] running `Command { std: "docker" "exec" "-e" "SOURCE_DIR=/opt/rustwide/workdir" "-e" "CARGO_HOME=/opt/rustwide/cargo-home" "-e" "RUSTUP_HOME=/opt/rustwide/rustup-home" "-e" "CARGO_TARGET_DIR=/opt/rustwide/target" "-e" "CARGO_INCREMENTAL=0" "-e" "RUST_BACKTRACE=full" "-e" "RUSTFLAGS=--cap-lints=warn" "-e" "RUSTDOCFLAGS=--cap-lints=warn" "-w" "/opt/rustwide/workdir" "--user" "0:0" "c57f9754c374e267e6cc7f6013bb6906eaa7850eeea91b30db9e8742a8828358" "/opt/rustwide/cargo-home/bin/cargo" "+1.99.0-beta.8" "test" "--frozen" "--no-run" "--message-format=json" "--release", kill_on_drop: false }`
[INFO] [stderr]    Compiling vpn-kill-switch v0.8.3 (/opt/rustwide/workdir)
[INFO] [stderr]     Finished `release` profile [optimized] target(s) in 20.11s
[INFO] running `Command { std: "docker" "inspect" "c57f9754c374e267e6cc7f6013bb6906eaa7850eeea91b30db9e8742a8828358", kill_on_drop: false }`
[INFO] running `Command { std: "docker" "exec" "-e" "SOURCE_DIR=/opt/rustwide/workdir" "-e" "CARGO_HOME=/opt/rustwide/cargo-home" "-e" "RUSTUP_HOME=/opt/rustwide/rustup-home" "-e" "CARGO_TARGET_DIR=/opt/rustwide/target" "-e" "CARGO_INCREMENTAL=0" "-e" "RUST_BACKTRACE=full" "-e" "RUSTFLAGS=--cap-lints=warn" "-e" "RUSTDOCFLAGS=--cap-lints=warn" "-w" "/opt/rustwide/workdir" "--user" "0:0" "c57f9754c374e267e6cc7f6013bb6906eaa7850eeea91b30db9e8742a8828358" "/opt/rustwide/cargo-home/bin/cargo" "+1.99.0-beta.8" "test" "--frozen" "--release", kill_on_drop: false }`
[INFO] [stderr]     Finished `release` profile [optimized] target(s) in 0.10s
[INFO] [stderr]      Running unittests src/lib.rs (/opt/rustwide/target/release/deps/killswitch-cf478c9de95536a5)
[INFO] [stdout] 
[INFO] [stdout] running 45 tests
[INFO] [stdout] test cli::actions::tests::test_action_variants ... ok
[INFO] [stdout] test cli::actions::run::tests::test_action_enable_requires_root ... ok
[INFO] [stdout] test cli::commands::tests::test_verbose_count ... ok
[INFO] [stdout] test cli::commands::tests::test_command_metadata ... ok
[INFO] [stdout] test cli::dispatch::tests::test_handler_disable ... ok
[INFO] [stdout] test cli::commands::tests::verify_command ... ok
[INFO] [stdout] test cli::dispatch::tests::test_handler_no_action ... ok
[INFO] [stdout] test cli::commands::tests::test_disable_flag ... ok
[INFO] [stdout] test cli::dispatch::tests::test_handler_enable_with_options ... ok
[INFO] [stdout] test cli::dispatch::tests::test_handler_print ... ok
[INFO] [stdout] test cli::commands::tests::test_enable_flag ... ok
[INFO] [stdout] test cli::dispatch::tests::test_handler_enable ... ok
[INFO] [stdout] test cli::dispatch::tests::test_handler_status ... ok
[INFO] [stdout] test cli::start::tests::test_start_compiles ... ok
[INFO] [stdout] test cli::verbosity::tests::test_verbosity_from_count ... ok
[INFO] [stdout] test cli::verbosity::tests::test_verbosity_is_debug ... ok
[INFO] [stdout] test cli::verbosity::tests::test_verbosity_is_verbose ... ok
[INFO] [stdout] test cli::actions::run::tests::test_action_print_rejects_private_ip ... ok
[INFO] [stdout] test killswitch::network::tests::test_is_valid_vpn_peer_rejects_invalid ... ok
[INFO] [stdout] test killswitch::network::tests::test_is_valid_vpn_peer_public_ips ... ok
[INFO] [stdout] test killswitch::network::tests::test_extract_route_destination_default_returns_none ... ok
[INFO] [stdout] test killswitch::network::tests::test_extract_route_destination_reads_first_column ... ok
[INFO] [stdout] test killswitch::network::tests::test_is_valid_vpn_peer_rejects_ipv6 ... ok
[INFO] [stdout] test killswitch::network::tests::test_extract_route_destination_ugsc ... ok
[INFO] [stdout] test killswitch::network::tests::test_is_valid_vpn_peer_rejects_multicast ... ok
[INFO] [stdout] test killswitch::network::tests::test_extract_route_destination_ugsh ... ok
[INFO] [stdout] test killswitch::network::tests::test_is_valid_vpn_peer_rejects_private ... ok
[INFO] [stdout] test killswitch::network::tests::test_hex_to_cidr ... ok
[INFO] [stdout] test killswitch::network::tests::test_hex_to_cidr_invalid ... ok
[INFO] [stdout] test killswitch::network::tests::test_is_valid_vpn_peer_boundary_private_ranges ... ok
[INFO] [stdout] test killswitch::network::tests::test_strip_port_bare_ipv6 ... ok
[INFO] [stdout] test killswitch::network::tests::test_strip_port_bare_hostname ... ok
[INFO] [stdout] test killswitch::network::tests::test_strip_port_hostname_with_port ... ok
[INFO] [stdout] test killswitch::network::tests::test_strip_port_ipv4_with_port ... ok
[INFO] [stdout] test killswitch::rules::tests::test_extract_network ... ok
[INFO] [stdout] test killswitch::rules::tests::test_hex_to_cidr ... ok
[INFO] [stdout] test killswitch::network::tests::test_is_valid_vpn_peer_rejects_special ... ok
[INFO] [stdout] test killswitch::network::tests::test_strip_port_bare_ipv4 ... ok
[INFO] [stdout] test killswitch::network::tests::test_strip_port_ipv6_bracketed_with_port ... ok
[INFO] [stdout] test cli::actions::run::tests::test_action_disable_requires_root ... ok
[INFO] [stdout] test cli::actions::run::tests::test_action_print_with_options ... FAILED
[INFO] [stdout] test cli::actions::run::tests::test_action_print_execution ... FAILED
[INFO] [stdout] test killswitch::rules::tests::test_generate_with_leak ... FAILED
[INFO] [stdout] test killswitch::rules::tests::test_generate_basic ... FAILED
[INFO] [stdout] test cli::actions::tests::test_action_debug_format ... ok
[INFO] [stderr] error: test failed, to rerun pass `--lib`
[INFO] [stdout] 
[INFO] [stdout] failures:
[INFO] [stdout] 
[INFO] [stdout] ---- cli::actions::run::tests::test_action_print_with_options stdout ----
[INFO] [stdout] 
[INFO] [stdout] thread 'cli::actions::run::tests::test_action_print_with_options' (1894) panicked at src/cli/actions/run.rs:103:9:
[INFO] [stdout] assertion failed: result.is_ok()
[INFO] [stdout] stack backtrace:
[INFO] [stdout]    0:     0x56d2231fdf75 - <unknown>
[INFO] [stdout]    1:     0x56d2231e43ea - <unknown>
[INFO] [stdout]    2:     0x56d2231fd60b - <unknown>
[INFO] [stdout]    3:     0x56d2231fd0ef - <unknown>
[INFO] [stdout]    4:     0x56d2231fcd1a - <unknown>
[INFO] [stdout]    5:     0x56d2231fc852 - <unknown>
[INFO] [stdout]    6:     0x56d223223c82 - <unknown>
[INFO] [stdout]    7:     0x56d223223c09 - <unknown>
[INFO] [stdout]    8:     0x56d22322411c - <unknown>
[INFO] [stdout]    9:     0x56d2231e427b - <unknown>
[INFO] [stdout]   10:     0x56d2231e60d1 - <unknown>
[INFO] [stdout]   11:     0x56d2231977d7 - <unknown>
[INFO] [stdout]   12:     0x56d22323ec3b - <unknown>
[INFO] [stdout]   13:     0x56d22323adb1 - <unknown>
[INFO] [stdout]   14:     0x56d22323a59c - <unknown>
[INFO] [stdout]   15:     0x56d223256bbc - <unknown>
[INFO] [stdout]   16:     0x56d223225542 - <unknown>
[INFO] [stdout]   17:     0x76f96cc37dfa - <unknown>
[INFO] [stdout]   18:     0x76f96cccb3d4 - clone
[INFO] [stdout]   19:                0x0 - <unknown>
[INFO] [stdout] 
[INFO] [stdout] ---- cli::actions::run::tests::test_action_print_execution stdout ----
[INFO] [stdout] 
[INFO] [stdout] thread 'cli::actions::run::tests::test_action_print_execution' (1892) panicked at src/cli/actions/run.rs:89:9:
[INFO] [stdout] assertion failed: result.is_ok()
[INFO] [stdout] stack backtrace:
[INFO] [stdout]    0:     0x56d2231fdf75 - <unknown>
[INFO] [stdout]    1:     0x56d2231e43ea - <unknown>
[INFO] [stdout]    2:     0x56d2231fd60b - <unknown>
[INFO] [stdout]    3:     0x56d2231fd0ef - <unknown>
[INFO] [stdout]    4:     0x56d2231fcd1a - <unknown>
[INFO] [stdout]    5:     0x56d2231fc852 - <unknown>
[INFO] [stdout]    6:     0x56d223223c82 - <unknown>
[INFO] [stdout]    7:     0x56d223223c09 - <unknown>
[INFO] [stdout]    8:     0x56d22322411c - <unknown>
[INFO] [stdout]    9:     0x56d2231e427b - <unknown>
[INFO] [stdout]   10:     0x56d2231e60d1 - <unknown>
[INFO] [stdout]   11:     0x56d2231976f7 - <unknown>
[INFO] [stdout]   12:     0x56d22323ec3b - <unknown>
[INFO] [stdout]   13:     0x56d22323adb1 - <unknown>
[INFO] [stdout]   14:     0x56d22323a59c - <unknown>
[INFO] [stdout]   15:     0x56d223256bbc - <unknown>
[INFO] [stdout]   16:     0x56d223225542 - <unknown>
[INFO] [stdout]   17:     0x76f96cc37dfa - <unknown>
[INFO] [stdout]   18:     0x76f96cccb3d4 - clone
[INFO] [stdout]   19:                0x0 - <unknown>
[INFO] [stdout] 
[INFO] [stdout] ---- killswitch::rules::tests::test_generate_with_leak stdout ----
[INFO] [stdout] 
[INFO] [stdout] thread 'killswitch::rules::tests::test_generate_with_leak' (1935) panicked at src/killswitch/rules.rs:144:77:
[INFO] [stdout] called `Result::unwrap()` on an `Err` value: Failed to execute ifconfig
[INFO] [stdout] 
[INFO] [stdout] Caused by:
[INFO] [stdout]     No such file or directory (os error 2)
[INFO] [stdout] 
[INFO] [stdout] Stack backtrace:
[INFO] [stdout]    0: <unknown>
[INFO] [stdout]    1: <unknown>
[INFO] [stdout]    2: <unknown>
[INFO] [stdout]    3: <unknown>
[INFO] [stdout]    4: <unknown>
[INFO] [stdout]    5: <unknown>
[INFO] [stdout]    6: <unknown>
[INFO] [stdout]    7: <unknown>
[INFO] [stdout]    8: <unknown>
[INFO] [stdout]    9: <unknown>
[INFO] [stdout]   10: clone
[INFO] [stdout] stack backtrace:
[INFO] [stdout]    0:     0x56d2231fdf75 - <unknown>
[INFO] [stdout]    1:     0x56d2231e43ea - <unknown>
[INFO] [stdout]    2:     0x56d2231fd60b - <unknown>
[INFO] [stdout]    3:     0x56d2231fd0ef - <unknown>
[INFO] [stdout]    4:     0x56d2231fcd1a - <unknown>
[INFO] [stdout]    5:     0x56d2231fc852 - <unknown>
[INFO] [stdout]    6:     0x56d223223c51 - <unknown>
[INFO] [stdout]    7:     0x56d223223c09 - <unknown>
[INFO] [stdout]    8:     0x56d22322411c - <unknown>
[INFO] [stdout]    9:     0x56d2231e427b - <unknown>
[INFO] [stdout]   10:     0x56d2231e8391 - <unknown>
[INFO] [stdout]   11:     0x56d22319499c - <unknown>
[INFO] [stdout]   12:     0x56d22323ec3b - <unknown>
[INFO] [stdout]   13:     0x56d22323adb1 - <unknown>
[INFO] [stdout]   14:     0x56d22323a59c - <unknown>
[INFO] [stdout]   15:     0x56d223256bbc - <unknown>
[INFO] [stdout]   16:     0x56d223225542 - <unknown>
[INFO] [stdout]   17:     0x76f96cc37dfa - <unknown>
[INFO] [stdout]   18:     0x76f96cccb3d4 - clone
[INFO] [stdout]   19:                0x0 - <unknown>
[INFO] [stdout] 
[INFO] [stdout] ---- killswitch::rules::tests::test_generate_basic stdout ----
[INFO] [stdout] 
[INFO] [stdout] thread 'killswitch::rules::tests::test_generate_basic' (1934) panicked at src/killswitch/rules.rs:129:78:
[INFO] [stdout] called `Result::unwrap()` on an `Err` value: Failed to execute ifconfig
[INFO] [stdout] 
[INFO] [stdout] Caused by:
[INFO] [stdout]     No such file or directory (os error 2)
[INFO] [stdout] 
[INFO] [stdout] Stack backtrace:
[INFO] [stdout]    0: <unknown>
[INFO] [stdout]    1: <unknown>
[INFO] [stdout]    2: <unknown>
[INFO] [stdout]    3: <unknown>
[INFO] [stdout]    4: <unknown>
[INFO] [stdout]    5: <unknown>
[INFO] [stdout]    6: <unknown>
[INFO] [stdout]    7: <unknown>
[INFO] [stdout]    8: <unknown>
[INFO] [stdout]    9: <unknown>
[INFO] [stdout]   10: clone
[INFO] [stdout] stack backtrace:
[INFO] [stdout]    0:     0x56d2231fdf75 - <unknown>
[INFO] [stdout]    1:     0x56d2231e43ea - <unknown>
[INFO] [stdout]    2:     0x56d2231fd60b - <unknown>
[INFO] [stdout]    3:     0x56d2231fd0ef - <unknown>
[INFO] [stdout]    4:     0x56d2231fcd1a - <unknown>
[INFO] [stdout]    5:     0x56d2231fc852 - <unknown>
[INFO] [stdout]    6:     0x56d223223c51 - <unknown>
[INFO] [stdout]    7:     0x56d223223c09 - <unknown>
[INFO] [stdout]    8:     0x56d22322411c - <unknown>
[INFO] [stdout]    9:     0x56d2231e427b - <unknown>
[INFO] [stdout]   10:     0x56d2231e8391 - <unknown>
[INFO] [stdout]   11:     0x56d223194516 - <unknown>
[INFO] [stdout]   12:     0x56d22323ec3b - <unknown>
[INFO] [stdout]   13:     0x56d22323adb1 - <unknown>
[INFO] [stdout]   14:     0x56d22323a59c - <unknown>
[INFO] [stdout]   15:     0x56d223256bbc - <unknown>
[INFO] [stdout]   16:     0x56d223225542 - <unknown>
[INFO] [stdout]   17:     0x76f96cc37dfa - <unknown>
[INFO] [stdout]   18:     0x76f96cccb3d4 - clone
[INFO] [stdout]   19:                0x0 - <unknown>
[INFO] [stdout] 
[INFO] [stdout] 
[INFO] [stdout] failures:
[INFO] [stdout]     cli::actions::run::tests::test_action_print_execution
[INFO] [stdout]     cli::actions::run::tests::test_action_print_with_options
[INFO] [stdout]     killswitch::rules::tests::test_generate_basic
[INFO] [stdout]     killswitch::rules::tests::test_generate_with_leak
[INFO] [stdout] 
[INFO] [stdout] test result: FAILED. 41 passed; 4 failed; 0 ignored; 0 measured; 0 filtered out; finished in 0.07s
[INFO] [stdout] 
[INFO] running `Command { std: "docker" "inspect" "c57f9754c374e267e6cc7f6013bb6906eaa7850eeea91b30db9e8742a8828358", kill_on_drop: false }`
[INFO] running `Command { std: "docker" "rm" "-f" "c57f9754c374e267e6cc7f6013bb6906eaa7850eeea91b30db9e8742a8828358", kill_on_drop: false }`
[INFO] [stdout] c57f9754c374e267e6cc7f6013bb6906eaa7850eeea91b30db9e8742a8828358
