[INFO] fetching crate votesmart 0.2.2...
[INFO] testing votesmart-0.2.2 against 1.100.0-beta.1+cargoflags=--release for beta-release-1.100-2
[INFO] extracting crate votesmart 0.2.2 into /workspace/builds/worker-1-tc2/source
[INFO] started tweaking crates.io crate votesmart 0.2.2
[INFO] finished tweaking crates.io crate votesmart 0.2.2
[INFO] tweaked toml for crates.io crate votesmart 0.2.2 written to /workspace/builds/worker-1-tc2/source/Cargo.toml
[INFO] validating manifest of crates.io crate votesmart 0.2.2 on toolchain 1.100.0-beta.1
[INFO] running `Command { std: CARGO_HOME="/workspace/cargo-home" RUSTUP_HOME="/workspace/rustup-home" "/workspace/cargo-home/bin/cargo" "+1.100.0-beta.1" "metadata" "--manifest-path" "Cargo.toml" "--no-deps", kill_on_drop: false }`
[INFO] running `Command { std: CARGO_HOME="/workspace/cargo-home" RUSTUP_HOME="/workspace/rustup-home" "/workspace/cargo-home/bin/cargo" "+1.100.0-beta.1" "generate-lockfile" "--manifest-path" "Cargo.toml", kill_on_drop: false }`
[INFO] [stderr]     Updating crates.io index
[INFO] [stderr]      Locking 218 packages to highest compatible versions
[INFO] [stderr]       Adding async-graphql v6.0.11 (available: v7.2.1)
[INFO] [stderr]       Adding psm v0.1.24 (available: v0.1.32)
[INFO] [stderr]       Adding reqwest v0.11.27 (available: v0.13.5)
[INFO] [stderr]       Adding thiserror v1.0.69 (available: v2.0.21)
[INFO] running `Command { std: CARGO_HOME="/workspace/cargo-home" RUSTUP_HOME="/workspace/rustup-home" "/workspace/cargo-home/bin/cargo" "+1.100.0-beta.1" "fetch" "--manifest-path" "Cargo.toml", kill_on_drop: false }`
[INFO] [stderr] warning: `package.homepage` is redundant with `package.repository`
[INFO] [stderr]   --> Cargo.toml:37:12
[INFO] [stderr]    |
[INFO] [stderr] 37 | homepage = "https://github.com/populist-vote/votesmart"
[INFO] [stderr]    |            ^^^^^^^^^^^^^^^^^^^^^^^^^^^^^^^^^^^^^^^^^^^^
[INFO] [stderr] ...
[INFO] [stderr] 41 | repository = "https://github.com/populist-vote/votesmart"
[INFO] [stderr]    |              --------------------------------------------
[INFO] [stderr]    |
[INFO] [stderr]    = note: `cargo::redundant_homepage` is set to `warn` by default
[INFO] [stderr] help: consider removing `package.homepage`
[INFO] [stderr] warning: `votesmart` (manifest) generated 1 warning
[INFO] running `Command { std: "docker" "create" "-v" "/var/lib/crater-agent-workspace/builds/worker-1-tc2/source:/opt/rustwide/workdir:ro,Z" "-v" "/var/lib/crater-agent-workspace/builds/worker-1-tc2/target:/opt/rustwide/target:rw,Z" "-v" "/var/lib/crater-agent-workspace/cargo-home:/opt/rustwide/cargo-home:ro,Z" "-v" "/var/lib/crater-agent-workspace/rustup-home:/opt/rustwide/rustup-home:ro,Z" "-m" "1610612736" "--network" "none" "ghcr.io/rust-lang/crates-build-env/linux@sha256:77db811e55d90add9212f6832c23229e3de5f1c1f9905e8cb07319ea15df73ac" "sleep" "infinity", kill_on_drop: false }`
[INFO] [stdout] 845958d9de20177392810bbfba7fc10ad9ac9044af0aa8d428003cc2078dd064
[INFO] running `Command { std: "docker" "start" "845958d9de20177392810bbfba7fc10ad9ac9044af0aa8d428003cc2078dd064", kill_on_drop: false }`
[INFO] running `Command { std: "docker" "inspect" "845958d9de20177392810bbfba7fc10ad9ac9044af0aa8d428003cc2078dd064", kill_on_drop: false }`
[INFO] running `Command { std: "docker" "exec" "-e" "SOURCE_DIR=/opt/rustwide/workdir" "-e" "CARGO_HOME=/opt/rustwide/cargo-home" "-e" "RUSTUP_HOME=/opt/rustwide/rustup-home" "-e" "CARGO_TARGET_DIR=/opt/rustwide/target" "-w" "/opt/rustwide/workdir" "--user" "0:0" "845958d9de20177392810bbfba7fc10ad9ac9044af0aa8d428003cc2078dd064" "/opt/rustwide/cargo-home/bin/cargo" "+1.100.0-beta.1" "metadata" "--no-deps" "--format-version=1", kill_on_drop: false }`
[INFO] running `Command { std: "docker" "inspect" "845958d9de20177392810bbfba7fc10ad9ac9044af0aa8d428003cc2078dd064", kill_on_drop: false }`
[INFO] running `Command { std: "docker" "exec" "-e" "SOURCE_DIR=/opt/rustwide/workdir" "-e" "CARGO_HOME=/opt/rustwide/cargo-home" "-e" "RUSTUP_HOME=/opt/rustwide/rustup-home" "-e" "CARGO_TARGET_DIR=/opt/rustwide/target" "-e" "CARGO_INCREMENTAL=0" "-e" "RUST_BACKTRACE=full" "-e" "RUSTFLAGS=--cap-lints=warn" "-e" "RUSTDOCFLAGS=--cap-lints=warn" "-w" "/opt/rustwide/workdir" "--user" "0:0" "845958d9de20177392810bbfba7fc10ad9ac9044af0aa8d428003cc2078dd064" "/opt/rustwide/cargo-home/bin/cargo" "+1.100.0-beta.1" "build" "--frozen" "--message-format=json" "--release", kill_on_drop: false }`
[INFO] [stderr] warning: `package.homepage` is redundant with `package.repository`
[INFO] [stderr]   --> Cargo.toml:37:12
[INFO] [stderr]    |
[INFO] [stderr] 37 | homepage = "https://github.com/populist-vote/votesmart"
[INFO] [stderr]    |            ^^^^^^^^^^^^^^^^^^^^^^^^^^^^^^^^^^^^^^^^^^^^
[INFO] [stderr] ...
[INFO] [stderr] 41 | repository = "https://github.com/populist-vote/votesmart"
[INFO] [stderr]    |              --------------------------------------------
[INFO] [stderr]    |
[INFO] [stderr]    = note: `cargo::redundant_homepage` is set to `warn` by default
[INFO] [stderr] help: consider removing `package.homepage`
[INFO] [stderr] warning: `votesmart` (manifest) generated 1 warning
[INFO] [stderr]    Compiling syn v3.0.9
[INFO] [stderr]    Compiling errno v0.3.14
[INFO] [stderr]    Compiling openssl-sys v0.9.117
[INFO] [stderr]    Compiling openssl-macros v0.1.1
[INFO] [stderr]    Compiling object v0.37.3
[INFO] [stderr]    Compiling futures-task v0.3.34
[INFO] [stderr]    Compiling libc v0.2.191
[INFO] [stderr]    Compiling gimli v0.32.3
[INFO] [stderr]    Compiling memchr v2.8.3
[INFO] [stderr]    Compiling signal-hook-registry v1.4.8
[INFO] [stderr]    Compiling futures-util v0.3.34
[INFO] [stderr]    Compiling miniz_oxide v0.8.9
[INFO] [stderr]    Compiling rustc-demangle v0.1.28
[INFO] [stderr]    Compiling serde_derive_internals v0.25.0
[INFO] [stderr]    Compiling openssl v0.10.81
[INFO] [stderr]    Compiling thiserror-impl v1.0.69
[INFO] [stderr]    Compiling enum-utils-from-str v0.1.2
[INFO] [stderr]    Compiling powerfmt v0.2.1
[INFO] [stderr]    Compiling deranged v0.5.9
[INFO] [stderr]    Compiling dotenv v0.15.0
[INFO] [stderr]    Compiling thiserror v1.0.69
[INFO] [stderr]    Compiling addr2line v0.25.1
[INFO] [stderr]    Compiling time v0.3.55
[INFO] [stderr]    Compiling synstructure v0.14.0
[INFO] [stderr]    Compiling backtrace v0.3.76
[INFO] [stderr]    Compiling native-tls v0.2.18
[INFO] [stderr]    Compiling failure v0.1.8
[INFO] [stderr]    Compiling zerofrom-derive v0.1.8
[INFO] [stderr]    Compiling yoke-derive v0.8.4
[INFO] [stderr]    Compiling zerovec-derive v0.11.6
[INFO] [stderr]    Compiling displaydoc v0.2.7
[INFO] [stderr]    Compiling tokio-macros v2.7.2
[INFO] [stderr]    Compiling serde_derive v1.0.229
[INFO] [stderr]    Compiling enum-utils v0.1.2
[INFO] [stderr]    Compiling tokio v1.53.3
[INFO] [stderr]    Compiling zerofrom v0.1.8
[INFO] [stderr]    Compiling yoke v0.8.3
[INFO] [stderr]    Compiling zerovec v0.11.8
[INFO] [stderr]    Compiling zerotrie v0.2.5
[INFO] [stderr]    Compiling tinystr v0.8.4
[INFO] [stderr]    Compiling potential_utf v0.1.6
[INFO] [stderr]    Compiling icu_collections v2.3.0
[INFO] [stderr]    Compiling icu_locale_core v2.3.0
[INFO] [stderr]    Compiling serde v1.0.229
[INFO] [stderr]    Compiling icu_provider v2.3.1
[INFO] [stderr]    Compiling icu_normalizer v2.3.0
[INFO] [stderr]    Compiling icu_properties v2.3.0
[INFO] [stderr]    Compiling serde_urlencoded v0.7.1
[INFO] [stderr]    Compiling idna_adapter v1.2.2
[INFO] [stderr]    Compiling idna v1.1.0
[INFO] [stderr]    Compiling url v2.5.8
[INFO] [stderr]    Compiling tokio-util v0.7.20
[INFO] [stderr]    Compiling tokio-native-tls v0.3.1
[INFO] [stderr]    Compiling h2 v0.3.27
[INFO] [stderr]    Compiling hyper v0.14.32
[INFO] [stderr]    Compiling hyper-tls v0.5.0
[INFO] [stderr]    Compiling reqwest v0.11.27
[INFO] [stderr]    Compiling votesmart v0.2.2 (/opt/rustwide/workdir)
[INFO] [stdout] warning: struct `Education` is never constructed
[INFO] [stdout]   --> src/types/candidate_bio.rs:73:12
[INFO] [stdout]    |
[INFO] [stdout] 73 | pub struct Education {
[INFO] [stdout]    |            ^^^^^^^^^
[INFO] [stdout]    |
[INFO] [stdout]    = note: `#[warn(dead_code)]` (part of `#[warn(unused)]`) on by default
[INFO] [stdout] 
[INFO] [stdout] 
[INFO] [stdout] warning: struct `Institution` is never constructed
[INFO] [stdout]   --> src/types/candidate_bio.rs:80:12
[INFO] [stdout]    |
[INFO] [stdout] 80 | pub struct Institution {
[INFO] [stdout]    |            ^^^^^^^^^^^
[INFO] [stdout] 
[INFO] [stdout] 
[INFO] [stdout] warning: struct `Profession` is never constructed
[INFO] [stdout]   --> src/types/candidate_bio.rs:92:12
[INFO] [stdout]    |
[INFO] [stdout] 92 | pub struct Profession {
[INFO] [stdout]    |            ^^^^^^^^^^
[INFO] [stdout] 
[INFO] [stdout] 
[INFO] [stdout] warning: struct `Experience` is never constructed
[INFO] [stdout]   --> src/types/candidate_bio.rs:99:12
[INFO] [stdout]    |
[INFO] [stdout] 99 | pub struct Experience {
[INFO] [stdout]    |            ^^^^^^^^^^
[INFO] [stdout] 
[INFO] [stdout] 
[INFO] [stdout] warning: struct `Political` is never constructed
[INFO] [stdout]    --> src/types/candidate_bio.rs:111:12
[INFO] [stdout]     |
[INFO] [stdout] 111 | pub struct Political {
[INFO] [stdout]     |            ^^^^^^^^^
[INFO] [stdout] 
[INFO] [stdout] 
[INFO] [stdout] warning: struct `OrgMembership` is never constructed
[INFO] [stdout]    --> src/types/candidate_bio.rs:118:12
[INFO] [stdout]     |
[INFO] [stdout] 118 | pub struct OrgMembership {
[INFO] [stdout]     |            ^^^^^^^^^^^^^
[INFO] [stdout] 
[INFO] [stdout] 
[INFO] [stderr] warning: unused dependency `enum-utils`
[INFO] [stderr]  --> Cargo.toml:8:15
[INFO] [stderr]   |
[INFO] [stderr] 8 | [dependencies.enum-utils]
[INFO] [stderr]   |               ^^^^^^^^^^^
[INFO] [stderr]   |
[INFO] [stderr]   = note: `cargo::unused_dependencies` is set to `warn` by default
[INFO] [stderr] help: consider removing the dependency on `enum-utils`
[INFO] [stderr] warning: `votesmart` (manifest) generated 1 warning
[INFO] [stderr]     Finished `release` profile [optimized] target(s) in 1m 45s
[INFO] [stderr] warning: the following packages contain code that will be rejected by a future version of Rust: enum-utils v0.1.2
[INFO] [stderr] note: to see what the problems were, use the option `--future-incompat-report`, or run `cargo report future-incompatibilities --id 4`
[INFO] running `Command { std: "docker" "inspect" "845958d9de20177392810bbfba7fc10ad9ac9044af0aa8d428003cc2078dd064", kill_on_drop: false }`
[INFO] running `Command { std: "docker" "exec" "-e" "SOURCE_DIR=/opt/rustwide/workdir" "-e" "CARGO_HOME=/opt/rustwide/cargo-home" "-e" "RUSTUP_HOME=/opt/rustwide/rustup-home" "-e" "CARGO_TARGET_DIR=/opt/rustwide/target" "-e" "CARGO_INCREMENTAL=0" "-e" "RUST_BACKTRACE=full" "-e" "RUSTFLAGS=--cap-lints=warn" "-e" "RUSTDOCFLAGS=--cap-lints=warn" "-w" "/opt/rustwide/workdir" "--user" "0:0" "845958d9de20177392810bbfba7fc10ad9ac9044af0aa8d428003cc2078dd064" "/opt/rustwide/cargo-home/bin/cargo" "+1.100.0-beta.1" "test" "--frozen" "--no-run" "--message-format=json" "--release", kill_on_drop: false }`
[INFO] [stderr] warning: `package.homepage` is redundant with `package.repository`
[INFO] [stderr]   --> Cargo.toml:37:12
[INFO] [stderr]    |
[INFO] [stderr] 37 | homepage = "https://github.com/populist-vote/votesmart"
[INFO] [stderr]    |            ^^^^^^^^^^^^^^^^^^^^^^^^^^^^^^^^^^^^^^^^^^^^
[INFO] [stderr] ...
[INFO] [stderr] 41 | repository = "https://github.com/populist-vote/votesmart"
[INFO] [stderr]    |              --------------------------------------------
[INFO] [stderr]    |
[INFO] [stderr]    = note: `cargo::redundant_homepage` is set to `warn` by default
[INFO] [stderr] help: consider removing `package.homepage`
[INFO] [stderr] warning: `votesmart` (manifest) generated 1 warning
[INFO] [stderr]    Compiling votesmart v0.2.2 (/opt/rustwide/workdir)
[INFO] [stdout] warning: struct `Education` is never constructed
[INFO] [stdout]   --> src/types/candidate_bio.rs:73:12
[INFO] [stdout]    |
[INFO] [stdout] 73 | pub struct Education {
[INFO] [stdout]    |            ^^^^^^^^^
[INFO] [stdout]    |
[INFO] [stdout]    = note: `#[warn(dead_code)]` (part of `#[warn(unused)]`) on by default
[INFO] [stdout] 
[INFO] [stdout] 
[INFO] [stdout] warning: struct `Institution` is never constructed
[INFO] [stdout]   --> src/types/candidate_bio.rs:80:12
[INFO] [stdout]    |
[INFO] [stdout] 80 | pub struct Institution {
[INFO] [stdout]    |            ^^^^^^^^^^^
[INFO] [stdout] 
[INFO] [stdout] 
[INFO] [stdout] warning: struct `Profession` is never constructed
[INFO] [stdout]   --> src/types/candidate_bio.rs:92:12
[INFO] [stdout]    |
[INFO] [stdout] 92 | pub struct Profession {
[INFO] [stdout]    |            ^^^^^^^^^^
[INFO] [stdout] 
[INFO] [stdout] 
[INFO] [stdout] warning: struct `Experience` is never constructed
[INFO] [stdout]   --> src/types/candidate_bio.rs:99:12
[INFO] [stdout]    |
[INFO] [stdout] 99 | pub struct Experience {
[INFO] [stdout]    |            ^^^^^^^^^^
[INFO] [stdout] 
[INFO] [stdout] 
[INFO] [stdout] warning: struct `Political` is never constructed
[INFO] [stdout]    --> src/types/candidate_bio.rs:111:12
[INFO] [stdout]     |
[INFO] [stdout] 111 | pub struct Political {
[INFO] [stdout]     |            ^^^^^^^^^
[INFO] [stdout] 
[INFO] [stdout] 
[INFO] [stdout] warning: struct `OrgMembership` is never constructed
[INFO] [stdout]    --> src/types/candidate_bio.rs:118:12
[INFO] [stdout]     |
[INFO] [stdout] 118 | pub struct OrgMembership {
[INFO] [stdout]     |            ^^^^^^^^^^^^^
[INFO] [stdout] 
[INFO] [stdout] 
[INFO] [stdout] warning: struct `Education` is never constructed
[INFO] [stdout]   --> src/types/candidate_bio.rs:73:12
[INFO] [stdout]    |
[INFO] [stdout] 73 | pub struct Education {
[INFO] [stdout]    |            ^^^^^^^^^
[INFO] [stdout]    |
[INFO] [stdout]    = note: `#[warn(dead_code)]` (part of `#[warn(unused)]`) on by default
[INFO] [stdout] 
[INFO] [stdout] 
[INFO] [stdout] warning: struct `Institution` is never constructed
[INFO] [stdout]   --> src/types/candidate_bio.rs:80:12
[INFO] [stdout]    |
[INFO] [stdout] 80 | pub struct Institution {
[INFO] [stdout]    |            ^^^^^^^^^^^
[INFO] [stdout] 
[INFO] [stdout] 
[INFO] [stdout] warning: struct `Profession` is never constructed
[INFO] [stdout]   --> src/types/candidate_bio.rs:92:12
[INFO] [stdout]    |
[INFO] [stdout] 92 | pub struct Profession {
[INFO] [stdout]    |            ^^^^^^^^^^
[INFO] [stdout] 
[INFO] [stdout] 
[INFO] [stdout] warning: struct `Experience` is never constructed
[INFO] [stdout]   --> src/types/candidate_bio.rs:99:12
[INFO] [stdout]    |
[INFO] [stdout] 99 | pub struct Experience {
[INFO] [stdout]    |            ^^^^^^^^^^
[INFO] [stdout] 
[INFO] [stdout] 
[INFO] [stdout] warning: struct `Political` is never constructed
[INFO] [stdout]    --> src/types/candidate_bio.rs:111:12
[INFO] [stdout]     |
[INFO] [stdout] 111 | pub struct Political {
[INFO] [stdout]     |            ^^^^^^^^^
[INFO] [stdout] 
[INFO] [stdout] 
[INFO] [stdout] warning: struct `OrgMembership` is never constructed
[INFO] [stdout]    --> src/types/candidate_bio.rs:118:12
[INFO] [stdout]     |
[INFO] [stdout] 118 | pub struct OrgMembership {
[INFO] [stdout]     |            ^^^^^^^^^^^^^
[INFO] [stdout] 
[INFO] [stdout] 
[INFO] [stderr] warning: unused dependency `enum-utils`
[INFO] [stderr]  --> Cargo.toml:8:15
[INFO] [stderr]   |
[INFO] [stderr] 8 | [dependencies.enum-utils]
[INFO] [stderr]   |               ^^^^^^^^^^^
[INFO] [stderr]   |
[INFO] [stderr]   = note: `cargo::unused_dependencies` is set to `warn` by default
[INFO] [stderr] help: consider removing the dependency on `enum-utils`
[INFO] [stderr] warning: `votesmart` (manifest) generated 1 warning
[INFO] [stderr]     Finished `release` profile [optimized] target(s) in 4.27s
[INFO] [stderr] warning: the following packages contain code that will be rejected by a future version of Rust: enum-utils v0.1.2
[INFO] [stderr] note: to see what the problems were, use the option `--future-incompat-report`, or run `cargo report future-incompatibilities --id 4`
[INFO] running `Command { std: "docker" "inspect" "845958d9de20177392810bbfba7fc10ad9ac9044af0aa8d428003cc2078dd064", kill_on_drop: false }`
[INFO] running `Command { std: "docker" "exec" "-e" "SOURCE_DIR=/opt/rustwide/workdir" "-e" "CARGO_HOME=/opt/rustwide/cargo-home" "-e" "RUSTUP_HOME=/opt/rustwide/rustup-home" "-e" "CARGO_TARGET_DIR=/opt/rustwide/target" "-e" "CARGO_INCREMENTAL=0" "-e" "RUST_BACKTRACE=full" "-e" "RUSTFLAGS=--cap-lints=warn" "-e" "RUSTDOCFLAGS=--cap-lints=warn" "-w" "/opt/rustwide/workdir" "--user" "0:0" "845958d9de20177392810bbfba7fc10ad9ac9044af0aa8d428003cc2078dd064" "/opt/rustwide/cargo-home/bin/cargo" "+1.100.0-beta.1" "test" "--frozen" "--release", kill_on_drop: false }`
[INFO] [stderr] warning: `package.homepage` is redundant with `package.repository`
[INFO] [stderr]   --> Cargo.toml:37:12
[INFO] [stderr]    |
[INFO] [stderr] 37 | homepage = "https://github.com/populist-vote/votesmart"
[INFO] [stderr]    |            ^^^^^^^^^^^^^^^^^^^^^^^^^^^^^^^^^^^^^^^^^^^^
[INFO] [stderr] ...
[INFO] [stderr] 41 | repository = "https://github.com/populist-vote/votesmart"
[INFO] [stderr]    |              --------------------------------------------
[INFO] [stderr]    |
[INFO] [stderr]    = note: `cargo::redundant_homepage` is set to `warn` by default
[INFO] [stderr] help: consider removing `package.homepage`
[INFO] [stderr] warning: `votesmart` (manifest) generated 1 warning
[INFO] [stderr] warning: struct `Education` is never constructed
[INFO] [stderr]   --> src/types/candidate_bio.rs:73:12
[INFO] [stderr]    |
[INFO] [stderr] 73 | pub struct Education {
[INFO] [stderr]    |            ^^^^^^^^^
[INFO] [stderr]    |
[INFO] [stderr]    = note: `#[warn(dead_code)]` (part of `#[warn(unused)]`) on by default
[INFO] [stderr] 
[INFO] [stderr] warning: struct `Institution` is never constructed
[INFO] [stderr]   --> src/types/candidate_bio.rs:80:12
[INFO] [stderr]    |
[INFO] [stderr] 80 | pub struct Institution {
[INFO] [stderr]    |            ^^^^^^^^^^^
[INFO] [stderr] 
[INFO] [stderr] warning: struct `Profession` is never constructed
[INFO] [stderr]   --> src/types/candidate_bio.rs:92:12
[INFO] [stderr]    |
[INFO] [stderr] 92 | pub struct Profession {
[INFO] [stderr]    |            ^^^^^^^^^^
[INFO] [stderr] 
[INFO] [stderr] warning: struct `Experience` is never constructed
[INFO] [stderr]   --> src/types/candidate_bio.rs:99:12
[INFO] [stderr]    |
[INFO] [stderr] 99 | pub struct Experience {
[INFO] [stderr]    |            ^^^^^^^^^^
[INFO] [stderr] 
[INFO] [stderr] warning: struct `Political` is never constructed
[INFO] [stderr]    --> src/types/candidate_bio.rs:111:12
[INFO] [stderr]     |
[INFO] [stderr] 111 | pub struct Political {
[INFO] [stderr]     |            ^^^^^^^^^
[INFO] [stderr] 
[INFO] [stderr] warning: struct `OrgMembership` is never constructed
[INFO] [stderr]    --> src/types/candidate_bio.rs:118:12
[INFO] [stderr]     |
[INFO] [stderr] 118 | pub struct OrgMembership {
[INFO] [stderr]     |            ^^^^^^^^^^^^^
[INFO] [stderr] 
[INFO] [stderr] warning: `votesmart` (lib) generated 6 warnings
[INFO] [stderr] warning: `votesmart` (lib test) generated 6 warnings (6 duplicates)
[INFO] [stderr] warning: unused dependency `enum-utils`
[INFO] [stderr]  --> Cargo.toml:8:15
[INFO] [stderr]   |
[INFO] [stderr] 8 | [dependencies.enum-utils]
[INFO] [stderr]   |               ^^^^^^^^^^^
[INFO] [stderr]   |
[INFO] [stderr]   = note: `cargo::unused_dependencies` is set to `warn` by default
[INFO] [stderr] help: consider removing the dependency on `enum-utils`
[INFO] [stderr] warning: `votesmart` (manifest) generated 1 warning
[INFO] [stderr]     Finished `release` profile [optimized] target(s) in 0.23s
[INFO] [stderr] warning: the following packages contain code that will be rejected by a future version of Rust: enum-utils v0.1.2
[INFO] [stderr] note: to see what the problems were, use the option `--future-incompat-report`, or run `cargo report future-incompatibilities --id 4`
[INFO] [stderr]      Running unittests src/lib.rs (/opt/rustwide/target/release/build/votesmart/dd7281bd87ef7c35/out/votesmart-dd7281bd87ef7c35)
[INFO] [stdout] 
[INFO] [stdout] running 14 tests
[INFO] [stdout] test api::district::tests::test_get_by_zip ... FAILED
[INFO] [stdout] test api::candidate_bio::tests::test_get_bio ... FAILED
[INFO] [stdout] test api::rating::tests::test_get_categories ... FAILED
[INFO] [stdout] test api::rating::tests::test_get_sig ... FAILED
[INFO] [stdout] test api::votes::tests::test_get_bill ... FAILED
[INFO] [stdout] test api::candidate_bio::tests::test_get_detailed_bio ... FAILED
[INFO] [stdout] test api::address::tests::test_get_campaign ... FAILED
[INFO] [stdout] test api::candidate_bio::tests::test_get_addl_bio ... FAILED
[INFO] [stdout] test api::district::tests::test_get_by_office_state ... FAILED
[INFO] [stdout] test api::votes::tests::test_get_bill_action ... FAILED
[INFO] [stdout] test api::votes::tests::test_get_categories ... FAILED
[INFO] [stdout] test api::address::tests::test_get_campaign_web_address ... FAILED
[INFO] [stdout] test api::rating::tests::test_get_sig_list ... FAILED
[INFO] [stdout] test api::rating::tests::test_get_candidate_rating ... FAILED
[INFO] [stdout] 
[INFO] [stdout] failures:
[INFO] [stdout] 
[INFO] [stdout] ---- api::district::tests::test_get_by_zip stdout ----
[INFO] [stdout] 
[INFO] [stdout] thread 'api::district::tests::test_get_by_zip' (1074) panicked at src/api/district.rs:65:43:
[INFO] [stdout] called `Result::unwrap()` on an `Err` value: Var(NotPresent)
[INFO] [stdout] stack backtrace:
[INFO] [stdout]    0:     0x62f78669aa11 - <<std[617be2ca0a6fd877]::sys::backtrace::BacktraceLock>::print::DisplayBacktrace as core[a373ad73a504971]::fmt::Display>::fmt
[INFO] [stdout]    1:     0x62f7866b0a6a - core[a373ad73a504971]::fmt::write
[INFO] [stdout]    2:     0x62f78669f2ac - <alloc[2e1b2a31b91974c5]::vec::Vec<u8> as core[a373ad73a504971]::io::write::Write>::write_fmt
[INFO] [stdout]    3:     0x62f786675a56 - std[617be2ca0a6fd877]::panicking::default_hook::{closure#0}
[INFO] [stdout]    4:     0x62f7866928f9 - std[617be2ca0a6fd877]::panicking::default_hook
[INFO] [stdout]    5:     0x62f7864ed4f0 - test[aada8e7e76ba119b]::test_main_inner::{closure#0}
[INFO] [stdout]    6:     0x62f786692c22 - std[617be2ca0a6fd877]::panicking::panic_with_hook
[INFO] [stdout]    7:     0x62f786675b02 - std[617be2ca0a6fd877]::panicking::panic_handler::{closure#0}
[INFO] [stdout]    8:     0x62f78666e4f9 - std[617be2ca0a6fd877]::sys::backtrace::__rust_end_short_backtrace::<std[617be2ca0a6fd877]::panicking::panic_handler::{closure#0}, !>
[INFO] [stdout]    9:     0x62f78667699d - __rustc[ea4f61d10b84890b]::rust_begin_unwind
[INFO] [stdout]   10:     0x62f7866b11cc - core[a373ad73a504971]::panicking::panic_fmt
[INFO] [stdout]   11:     0x62f7866b0fa2 - core[a373ad73a504971]::result::unwrap_failed
[INFO] [stdout]   12:     0x62f7864ce047 - votesmart[e121261b59a3e2d9]::api::district::tests::test_get_by_zip::{closure#0}
[INFO] [stdout]   13:     0x62f7864d4b03 - <tokio[6d42b074fde3f578]::runtime::scheduler::current_thread::Context>::enter::<core[a373ad73a504971]::task::poll::Poll<()>, <tokio[6d42b074fde3f578]::runtime::scheduler::current_thread::CoreGuard>::block_on<core[a373ad73a504971]::pin::Pin<&mut core[a373ad73a504971]::pin::Pin<&mut dyn core[a373ad73a504971]::future::future::Future<Output = ()>>>>::{closure#0}::{closure#0}>
[INFO] [stdout]   14:     0x62f7864d29ac - <tokio[6d42b074fde3f578]::runtime::context::scoped::Scoped<tokio[6d42b074fde3f578]::runtime::scheduler::Context>>::set::<<tokio[6d42b074fde3f578]::runtime::scheduler::current_thread::CoreGuard>::enter<<tokio[6d42b074fde3f578]::runtime::scheduler::current_thread::CoreGuard>::block_on<core[a373ad73a504971]::pin::Pin<&mut core[a373ad73a504971]::pin::Pin<&mut dyn core[a373ad73a504971]::future::future::Future<Output = ()>>>>::{closure#0}, core[a373ad73a504971]::option::Option<()>>::{closure#0}, (alloc[2e1b2a31b91974c5]::boxed::Box<tokio[6d42b074fde3f578]::runtime::scheduler::current_thread::Core>, core[a373ad73a504971]::option::Option<()>)>
[INFO] [stdout]   15:     0x62f7864d4ca7 - <tokio[6d42b074fde3f578]::runtime::scheduler::current_thread::CoreGuard>::block_on::<core[a373ad73a504971]::pin::Pin<&mut core[a373ad73a504971]::pin::Pin<&mut dyn core[a373ad73a504971]::future::future::Future<Output = ()>>>>
[INFO] [stdout]   16:     0x62f7864d7f49 - tokio[6d42b074fde3f578]::runtime::context::runtime::enter_runtime::<<tokio[6d42b074fde3f578]::runtime::scheduler::current_thread::CurrentThread>::block_on<core[a373ad73a504971]::pin::Pin<&mut dyn core[a373ad73a504971]::future::future::Future<Output = ()>>>::{closure#0}, ()>
[INFO] [stdout]   17:     0x62f7864d97f5 - <tokio[6d42b074fde3f578]::runtime::runtime::Runtime>::block_on::<core[a373ad73a504971]::pin::Pin<&mut dyn core[a373ad73a504971]::future::future::Future<Output = ()>>>
[INFO] [stdout]   18:     0x62f7864cec9e - <votesmart[e121261b59a3e2d9]::api::district::tests::test_get_by_zip::{closure#0} as core[a373ad73a504971]::ops::function::FnOnce<()>>::call_once
[INFO] [stdout]   19:     0x62f7864e093b - test[aada8e7e76ba119b]::__rust_begin_short_backtrace::<core[a373ad73a504971]::result::Result<(), alloc[2e1b2a31b91974c5]::string::String>, fn() -> core[a373ad73a504971]::result::Result<(), alloc[2e1b2a31b91974c5]::string::String>>
[INFO] [stdout]   20:     0x62f7864edb15 - test[aada8e7e76ba119b]::run_test::{closure#0}
[INFO] [stdout]   21:     0x62f7864e7404 - std[617be2ca0a6fd877]::sys::backtrace::__rust_begin_short_backtrace::<test[aada8e7e76ba119b]::run_test::{closure#1}, ()>
[INFO] [stdout]   22:     0x62f7864f0ba2 - <std[617be2ca0a6fd877]::thread::lifecycle::spawn_unchecked<test[aada8e7e76ba119b]::run_test::{closure#1}, ()>::{closure#1} as core[a373ad73a504971]::ops::function::FnOnce<()>>::call_once::{shim:vtable#0}
[INFO] [stdout]   23:     0x62f786699ebf - <std[617be2ca0a6fd877]::sys::thread::unix::Thread>::new::thread_start
[INFO] [stdout]   24:     0x7927f43aedfa - <unknown>
[INFO] [stdout]   25:     0x7927f44423d4 - clone
[INFO] [stdout]   26:                0x0 - <unknown>
[INFO] [stdout] 
[INFO] [stdout] ---- api::candidate_bio::tests::test_get_bio stdout ----
[INFO] [stdout] 
[INFO] [stdout] thread 'api::candidate_bio::tests::test_get_bio' (1071) panicked at src/api/candidate_bio.rs:53:43:
[INFO] [stdout] called `Result::unwrap()` on an `Err` value: Var(NotPresent)
[INFO] [stdout] stack backtrace:
[INFO] [stdout]    0:     0x62f78669aa11 - <<std[617be2ca0a6fd877]::sys::backtrace::BacktraceLock>::print::DisplayBacktrace as core[a373ad73a504971]::fmt::Display>::fmt
[INFO] [stdout]    1:     0x62f7866b0a6a - core[a373ad73a504971]::fmt::write
[INFO] [stdout]    2:     0x62f78669f2ac - <alloc[2e1b2a31b91974c5]::vec::Vec<u8> as core[a373ad73a504971]::io::write::Write>::write_fmt
[INFO] [stdout]    3:     0x62f786675a56 - std[617be2ca0a6fd877]::panicking::default_hook::{closure#0}
[INFO] [stdout]    4:     0x62f7866928f9 - std[617be2ca0a6fd877]::panicking::default_hook
[INFO] [stdout]    5:     0x62f7864ed4f0 - test[aada8e7e76ba119b]::test_main_inner::{closure#0}
[INFO] [stdout]    6:     0x62f786692c22 - std[617be2ca0a6fd877]::panicking::panic_with_hook
[INFO] [stdout]    7:     0x62f786675b02 - std[617be2ca0a6fd877]::panicking::panic_handler::{closure#0}
[INFO] [stdout]    8:     0x62f78666e4f9 - std[617be2ca0a6fd877]::sys::backtrace::__rust_end_short_backtrace::<std[617be2ca0a6fd877]::panicking::panic_handler::{closure#0}, !>
[INFO] [stdout]    9:     0x62f78667699d - __rustc[ea4f61d10b84890b]::rust_begin_unwind
[INFO] [stdout]   10:     0x62f7866b11cc - core[a373ad73a504971]::panicking::panic_fmt
[INFO] [stdout]   11:     0x62f7866b0fa2 - core[a373ad73a504971]::result::unwrap_failed
[INFO] [stdout]   12:     0x62f7864c9c3a - votesmart[e121261b59a3e2d9]::api::candidate_bio::tests::test_get_bio::{closure#0}
[INFO] [stdout]   13:     0x62f7864d4b03 - <tokio[6d42b074fde3f578]::runtime::scheduler::current_thread::Context>::enter::<core[a373ad73a504971]::task::poll::Poll<()>, <tokio[6d42b074fde3f578]::runtime::scheduler::current_thread::CoreGuard>::block_on<core[a373ad73a504971]::pin::Pin<&mut core[a373ad73a504971]::pin::Pin<&mut dyn core[a373ad73a504971]::future::future::Future<Output = ()>>>>::{closure#0}::{closure#0}>
[INFO] [stdout]   14:     0x62f7864d29ac - <tokio[6d42b074fde3f578]::runtime::context::scoped::Scoped<tokio[6d42b074fde3f578]::runtime::scheduler::Context>>::set::<<tokio[6d42b074fde3f578]::runtime::scheduler::current_thread::CoreGuard>::enter<<tokio[6d42b074fde3f578]::runtime::scheduler::current_thread::CoreGuard>::block_on<core[a373ad73a504971]::pin::Pin<&mut core[a373ad73a504971]::pin::Pin<&mut dyn core[a373ad73a504971]::future::future::Future<Output = ()>>>>::{closure#0}, core[a373ad73a504971]::option::Option<()>>::{closure#0}, (alloc[2e1b2a31b91974c5]::boxed::Box<tokio[6d42b074fde3f578]::runtime::scheduler::current_thread::Core>, core[a373ad73a504971]::option::Option<()>)>
[INFO] [stdout]   15:     0x62f7864d4ca7 - <tokio[6d42b074fde3f578]::runtime::scheduler::current_thread::CoreGuard>::block_on::<core[a373ad73a504971]::pin::Pin<&mut core[a373ad73a504971]::pin::Pin<&mut dyn core[a373ad73a504971]::future::future::Future<Output = ()>>>>
[INFO] [stdout]   16:     0x62f7864d7f49 - tokio[6d42b074fde3f578]::runtime::context::runtime::enter_runtime::<<tokio[6d42b074fde3f578]::runtime::scheduler::current_thread::CurrentThread>::block_on<core[a373ad73a504971]::pin::Pin<&mut dyn core[a373ad73a504971]::future::future::Future<Output = ()>>>::{closure#0}, ()>
[INFO] [stdout]   17:     0x62f7864d97f5 - <tokio[6d42b074fde3f578]::runtime::runtime::Runtime>::block_on::<core[a373ad73a504971]::pin::Pin<&mut dyn core[a373ad73a504971]::future::future::Future<Output = ()>>>
[INFO] [stdout]   18:     0x62f7864cb06e - <votesmart[e121261b59a3e2d9]::api::candidate_bio::tests::test_get_bio::{closure#0} as core[a373ad73a504971]::ops::function::FnOnce<()>>::call_once
[INFO] [stdout]   19:     0x62f7864e093b - test[aada8e7e76ba119b]::__rust_begin_short_backtrace::<core[a373ad73a504971]::result::Result<(), alloc[2e1b2a31b91974c5]::string::String>, fn() -> core[a373ad73a504971]::result::Result<(), alloc[2e1b2a31b91974c5]::string::String>>
[INFO] [stdout]   20:     0x62f7864edb15 - test[aada8e7e76ba119b]::run_test::{closure#0}
[INFO] [stdout]   21:     0x62f7864e7404 - std[617be2ca0a6fd877]::sys::backtrace::__rust_begin_short_backtrace::<test[aada8e7e76ba119b]::run_test::{closure#1}, ()>
[INFO] [stdout]   22:     0x62f7864f0ba2 - <std[617be2ca0a6fd877]::thread::lifecycle::spawn_unchecked<test[aada8e7e76ba119b]::run_test::{closure#1}, ()>::{closure#1} as core[a373ad73a504971]::ops::function::FnOnce<()>>::call_once::{shim:vtable#0}
[INFO] [stdout]   23:     0x62f786699ebf - <std[617be2ca0a6fd877]::sys::thread::unix::Thread>::new::thread_start
[INFO] [stdout]   24:     0x7927f43aedfa - <unknown>
[INFO] [stdout]   25:     0x7927f44423d4 - clone
[INFO] [stdout]   26:                0x0 - <unknown>
[INFO] [stdout] 
[INFO] [stdout] ---- api::rating::tests::test_get_categories stdout ----
[INFO] [stdout] 
[INFO] [stdout] thread 'api::rating::tests::test_get_categories' (1076) panicked at src/api/rating.rs:119:43:
[INFO] [stdout] called `Result::unwrap()` on an `Err` value: Var(NotPresent)
[INFO] [stdout] stack backtrace:
[INFO] [stdout]    0:     0x62f78669aa11 - <<std[617be2ca0a6fd877]::sys::backtrace::BacktraceLock>::print::DisplayBacktrace as core[a373ad73a504971]::fmt::Display>::fmt
[INFO] [stdout]    1:     0x62f7866b0a6a - core[a373ad73a504971]::fmt::write
[INFO] [stdout]    2:     0x62f78669f2ac - <alloc[2e1b2a31b91974c5]::vec::Vec<u8> as core[a373ad73a504971]::io::write::Write>::write_fmt
[INFO] [stdout]    3:     0x62f786675a56 - std[617be2ca0a6fd877]::panicking::default_hook::{closure#0}
[INFO] [stdout]    4:     0x62f7866928f9 - std[617be2ca0a6fd877]::panicking::default_hook
[INFO] [stdout]    5:     0x62f7864ed4f0 - test[aada8e7e76ba119b]::test_main_inner::{closure#0}
[INFO] [stdout]    6:     0x62f786692c22 - std[617be2ca0a6fd877]::panicking::panic_with_hook
[INFO] [stdout]    7:     0x62f786675b02 - std[617be2ca0a6fd877]::panicking::panic_handler::{closure#0}
[INFO] [stdout]    8:     0x62f78666e4f9 - std[617be2ca0a6fd877]::sys::backtrace::__rust_end_short_backtrace::<std[617be2ca0a6fd877]::panicking::panic_handler::{closure#0}, !>
[INFO] [stdout]    9:     0x62f78667699d - __rustc[ea4f61d10b84890b]::rust_begin_unwind
[INFO] [stdout]   10:     0x62f7866b11cc - core[a373ad73a504971]::panicking::panic_fmt
[INFO] [stdout]   11:     0x62f7866b0fa2 - core[a373ad73a504971]::result::unwrap_failed
[INFO] [stdout]   12:     0x62f7864c6557 - votesmart[e121261b59a3e2d9]::api::rating::tests::test_get_categories::{closure#0}
[INFO] [stdout]   13:     0x62f7864d4b03 - <tokio[6d42b074fde3f578]::runtime::scheduler::current_thread::Context>::enter::<core[a373ad73a504971]::task::poll::Poll<()>, <tokio[6d42b074fde3f578]::runtime::scheduler::current_thread::CoreGuard>::block_on<core[a373ad73a504971]::pin::Pin<&mut core[a373ad73a504971]::pin::Pin<&mut dyn core[a373ad73a504971]::future::future::Future<Output = ()>>>>::{closure#0}::{closure#0}>
[INFO] [stdout]   14:     0x62f7864d29ac - <tokio[6d42b074fde3f578]::runtime::context::scoped::Scoped<tokio[6d42b074fde3f578]::runtime::scheduler::Context>>::set::<<tokio[6d42b074fde3f578]::runtime::scheduler::current_thread::CoreGuard>::enter<<tokio[6d42b074fde3f578]::runtime::scheduler::current_thread::CoreGuard>::block_on<core[a373ad73a504971]::pin::Pin<&mut core[a373ad73a504971]::pin::Pin<&mut dyn core[a373ad73a504971]::future::future::Future<Output = ()>>>>::{closure#0}, core[a373ad73a504971]::option::Option<()>>::{closure#0}, (alloc[2e1b2a31b91974c5]::boxed::Box<tokio[6d42b074fde3f578]::runtime::scheduler::current_thread::Core>, core[a373ad73a504971]::option::Option<()>)>
[INFO] [stdout]   15:     0x62f7864d4ca7 - <tokio[6d42b074fde3f578]::runtime::scheduler::current_thread::CoreGuard>::block_on::<core[a373ad73a504971]::pin::Pin<&mut core[a373ad73a504971]::pin::Pin<&mut dyn core[a373ad73a504971]::future::future::Future<Output = ()>>>>
[INFO] [stdout]   16:     0x62f7864d7f49 - tokio[6d42b074fde3f578]::runtime::context::runtime::enter_runtime::<<tokio[6d42b074fde3f578]::runtime::scheduler::current_thread::CurrentThread>::block_on<core[a373ad73a504971]::pin::Pin<&mut dyn core[a373ad73a504971]::future::future::Future<Output = ()>>>::{closure#0}, ()>
[INFO] [stdout]   17:     0x62f7864d97f5 - <tokio[6d42b074fde3f578]::runtime::runtime::Runtime>::block_on::<core[a373ad73a504971]::pin::Pin<&mut dyn core[a373ad73a504971]::future::future::Future<Output = ()>>>
[INFO] [stdout]   18:     0x62f7864c734e - <votesmart[e121261b59a3e2d9]::api::rating::tests::test_get_categories::{closure#0} as core[a373ad73a504971]::ops::function::FnOnce<()>>::call_once
[INFO] [stdout]   19:     0x62f7864e093b - test[aada8e7e76ba119b]::__rust_begin_short_backtrace::<core[a373ad73a504971]::result::Result<(), alloc[2e1b2a31b91974c5]::string::String>, fn() -> core[a373ad73a504971]::result::Result<(), alloc[2e1b2a31b91974c5]::string::String>>
[INFO] [stdout]   20:     0x62f7864edb15 - test[aada8e7e76ba119b]::run_test::{closure#0}
[INFO] [stdout]   21:     0x62f7864e7404 - std[617be2ca0a6fd877]::sys::backtrace::__rust_begin_short_backtrace::<test[aada8e7e76ba119b]::run_test::{closure#1}, ()>
[INFO] [stdout]   22:     0x62f7864f0ba2 - <std[617be2ca0a6fd877]::thread::lifecycle::spawn_unchecked<test[aada8e7e76ba119b]::run_test::{closure#1}, ()>::{closure#1} as core[a373ad73a504971]::ops::function::FnOnce<()>>::call_once::{shim:vtable#0}
[INFO] [stdout]   23:     0x62f786699ebf - <std[617be2ca0a6fd877]::sys::thread::unix::Thread>::new::thread_start
[INFO] [stdout]   24:     0x7927f43aedfa - <unknown>
[INFO] [stdout]   25:     0x7927f44423d4 - clone
[INFO] [stdout]   26:                0x0 - <unknown>
[INFO] [stdout] 
[INFO] [stdout] ---- api::rating::tests::test_get_sig stdout ----
[INFO] [stdout] 
[INFO] [stdout] thread 'api::rating::tests::test_get_sig' (1077) panicked at src/api/rating.rs:141:43:
[INFO] [stdout] called `Result::unwrap()` on an `Err` value: Var(NotPresent)
[INFO] [stdout] stack backtrace:
[INFO] [stdout]    0:     0x62f78669aa11 - <<std[617be2ca0a6fd877]::sys::backtrace::BacktraceLock>::print::DisplayBacktrace as core[a373ad73a504971]::fmt::Display>::fmt
[INFO] [stdout]    1:     0x62f7866b0a6a - core[a373ad73a504971]::fmt::write
[INFO] [stdout]    2:     0x62f78669f2ac - <alloc[2e1b2a31b91974c5]::vec::Vec<u8> as core[a373ad73a504971]::io::write::Write>::write_fmt
[INFO] [stdout]    3:     0x62f786675a56 - std[617be2ca0a6fd877]::panicking::default_hook::{closure#0}
[INFO] [stdout]    4:     0x62f7866928f9 - std[617be2ca0a6fd877]::panicking::default_hook
[INFO] [stdout]    5:     0x62f7864ed4f0 - test[aada8e7e76ba119b]::test_main_inner::{closure#0}
[INFO] [stdout]    6:     0x62f786692c22 - std[617be2ca0a6fd877]::panicking::panic_with_hook
[INFO] [stdout]    7:     0x62f786675b02 - std[617be2ca0a6fd877]::panicking::panic_handler::{closure#0}
[INFO] [stdout]    8:     0x62f78666e4f9 - std[617be2ca0a6fd877]::sys::backtrace::__rust_end_short_backtrace::<std[617be2ca0a6fd877]::panicking::panic_handler::{closure#0}, !>
[INFO] [stdout]    9:     0x62f78667699d - __rustc[ea4f61d10b84890b]::rust_begin_unwind
[INFO] [stdout]   10:     0x62f7866b11cc - core[a373ad73a504971]::panicking::panic_fmt
[INFO] [stdout]   11:     0x62f7866b0fa2 - core[a373ad73a504971]::result::unwrap_failed
[INFO] [stdout]   12:     0x62f7864c569b - votesmart[e121261b59a3e2d9]::api::rating::tests::test_get_sig::{closure#0}
[INFO] [stdout]   13:     0x62f7864d4b03 - <tokio[6d42b074fde3f578]::runtime::scheduler::current_thread::Context>::enter::<core[a373ad73a504971]::task::poll::Poll<()>, <tokio[6d42b074fde3f578]::runtime::scheduler::current_thread::CoreGuard>::block_on<core[a373ad73a504971]::pin::Pin<&mut core[a373ad73a504971]::pin::Pin<&mut dyn core[a373ad73a504971]::future::future::Future<Output = ()>>>>::{closure#0}::{closure#0}>
[INFO] [stdout]   14:     0x62f7864d29ac - <tokio[6d42b074fde3f578]::runtime::context::scoped::Scoped<tokio[6d42b074fde3f578]::runtime::scheduler::Context>>::set::<<tokio[6d42b074fde3f578]::runtime::scheduler::current_thread::CoreGuard>::enter<<tokio[6d42b074fde3f578]::runtime::scheduler::current_thread::CoreGuard>::block_on<core[a373ad73a504971]::pin::Pin<&mut core[a373ad73a504971]::pin::Pin<&mut dyn core[a373ad73a504971]::future::future::Future<Output = ()>>>>::{closure#0}, core[a373ad73a504971]::option::Option<()>>::{closure#0}, (alloc[2e1b2a31b91974c5]::boxed::Box<tokio[6d42b074fde3f578]::runtime::scheduler::current_thread::Core>, core[a373ad73a504971]::option::Option<()>)>
[INFO] [stdout]   15:     0x62f7864d4ca7 - <tokio[6d42b074fde3f578]::runtime::scheduler::current_thread::CoreGuard>::block_on::<core[a373ad73a504971]::pin::Pin<&mut core[a373ad73a504971]::pin::Pin<&mut dyn core[a373ad73a504971]::future::future::Future<Output = ()>>>>
[INFO] [stdout]   16:     0x62f7864d7f49 - tokio[6d42b074fde3f578]::runtime::context::runtime::enter_runtime::<<tokio[6d42b074fde3f578]::runtime::scheduler::current_thread::CurrentThread>::block_on<core[a373ad73a504971]::pin::Pin<&mut dyn core[a373ad73a504971]::future::future::Future<Output = ()>>>::{closure#0}, ()>
[INFO] [stdout]   17:     0x62f7864d97f5 - <tokio[6d42b074fde3f578]::runtime::runtime::Runtime>::block_on::<core[a373ad73a504971]::pin::Pin<&mut dyn core[a373ad73a504971]::future::future::Future<Output = ()>>>
[INFO] [stdout]   18:     0x62f7864c708e - <votesmart[e121261b59a3e2d9]::api::rating::tests::test_get_sig::{closure#0} as core[a373ad73a504971]::ops::function::FnOnce<()>>::call_once
[INFO] [stdout]   19:     0x62f7864e093b - test[aada8e7e76ba119b]::__rust_begin_short_backtrace::<core[a373ad73a504971]::result::Result<(), alloc[2e1b2a31b91974c5]::string::String>, fn() -> core[a373ad73a504971]::result::Result<(), alloc[2e1b2a31b91974c5]::string::String>>
[INFO] [stdout]   20:     0x62f7864edb15 - test[aada8e7e76ba119b]::run_test::{closure#0}
[INFO] [stdout]   21:     0x62f7864e7404 - std[617be2ca0a6fd877]::sys::backtrace::__rust_begin_short_backtrace::<test[aada8e7e76ba119b]::run_test::{closure#1}, ()>
[INFO] [stdout]   22:     0x62f7864f0ba2 - <std[617be2ca0a6fd877]::thread::lifecycle::spawn_unchecked<test[aada8e7e76ba119b]::run_test::{closure#1}, ()>::{closure#1} as core[a373ad73a504971]::ops::function::FnOnce<()>>::call_once::{shim:vtable#0}
[INFO] [stdout]   23:     0x62f786699ebf - <std[617be2ca0a6fd877]::sys::thread::unix::Thread>::new::thread_start
[INFO] [stdout]   24:     0x7927f43aedfa - <unknown>
[INFO] [stdout]   25:     0x7927f44423d4 - clone
[INFO] [stdout]   26:                0x0 - <unknown>
[INFO] [stdout] 
[INFO] [stdout] ---- api::votes::tests::test_get_bill stdout ----
[INFO] [stdout] 
[INFO] [stdout] thread 'api::votes::tests::test_get_bill' (1079) panicked at src/api/votes.rs:278:43:
[INFO] [stdout] called `Result::unwrap()` on an `Err` value: Var(NotPresent)
[INFO] [stdout] stack backtrace:
[INFO] [stdout]    0:     0x62f78669aa11 - <<std[617be2ca0a6fd877]::sys::backtrace::BacktraceLock>::print::DisplayBacktrace as core[a373ad73a504971]::fmt::Display>::fmt
[INFO] [stdout]    1:     0x62f7866b0a6a - core[a373ad73a504971]::fmt::write
[INFO] [stdout]    2:     0x62f78669f2ac - <alloc[2e1b2a31b91974c5]::vec::Vec<u8> as core[a373ad73a504971]::io::write::Write>::write_fmt
[INFO] [stdout]    3:     0x62f786675a56 - std[617be2ca0a6fd877]::panicking::default_hook::{closure#0}
[INFO] [stdout]    4:     0x62f7866928f9 - std[617be2ca0a6fd877]::panicking::default_hook
[INFO] [stdout]    5:     0x62f7864ed4f0 - test[aada8e7e76ba119b]::test_main_inner::{closure#0}
[INFO] [stdout]    6:     0x62f786692c22 - std[617be2ca0a6fd877]::panicking::panic_with_hook
[INFO] [stdout]    7:     0x62f786675b02 - std[617be2ca0a6fd877]::panicking::panic_handler::{closure#0}
[INFO] [stdout]    8:     0x62f78666e4f9 - std[617be2ca0a6fd877]::sys::backtrace::__rust_end_short_backtrace::<std[617be2ca0a6fd877]::panicking::panic_handler::{closure#0}, !>
[INFO] [stdout]    9:     0x62f78667699d - __rustc[ea4f61d10b84890b]::rust_begin_unwind
[INFO] [stdout]   10:     0x62f7866b11cc - core[a373ad73a504971]::panicking::panic_fmt
[INFO] [stdout]   11:     0x62f7866b0fa2 - core[a373ad73a504971]::result::unwrap_failed
[INFO] [stdout]   12:     0x62f7864d1420 - votesmart[e121261b59a3e2d9]::api::votes::tests::test_get_bill::{closure#0}
[INFO] [stdout]   13:     0x62f7864d4b03 - <tokio[6d42b074fde3f578]::runtime::scheduler::current_thread::Context>::enter::<core[a373ad73a504971]::task::poll::Poll<()>, <tokio[6d42b074fde3f578]::runtime::scheduler::current_thread::CoreGuard>::block_on<core[a373ad73a504971]::pin::Pin<&mut core[a373ad73a504971]::pin::Pin<&mut dyn core[a373ad73a504971]::future::future::Future<Output = ()>>>>::{closure#0}::{closure#0}>
[INFO] [stdout]   14:     0x62f7864d29ac - <tokio[6d42b074fde3f578]::runtime::context::scoped::Scoped<tokio[6d42b074fde3f578]::runtime::scheduler::Context>>::set::<<tokio[6d42b074fde3f578]::runtime::scheduler::current_thread::CoreGuard>::enter<<tokio[6d42b074fde3f578]::runtime::scheduler::current_thread::CoreGuard>::block_on<core[a373ad73a504971]::pin::Pin<&mut core[a373ad73a504971]::pin::Pin<&mut dyn core[a373ad73a504971]::future::future::Future<Output = ()>>>>::{closure#0}, core[a373ad73a504971]::option::Option<()>>::{closure#0}, (alloc[2e1b2a31b91974c5]::boxed::Box<tokio[6d42b074fde3f578]::runtime::scheduler::current_thread::Core>, core[a373ad73a504971]::option::Option<()>)>
[INFO] [stdout]   15:     0x62f7864d4ca7 - <tokio[6d42b074fde3f578]::runtime::scheduler::current_thread::CoreGuard>::block_on::<core[a373ad73a504971]::pin::Pin<&mut core[a373ad73a504971]::pin::Pin<&mut dyn core[a373ad73a504971]::future::future::Future<Output = ()>>>>
[INFO] [stdout]   16:     0x62f7864d7f49 - tokio[6d42b074fde3f578]::runtime::context::runtime::enter_runtime::<<tokio[6d42b074fde3f578]::runtime::scheduler::current_thread::CurrentThread>::block_on<core[a373ad73a504971]::pin::Pin<&mut dyn core[a373ad73a504971]::future::future::Future<Output = ()>>>::{closure#0}, ()>
[INFO] [stdout]   17:     0x62f7864d97f5 - <tokio[6d42b074fde3f578]::runtime::runtime::Runtime>::block_on::<core[a373ad73a504971]::pin::Pin<&mut dyn core[a373ad73a504971]::future::future::Future<Output = ()>>>
[INFO] [stdout]   18:     0x62f7864d258e - <votesmart[e121261b59a3e2d9]::api::votes::tests::test_get_bill::{closure#0} as core[a373ad73a504971]::ops::function::FnOnce<()>>::call_once
[INFO] [stdout]   19:     0x62f7864e093b - test[aada8e7e76ba119b]::__rust_begin_short_backtrace::<core[a373ad73a504971]::result::Result<(), alloc[2e1b2a31b91974c5]::string::String>, fn() -> core[a373ad73a504971]::result::Result<(), alloc[2e1b2a31b91974c5]::string::String>>
[INFO] [stdout]   20:     0x62f7864edb15 - test[aada8e7e76ba119b]::run_test::{closure#0}
[INFO] [stdout]   21:     0x62f7864e7404 - std[617be2ca0a6fd877]::sys::backtrace::__rust_begin_short_backtrace::<test[aada8e7e76ba119b]::run_test::{closure#1}, ()>
[INFO] [stdout]   22:     0x62f7864f0ba2 - <std[617be2ca0a6fd877]::thread::lifecycle::spawn_unchecked<test[aada8e7e76ba119b]::run_test::{closure#1}, ()>::{closure#1} as core[a373ad73a504971]::ops::function::FnOnce<()>>::call_once::{shim:vtable#0}
[INFO] [stdout]   23:     0x62f786699ebf - <std[617be2ca0a6fd877]::sys::thread::unix::Thread>::new::thread_start
[INFO] [stdout]   24:     0x7927f43aedfa - <unknown>
[INFO] [stdout]   25:     0x7927f44423d4 - clone
[INFO] [stdout]   26:                0x0 - <unknown>
[INFO] [stdout] 
[INFO] [stdout] ---- api::candidate_bio::tests::test_get_detailed_bio stdout ----
[INFO] [stdout] 
[INFO] [stdout] thread 'api::candidate_bio::tests::test_get_detailed_bio' (1072) panicked at src/api/candidate_bio.rs:63:43:
[INFO] [stdout] called `Result::unwrap()` on an `Err` value: Var(NotPresent)
[INFO] [stdout] stack backtrace:
[INFO] [stdout]    0:     0x62f78669aa11 - <<std[617be2ca0a6fd877]::sys::backtrace::BacktraceLock>::print::DisplayBacktrace as core[a373ad73a504971]::fmt::Display>::fmt
[INFO] [stdout]    1:     0x62f7866b0a6a - core[a373ad73a504971]::fmt::write
[INFO] [stdout]    2:     0x62f78669f2ac - <alloc[2e1b2a31b91974c5]::vec::Vec<u8> as core[a373ad73a504971]::io::write::Write>::write_fmt
[INFO] [stdout]    3:     0x62f786675a56 - std[617be2ca0a6fd877]::panicking::default_hook::{closure#0}
[INFO] [stdout]    4:     0x62f7866928f9 - std[617be2ca0a6fd877]::panicking::default_hook
[INFO] [stdout]    5:     0x62f7864ed4f0 - test[aada8e7e76ba119b]::test_main_inner::{closure#0}
[INFO] [stdout]    6:     0x62f786692c22 - std[617be2ca0a6fd877]::panicking::panic_with_hook
[INFO] [stdout]    7:     0x62f786675b02 - std[617be2ca0a6fd877]::panicking::panic_handler::{closure#0}
[INFO] [stdout]    8:     0x62f78666e4f9 - std[617be2ca0a6fd877]::sys::backtrace::__rust_end_short_backtrace::<std[617be2ca0a6fd877]::panicking::panic_handler::{closure#0}, !>
[INFO] [stdout]    9:     0x62f78667699d - __rustc[ea4f61d10b84890b]::rust_begin_unwind
[INFO] [stdout]   10:     0x62f7866b11cc - core[a373ad73a504971]::panicking::panic_fmt
[INFO] [stdout]   11:     0x62f7866b0fa2 - core[a373ad73a504971]::result::unwrap_failed
[INFO] [stdout]   12:     0x62f7864cad53 - votesmart[e121261b59a3e2d9]::api::candidate_bio::tests::test_get_detailed_bio::{closure#0}
[INFO] [stdout]   13:     0x62f7864d4b03 - <tokio[6d42b074fde3f578]::runtime::scheduler::current_thread::Context>::enter::<core[a373ad73a504971]::task::poll::Poll<()>, <tokio[6d42b074fde3f578]::runtime::scheduler::current_thread::CoreGuard>::block_on<core[a373ad73a504971]::pin::Pin<&mut core[a373ad73a504971]::pin::Pin<&mut dyn core[a373ad73a504971]::future::future::Future<Output = ()>>>>::{closure#0}::{closure#0}>
[INFO] [stdout]   14:     0x62f7864d29ac - <tokio[6d42b074fde3f578]::runtime::context::scoped::Scoped<tokio[6d42b074fde3f578]::runtime::scheduler::Context>>::set::<<tokio[6d42b074fde3f578]::runtime::scheduler::current_thread::CoreGuard>::enter<<tokio[6d42b074fde3f578]::runtime::scheduler::current_thread::CoreGuard>::block_on<core[a373ad73a504971]::pin::Pin<&mut core[a373ad73a504971]::pin::Pin<&mut dyn core[a373ad73a504971]::future::future::Future<Output = ()>>>>::{closure#0}, core[a373ad73a504971]::option::Option<()>>::{closure#0}, (alloc[2e1b2a31b91974c5]::boxed::Box<tokio[6d42b074fde3f578]::runtime::scheduler::current_thread::Core>, core[a373ad73a504971]::option::Option<()>)>
[INFO] [stdout]   15:     0x62f7864d4ca7 - <tokio[6d42b074fde3f578]::runtime::scheduler::current_thread::CoreGuard>::block_on::<core[a373ad73a504971]::pin::Pin<&mut core[a373ad73a504971]::pin::Pin<&mut dyn core[a373ad73a504971]::future::future::Future<Output = ()>>>>
[INFO] [stdout]   16:     0x62f7864d7f49 - tokio[6d42b074fde3f578]::runtime::context::runtime::enter_runtime::<<tokio[6d42b074fde3f578]::runtime::scheduler::current_thread::CurrentThread>::block_on<core[a373ad73a504971]::pin::Pin<&mut dyn core[a373ad73a504971]::future::future::Future<Output = ()>>>::{closure#0}, ()>
[INFO] [stdout]   17:     0x62f7864d97f5 - <tokio[6d42b074fde3f578]::runtime::runtime::Runtime>::block_on::<core[a373ad73a504971]::pin::Pin<&mut dyn core[a373ad73a504971]::future::future::Future<Output = ()>>>
[INFO] [stdout]   18:     0x62f7864cb32e - <votesmart[e121261b59a3e2d9]::api::candidate_bio::tests::test_get_detailed_bio::{closure#0} as core[a373ad73a504971]::ops::function::FnOnce<()>>::call_once
[INFO] [stdout]   19:     0x62f7864e093b - test[aada8e7e76ba119b]::__rust_begin_short_backtrace::<core[a373ad73a504971]::result::Result<(), alloc[2e1b2a31b91974c5]::string::String>, fn() -> core[a373ad73a504971]::result::Result<(), alloc[2e1b2a31b91974c5]::string::String>>
[INFO] [stdout]   20:     0x62f7864edb15 - test[aada8e7e76ba119b]::run_test::{closure#0}
[INFO] [stdout]   21:     0x62f7864e7404 - std[617be2ca0a6fd877]::sys::backtrace::__rust_begin_short_backtrace::<test[aada8e7e76ba119b]::run_test::{closure#1}, ()>
[INFO] [stdout]   22:     0x62f7864f0ba2 - <std[617be2ca0a6fd877]::thread::lifecycle::spawn_unchecked<test[aada8e7e76ba119b]::run_test::{closure#1}, ()>::{closure#1} as core[a373ad73a504971]::ops::function::FnOnce<()>>::call_once::{shim:vtable#0}
[INFO] [stdout]   23:     0x62f786699ebf - <std[617be2ca0a6fd877]::sys::thread::unix::Thread>::new::thread_start
[INFO] [stdout]   24:     0x7927f43aedfa - <unknown>
[INFO] [stdout]   25:     0x7927f44423d4 - clone
[INFO] [stdout]   26:                0x0 - <unknown>
[INFO] [stdout] 
[INFO] [stdout] ---- api::address::tests::test_get_campaign stdout ----
[INFO] [stdout] 
[INFO] [stdout] thread 'api::address::tests::test_get_campaign' (1068) panicked at src/api/address.rs:97:43:
[INFO] [stdout] called `Result::unwrap()` on an `Err` value: Var(NotPresent)
[INFO] [stdout] stack backtrace:
[INFO] [stdout]    0:     0x62f78669aa11 - <<std[617be2ca0a6fd877]::sys::backtrace::BacktraceLock>::print::DisplayBacktrace as core[a373ad73a504971]::fmt::Display>::fmt
[INFO] [stdout]    1:     0x62f7866b0a6a - core[a373ad73a504971]::fmt::write
[INFO] [stdout]    2:     0x62f78669f2ac - <alloc[2e1b2a31b91974c5]::vec::Vec<u8> as core[a373ad73a504971]::io::write::Write>::write_fmt
[INFO] [stdout]    3:     0x62f786675a56 - std[617be2ca0a6fd877]::panicking::default_hook::{closure#0}
[INFO] [stdout]    4:     0x62f7866928f9 - std[617be2ca0a6fd877]::panicking::default_hook
[INFO] [stdout]    5:     0x62f7864ed4f0 - test[aada8e7e76ba119b]::test_main_inner::{closure#0}
[INFO] [stdout]    6:     0x62f786692c22 - std[617be2ca0a6fd877]::panicking::panic_with_hook
[INFO] [stdout]    7:     0x62f786675b02 - std[617be2ca0a6fd877]::panicking::panic_handler::{closure#0}
[INFO] [stdout]    8:     0x62f78666e4f9 - std[617be2ca0a6fd877]::sys::backtrace::__rust_end_short_backtrace::<std[617be2ca0a6fd877]::panicking::panic_handler::{closure#0}, !>
[INFO] [stdout]    9:     0x62f78667699d - __rustc[ea4f61d10b84890b]::rust_begin_unwind
[INFO] [stdout]   10:     0x62f7866b11cc - core[a373ad73a504971]::panicking::panic_fmt
[INFO] [stdout]   11:     0x62f7866b0fa2 - core[a373ad73a504971]::result::unwrap_failed
[INFO] [stdout]   12:     0x62f7864d3f87 - votesmart[e121261b59a3e2d9]::api::address::tests::test_get_campaign::{closure#0}
[INFO] [stdout]   13:     0x62f7864d4b03 - <tokio[6d42b074fde3f578]::runtime::scheduler::current_thread::Context>::enter::<core[a373ad73a504971]::task::poll::Poll<()>, <tokio[6d42b074fde3f578]::runtime::scheduler::current_thread::CoreGuard>::block_on<core[a373ad73a504971]::pin::Pin<&mut core[a373ad73a504971]::pin::Pin<&mut dyn core[a373ad73a504971]::future::future::Future<Output = ()>>>>::{closure#0}::{closure#0}>
[INFO] [stdout]   14:     0x62f7864d29ac - <tokio[6d42b074fde3f578]::runtime::context::scoped::Scoped<tokio[6d42b074fde3f578]::runtime::scheduler::Context>>::set::<<tokio[6d42b074fde3f578]::runtime::scheduler::current_thread::CoreGuard>::enter<<tokio[6d42b074fde3f578]::runtime::scheduler::current_thread::CoreGuard>::block_on<core[a373ad73a504971]::pin::Pin<&mut core[a373ad73a504971]::pin::Pin<&mut dyn core[a373ad73a504971]::future::future::Future<Output = ()>>>>::{closure#0}, core[a373ad73a504971]::option::Option<()>>::{closure#0}, (alloc[2e1b2a31b91974c5]::boxed::Box<tokio[6d42b074fde3f578]::runtime::scheduler::current_thread::Core>, core[a373ad73a504971]::option::Option<()>)>
[INFO] [stdout]   15:     0x62f7864d4ca7 - <tokio[6d42b074fde3f578]::runtime::scheduler::current_thread::CoreGuard>::block_on::<core[a373ad73a504971]::pin::Pin<&mut core[a373ad73a504971]::pin::Pin<&mut dyn core[a373ad73a504971]::future::future::Future<Output = ()>>>>
[INFO] [stdout]   16:     0x62f7864d7f49 - tokio[6d42b074fde3f578]::runtime::context::runtime::enter_runtime::<<tokio[6d42b074fde3f578]::runtime::scheduler::current_thread::CurrentThread>::block_on<core[a373ad73a504971]::pin::Pin<&mut dyn core[a373ad73a504971]::future::future::Future<Output = ()>>>::{closure#0}, ()>
[INFO] [stdout]   17:     0x62f7864d97f5 - <tokio[6d42b074fde3f578]::runtime::runtime::Runtime>::block_on::<core[a373ad73a504971]::pin::Pin<&mut dyn core[a373ad73a504971]::future::future::Future<Output = ()>>>
[INFO] [stdout]   18:     0x62f7864d47ee - <votesmart[e121261b59a3e2d9]::api::address::tests::test_get_campaign::{closure#0} as core[a373ad73a504971]::ops::function::FnOnce<()>>::call_once
[INFO] [stdout]   19:     0x62f7864e093b - test[aada8e7e76ba119b]::__rust_begin_short_backtrace::<core[a373ad73a504971]::result::Result<(), alloc[2e1b2a31b91974c5]::string::String>, fn() -> core[a373ad73a504971]::result::Result<(), alloc[2e1b2a31b91974c5]::string::String>>
[INFO] [stdout]   20:     0x62f7864edb15 - test[aada8e7e76ba119b]::run_test::{closure#0}
[INFO] [stdout]   21:     0x62f7864e7404 - std[617be2ca0a6fd877]::sys::backtrace::__rust_begin_short_backtrace::<test[aada8e7e76ba119b]::run_test::{closure#1}, ()>
[INFO] [stdout]   22:     0x62f7864f0ba2 - <std[617be2ca0a6fd877]::thread::lifecycle::spawn_unchecked<test[aada8e7e76ba119b]::run_test::{closure#1}, ()>::{closure#1} as core[a373ad73a504971]::ops::function::FnOnce<()>>::call_once::{shim:vtable#0}
[INFO] [stdout]   23:     0x62f786699ebf - <std[617be2ca0a6fd877]::sys::thread::unix::Thread>::new::thread_start
[INFO] [stdout]   24:     0x7927f43aedfa - <unknown>
[INFO] [stdout]   25:     0x7927f44423d4 - clone
[INFO] [stdout]   26:                0x0 - <unknown>
[INFO] [stdout] 
[INFO] [stdout] ---- api::candidate_bio::tests::test_get_addl_bio stdout ----
[INFO] [stdout] 
[INFO] [stdout] thread 'api::candidate_bio::tests::test_get_addl_bio' (1070) panicked at src/api/candidate_bio.rs:76:43:
[INFO] [stdout] called `Result::unwrap()` on an `Err` value: Var(NotPresent)
[INFO] [stdout] stack backtrace:
[INFO] [stdout]    0:     0x62f78669aa11 - <<std[617be2ca0a6fd877]::sys::backtrace::BacktraceLock>::print::DisplayBacktrace as core[a373ad73a504971]::fmt::Display>::fmt
[INFO] [stdout]    1:     0x62f7866b0a6a - core[a373ad73a504971]::fmt::write
[INFO] [stdout]    2:     0x62f78669f2ac - <alloc[2e1b2a31b91974c5]::vec::Vec<u8> as core[a373ad73a504971]::io::write::Write>::write_fmt
[INFO] [stdout]    3:     0x62f786675a56 - std[617be2ca0a6fd877]::panicking::default_hook::{closure#0}
[INFO] [stdout]    4:     0x62f7866928f9 - std[617be2ca0a6fd877]::panicking::default_hook
[INFO] [stdout]    5:     0x62f7864ed4f0 - test[aada8e7e76ba119b]::test_main_inner::{closure#0}
[INFO] [stdout]    6:     0x62f786692c22 - std[617be2ca0a6fd877]::panicking::panic_with_hook
[INFO] [stdout]    7:     0x62f786675b02 - std[617be2ca0a6fd877]::panicking::panic_handler::{closure#0}
[INFO] [stdout]    8:     0x62f78666e4f9 - std[617be2ca0a6fd877]::sys::backtrace::__rust_end_short_backtrace::<std[617be2ca0a6fd877]::panicking::panic_handler::{closure#0}, !>
[INFO] [stdout]    9:     0x62f78667699d - __rustc[ea4f61d10b84890b]::rust_begin_unwind
[INFO] [stdout]   10:     0x62f7866b11cc - core[a373ad73a504971]::panicking::panic_fmt
[INFO] [stdout]   11:     0x62f7866b0fa2 - core[a373ad73a504971]::result::unwrap_failed
[INFO] [stdout]   12:     0x62f7864ca714 - votesmart[e121261b59a3e2d9]::api::candidate_bio::tests::test_get_addl_bio::{closure#0}
[INFO] [stdout]   13:     0x62f7864d4b03 - <tokio[6d42b074fde3f578]::runtime::scheduler::current_thread::Context>::enter::<core[a373ad73a504971]::task::poll::Poll<()>, <tokio[6d42b074fde3f578]::runtime::scheduler::current_thread::CoreGuard>::block_on<core[a373ad73a504971]::pin::Pin<&mut core[a373ad73a504971]::pin::Pin<&mut dyn core[a373ad73a504971]::future::future::Future<Output = ()>>>>::{closure#0}::{closure#0}>
[INFO] [stdout]   14:     0x62f7864d29ac - <tokio[6d42b074fde3f578]::runtime::context::scoped::Scoped<tokio[6d42b074fde3f578]::runtime::scheduler::Context>>::set::<<tokio[6d42b074fde3f578]::runtime::scheduler::current_thread::CoreGuard>::enter<<tokio[6d42b074fde3f578]::runtime::scheduler::current_thread::CoreGuard>::block_on<core[a373ad73a504971]::pin::Pin<&mut core[a373ad73a504971]::pin::Pin<&mut dyn core[a373ad73a504971]::future::future::Future<Output = ()>>>>::{closure#0}, core[a373ad73a504971]::option::Option<()>>::{closure#0}, (alloc[2e1b2a31b91974c5]::boxed::Box<tokio[6d42b074fde3f578]::runtime::scheduler::current_thread::Core>, core[a373ad73a504971]::option::Option<()>)>
[INFO] [stdout]   15:     0x62f7864d4ca7 - <tokio[6d42b074fde3f578]::runtime::scheduler::current_thread::CoreGuard>::block_on::<core[a373ad73a504971]::pin::Pin<&mut core[a373ad73a504971]::pin::Pin<&mut dyn core[a373ad73a504971]::future::future::Future<Output = ()>>>>
[INFO] [stderr] error: test failed, to rerun pass `--lib`
[INFO] [stdout]   16:     0x62f7864d7f49 - tokio[6d42b074fde3f578]::runtime::context::runtime::enter_runtime::<<tokio[6d42b074fde3f578]::runtime::scheduler::current_thread::CurrentThread>::block_on<core[a373ad73a504971]::pin::Pin<&mut dyn core[a373ad73a504971]::future::future::Future<Output = ()>>>::{closure#0}, ()>
[INFO] [stdout]   17:     0x62f7864d97f5 - <tokio[6d42b074fde3f578]::runtime::runtime::Runtime>::block_on::<core[a373ad73a504971]::pin::Pin<&mut dyn core[a373ad73a504971]::future::future::Future<Output = ()>>>
[INFO] [stdout]   18:     0x62f7864cb1ce - <votesmart[e121261b59a3e2d9]::api::candidate_bio::tests::test_get_addl_bio::{closure#0} as core[a373ad73a504971]::ops::function::FnOnce<()>>::call_once
[INFO] [stdout]   19:     0x62f7864e093b - test[aada8e7e76ba119b]::__rust_begin_short_backtrace::<core[a373ad73a504971]::result::Result<(), alloc[2e1b2a31b91974c5]::string::String>, fn() -> core[a373ad73a504971]::result::Result<(), alloc[2e1b2a31b91974c5]::string::String>>
[INFO] [stdout]   20:     0x62f7864edb15 - test[aada8e7e76ba119b]::run_test::{closure#0}
[INFO] [stdout]   21:     0x62f7864e7404 - std[617be2ca0a6fd877]::sys::backtrace::__rust_begin_short_backtrace::<test[aada8e7e76ba119b]::run_test::{closure#1}, ()>
[INFO] [stdout]   22:     0x62f7864f0ba2 - <std[617be2ca0a6fd877]::thread::lifecycle::spawn_unchecked<test[aada8e7e76ba119b]::run_test::{closure#1}, ()>::{closure#1} as core[a373ad73a504971]::ops::function::FnOnce<()>>::call_once::{shim:vtable#0}
[INFO] [stdout]   23:     0x62f786699ebf - <std[617be2ca0a6fd877]::sys::thread::unix::Thread>::new::thread_start
[INFO] [stdout]   24:     0x7927f43aedfa - <unknown>
[INFO] [stdout]   25:     0x7927f44423d4 - clone
[INFO] [stdout]   26:                0x0 - <unknown>
[INFO] [stdout] 
[INFO] [stdout] ---- api::district::tests::test_get_by_office_state stdout ----
[INFO] [stdout] 
[INFO] [stdout] thread 'api::district::tests::test_get_by_office_state' (1073) panicked at src/api/district.rs:50:43:
[INFO] [stdout] called `Result::unwrap()` on an `Err` value: Var(NotPresent)
[INFO] [stdout] stack backtrace:
[INFO] [stdout]    0:     0x62f78669aa11 - <<std[617be2ca0a6fd877]::sys::backtrace::BacktraceLock>::print::DisplayBacktrace as core[a373ad73a504971]::fmt::Display>::fmt
[INFO] [stdout]    1:     0x62f7866b0a6a - core[a373ad73a504971]::fmt::write
[INFO] [stdout]    2:     0x62f78669f2ac - <alloc[2e1b2a31b91974c5]::vec::Vec<u8> as core[a373ad73a504971]::io::write::Write>::write_fmt
[INFO] [stdout]    3:     0x62f786675a56 - std[617be2ca0a6fd877]::panicking::default_hook::{closure#0}
[INFO] [stdout]    4:     0x62f7866928f9 - std[617be2ca0a6fd877]::panicking::default_hook
[INFO] [stdout]    5:     0x62f7864ed4f0 - test[aada8e7e76ba119b]::test_main_inner::{closure#0}
[INFO] [stdout]    6:     0x62f786692c22 - std[617be2ca0a6fd877]::panicking::panic_with_hook
[INFO] [stdout]    7:     0x62f786675b02 - std[617be2ca0a6fd877]::panicking::panic_handler::{closure#0}
[INFO] [stdout]    8:     0x62f78666e4f9 - std[617be2ca0a6fd877]::sys::backtrace::__rust_end_short_backtrace::<std[617be2ca0a6fd877]::panicking::panic_handler::{closure#0}, !>
[INFO] [stdout]    9:     0x62f78667699d - __rustc[ea4f61d10b84890b]::rust_begin_unwind
[INFO] [stdout]   10:     0x62f7866b11cc - core[a373ad73a504971]::panicking::panic_fmt
[INFO] [stdout]   11:     0x62f7866b0fa2 - core[a373ad73a504971]::result::unwrap_failed
[INFO] [stdout]   12:     0x62f7864ce892 - votesmart[e121261b59a3e2d9]::api::district::tests::test_get_by_office_state::{closure#0}
[INFO] [stdout]   13:     0x62f7864d4b03 - <tokio[6d42b074fde3f578]::runtime::scheduler::current_thread::Context>::enter::<core[a373ad73a504971]::task::poll::Poll<()>, <tokio[6d42b074fde3f578]::runtime::scheduler::current_thread::CoreGuard>::block_on<core[a373ad73a504971]::pin::Pin<&mut core[a373ad73a504971]::pin::Pin<&mut dyn core[a373ad73a504971]::future::future::Future<Output = ()>>>>::{closure#0}::{closure#0}>
[INFO] [stdout]   14:     0x62f7864d29ac - <tokio[6d42b074fde3f578]::runtime::context::scoped::Scoped<tokio[6d42b074fde3f578]::runtime::scheduler::Context>>::set::<<tokio[6d42b074fde3f578]::runtime::scheduler::current_thread::CoreGuard>::enter<<tokio[6d42b074fde3f578]::runtime::scheduler::current_thread::CoreGuard>::block_on<core[a373ad73a504971]::pin::Pin<&mut core[a373ad73a504971]::pin::Pin<&mut dyn core[a373ad73a504971]::future::future::Future<Output = ()>>>>::{closure#0}, core[a373ad73a504971]::option::Option<()>>::{closure#0}, (alloc[2e1b2a31b91974c5]::boxed::Box<tokio[6d42b074fde3f578]::runtime::scheduler::current_thread::Core>, core[a373ad73a504971]::option::Option<()>)>
[INFO] [stdout]   15:     0x62f7864d4ca7 - <tokio[6d42b074fde3f578]::runtime::scheduler::current_thread::CoreGuard>::block_on::<core[a373ad73a504971]::pin::Pin<&mut core[a373ad73a504971]::pin::Pin<&mut dyn core[a373ad73a504971]::future::future::Future<Output = ()>>>>
[INFO] [stdout]   16:     0x62f7864d7f49 - tokio[6d42b074fde3f578]::runtime::context::runtime::enter_runtime::<<tokio[6d42b074fde3f578]::runtime::scheduler::current_thread::CurrentThread>::block_on<core[a373ad73a504971]::pin::Pin<&mut dyn core[a373ad73a504971]::future::future::Future<Output = ()>>>::{closure#0}, ()>
[INFO] [stdout]   17:     0x62f7864d97f5 - <tokio[6d42b074fde3f578]::runtime::runtime::Runtime>::block_on::<core[a373ad73a504971]::pin::Pin<&mut dyn core[a373ad73a504971]::future::future::Future<Output = ()>>>
[INFO] [stdout]   18:     0x62f7864cedfe - <votesmart[e121261b59a3e2d9]::api::district::tests::test_get_by_office_state::{closure#0} as core[a373ad73a504971]::ops::function::FnOnce<()>>::call_once
[INFO] [stdout]   19:     0x62f7864e093b - test[aada8e7e76ba119b]::__rust_begin_short_backtrace::<core[a373ad73a504971]::result::Result<(), alloc[2e1b2a31b91974c5]::string::String>, fn() -> core[a373ad73a504971]::result::Result<(), alloc[2e1b2a31b91974c5]::string::String>>
[INFO] [stdout]   20:     0x62f7864edb15 - test[aada8e7e76ba119b]::run_test::{closure#0}
[INFO] [stdout]   21:     0x62f7864e7404 - std[617be2ca0a6fd877]::sys::backtrace::__rust_begin_short_backtrace::<test[aada8e7e76ba119b]::run_test::{closure#1}, ()>
[INFO] [stdout]   22:     0x62f7864f0ba2 - <std[617be2ca0a6fd877]::thread::lifecycle::spawn_unchecked<test[aada8e7e76ba119b]::run_test::{closure#1}, ()>::{closure#1} as core[a373ad73a504971]::ops::function::FnOnce<()>>::call_once::{shim:vtable#0}
[INFO] [stdout]   23:     0x62f786699ebf - <std[617be2ca0a6fd877]::sys::thread::unix::Thread>::new::thread_start
[INFO] [stdout]   24:     0x7927f43aedfa - <unknown>
[INFO] [stdout]   25:     0x7927f44423d4 - clone
[INFO] [stdout]   26:                0x0 - <unknown>
[INFO] [stdout] 
[INFO] [stdout] ---- api::votes::tests::test_get_bill_action stdout ----
[INFO] [stdout] 
[INFO] [stdout] thread 'api::votes::tests::test_get_bill_action' (1080) panicked at src/api/votes.rs:290:43:
[INFO] [stdout] called `Result::unwrap()` on an `Err` value: Var(NotPresent)
[INFO] [stdout] stack backtrace:
[INFO] [stdout]    0:     0x62f78669aa11 - <<std[617be2ca0a6fd877]::sys::backtrace::BacktraceLock>::print::DisplayBacktrace as core[a373ad73a504971]::fmt::Display>::fmt
[INFO] [stdout]    1:     0x62f7866b0a6a - core[a373ad73a504971]::fmt::write
[INFO] [stdout]    2:     0x62f78669f2ac - <alloc[2e1b2a31b91974c5]::vec::Vec<u8> as core[a373ad73a504971]::io::write::Write>::write_fmt
[INFO] [stdout]    3:     0x62f786675a56 - std[617be2ca0a6fd877]::panicking::default_hook::{closure#0}
[INFO] [stdout]    4:     0x62f7866928f9 - std[617be2ca0a6fd877]::panicking::default_hook
[INFO] [stdout]    5:     0x62f7864ed4f0 - test[aada8e7e76ba119b]::test_main_inner::{closure#0}
[INFO] [stdout]    6:     0x62f786692c22 - std[617be2ca0a6fd877]::panicking::panic_with_hook
[INFO] [stdout]    7:     0x62f786675b02 - std[617be2ca0a6fd877]::panicking::panic_handler::{closure#0}
[INFO] [stdout]    8:     0x62f78666e4f9 - std[617be2ca0a6fd877]::sys::backtrace::__rust_end_short_backtrace::<std[617be2ca0a6fd877]::panicking::panic_handler::{closure#0}, !>
[INFO] [stdout]    9:     0x62f78667699d - __rustc[ea4f61d10b84890b]::rust_begin_unwind
[INFO] [stdout]   10:     0x62f7866b11cc - core[a373ad73a504971]::panicking::panic_fmt
[INFO] [stdout]   11:     0x62f7866b0fa2 - core[a373ad73a504971]::result::unwrap_failed
[INFO] [stdout]   12:     0x62f7864d2248 - votesmart[e121261b59a3e2d9]::api::votes::tests::test_get_bill_action::{closure#0}
[INFO] [stdout]   13:     0x62f7864d4b03 - <tokio[6d42b074fde3f578]::runtime::scheduler::current_thread::Context>::enter::<core[a373ad73a504971]::task::poll::Poll<()>, <tokio[6d42b074fde3f578]::runtime::scheduler::current_thread::CoreGuard>::block_on<core[a373ad73a504971]::pin::Pin<&mut core[a373ad73a504971]::pin::Pin<&mut dyn core[a373ad73a504971]::future::future::Future<Output = ()>>>>::{closure#0}::{closure#0}>
[INFO] [stdout]   14:     0x62f7864d29ac - <tokio[6d42b074fde3f578]::runtime::context::scoped::Scoped<tokio[6d42b074fde3f578]::runtime::scheduler::Context>>::set::<<tokio[6d42b074fde3f578]::runtime::scheduler::current_thread::CoreGuard>::enter<<tokio[6d42b074fde3f578]::runtime::scheduler::current_thread::CoreGuard>::block_on<core[a373ad73a504971]::pin::Pin<&mut core[a373ad73a504971]::pin::Pin<&mut dyn core[a373ad73a504971]::future::future::Future<Output = ()>>>>::{closure#0}, core[a373ad73a504971]::option::Option<()>>::{closure#0}, (alloc[2e1b2a31b91974c5]::boxed::Box<tokio[6d42b074fde3f578]::runtime::scheduler::current_thread::Core>, core[a373ad73a504971]::option::Option<()>)>
[INFO] [stdout]   15:     0x62f7864d4ca7 - <tokio[6d42b074fde3f578]::runtime::scheduler::current_thread::CoreGuard>::block_on::<core[a373ad73a504971]::pin::Pin<&mut core[a373ad73a504971]::pin::Pin<&mut dyn core[a373ad73a504971]::future::future::Future<Output = ()>>>>
[INFO] [stdout]   16:     0x62f7864d7f49 - tokio[6d42b074fde3f578]::runtime::context::runtime::enter_runtime::<<tokio[6d42b074fde3f578]::runtime::scheduler::current_thread::CurrentThread>::block_on<core[a373ad73a504971]::pin::Pin<&mut dyn core[a373ad73a504971]::future::future::Future<Output = ()>>>::{closure#0}, ()>
[INFO] [stdout]   17:     0x62f7864d97f5 - <tokio[6d42b074fde3f578]::runtime::runtime::Runtime>::block_on::<core[a373ad73a504971]::pin::Pin<&mut dyn core[a373ad73a504971]::future::future::Future<Output = ()>>>
[INFO] [stdout]   18:     0x62f7864d284e - <votesmart[e121261b59a3e2d9]::api::votes::tests::test_get_bill_action::{closure#0} as core[a373ad73a504971]::ops::function::FnOnce<()>>::call_once
[INFO] [stdout]   19:     0x62f7864e093b - test[aada8e7e76ba119b]::__rust_begin_short_backtrace::<core[a373ad73a504971]::result::Result<(), alloc[2e1b2a31b91974c5]::string::String>, fn() -> core[a373ad73a504971]::result::Result<(), alloc[2e1b2a31b91974c5]::string::String>>
[INFO] [stdout]   20:     0x62f7864edb15 - test[aada8e7e76ba119b]::run_test::{closure#0}
[INFO] [stdout]   21:     0x62f7864e7404 - std[617be2ca0a6fd877]::sys::backtrace::__rust_begin_short_backtrace::<test[aada8e7e76ba119b]::run_test::{closure#1}, ()>
[INFO] [stdout]   22:     0x62f7864f0ba2 - <std[617be2ca0a6fd877]::thread::lifecycle::spawn_unchecked<test[aada8e7e76ba119b]::run_test::{closure#1}, ()>::{closure#1} as core[a373ad73a504971]::ops::function::FnOnce<()>>::call_once::{shim:vtable#0}
[INFO] [stdout]   23:     0x62f786699ebf - <std[617be2ca0a6fd877]::sys::thread::unix::Thread>::new::thread_start
[INFO] [stdout]   24:     0x7927f43aedfa - <unknown>
[INFO] [stdout]   25:     0x7927f44423d4 - clone
[INFO] [stdout]   26:                0x0 - <unknown>
[INFO] [stdout] 
[INFO] [stdout] ---- api::votes::tests::test_get_categories stdout ----
[INFO] [stdout] 
[INFO] [stdout] thread 'api::votes::tests::test_get_categories' (1081) panicked at src/api/votes.rs:269:43:
[INFO] [stdout] called `Result::unwrap()` on an `Err` value: Var(NotPresent)
[INFO] [stdout] stack backtrace:
[INFO] [stdout]    0:     0x62f78669aa11 - <<std[617be2ca0a6fd877]::sys::backtrace::BacktraceLock>::print::DisplayBacktrace as core[a373ad73a504971]::fmt::Display>::fmt
[INFO] [stdout]    1:     0x62f7866b0a6a - core[a373ad73a504971]::fmt::write
[INFO] [stdout]    2:     0x62f78669f2ac - <alloc[2e1b2a31b91974c5]::vec::Vec<u8> as core[a373ad73a504971]::io::write::Write>::write_fmt
[INFO] [stdout]    3:     0x62f786675a56 - std[617be2ca0a6fd877]::panicking::default_hook::{closure#0}
[INFO] [stdout]    4:     0x62f7866928f9 - std[617be2ca0a6fd877]::panicking::default_hook
[INFO] [stdout]    5:     0x62f7864ed4f0 - test[aada8e7e76ba119b]::test_main_inner::{closure#0}
[INFO] [stdout]    6:     0x62f786692c22 - std[617be2ca0a6fd877]::panicking::panic_with_hook
[INFO] [stdout]    7:     0x62f786675b02 - std[617be2ca0a6fd877]::panicking::panic_handler::{closure#0}
[INFO] [stdout]    8:     0x62f78666e4f9 - std[617be2ca0a6fd877]::sys::backtrace::__rust_end_short_backtrace::<std[617be2ca0a6fd877]::panicking::panic_handler::{closure#0}, !>
[INFO] [stdout]    9:     0x62f78667699d - __rustc[ea4f61d10b84890b]::rust_begin_unwind
[INFO] [stdout]   10:     0x62f7866b11cc - core[a373ad73a504971]::panicking::panic_fmt
[INFO] [stdout]   11:     0x62f7866b0fa2 - core[a373ad73a504971]::result::unwrap_failed
[INFO] [stdout]   12:     0x62f7864d1b74 - votesmart[e121261b59a3e2d9]::api::votes::tests::test_get_categories::{closure#0}
[INFO] [stdout]   13:     0x62f7864d4b03 - <tokio[6d42b074fde3f578]::runtime::scheduler::current_thread::Context>::enter::<core[a373ad73a504971]::task::poll::Poll<()>, <tokio[6d42b074fde3f578]::runtime::scheduler::current_thread::CoreGuard>::block_on<core[a373ad73a504971]::pin::Pin<&mut core[a373ad73a504971]::pin::Pin<&mut dyn core[a373ad73a504971]::future::future::Future<Output = ()>>>>::{closure#0}::{closure#0}>
[INFO] [stdout]   14:     0x62f7864d29ac - <tokio[6d42b074fde3f578]::runtime::context::scoped::Scoped<tokio[6d42b074fde3f578]::runtime::scheduler::Context>>::set::<<tokio[6d42b074fde3f578]::runtime::scheduler::current_thread::CoreGuard>::enter<<tokio[6d42b074fde3f578]::runtime::scheduler::current_thread::CoreGuard>::block_on<core[a373ad73a504971]::pin::Pin<&mut core[a373ad73a504971]::pin::Pin<&mut dyn core[a373ad73a504971]::future::future::Future<Output = ()>>>>::{closure#0}, core[a373ad73a504971]::option::Option<()>>::{closure#0}, (alloc[2e1b2a31b91974c5]::boxed::Box<tokio[6d42b074fde3f578]::runtime::scheduler::current_thread::Core>, core[a373ad73a504971]::option::Option<()>)>
[INFO] [stdout]   15:     0x62f7864d4ca7 - <tokio[6d42b074fde3f578]::runtime::scheduler::current_thread::CoreGuard>::block_on::<core[a373ad73a504971]::pin::Pin<&mut core[a373ad73a504971]::pin::Pin<&mut dyn core[a373ad73a504971]::future::future::Future<Output = ()>>>>
[INFO] [stdout]   16:     0x62f7864d7f49 - tokio[6d42b074fde3f578]::runtime::context::runtime::enter_runtime::<<tokio[6d42b074fde3f578]::runtime::scheduler::current_thread::CurrentThread>::block_on<core[a373ad73a504971]::pin::Pin<&mut dyn core[a373ad73a504971]::future::future::Future<Output = ()>>>::{closure#0}, ()>
[INFO] [stdout]   17:     0x62f7864d97f5 - <tokio[6d42b074fde3f578]::runtime::runtime::Runtime>::block_on::<core[a373ad73a504971]::pin::Pin<&mut dyn core[a373ad73a504971]::future::future::Future<Output = ()>>>
[INFO] [stdout]   18:     0x62f7864d26ee - <votesmart[e121261b59a3e2d9]::api::votes::tests::test_get_categories::{closure#0} as core[a373ad73a504971]::ops::function::FnOnce<()>>::call_once
[INFO] [stdout]   19:     0x62f7864e093b - test[aada8e7e76ba119b]::__rust_begin_short_backtrace::<core[a373ad73a504971]::result::Result<(), alloc[2e1b2a31b91974c5]::string::String>, fn() -> core[a373ad73a504971]::result::Result<(), alloc[2e1b2a31b91974c5]::string::String>>
[INFO] [stdout]   20:     0x62f7864edb15 - test[aada8e7e76ba119b]::run_test::{closure#0}
[INFO] [stdout]   21:     0x62f7864e7404 - std[617be2ca0a6fd877]::sys::backtrace::__rust_begin_short_backtrace::<test[aada8e7e76ba119b]::run_test::{closure#1}, ()>
[INFO] [stdout]   22:     0x62f7864f0ba2 - <std[617be2ca0a6fd877]::thread::lifecycle::spawn_unchecked<test[aada8e7e76ba119b]::run_test::{closure#1}, ()>::{closure#1} as core[a373ad73a504971]::ops::function::FnOnce<()>>::call_once::{shim:vtable#0}
[INFO] [stdout]   23:     0x62f786699ebf - <std[617be2ca0a6fd877]::sys::thread::unix::Thread>::new::thread_start
[INFO] [stdout]   24:     0x7927f43aedfa - <unknown>
[INFO] [stdout]   25:     0x7927f44423d4 - clone
[INFO] [stdout]   26:                0x0 - <unknown>
[INFO] [stdout] 
[INFO] [stdout] ---- api::address::tests::test_get_campaign_web_address stdout ----
[INFO] [stdout] 
[INFO] [stdout] thread 'api::address::tests::test_get_campaign_web_address' (1069) panicked at src/api/address.rs:104:43:
[INFO] [stdout] called `Result::unwrap()` on an `Err` value: Var(NotPresent)
[INFO] [stdout] stack backtrace:
[INFO] [stdout]    0:     0x62f78669aa11 - <<std[617be2ca0a6fd877]::sys::backtrace::BacktraceLock>::print::DisplayBacktrace as core[a373ad73a504971]::fmt::Display>::fmt
[INFO] [stdout]    1:     0x62f7866b0a6a - core[a373ad73a504971]::fmt::write
[INFO] [stdout]    2:     0x62f78669f2ac - <alloc[2e1b2a31b91974c5]::vec::Vec<u8> as core[a373ad73a504971]::io::write::Write>::write_fmt
[INFO] [stdout]    3:     0x62f786675a56 - std[617be2ca0a6fd877]::panicking::default_hook::{closure#0}
[INFO] [stdout]    4:     0x62f7866928f9 - std[617be2ca0a6fd877]::panicking::default_hook
[INFO] [stdout]    5:     0x62f7864ed4f0 - test[aada8e7e76ba119b]::test_main_inner::{closure#0}
[INFO] [stdout]    6:     0x62f786692c22 - std[617be2ca0a6fd877]::panicking::panic_with_hook
[INFO] [stdout]    7:     0x62f786675b02 - std[617be2ca0a6fd877]::panicking::panic_handler::{closure#0}
[INFO] [stdout]    8:     0x62f78666e4f9 - std[617be2ca0a6fd877]::sys::backtrace::__rust_end_short_backtrace::<std[617be2ca0a6fd877]::panicking::panic_handler::{closure#0}, !>
[INFO] [stdout]    9:     0x62f78667699d - __rustc[ea4f61d10b84890b]::rust_begin_unwind
[INFO] [stdout]   10:     0x62f7866b11cc - core[a373ad73a504971]::panicking::panic_fmt
[INFO] [stdout]   11:     0x62f7866b0fa2 - core[a373ad73a504971]::result::unwrap_failed
[INFO] [stdout]   12:     0x62f7864d43c7 - votesmart[e121261b59a3e2d9]::api::address::tests::test_get_campaign_web_address::{closure#0}
[INFO] [stdout]   13:     0x62f7864d4b03 - <tokio[6d42b074fde3f578]::runtime::scheduler::current_thread::Context>::enter::<core[a373ad73a504971]::task::poll::Poll<()>, <tokio[6d42b074fde3f578]::runtime::scheduler::current_thread::CoreGuard>::block_on<core[a373ad73a504971]::pin::Pin<&mut core[a373ad73a504971]::pin::Pin<&mut dyn core[a373ad73a504971]::future::future::Future<Output = ()>>>>::{closure#0}::{closure#0}>
[INFO] [stdout]   14:     0x62f7864d29ac - <tokio[6d42b074fde3f578]::runtime::context::scoped::Scoped<tokio[6d42b074fde3f578]::runtime::scheduler::Context>>::set::<<tokio[6d42b074fde3f578]::runtime::scheduler::current_thread::CoreGuard>::enter<<tokio[6d42b074fde3f578]::runtime::scheduler::current_thread::CoreGuard>::block_on<core[a373ad73a504971]::pin::Pin<&mut core[a373ad73a504971]::pin::Pin<&mut dyn core[a373ad73a504971]::future::future::Future<Output = ()>>>>::{closure#0}, core[a373ad73a504971]::option::Option<()>>::{closure#0}, (alloc[2e1b2a31b91974c5]::boxed::Box<tokio[6d42b074fde3f578]::runtime::scheduler::current_thread::Core>, core[a373ad73a504971]::option::Option<()>)>
[INFO] [stdout]   15:     0x62f7864d4ca7 - <tokio[6d42b074fde3f578]::runtime::scheduler::current_thread::CoreGuard>::block_on::<core[a373ad73a504971]::pin::Pin<&mut core[a373ad73a504971]::pin::Pin<&mut dyn core[a373ad73a504971]::future::future::Future<Output = ()>>>>
[INFO] [stdout]   16:     0x62f7864d7f49 - tokio[6d42b074fde3f578]::runtime::context::runtime::enter_runtime::<<tokio[6d42b074fde3f578]::runtime::scheduler::current_thread::CurrentThread>::block_on<core[a373ad73a504971]::pin::Pin<&mut dyn core[a373ad73a504971]::future::future::Future<Output = ()>>>::{closure#0}, ()>
[INFO] [stdout]   17:     0x62f7864d97f5 - <tokio[6d42b074fde3f578]::runtime::runtime::Runtime>::block_on::<core[a373ad73a504971]::pin::Pin<&mut dyn core[a373ad73a504971]::future::future::Future<Output = ()>>>
[INFO] [stdout]   18:     0x62f7864d497e - <votesmart[e121261b59a3e2d9]::api::address::tests::test_get_campaign_web_address::{closure#0} as core[a373ad73a504971]::ops::function::FnOnce<()>>::call_once
[INFO] [stdout]   19:     0x62f7864e093b - test[aada8e7e76ba119b]::__rust_begin_short_backtrace::<core[a373ad73a504971]::result::Result<(), alloc[2e1b2a31b91974c5]::string::String>, fn() -> core[a373ad73a504971]::result::Result<(), alloc[2e1b2a31b91974c5]::string::String>>
[INFO] [stdout]   20:     0x62f7864edb15 - test[aada8e7e76ba119b]::run_test::{closure#0}
[INFO] [stdout]   21:     0x62f7864e7404 - std[617be2ca0a6fd877]::sys::backtrace::__rust_begin_short_backtrace::<test[aada8e7e76ba119b]::run_test::{closure#1}, ()>
[INFO] [stdout]   22:     0x62f7864f0ba2 - <std[617be2ca0a6fd877]::thread::lifecycle::spawn_unchecked<test[aada8e7e76ba119b]::run_test::{closure#1}, ()>::{closure#1} as core[a373ad73a504971]::ops::function::FnOnce<()>>::call_once::{shim:vtable#0}
[INFO] [stdout]   23:     0x62f786699ebf - <std[617be2ca0a6fd877]::sys::thread::unix::Thread>::new::thread_start
[INFO] [stdout]   24:     0x7927f43aedfa - <unknown>
[INFO] [stdout]   25:     0x7927f44423d4 - clone
[INFO] [stdout]   26:                0x0 - <unknown>
[INFO] [stdout] 
[INFO] [stdout] ---- api::rating::tests::test_get_sig_list stdout ----
[INFO] [stdout] 
[INFO] [stdout] thread 'api::rating::tests::test_get_sig_list' (1078) panicked at src/api/rating.rs:130:43:
[INFO] [stdout] called `Result::unwrap()` on an `Err` value: Var(NotPresent)
[INFO] [stdout] stack backtrace:
[INFO] [stdout]    0:     0x62f78669aa11 - <<std[617be2ca0a6fd877]::sys::backtrace::BacktraceLock>::print::DisplayBacktrace as core[a373ad73a504971]::fmt::Display>::fmt
[INFO] [stdout]    1:     0x62f7866b0a6a - core[a373ad73a504971]::fmt::write
[INFO] [stdout]    2:     0x62f78669f2ac - <alloc[2e1b2a31b91974c5]::vec::Vec<u8> as core[a373ad73a504971]::io::write::Write>::write_fmt
[INFO] [stdout]    3:     0x62f786675a56 - std[617be2ca0a6fd877]::panicking::default_hook::{closure#0}
[INFO] [stdout]    4:     0x62f7866928f9 - std[617be2ca0a6fd877]::panicking::default_hook
[INFO] [stdout]    5:     0x62f7864ed4f0 - test[aada8e7e76ba119b]::test_main_inner::{closure#0}
[INFO] [stdout]    6:     0x62f786692c22 - std[617be2ca0a6fd877]::panicking::panic_with_hook
[INFO] [stdout]    7:     0x62f786675b02 - std[617be2ca0a6fd877]::panicking::panic_handler::{closure#0}
[INFO] [stdout]    8:     0x62f78666e4f9 - std[617be2ca0a6fd877]::sys::backtrace::__rust_end_short_backtrace::<std[617be2ca0a6fd877]::panicking::panic_handler::{closure#0}, !>
[INFO] [stdout]    9:     0x62f78667699d - __rustc[ea4f61d10b84890b]::rust_begin_unwind
[INFO] [stdout]   10:     0x62f7866b11cc - core[a373ad73a504971]::panicking::panic_fmt
[INFO] [stdout]   11:     0x62f7866b0fa2 - core[a373ad73a504971]::result::unwrap_failed
[INFO] [stdout]   12:     0x62f7864c5e18 - votesmart[e121261b59a3e2d9]::api::rating::tests::test_get_sig_list::{closure#0}
[INFO] [stdout]   13:     0x62f7864d4b03 - <tokio[6d42b074fde3f578]::runtime::scheduler::current_thread::Context>::enter::<core[a373ad73a504971]::task::poll::Poll<()>, <tokio[6d42b074fde3f578]::runtime::scheduler::current_thread::CoreGuard>::block_on<core[a373ad73a504971]::pin::Pin<&mut core[a373ad73a504971]::pin::Pin<&mut dyn core[a373ad73a504971]::future::future::Future<Output = ()>>>>::{closure#0}::{closure#0}>
[INFO] [stdout]   14:     0x62f7864d29ac - <tokio[6d42b074fde3f578]::runtime::context::scoped::Scoped<tokio[6d42b074fde3f578]::runtime::scheduler::Context>>::set::<<tokio[6d42b074fde3f578]::runtime::scheduler::current_thread::CoreGuard>::enter<<tokio[6d42b074fde3f578]::runtime::scheduler::current_thread::CoreGuard>::block_on<core[a373ad73a504971]::pin::Pin<&mut core[a373ad73a504971]::pin::Pin<&mut dyn core[a373ad73a504971]::future::future::Future<Output = ()>>>>::{closure#0}, core[a373ad73a504971]::option::Option<()>>::{closure#0}, (alloc[2e1b2a31b91974c5]::boxed::Box<tokio[6d42b074fde3f578]::runtime::scheduler::current_thread::Core>, core[a373ad73a504971]::option::Option<()>)>
[INFO] [stdout]   15:     0x62f7864d4ca7 - <tokio[6d42b074fde3f578]::runtime::scheduler::current_thread::CoreGuard>::block_on::<core[a373ad73a504971]::pin::Pin<&mut core[a373ad73a504971]::pin::Pin<&mut dyn core[a373ad73a504971]::future::future::Future<Output = ()>>>>
[INFO] [stdout]   16:     0x62f7864d7f49 - tokio[6d42b074fde3f578]::runtime::context::runtime::enter_runtime::<<tokio[6d42b074fde3f578]::runtime::scheduler::current_thread::CurrentThread>::block_on<core[a373ad73a504971]::pin::Pin<&mut dyn core[a373ad73a504971]::future::future::Future<Output = ()>>>::{closure#0}, ()>
[INFO] [stdout]   17:     0x62f7864d97f5 - <tokio[6d42b074fde3f578]::runtime::runtime::Runtime>::block_on::<core[a373ad73a504971]::pin::Pin<&mut dyn core[a373ad73a504971]::future::future::Future<Output = ()>>>
[INFO] [stdout]   18:     0x62f7864c71ee - <votesmart[e121261b59a3e2d9]::api::rating::tests::test_get_sig_list::{closure#0} as core[a373ad73a504971]::ops::function::FnOnce<()>>::call_once
[INFO] [stdout]   19:     0x62f7864e093b - test[aada8e7e76ba119b]::__rust_begin_short_backtrace::<core[a373ad73a504971]::result::Result<(), alloc[2e1b2a31b91974c5]::string::String>, fn() -> core[a373ad73a504971]::result::Result<(), alloc[2e1b2a31b91974c5]::string::String>>
[INFO] [stdout]   20:     0x62f7864edb15 - test[aada8e7e76ba119b]::run_test::{closure#0}
[INFO] [stdout]   21:     0x62f7864e7404 - std[617be2ca0a6fd877]::sys::backtrace::__rust_begin_short_backtrace::<test[aada8e7e76ba119b]::run_test::{closure#1}, ()>
[INFO] [stdout]   22:     0x62f7864f0ba2 - <std[617be2ca0a6fd877]::thread::lifecycle::spawn_unchecked<test[aada8e7e76ba119b]::run_test::{closure#1}, ()>::{closure#1} as core[a373ad73a504971]::ops::function::FnOnce<()>>::call_once::{shim:vtable#0}
[INFO] [stdout]   23:     0x62f786699ebf - <std[617be2ca0a6fd877]::sys::thread::unix::Thread>::new::thread_start
[INFO] [stdout]   24:     0x7927f43aedfa - <unknown>
[INFO] [stdout]   25:     0x7927f44423d4 - clone
[INFO] [stdout]   26:                0x0 - <unknown>
[INFO] [stdout] 
[INFO] [stdout] ---- api::rating::tests::test_get_candidate_rating stdout ----
[INFO] [stdout] 
[INFO] [stdout] thread 'api::rating::tests::test_get_candidate_rating' (1075) panicked at src/api/rating.rs:104:43:
[INFO] [stdout] called `Result::unwrap()` on an `Err` value: Var(NotPresent)
[INFO] [stdout] stack backtrace:
[INFO] [stdout]    0:     0x62f78669aa11 - <<std[617be2ca0a6fd877]::sys::backtrace::BacktraceLock>::print::DisplayBacktrace as core[a373ad73a504971]::fmt::Display>::fmt
[INFO] [stdout]    1:     0x62f7866b0a6a - core[a373ad73a504971]::fmt::write
[INFO] [stdout]    2:     0x62f78669f2ac - <alloc[2e1b2a31b91974c5]::vec::Vec<u8> as core[a373ad73a504971]::io::write::Write>::write_fmt
[INFO] [stdout]    3:     0x62f786675a56 - std[617be2ca0a6fd877]::panicking::default_hook::{closure#0}
[INFO] [stdout]    4:     0x62f7866928f9 - std[617be2ca0a6fd877]::panicking::default_hook
[INFO] [stdout]    5:     0x62f7864ed4f0 - test[aada8e7e76ba119b]::test_main_inner::{closure#0}
[INFO] [stdout]    6:     0x62f786692c22 - std[617be2ca0a6fd877]::panicking::panic_with_hook
[INFO] [stdout]    7:     0x62f786675b02 - std[617be2ca0a6fd877]::panicking::panic_handler::{closure#0}
[INFO] [stdout]    8:     0x62f78666e4f9 - std[617be2ca0a6fd877]::sys::backtrace::__rust_end_short_backtrace::<std[617be2ca0a6fd877]::panicking::panic_handler::{closure#0}, !>
[INFO] [stdout]    9:     0x62f78667699d - __rustc[ea4f61d10b84890b]::rust_begin_unwind
[INFO] [stdout]   10:     0x62f7866b11cc - core[a373ad73a504971]::panicking::panic_fmt
[INFO] [stdout]   11:     0x62f7866b0fa2 - core[a373ad73a504971]::result::unwrap_failed
[INFO] [stdout]   12:     0x62f7864c6cc7 - votesmart[e121261b59a3e2d9]::api::rating::tests::test_get_candidate_rating::{closure#0}
[INFO] [stdout]   13:     0x62f7864d4b03 - <tokio[6d42b074fde3f578]::runtime::scheduler::current_thread::Context>::enter::<core[a373ad73a504971]::task::poll::Poll<()>, <tokio[6d42b074fde3f578]::runtime::scheduler::current_thread::CoreGuard>::block_on<core[a373ad73a504971]::pin::Pin<&mut core[a373ad73a504971]::pin::Pin<&mut dyn core[a373ad73a504971]::future::future::Future<Output = ()>>>>::{closure#0}::{closure#0}>
[INFO] [stdout]   14:     0x62f7864d29ac - <tokio[6d42b074fde3f578]::runtime::context::scoped::Scoped<tokio[6d42b074fde3f578]::runtime::scheduler::Context>>::set::<<tokio[6d42b074fde3f578]::runtime::scheduler::current_thread::CoreGuard>::enter<<tokio[6d42b074fde3f578]::runtime::scheduler::current_thread::CoreGuard>::block_on<core[a373ad73a504971]::pin::Pin<&mut core[a373ad73a504971]::pin::Pin<&mut dyn core[a373ad73a504971]::future::future::Future<Output = ()>>>>::{closure#0}, core[a373ad73a504971]::option::Option<()>>::{closure#0}, (alloc[2e1b2a31b91974c5]::boxed::Box<tokio[6d42b074fde3f578]::runtime::scheduler::current_thread::Core>, core[a373ad73a504971]::option::Option<()>)>
[INFO] [stdout]   15:     0x62f7864d4ca7 - <tokio[6d42b074fde3f578]::runtime::scheduler::current_thread::CoreGuard>::block_on::<core[a373ad73a504971]::pin::Pin<&mut core[a373ad73a504971]::pin::Pin<&mut dyn core[a373ad73a504971]::future::future::Future<Output = ()>>>>
[INFO] [stdout]   16:     0x62f7864d7f49 - tokio[6d42b074fde3f578]::runtime::context::runtime::enter_runtime::<<tokio[6d42b074fde3f578]::runtime::scheduler::current_thread::CurrentThread>::block_on<core[a373ad73a504971]::pin::Pin<&mut dyn core[a373ad73a504971]::future::future::Future<Output = ()>>>::{closure#0}, ()>
[INFO] [stdout]   17:     0x62f7864d97f5 - <tokio[6d42b074fde3f578]::runtime::runtime::Runtime>::block_on::<core[a373ad73a504971]::pin::Pin<&mut dyn core[a373ad73a504971]::future::future::Future<Output = ()>>>
[INFO] [stdout]   18:     0x62f7864c74ae - <votesmart[e121261b59a3e2d9]::api::rating::tests::test_get_candidate_rating::{closure#0} as core[a373ad73a504971]::ops::function::FnOnce<()>>::call_once
[INFO] [stdout]   19:     0x62f7864e093b - test[aada8e7e76ba119b]::__rust_begin_short_backtrace::<core[a373ad73a504971]::result::Result<(), alloc[2e1b2a31b91974c5]::string::String>, fn() -> core[a373ad73a504971]::result::Result<(), alloc[2e1b2a31b91974c5]::string::String>>
[INFO] [stdout]   20:     0x62f7864edb15 - test[aada8e7e76ba119b]::run_test::{closure#0}
[INFO] [stdout]   21:     0x62f7864e7404 - std[617be2ca0a6fd877]::sys::backtrace::__rust_begin_short_backtrace::<test[aada8e7e76ba119b]::run_test::{closure#1}, ()>
[INFO] [stdout]   22:     0x62f7864f0ba2 - <std[617be2ca0a6fd877]::thread::lifecycle::spawn_unchecked<test[aada8e7e76ba119b]::run_test::{closure#1}, ()>::{closure#1} as core[a373ad73a504971]::ops::function::FnOnce<()>>::call_once::{shim:vtable#0}
[INFO] [stdout]   23:     0x62f786699ebf - <std[617be2ca0a6fd877]::sys::thread::unix::Thread>::new::thread_start
[INFO] [stdout]   24:     0x7927f43aedfa - <unknown>
[INFO] [stdout]   25:     0x7927f44423d4 - clone
[INFO] [stdout]   26:                0x0 - <unknown>
[INFO] [stdout] 
[INFO] [stdout] 
[INFO] [stdout] failures:
[INFO] [stdout]     api::address::tests::test_get_campaign
[INFO] [stdout]     api::address::tests::test_get_campaign_web_address
[INFO] [stdout]     api::candidate_bio::tests::test_get_addl_bio
[INFO] [stdout]     api::candidate_bio::tests::test_get_bio
[INFO] [stdout]     api::candidate_bio::tests::test_get_detailed_bio
[INFO] [stdout]     api::district::tests::test_get_by_office_state
[INFO] [stdout]     api::district::tests::test_get_by_zip
[INFO] [stdout]     api::rating::tests::test_get_candidate_rating
[INFO] [stdout]     api::rating::tests::test_get_categories
[INFO] [stdout]     api::rating::tests::test_get_sig
[INFO] [stdout]     api::rating::tests::test_get_sig_list
[INFO] [stdout]     api::votes::tests::test_get_bill
[INFO] [stdout]     api::votes::tests::test_get_bill_action
[INFO] [stdout]     api::votes::tests::test_get_categories
[INFO] [stdout] 
[INFO] [stdout] test result: FAILED. 0 passed; 14 failed; 0 ignored; 0 measured; 0 filtered out; finished in 0.03s
[INFO] [stdout] 
[INFO] running `Command { std: "docker" "inspect" "845958d9de20177392810bbfba7fc10ad9ac9044af0aa8d428003cc2078dd064", kill_on_drop: false }`
[INFO] running `Command { std: "docker" "rm" "-f" "845958d9de20177392810bbfba7fc10ad9ac9044af0aa8d428003cc2078dd064", kill_on_drop: false }`
[INFO] [stdout] 845958d9de20177392810bbfba7fc10ad9ac9044af0aa8d428003cc2078dd064
