[INFO] fetching crate voter-stake-registry 0.2.4...
[INFO] testing voter-stake-registry-0.2.4 against 1.99.0-beta.8+cargoflags=--release for beta-release-1.100-2
[INFO] extracting crate voter-stake-registry 0.2.4 into /workspace/builds/worker-0-tc1/source
[INFO] started tweaking crates.io crate voter-stake-registry 0.2.4
[INFO] finished tweaking crates.io crate voter-stake-registry 0.2.4
[INFO] tweaked toml for crates.io crate voter-stake-registry 0.2.4 written to /workspace/builds/worker-0-tc1/source/Cargo.toml
[INFO] validating manifest of crates.io crate voter-stake-registry 0.2.4 on toolchain 1.99.0-beta.8
[INFO] running `Command { std: CARGO_HOME="/workspace/cargo-home" RUSTUP_HOME="/workspace/rustup-home" "/workspace/cargo-home/bin/cargo" "+1.99.0-beta.8" "metadata" "--manifest-path" "Cargo.toml" "--no-deps", kill_on_drop: false }`
[INFO] running `Command { std: CARGO_HOME="/workspace/cargo-home" RUSTUP_HOME="/workspace/rustup-home" "/workspace/cargo-home/bin/cargo" "+1.99.0-beta.8" "generate-lockfile" "--manifest-path" "Cargo.toml", kill_on_drop: false }`
[INFO] [stderr]     Updating crates.io index
[INFO] [stderr]      Locking 403 packages to highest compatible versions
[INFO] [stderr]       Adding anchor-lang v0.24.2 (available: v1.2.1)
[INFO] [stderr]       Adding anchor-spl v0.24.2 (available: v1.2.1)
[INFO] [stderr]       Adding base64 v0.13.1 (available: v0.23.1)
[INFO] [stderr]       Adding bincode v1.3.3 (available: v3.0.0)
[INFO] [stderr]       Adding crypto-mac v0.11.0 (available: v0.11.1)
[INFO] [stderr]       Adding env_logger v0.9.3 (available: v0.11.11)
[INFO] [stderr]       Adding hyper v0.14.29 (available: v0.14.32)
[INFO] [stderr]       Adding solana-address-lookup-table-program v1.9.29 (available: v1.18.26)
[INFO] [stderr]       Adding solana-banks-client v1.9.29 (available: v1.18.26)
[INFO] [stderr]       Adding solana-banks-interface v1.9.29 (available: v1.18.26)
[INFO] [stderr]       Adding solana-banks-server v1.9.29 (available: v1.18.26)
[INFO] [stderr]       Adding solana-bloom v1.9.29 (available: v1.18.26)
[INFO] [stderr]       Adding solana-bpf-loader-program v1.9.29 (available: v1.18.26)
[INFO] [stderr]       Adding solana-bucket-map v1.9.29 (available: v1.18.26)
[INFO] [stderr]       Adding solana-compute-budget-program v1.9.29 (available: v1.18.26)
[INFO] [stderr]       Adding solana-config-program v1.9.29 (available: v1.18.26)
[INFO] [stderr]       Adding solana-frozen-abi v1.9.29 (available: v1.18.26)
[INFO] [stderr]       Adding solana-frozen-abi-macro v1.9.29 (available: v1.18.26)
[INFO] [stderr]       Adding solana-logger v1.9.29 (available: v1.18.26)
[INFO] [stderr]       Adding solana-measure v1.9.29 (available: v1.18.26)
[INFO] [stderr]       Adding solana-metrics v1.9.29 (available: v1.18.26)
[INFO] [stderr]       Adding solana-program v1.9.29 (available: v1.18.26)
[INFO] [stderr]       Adding solana-program-runtime v1.9.29 (available: v1.18.26)
[INFO] [stderr]       Adding solana-program-test v1.9.29 (available: v1.18.26)
[INFO] [stderr]       Adding solana-rayon-threadlimit v1.9.29 (available: v1.18.26)
[INFO] [stderr]       Adding solana-runtime v1.9.29 (available: v1.18.26)
[INFO] [stderr]       Adding solana-sdk v1.9.29 (available: v1.18.26)
[INFO] [stderr]       Adding solana-sdk-macro v1.9.29 (available: v1.18.26)
[INFO] [stderr]       Adding solana-send-transaction-service v1.9.29 (available: v1.18.26)
[INFO] [stderr]       Adding solana-stake-program v1.9.29 (available: v1.18.26)
[INFO] [stderr]       Adding solana-vote-program v1.9.29 (available: v1.18.26)
[INFO] [stderr]       Adding solana_rbpf v0.2.24 (available: v0.2.40)
[INFO] [stderr]       Adding spl-associated-token-account v1.0.5 (available: v1.1.3)
[INFO] [stderr]       Adding spl-governance v2.2.1 (available: v2.2.4)
[INFO] [stderr]       Adding spl-governance-addin-api v0.1.1 (available: v0.1.4)
[INFO] [stderr]       Adding spl-governance-tools v0.1.2 (available: v0.1.4)
[INFO] [stderr]       Adding spl-token v3.3.0 (available: v3.5.0)
[INFO] [stderr]       Adding tokio v1.14.1 (available: v1.53.3)
[INFO] [stderr]       Adding tokio-stream v0.1.12 (available: v0.1.19)
[INFO] [stderr]       Adding tokio-util v0.7.2 (available: v0.7.20)
[INFO] [stderr]       Adding wasi v0.10.0+wasi-snapshot-preview1 (available: v0.10.2+wasi-snapshot-preview1)
[INFO] [stderr]       Adding zeroize v1.3.0 (available: v1.9.1)
[INFO] [stderr]       Adding zstd-safe v4.1.3+zstd.1.5.1 (available: v4.1.6+zstd.1.5.2)
[INFO] [stderr]       Adding zstd-sys v1.6.2+zstd.1.5.1 (available: v1.6.3+zstd.1.5.2)
[INFO] running `Command { std: CARGO_HOME="/workspace/cargo-home" RUSTUP_HOME="/workspace/rustup-home" "/workspace/cargo-home/bin/cargo" "+1.99.0-beta.8" "fetch" "--manifest-path" "Cargo.toml", kill_on_drop: false }`
[INFO] [stderr]     Blocking waiting for file lock on package cache
[INFO] [stderr]  Downloading crates ...
[INFO] [stderr]   Downloaded solana-sdk-macro v1.9.29
[INFO] [stderr]   Downloaded solana-frozen-abi-macro v1.9.29
[INFO] [stderr]   Downloaded spl-token v3.3.0
[INFO] [stderr]   Downloaded solana-program v1.9.29
[INFO] [stderr]   Downloaded solana-frozen-abi v1.9.29
[INFO] [stderr]   Downloaded spl-governance-addin-api v0.1.1
[INFO] [stderr]   Downloaded hmac v0.9.0
[INFO] [stderr]   Downloaded solana-logger v1.9.29
[INFO] [stderr]   Downloaded pbkdf2 v0.9.0
[INFO] [stderr]   Downloaded derivation-path v0.1.3
[INFO] [stderr]   Downloaded solana-measure v1.9.29
[INFO] [stderr]   Downloaded spl-governance-tools v0.1.2
[INFO] [stderr]   Downloaded crypto-mac v0.11.0
[INFO] [stderr]   Downloaded solana-program-runtime v1.9.29
[INFO] [stderr]   Downloaded ed25519-dalek-bip32 v0.1.1
[INFO] [stderr]   Downloaded crypto-mac v0.9.1
[INFO] [stderr]   Downloaded spl-associated-token-account v1.0.5
[INFO] [stderr]   Downloaded solana-metrics v1.9.29
[INFO] [stderr]   Downloaded solana-vote-program v1.9.29
[INFO] [stderr]   Downloaded solana-rayon-threadlimit v1.9.29
[INFO] [stderr]   Downloaded solana-config-program v1.9.29
[INFO] [stderr]   Downloaded zstd-safe v4.1.3+zstd.1.5.1
[INFO] [stderr]   Downloaded solana-compute-budget-program v1.9.29
[INFO] [stderr]   Downloaded solana-stake-program v1.9.29
[INFO] [stderr]   Downloaded solana-bloom v1.9.29
[INFO] [stderr]   Downloaded solana-sdk v1.9.29
[INFO] [stderr]   Downloaded solana-bucket-map v1.9.29
[INFO] [stderr]   Downloaded solana-address-lookup-table-program v1.9.29
[INFO] [stderr]   Downloaded ouroboros v0.13.0
[INFO] [stderr]   Downloaded ouroboros_macro v0.13.0
[INFO] [stderr]   Downloaded solana-program-test v1.9.29
[INFO] [stderr]   Downloaded zstd v0.9.2+zstd.1.5.1
[INFO] [stderr]   Downloaded tokio-util v0.7.2
[INFO] [stderr]   Downloaded spl-governance v2.2.1
[INFO] [stderr]   Downloaded scroll_derive v0.10.5
[INFO] [stderr]   Downloaded hyper v0.14.29
[INFO] [stderr]   Downloaded scroll v0.10.2
[INFO] [stderr]   Downloaded hash32 v0.1.1
[INFO] [stderr]   Downloaded solana-banks-server v1.9.29
[INFO] [stderr]   Downloaded tokio-serde v0.8.0
[INFO] [stderr]   Downloaded anchor-derive-accounts v0.24.2
[INFO] [stderr]   Downloaded solana-bpf-loader-program v1.9.29
[INFO] [stderr]   Downloaded tokio-stream v0.1.12
[INFO] [stderr]   Downloaded solana_rbpf v0.2.24
[INFO] [stderr]   Downloaded goblin v0.4.3
[INFO] [stderr]   Downloaded solana-send-transaction-service v1.9.29
[INFO] [stderr]   Downloaded anchor-spl v0.24.2
[INFO] [stderr]   Downloaded tokio v1.14.1
[INFO] [stderr]   Downloaded solana-runtime v1.9.29
[INFO] [stderr]   Downloaded anchor-syn v0.24.2
[INFO] [stderr]   Downloaded opentelemetry v0.16.0
[INFO] [stderr]   Downloaded anchor-attribute-interface v0.24.2
[INFO] [stderr]   Downloaded tracing-opentelemetry v0.15.0
[INFO] [stderr]   Downloaded solana-banks-interface v1.9.29
[INFO] [stderr]   Downloaded solana-banks-client v1.9.29
[INFO] [stderr]   Downloaded bs58 v0.3.1
[INFO] [stderr]   Downloaded anchor-attribute-event v0.24.2
[INFO] [stderr]   Downloaded chrono-humanize v0.2.3
[INFO] [stderr]   Downloaded anchor-attribute-constant v0.24.2
[INFO] [stderr]   Downloaded zstd-sys v1.6.2+zstd.1.5.1
[INFO] [stderr]   Downloaded tarpc v0.27.2
[INFO] [stderr]   Downloaded anchor-lang v0.24.2
[INFO] [stderr]   Downloaded anchor-attribute-program v0.24.2
[INFO] [stderr]   Downloaded anchor-attribute-account v0.24.2
[INFO] [stderr]   Downloaded anchor-attribute-access-control v0.24.2
[INFO] [stderr]   Downloaded anchor-attribute-state v0.24.2
[INFO] [stderr]   Downloaded anchor-attribute-error v0.24.2
[INFO] [stderr]   Downloaded tarpc-plugins v0.12.0
[INFO] running `Command { std: "docker" "create" "-v" "/var/lib/crater-agent-workspace/builds/worker-0-tc1/source:/opt/rustwide/workdir:ro,Z" "-v" "/var/lib/crater-agent-workspace/builds/worker-0-tc1/target:/opt/rustwide/target:rw,Z" "-v" "/var/lib/crater-agent-workspace/cargo-home:/opt/rustwide/cargo-home:ro,Z" "-v" "/var/lib/crater-agent-workspace/rustup-home:/opt/rustwide/rustup-home:ro,Z" "-m" "1610612736" "--network" "none" "ghcr.io/rust-lang/crates-build-env/linux@sha256:77db811e55d90add9212f6832c23229e3de5f1c1f9905e8cb07319ea15df73ac" "sleep" "infinity", kill_on_drop: false }`
[INFO] [stdout] 8ba8620c1df8461c0d88dd01b7ccecddf9686303782b9ad76a2a53ad72f0d605
[INFO] running `Command { std: "docker" "start" "8ba8620c1df8461c0d88dd01b7ccecddf9686303782b9ad76a2a53ad72f0d605", kill_on_drop: false }`
[INFO] running `Command { std: "docker" "inspect" "8ba8620c1df8461c0d88dd01b7ccecddf9686303782b9ad76a2a53ad72f0d605", kill_on_drop: false }`
[INFO] running `Command { std: "docker" "exec" "-e" "SOURCE_DIR=/opt/rustwide/workdir" "-e" "CARGO_HOME=/opt/rustwide/cargo-home" "-e" "RUSTUP_HOME=/opt/rustwide/rustup-home" "-e" "CARGO_TARGET_DIR=/opt/rustwide/target" "-w" "/opt/rustwide/workdir" "--user" "0:0" "8ba8620c1df8461c0d88dd01b7ccecddf9686303782b9ad76a2a53ad72f0d605" "/opt/rustwide/cargo-home/bin/cargo" "+1.99.0-beta.8" "metadata" "--no-deps" "--format-version=1", kill_on_drop: false }`
[INFO] running `Command { std: "docker" "inspect" "8ba8620c1df8461c0d88dd01b7ccecddf9686303782b9ad76a2a53ad72f0d605", kill_on_drop: false }`
[INFO] running `Command { std: "docker" "exec" "-e" "SOURCE_DIR=/opt/rustwide/workdir" "-e" "CARGO_HOME=/opt/rustwide/cargo-home" "-e" "RUSTUP_HOME=/opt/rustwide/rustup-home" "-e" "CARGO_TARGET_DIR=/opt/rustwide/target" "-e" "CARGO_INCREMENTAL=0" "-e" "RUST_BACKTRACE=full" "-e" "RUSTFLAGS=--cap-lints=warn" "-e" "RUSTDOCFLAGS=--cap-lints=warn" "-w" "/opt/rustwide/workdir" "--user" "0:0" "8ba8620c1df8461c0d88dd01b7ccecddf9686303782b9ad76a2a53ad72f0d605" "/opt/rustwide/cargo-home/bin/cargo" "+1.99.0-beta.8" "build" "--frozen" "--message-format=json" "--release", kill_on_drop: false }`
[INFO] [stderr]    Compiling proc-macro2 v1.0.107
[INFO] [stderr]    Compiling serde_core v1.0.229
[INFO] [stderr]    Compiling serde v1.0.229
[INFO] [stderr]    Compiling syn v1.0.109
[INFO] [stderr]    Compiling typenum v1.20.1
[INFO] [stderr]    Compiling semver v1.0.28
[INFO] [stderr]    Compiling getrandom v0.1.16
[INFO] [stderr]    Compiling wasm-bindgen-shared v0.2.129
[INFO] [stderr]    Compiling memchr v2.8.3
[INFO] [stderr]    Compiling generic-array v0.14.9
[INFO] [stderr]    Compiling proc-macro2-diagnostics v0.9.1
[INFO] [stderr]    Compiling libc v0.2.191
[INFO] [stderr]    Compiling subtle v2.6.1
[INFO] [stderr]    Compiling serde_json v1.0.154
[INFO] [stderr]    Compiling block-padding v0.2.1
[INFO] [stderr]    Compiling thiserror v1.0.69
[INFO] [stderr]    Compiling opaque-debug v0.3.1
[INFO] [stderr]    Compiling unicode-segmentation v1.13.3
[INFO] [stderr]    Compiling yansi v0.5.1
[INFO] [stderr]    Compiling ahash v0.7.8
[INFO] [stderr]    Compiling hybrid-array v0.4.15
[INFO] [stderr]    Compiling feature-probe v0.1.1
[INFO] [stderr]    Compiling bs58 v0.3.1
[INFO] [stderr]    Compiling rand_core v0.5.1
[INFO] [stderr]    Compiling rustc_version v0.4.1
[INFO] [stderr]    Compiling crunchy v0.2.4
[INFO] [stderr]    Compiling bv v0.11.1
[INFO] [stderr]    Compiling cmov v0.5.4
[INFO] [stderr]    Compiling equivalent v1.0.3
[INFO] [stderr]    Compiling humantime v2.4.0
[INFO] [stderr]    Compiling bumpalo v3.20.3
[INFO] [stderr]    Compiling heck v0.3.3
[INFO] [stderr]    Compiling rand_chacha v0.2.2
[INFO] [stderr]    Compiling solana-frozen-abi-macro v1.9.29
[INFO] [stderr]    Compiling solana-frozen-abi v1.9.29
[INFO] [stderr]    Compiling ctutils v0.4.3
[INFO] [stderr]    Compiling rand_pcg v0.2.1
[INFO] [stderr]    Compiling indexmap v2.14.2
[INFO] [stderr]    Compiling block-buffer v0.12.1
[INFO] [stderr]    Compiling crypto-common v0.2.2
[INFO] [stderr]    Compiling wasm-bindgen v0.2.129
[INFO] [stderr]    Compiling toml_datetime v0.6.11
[INFO] [stderr]    Compiling unicode-ident v1.0.27
[INFO] [stderr]    Compiling bs58 v0.4.0
[INFO] [stderr]    Compiling hashbrown v0.11.2
[INFO] [stderr]    Compiling rand v0.7.3
[INFO] [stderr]    Compiling aho-corasick v1.1.5
[INFO] [stderr]    Compiling solana-program v1.9.29
[INFO] [stderr]    Compiling memmap2 v0.5.10
[INFO] [stderr]    Compiling base64 v0.12.3
[INFO] [stderr]    Compiling quote v1.0.47
[INFO] [stderr]    Compiling byteorder v1.5.0
[INFO] [stderr]    Compiling syn v3.0.9
[INFO] [stderr]    Compiling syn v2.0.119
[INFO] [stderr]    Compiling toml_edit v0.19.15
[INFO] [stderr]    Compiling constant_time_eq v0.4.2
[INFO] [stderr]    Compiling keccak v0.1.6
[INFO] [stderr]    Compiling jobserver v0.1.35
[INFO] [stderr]    Compiling either v1.19.0
[INFO] [stderr]    Compiling arrayvec v0.7.8
[INFO] [stderr]    Compiling cc v1.8.0
[INFO] [stderr]    Compiling digest v0.11.3
[INFO] [stderr]    Compiling arrayref v0.3.9
[INFO] [stderr]    Compiling itertools v0.10.5
[INFO] [stderr]    Compiling base64 v0.13.1
[INFO] [stderr]    Compiling regex-automata v0.4.18
[INFO] [stderr]    Compiling blake3 v1.8.7
[INFO] [stderr]    Compiling serde_bytes v0.11.19
[INFO] [stderr]    Compiling proc-macro-crate v1.3.1
[INFO] [stderr]    Compiling thiserror-impl v1.0.69
[INFO] [stderr]    Compiling zeroize_derive v1.5.0
[INFO] [stderr]    Compiling zeroize v1.3.0
[INFO] [stderr]    Compiling regex v1.13.1
[INFO] [stderr]    Compiling borsh-schema-derive-internal v0.9.3
[INFO] [stderr]    Compiling borsh-derive-internal v0.9.3
[INFO] [stderr]    Compiling wasm-bindgen-macro-support v0.2.129
[INFO] [stderr]    Compiling solana-sdk-macro v1.9.29
[INFO] [stderr]    Compiling num-derive v0.3.3
[INFO] [stderr]    Compiling num_enum_derive v0.5.11
[INFO] [stderr]    Compiling serde_derive v1.0.229
[INFO] [stderr]    Compiling bytemuck_derive v1.12.1
[INFO] [stderr]    Compiling env_logger v0.9.3
[INFO] [stderr]    Compiling num_enum v0.5.11
[INFO] [stderr]    Compiling solana-logger v1.9.29
[INFO] [stderr]    Compiling bytemuck v1.25.2
[INFO] [stderr]    Compiling bincode v1.3.3
[INFO] [stderr]    Compiling toml v0.5.11
[INFO] [stderr]    Compiling wasm-bindgen-macro v0.2.129
[INFO] [stderr]    Compiling digest v0.9.0
[INFO] [stderr]    Compiling block-buffer v0.9.0
[INFO] [stderr]    Compiling libsecp256k1-core v0.2.2
[INFO] [stderr]    Compiling sha2 v0.9.9
[INFO] [stderr]    Compiling anchor-syn v0.24.2
[INFO] [stderr]    Compiling crypto-mac v0.8.0
[INFO] [stderr]    Compiling proc-macro-crate v0.1.5
[INFO] [stderr]    Compiling hmac v0.8.1
[INFO] [stderr]    Compiling sha3 v0.9.1
[INFO] [stderr]    Compiling curve25519-dalek v3.2.1
[INFO] [stderr]    Compiling hmac-drbg v0.3.0
[INFO] [stderr]    Compiling borsh-derive v0.9.3
[INFO] [stderr]    Compiling libsecp256k1-gen-genmult v0.2.1
[INFO] [stderr]    Compiling libsecp256k1-gen-ecmult v0.2.1
[INFO] [stderr]    Compiling borsh v0.9.3
[INFO] [stderr]    Compiling libsecp256k1 v0.6.0
[INFO] [stderr]    Compiling anchor-attribute-event v0.24.2
[INFO] [stderr]    Compiling anchor-attribute-program v0.24.2
[INFO] [stderr]    Compiling anchor-derive-accounts v0.24.2
[INFO] [stderr]    Compiling anchor-attribute-access-control v0.24.2
[INFO] [stderr]    Compiling anchor-attribute-constant v0.24.2
[INFO] [stderr]    Compiling anchor-attribute-state v0.24.2
[INFO] [stderr]    Compiling anchor-attribute-error v0.24.2
[INFO] [stderr]    Compiling anchor-attribute-interface v0.24.2
[INFO] [stderr]    Compiling anchor-attribute-account v0.24.2
[INFO] [stderr]    Compiling spl-token v3.3.0
[INFO] [stderr]    Compiling anchor-lang v0.24.2
[INFO] [stderr]    Compiling spl-governance-tools v0.1.2
[INFO] [stderr]    Compiling spl-associated-token-account v1.0.5
[INFO] [stderr]    Compiling spl-governance-addin-api v0.1.1
[INFO] [stderr]    Compiling anchor-spl v0.24.2
[INFO] [stderr]    Compiling spl-governance v2.2.1
[INFO] [stderr]    Compiling voter-stake-registry v0.2.4 (/opt/rustwide/workdir)
[INFO] [stdout] warning: unexpected `cfg` condition value: `custom-heap`
[INFO] [stdout]   --> src/lib.rs:61:1
[INFO] [stdout]    |
[INFO] [stdout] 61 | #[program]
[INFO] [stdout]    | ^^^^^^^^^^
[INFO] [stdout]    |
[INFO] [stdout]    = note: expected values for `feature` are: `cpi`, `default`, `localnet`, `no-entrypoint`, `no-idl`, and `test-bpf`
[INFO] [stdout]    = note: using a cfg inside a macro will use the cfgs from the destination crate and not the ones from the defining crate
[INFO] [stdout]    = help: try referring to `$crate::custom_heap_default` crate for guidance on how handle this unexpected cfg
[INFO] [stdout]    = note: see <https://doc.rust-lang.org/nightly/rustc/check-cfg/cargo-specifics.html> for more information about checking conditional configuration
[INFO] [stdout]    = note: `#[warn(unexpected_cfgs)]` on by default
[INFO] [stdout]    = note: this warning originates in the macro `$crate::custom_heap_default` which comes from the expansion of the attribute macro `program` (in Nightly builds, run with -Z macro-backtrace for more info)
[INFO] [stdout] 
[INFO] [stdout] 
[INFO] [stdout] warning: unexpected `cfg` condition value: `custom-panic`
[INFO] [stdout]   --> src/lib.rs:61:1
[INFO] [stdout]    |
[INFO] [stdout] 61 | #[program]
[INFO] [stdout]    | ^^^^^^^^^^
[INFO] [stdout]    |
[INFO] [stdout]    = note: expected values for `feature` are: `cpi`, `default`, `localnet`, `no-entrypoint`, `no-idl`, and `test-bpf`
[INFO] [stdout]    = note: using a cfg inside a macro will use the cfgs from the destination crate and not the ones from the defining crate
[INFO] [stdout]    = help: try referring to `$crate::custom_panic_default` crate for guidance on how handle this unexpected cfg
[INFO] [stdout]    = note: see <https://doc.rust-lang.org/nightly/rustc/check-cfg/cargo-specifics.html> for more information about checking conditional configuration
[INFO] [stdout]    = note: this warning originates in the macro `$crate::custom_panic_default` which comes from the expansion of the attribute macro `program` (in Nightly builds, run with -Z macro-backtrace for more info)
[INFO] [stdout] 
[INFO] [stdout] 
[INFO] [stdout] warning: unexpected `cfg` condition value: `anchor-debug`
[INFO] [stdout]  --> src/instructions/clawback.rs:7:10
[INFO] [stdout]   |
[INFO] [stdout] 7 | #[derive(Accounts)]
[INFO] [stdout]   |          ^^^^^^^^
[INFO] [stdout]   |
[INFO] [stdout]   = note: expected values for `feature` are: `cpi`, `default`, `localnet`, `no-entrypoint`, `no-idl`, and `test-bpf`
[INFO] [stdout]   = note: using a cfg inside a derive macro will use the cfgs from the destination crate and not the ones from the defining crate
[INFO] [stdout]   = help: try referring to `Accounts` crate for guidance on how handle this unexpected cfg
[INFO] [stdout]   = note: see <https://doc.rust-lang.org/nightly/rustc/check-cfg/cargo-specifics.html> for more information about checking conditional configuration
[INFO] [stdout]   = note: this warning originates in the derive macro `Accounts` (in Nightly builds, run with -Z macro-backtrace for more info)
[INFO] [stdout] 
[INFO] [stdout] 
[INFO] [stdout] warning: unexpected `cfg` condition value: `anchor-debug`
[INFO] [stdout]  --> src/instructions/close_deposit_entry.rs:5:10
[INFO] [stdout]   |
[INFO] [stdout] 5 | #[derive(Accounts)]
[INFO] [stdout]   |          ^^^^^^^^
[INFO] [stdout]   |
[INFO] [stdout]   = note: expected values for `feature` are: `cpi`, `default`, `localnet`, `no-entrypoint`, `no-idl`, and `test-bpf`
[INFO] [stdout]   = note: using a cfg inside a derive macro will use the cfgs from the destination crate and not the ones from the defining crate
[INFO] [stdout]   = help: try referring to `Accounts` crate for guidance on how handle this unexpected cfg
[INFO] [stdout]   = note: see <https://doc.rust-lang.org/nightly/rustc/check-cfg/cargo-specifics.html> for more information about checking conditional configuration
[INFO] [stdout]   = note: this warning originates in the derive macro `Accounts` (in Nightly builds, run with -Z macro-backtrace for more info)
[INFO] [stdout] 
[INFO] [stdout] 
[INFO] [stdout] warning: unexpected `cfg` condition value: `anchor-debug`
[INFO] [stdout]   --> src/instructions/close_voter.rs:12:10
[INFO] [stdout]    |
[INFO] [stdout] 12 | #[derive(Accounts)]
[INFO] [stdout]    |          ^^^^^^^^
[INFO] [stdout]    |
[INFO] [stdout]    = note: expected values for `feature` are: `cpi`, `default`, `localnet`, `no-entrypoint`, `no-idl`, and `test-bpf`
[INFO] [stdout]    = note: using a cfg inside a derive macro will use the cfgs from the destination crate and not the ones from the defining crate
[INFO] [stdout]    = help: try referring to `Accounts` crate for guidance on how handle this unexpected cfg
[INFO] [stdout]    = note: see <https://doc.rust-lang.org/nightly/rustc/check-cfg/cargo-specifics.html> for more information about checking conditional configuration
[INFO] [stdout]    = note: this warning originates in the derive macro `Accounts` (in Nightly builds, run with -Z macro-backtrace for more info)
[INFO] [stdout] 
[INFO] [stdout] 
[INFO] [stdout] warning: unexpected `cfg` condition value: `anchor-debug`
[INFO] [stdout]  --> src/instructions/configure_voting_mint.rs:8:10
[INFO] [stdout]   |
[INFO] [stdout] 8 | #[derive(Accounts)]
[INFO] [stdout]   |          ^^^^^^^^
[INFO] [stdout]   |
[INFO] [stdout]   = note: expected values for `feature` are: `cpi`, `default`, `localnet`, `no-entrypoint`, `no-idl`, and `test-bpf`
[INFO] [stdout]   = note: using a cfg inside a derive macro will use the cfgs from the destination crate and not the ones from the defining crate
[INFO] [stdout]   = help: try referring to `Accounts` crate for guidance on how handle this unexpected cfg
[INFO] [stdout]   = note: see <https://doc.rust-lang.org/nightly/rustc/check-cfg/cargo-specifics.html> for more information about checking conditional configuration
[INFO] [stdout]   = note: this warning originates in the derive macro `Accounts` (in Nightly builds, run with -Z macro-backtrace for more info)
[INFO] [stdout] 
[INFO] [stdout] 
[INFO] [stdout] warning: unexpected `cfg` condition value: `anchor-debug`
[INFO] [stdout]  --> src/instructions/create_deposit_entry.rs:8:10
[INFO] [stdout]   |
[INFO] [stdout] 8 | #[derive(Accounts)]
[INFO] [stdout]   |          ^^^^^^^^
[INFO] [stdout]   |
[INFO] [stdout]   = note: expected values for `feature` are: `cpi`, `default`, `localnet`, `no-entrypoint`, `no-idl`, and `test-bpf`
[INFO] [stdout]   = note: using a cfg inside a derive macro will use the cfgs from the destination crate and not the ones from the defining crate
[INFO] [stdout]   = help: try referring to `Accounts` crate for guidance on how handle this unexpected cfg
[INFO] [stdout]   = note: see <https://doc.rust-lang.org/nightly/rustc/check-cfg/cargo-specifics.html> for more information about checking conditional configuration
[INFO] [stdout]   = note: this warning originates in the derive macro `Accounts` (in Nightly builds, run with -Z macro-backtrace for more info)
[INFO] [stdout] 
[INFO] [stdout] 
[INFO] [stdout] warning: unexpected `cfg` condition value: `anchor-debug`
[INFO] [stdout]  --> src/instructions/create_registrar.rs:8:10
[INFO] [stdout]   |
[INFO] [stdout] 8 | #[derive(Accounts)]
[INFO] [stdout]   |          ^^^^^^^^
[INFO] [stdout]   |
[INFO] [stdout]   = note: expected values for `feature` are: `cpi`, `default`, `localnet`, `no-entrypoint`, `no-idl`, and `test-bpf`
[INFO] [stdout]   = note: using a cfg inside a derive macro will use the cfgs from the destination crate and not the ones from the defining crate
[INFO] [stdout]   = help: try referring to `Accounts` crate for guidance on how handle this unexpected cfg
[INFO] [stdout]   = note: see <https://doc.rust-lang.org/nightly/rustc/check-cfg/cargo-specifics.html> for more information about checking conditional configuration
[INFO] [stdout]   = note: this warning originates in the derive macro `Accounts` (in Nightly builds, run with -Z macro-backtrace for more info)
[INFO] [stdout] 
[INFO] [stdout] 
[INFO] [stdout] warning: unexpected `cfg` condition value: `anchor-debug`
[INFO] [stdout]  --> src/instructions/create_voter.rs:7:10
[INFO] [stdout]   |
[INFO] [stdout] 7 | #[derive(Accounts)]
[INFO] [stdout]   |          ^^^^^^^^
[INFO] [stdout]   |
[INFO] [stdout]   = note: expected values for `feature` are: `cpi`, `default`, `localnet`, `no-entrypoint`, `no-idl`, and `test-bpf`
[INFO] [stdout]   = note: using a cfg inside a derive macro will use the cfgs from the destination crate and not the ones from the defining crate
[INFO] [stdout]   = help: try referring to `Accounts` crate for guidance on how handle this unexpected cfg
[INFO] [stdout]   = note: see <https://doc.rust-lang.org/nightly/rustc/check-cfg/cargo-specifics.html> for more information about checking conditional configuration
[INFO] [stdout]   = note: this warning originates in the derive macro `Accounts` (in Nightly builds, run with -Z macro-backtrace for more info)
[INFO] [stdout] 
[INFO] [stdout] 
[INFO] [stdout] warning: unexpected `cfg` condition value: `anchor-debug`
[INFO] [stdout]  --> src/instructions/deposit.rs:6:10
[INFO] [stdout]   |
[INFO] [stdout] 6 | #[derive(Accounts)]
[INFO] [stdout]   |          ^^^^^^^^
[INFO] [stdout]   |
[INFO] [stdout]   = note: expected values for `feature` are: `cpi`, `default`, `localnet`, `no-entrypoint`, `no-idl`, and `test-bpf`
[INFO] [stdout]   = note: using a cfg inside a derive macro will use the cfgs from the destination crate and not the ones from the defining crate
[INFO] [stdout]   = help: try referring to `Accounts` crate for guidance on how handle this unexpected cfg
[INFO] [stdout]   = note: see <https://doc.rust-lang.org/nightly/rustc/check-cfg/cargo-specifics.html> for more information about checking conditional configuration
[INFO] [stdout]   = note: this warning originates in the derive macro `Accounts` (in Nightly builds, run with -Z macro-backtrace for more info)
[INFO] [stdout] 
[INFO] [stdout] 
[INFO] [stdout] warning: unexpected `cfg` condition value: `anchor-debug`
[INFO] [stdout]  --> src/instructions/grant.rs:9:10
[INFO] [stdout]   |
[INFO] [stdout] 9 | #[derive(Accounts)]
[INFO] [stdout]   |          ^^^^^^^^
[INFO] [stdout]   |
[INFO] [stdout]   = note: expected values for `feature` are: `cpi`, `default`, `localnet`, `no-entrypoint`, `no-idl`, and `test-bpf`
[INFO] [stdout]   = note: using a cfg inside a derive macro will use the cfgs from the destination crate and not the ones from the defining crate
[INFO] [stdout]   = help: try referring to `Accounts` crate for guidance on how handle this unexpected cfg
[INFO] [stdout]   = note: see <https://doc.rust-lang.org/nightly/rustc/check-cfg/cargo-specifics.html> for more information about checking conditional configuration
[INFO] [stdout]   = note: this warning originates in the derive macro `Accounts` (in Nightly builds, run with -Z macro-backtrace for more info)
[INFO] [stdout] 
[INFO] [stdout] 
[INFO] [stdout] warning: unexpected `cfg` condition value: `anchor-debug`
[INFO] [stdout]  --> src/instructions/internal_transfer_locked.rs:5:10
[INFO] [stdout]   |
[INFO] [stdout] 5 | #[derive(Accounts)]
[INFO] [stdout]   |          ^^^^^^^^
[INFO] [stdout]   |
[INFO] [stdout]   = note: expected values for `feature` are: `cpi`, `default`, `localnet`, `no-entrypoint`, `no-idl`, and `test-bpf`
[INFO] [stdout]   = note: using a cfg inside a derive macro will use the cfgs from the destination crate and not the ones from the defining crate
[INFO] [stdout]   = help: try referring to `Accounts` crate for guidance on how handle this unexpected cfg
[INFO] [stdout]   = note: see <https://doc.rust-lang.org/nightly/rustc/check-cfg/cargo-specifics.html> for more information about checking conditional configuration
[INFO] [stdout]   = note: this warning originates in the derive macro `Accounts` (in Nightly builds, run with -Z macro-backtrace for more info)
[INFO] [stdout] 
[INFO] [stdout] 
[INFO] [stdout] warning: unexpected `cfg` condition value: `anchor-debug`
[INFO] [stdout]  --> src/instructions/internal_transfer_unlocked.rs:5:10
[INFO] [stdout]   |
[INFO] [stdout] 5 | #[derive(Accounts)]
[INFO] [stdout]   |          ^^^^^^^^
[INFO] [stdout]   |
[INFO] [stdout]   = note: expected values for `feature` are: `cpi`, `default`, `localnet`, `no-entrypoint`, `no-idl`, and `test-bpf`
[INFO] [stdout]   = note: using a cfg inside a derive macro will use the cfgs from the destination crate and not the ones from the defining crate
[INFO] [stdout]   = help: try referring to `Accounts` crate for guidance on how handle this unexpected cfg
[INFO] [stdout]   = note: see <https://doc.rust-lang.org/nightly/rustc/check-cfg/cargo-specifics.html> for more information about checking conditional configuration
[INFO] [stdout]   = note: this warning originates in the derive macro `Accounts` (in Nightly builds, run with -Z macro-backtrace for more info)
[INFO] [stdout] 
[INFO] [stdout] 
[INFO] [stdout] warning: unexpected `cfg` condition value: `anchor-debug`
[INFO] [stdout]  --> src/instructions/log_voter_info.rs:5:10
[INFO] [stdout]   |
[INFO] [stdout] 5 | #[derive(Accounts)]
[INFO] [stdout]   |          ^^^^^^^^
[INFO] [stdout]   |
[INFO] [stdout]   = note: expected values for `feature` are: `cpi`, `default`, `localnet`, `no-entrypoint`, `no-idl`, and `test-bpf`
[INFO] [stdout]   = note: using a cfg inside a derive macro will use the cfgs from the destination crate and not the ones from the defining crate
[INFO] [stdout]   = help: try referring to `Accounts` crate for guidance on how handle this unexpected cfg
[INFO] [stdout]   = note: see <https://doc.rust-lang.org/nightly/rustc/check-cfg/cargo-specifics.html> for more information about checking conditional configuration
[INFO] [stdout]   = note: this warning originates in the derive macro `Accounts` (in Nightly builds, run with -Z macro-backtrace for more info)
[INFO] [stdout] 
[INFO] [stdout] 
[INFO] [stdout] warning: unexpected `cfg` condition value: `anchor-debug`
[INFO] [stdout]  --> src/instructions/reset_lockup.rs:5:10
[INFO] [stdout]   |
[INFO] [stdout] 5 | #[derive(Accounts)]
[INFO] [stdout]   |          ^^^^^^^^
[INFO] [stdout]   |
[INFO] [stdout]   = note: expected values for `feature` are: `cpi`, `default`, `localnet`, `no-entrypoint`, `no-idl`, and `test-bpf`
[INFO] [stdout]   = note: using a cfg inside a derive macro will use the cfgs from the destination crate and not the ones from the defining crate
[INFO] [stdout]   = help: try referring to `Accounts` crate for guidance on how handle this unexpected cfg
[INFO] [stdout]   = note: see <https://doc.rust-lang.org/nightly/rustc/check-cfg/cargo-specifics.html> for more information about checking conditional configuration
[INFO] [stdout]   = note: this warning originates in the derive macro `Accounts` (in Nightly builds, run with -Z macro-backtrace for more info)
[INFO] [stdout] 
[INFO] [stdout] 
[INFO] [stdout] warning: unexpected `cfg` condition value: `anchor-debug`
[INFO] [stdout]  --> src/instructions/set_time_offset.rs:6:10
[INFO] [stdout]   |
[INFO] [stdout] 6 | #[derive(Accounts)]
[INFO] [stdout]   |          ^^^^^^^^
[INFO] [stdout]   |
[INFO] [stdout]   = note: expected values for `feature` are: `cpi`, `default`, `localnet`, `no-entrypoint`, `no-idl`, and `test-bpf`
[INFO] [stdout]   = note: using a cfg inside a derive macro will use the cfgs from the destination crate and not the ones from the defining crate
[INFO] [stdout]   = help: try referring to `Accounts` crate for guidance on how handle this unexpected cfg
[INFO] [stdout]   = note: see <https://doc.rust-lang.org/nightly/rustc/check-cfg/cargo-specifics.html> for more information about checking conditional configuration
[INFO] [stdout]   = note: this warning originates in the derive macro `Accounts` (in Nightly builds, run with -Z macro-backtrace for more info)
[INFO] [stdout] 
[INFO] [stdout] 
[INFO] [stdout] warning: unexpected `cfg` condition value: `anchor-debug`
[INFO] [stdout]  --> src/instructions/update_max_vote_weight.rs:6:10
[INFO] [stdout]   |
[INFO] [stdout] 6 | #[derive(Accounts)]
[INFO] [stdout]   |          ^^^^^^^^
[INFO] [stdout]   |
[INFO] [stdout]   = note: expected values for `feature` are: `cpi`, `default`, `localnet`, `no-entrypoint`, `no-idl`, and `test-bpf`
[INFO] [stdout]   = note: using a cfg inside a derive macro will use the cfgs from the destination crate and not the ones from the defining crate
[INFO] [stdout]   = help: try referring to `Accounts` crate for guidance on how handle this unexpected cfg
[INFO] [stdout]   = note: see <https://doc.rust-lang.org/nightly/rustc/check-cfg/cargo-specifics.html> for more information about checking conditional configuration
[INFO] [stdout]   = note: this warning originates in the derive macro `Accounts` (in Nightly builds, run with -Z macro-backtrace for more info)
[INFO] [stdout] 
[INFO] [stdout] 
[INFO] [stdout] warning: unexpected `cfg` condition value: `anchor-debug`
[INFO] [stdout]  --> src/instructions/update_voter_weight_record.rs:4:10
[INFO] [stdout]   |
[INFO] [stdout] 4 | #[derive(Accounts)]
[INFO] [stdout]   |          ^^^^^^^^
[INFO] [stdout]   |
[INFO] [stdout]   = note: expected values for `feature` are: `cpi`, `default`, `localnet`, `no-entrypoint`, `no-idl`, and `test-bpf`
[INFO] [stdout]   = note: using a cfg inside a derive macro will use the cfgs from the destination crate and not the ones from the defining crate
[INFO] [stdout]   = help: try referring to `Accounts` crate for guidance on how handle this unexpected cfg
[INFO] [stdout]   = note: see <https://doc.rust-lang.org/nightly/rustc/check-cfg/cargo-specifics.html> for more information about checking conditional configuration
[INFO] [stdout]   = note: this warning originates in the derive macro `Accounts` (in Nightly builds, run with -Z macro-backtrace for more info)
[INFO] [stdout] 
[INFO] [stdout] 
[INFO] [stdout] warning: unexpected `cfg` condition value: `anchor-debug`
[INFO] [stdout]  --> src/instructions/withdraw.rs:6:10
[INFO] [stdout]   |
[INFO] [stdout] 6 | #[derive(Accounts)]
[INFO] [stdout]   |          ^^^^^^^^
[INFO] [stdout]   |
[INFO] [stdout]   = note: expected values for `feature` are: `cpi`, `default`, `localnet`, `no-entrypoint`, `no-idl`, and `test-bpf`
[INFO] [stdout]   = note: using a cfg inside a derive macro will use the cfgs from the destination crate and not the ones from the defining crate
[INFO] [stdout]   = help: try referring to `Accounts` crate for guidance on how handle this unexpected cfg
[INFO] [stdout]   = note: see <https://doc.rust-lang.org/nightly/rustc/check-cfg/cargo-specifics.html> for more information about checking conditional configuration
[INFO] [stdout]   = note: this warning originates in the derive macro `Accounts` (in Nightly builds, run with -Z macro-backtrace for more info)
[INFO] [stdout] 
[INFO] [stdout] 
[INFO] [stdout] warning: unexpected `cfg` condition value: `anchor-debug`
[INFO] [stdout]   --> src/lib.rs:61:1
[INFO] [stdout]    |
[INFO] [stdout] 61 | #[program]
[INFO] [stdout]    | ^^^^^^^^^^
[INFO] [stdout]    |
[INFO] [stdout]    = note: expected values for `feature` are: `cpi`, `default`, `localnet`, `no-entrypoint`, `no-idl`, and `test-bpf`
[INFO] [stdout]    = note: using a cfg inside a attribute macro will use the cfgs from the destination crate and not the ones from the defining crate
[INFO] [stdout]    = help: try referring to `program` crate for guidance on how handle this unexpected cfg
[INFO] [stdout]    = note: see <https://doc.rust-lang.org/nightly/rustc/check-cfg/cargo-specifics.html> for more information about checking conditional configuration
[INFO] [stdout]    = note: this warning originates in the attribute macro `program` (in Nightly builds, run with -Z macro-backtrace for more info)
[INFO] [stdout] 
[INFO] [stdout] 
[INFO] [stdout] warning: unexpected `cfg` condition value: `no-log-ix-name`
[INFO] [stdout]   --> src/lib.rs:61:1
[INFO] [stdout]    |
[INFO] [stdout] 61 | #[program]
[INFO] [stdout]    | ^^^^^^^^^^
[INFO] [stdout]    |
[INFO] [stdout]    = note: expected values for `feature` are: `cpi`, `default`, `localnet`, `no-entrypoint`, `no-idl`, and `test-bpf`
[INFO] [stdout]    = note: using a cfg inside a attribute macro will use the cfgs from the destination crate and not the ones from the defining crate
[INFO] [stdout]    = help: try referring to `program` crate for guidance on how handle this unexpected cfg
[INFO] [stdout]    = note: see <https://doc.rust-lang.org/nightly/rustc/check-cfg/cargo-specifics.html> for more information about checking conditional configuration
[INFO] [stdout]    = note: this warning originates in the attribute macro `program` (in Nightly builds, run with -Z macro-backtrace for more info)
[INFO] [stdout] 
[INFO] [stdout] 
[INFO] [stderr]     Finished `release` profile [optimized] target(s) in 1m 20s
[INFO] running `Command { std: "docker" "inspect" "8ba8620c1df8461c0d88dd01b7ccecddf9686303782b9ad76a2a53ad72f0d605", kill_on_drop: false }`
[INFO] running `Command { std: "docker" "exec" "-e" "SOURCE_DIR=/opt/rustwide/workdir" "-e" "CARGO_HOME=/opt/rustwide/cargo-home" "-e" "RUSTUP_HOME=/opt/rustwide/rustup-home" "-e" "CARGO_TARGET_DIR=/opt/rustwide/target" "-e" "CARGO_INCREMENTAL=0" "-e" "RUST_BACKTRACE=full" "-e" "RUSTFLAGS=--cap-lints=warn" "-e" "RUSTDOCFLAGS=--cap-lints=warn" "-w" "/opt/rustwide/workdir" "--user" "0:0" "8ba8620c1df8461c0d88dd01b7ccecddf9686303782b9ad76a2a53ad72f0d605" "/opt/rustwide/cargo-home/bin/cargo" "+1.99.0-beta.8" "test" "--frozen" "--no-run" "--message-format=json" "--release", kill_on_drop: false }`
[INFO] [stderr]    Compiling smallvec v1.16.3
[INFO] [stderr]    Compiling synstructure v0.14.0
[INFO] [stderr]    Compiling stable_deref_trait v1.2.1
[INFO] [stderr]    Compiling unicode-xid v0.2.6
[INFO] [stderr]    Compiling failure_derive v0.1.8
[INFO] [stderr]    Compiling serde_json v1.0.154
[INFO] [stderr]    Compiling instant v0.1.13
[INFO] [stderr]    Compiling num_cpus v1.17.0
[INFO] [stderr]    Compiling object v0.37.3
[INFO] [stderr]    Compiling tokio v1.14.1
[INFO] [stderr]    Compiling errno v0.3.14
[INFO] [stderr]    Compiling signature v1.6.4
[INFO] [stderr]    Compiling crypto-mac v0.11.0
[INFO] [stderr]    Compiling crypto-mac v0.9.1
[INFO] [stderr]    Compiling tokio-macros v1.8.2
[INFO] [stderr]    Compiling mio v0.7.14
[INFO] [stderr]    Compiling futures-macro v0.3.34
[INFO] [stderr]    Compiling signal-hook-registry v1.4.8
[INFO] [stderr]    Compiling zerovec-derive v0.11.6
[INFO] [stderr]    Compiling chrono v0.4.45
[INFO] [stderr]    Compiling hmac v0.9.0
[INFO] [stderr]    Compiling solana-sdk v1.9.29
[INFO] [stderr]    Compiling synstructure v0.12.6
[INFO] [stderr]    Compiling ed25519 v1.5.3
[INFO] [stderr]    Compiling displaydoc v0.2.7
[INFO] [stderr]    Compiling hmac v0.11.0
[INFO] [stderr]    Compiling parking_lot_core v0.8.6
[INFO] [stderr]    Compiling ed25519-dalek v1.0.1
[INFO] [stderr]    Compiling pbkdf2 v0.9.0
[INFO] [stderr]    Compiling qstring v0.7.2
[INFO] [stderr]    Compiling uriparse v0.6.4
[INFO] [stderr]    Compiling parking_lot v0.11.2
[INFO] [stderr]    Compiling zerofrom-derive v0.1.8
[INFO] [stderr]    Compiling yoke-derive v0.8.4
[INFO] [stderr]    Compiling futures-util v0.3.34
[INFO] [stderr]    Compiling tracing-attributes v0.1.31
[INFO] [stderr]    Compiling assert_matches v1.5.0
[INFO] [stderr]    Compiling ring v0.17.14
[INFO] [stderr]    Compiling equivalent v1.0.3
[INFO] [stderr]    Compiling rustls v0.21.12
[INFO] [stderr]    Compiling indexmap v2.14.2
[INFO] [stderr]    Compiling solana-program-runtime v1.9.29
[INFO] [stderr]    Compiling want v0.3.2
[INFO] [stderr]    Compiling encoding_rs v0.8.42
[INFO] [stderr]    Compiling num-traits v0.2.19
[INFO] [stderr]    Compiling libloading v0.7.4
[INFO] [stderr]    Compiling socket2 v0.5.10
[INFO] [stderr]    Compiling base64 v0.21.7
[INFO] [stderr]    Compiling multiversion_no_op v1.0.0
[INFO] [stderr]    Compiling simdutf8 v0.1.5
[INFO] [stderr]    Compiling core_detect v1.0.0
[INFO] [stderr]    Compiling serde_urlencoded v0.7.1
[INFO] [stderr]    Compiling rustls-pemfile v1.0.4
[INFO] [stderr]    Compiling tracing v0.1.44
[INFO] [stderr]    Compiling crossbeam-channel v0.5.17
[INFO] [stderr]    Compiling zstd-sys v1.6.2+zstd.1.5.1
[INFO] [stderr]    Compiling pin-project-internal v1.1.13
[INFO] [stderr]    Compiling ipnet v2.12.2
[INFO] [stderr]    Compiling sync_wrapper v0.1.2
[INFO] [stderr]    Compiling webpki-roots v0.25.4
[INFO] [stderr]    Compiling num-integer v0.1.47
[INFO] [stderr]    Compiling gethostname v0.2.3
[INFO] [stderr]    Compiling getrandom v0.4.3
[INFO] [stderr]    Compiling bzip2-sys v0.1.13+1.0.8
[INFO] [stderr]    Compiling rayon v1.12.0
[INFO] [stderr]    Compiling zerofrom v0.1.8
[INFO] [stderr]    Compiling proc-macro-error-attr v1.0.4
[INFO] [stderr]    Compiling yoke v0.8.3
[INFO] [stderr]    Compiling num-bigint v0.4.8
[INFO] [stderr]    Compiling solana-vote-program v1.9.29
[INFO] [stderr]    Compiling zerovec v0.11.8
[INFO] [stderr]    Compiling zerotrie v0.2.5
[INFO] [stderr]    Compiling async-trait v0.1.92
[INFO] [stderr]    Compiling zstd-safe v4.1.3+zstd.1.5.1
[INFO] [stderr]    Compiling tracing-subscriber v0.2.25
[INFO] [stderr]    Compiling pin-project v1.1.13
[INFO] [stderr]    Compiling proc-macro-error v1.0.4
[INFO] [stderr]    Compiling solana-address-lookup-table-program v1.9.29
[INFO] [stderr]    Compiling futures-executor v0.3.34
[INFO] [stderr]    Compiling solana-bloom v1.9.29
[INFO] [stderr]    Compiling futures v0.3.34
[INFO] [stderr]    Compiling solana-stake-program v1.9.29
[INFO] [stderr]    Compiling Inflector v0.11.4
[INFO] [stderr]    Compiling opentelemetry v0.16.0
[INFO] [stderr]    Compiling tinystr v0.8.4
[INFO] [stderr]    Compiling potential_utf v0.1.6
[INFO] [stderr]    Compiling tempfile v3.27.0
[INFO] [stderr]    Compiling ouroboros_macro v0.13.0
[INFO] [stderr]    Compiling icu_collections v2.3.0
[INFO] [stderr]    Compiling xattr v1.6.1
[INFO] [stderr]    Compiling icu_locale_core v2.3.0
[INFO] [stderr]    Compiling scroll_derive v0.10.5
[INFO] [stderr]    Compiling enum-ordinalize v3.1.15
[INFO] [stderr]    Compiling tarpc-plugins v0.12.0
[INFO] [stderr]    Compiling educe v0.4.23
[INFO] [stderr]    Compiling solana-runtime v1.9.29
[INFO] [stderr]    Compiling filetime v0.2.29
[INFO] [stderr]    Compiling fs_extra v1.3.0
[INFO] [stderr]    Compiling aliasable v0.1.3
[INFO] [stderr]    Compiling unreachable v1.0.0
[INFO] [stderr]    Compiling tar v0.4.46
[INFO] [stderr]    Compiling scroll v0.10.2
[INFO] [stderr]    Compiling bzip2 v0.4.4
[INFO] [stderr]    Compiling dir-diff v0.3.3
[INFO] [stderr]    Compiling solana-rayon-threadlimit v1.9.29
[INFO] [stderr]    Compiling ascii v0.9.3
[INFO] [stderr]    Compiling ouroboros v0.13.0
[INFO] [stderr]    Compiling index_list v0.2.17
[INFO] [stderr]    Compiling tracing-opentelemetry v0.15.0
[INFO] [stderr]    Compiling symlink v0.1.0
[INFO] [stderr]    Compiling goblin v0.4.3
[INFO] [stderr]    Compiling hash32 v0.1.1
[INFO] [stderr]    Compiling combine v3.8.1
[INFO] [stderr]    Compiling time v0.1.45
[INFO] [stderr]    Compiling chrono-humanize v0.2.3
[INFO] [stderr]    Compiling icu_provider v2.3.1
[INFO] [stderr]    Compiling tokio-serde v0.8.0
[INFO] [stderr]    Compiling dashmap v4.0.2
[INFO] [stdout] warning: unexpected `cfg` condition value: `custom-heap`
[INFO] [stdout]   --> src/lib.rs:61:1
[INFO] [stdout]    |
[INFO] [stdout] 61 | #[program]
[INFO] [stdout]    | ^^^^^^^^^^
[INFO] [stdout]    |
[INFO] [stdout]    = note: expected values for `feature` are: `cpi`, `default`, `localnet`, `no-entrypoint`, `no-idl`, and `test-bpf`
[INFO] [stdout]    = note: using a cfg inside a macro will use the cfgs from the destination crate and not the ones from the defining crate
[INFO] [stdout]    = help: try referring to `$crate::custom_heap_default` crate for guidance on how handle this unexpected cfg
[INFO] [stdout]    = note: see <https://doc.rust-lang.org/nightly/rustc/check-cfg/cargo-specifics.html> for more information about checking conditional configuration
[INFO] [stdout]    = note: `#[warn(unexpected_cfgs)]` on by default
[INFO] [stdout]    = note: this warning originates in the macro `$crate::custom_heap_default` which comes from the expansion of the attribute macro `program` (in Nightly builds, run with -Z macro-backtrace for more info)
[INFO] [stdout] 
[INFO] [stdout] 
[INFO] [stdout] warning: unexpected `cfg` condition value: `custom-panic`
[INFO] [stdout]   --> src/lib.rs:61:1
[INFO] [stdout]    |
[INFO] [stdout] 61 | #[program]
[INFO] [stdout]    | ^^^^^^^^^^
[INFO] [stdout]    |
[INFO] [stdout]    = note: expected values for `feature` are: `cpi`, `default`, `localnet`, `no-entrypoint`, `no-idl`, and `test-bpf`
[INFO] [stdout]    = note: using a cfg inside a macro will use the cfgs from the destination crate and not the ones from the defining crate
[INFO] [stdout]    = help: try referring to `$crate::custom_panic_default` crate for guidance on how handle this unexpected cfg
[INFO] [stdout]    = note: see <https://doc.rust-lang.org/nightly/rustc/check-cfg/cargo-specifics.html> for more information about checking conditional configuration
[INFO] [stdout]    = note: this warning originates in the macro `$crate::custom_panic_default` which comes from the expansion of the attribute macro `program` (in Nightly builds, run with -Z macro-backtrace for more info)
[INFO] [stdout] 
[INFO] [stdout] 
[INFO] [stdout] warning: unexpected `cfg` condition value: `anchor-debug`
[INFO] [stdout]  --> src/instructions/clawback.rs:7:10
[INFO] [stdout]   |
[INFO] [stdout] 7 | #[derive(Accounts)]
[INFO] [stdout]   |          ^^^^^^^^
[INFO] [stdout]   |
[INFO] [stdout]   = note: expected values for `feature` are: `cpi`, `default`, `localnet`, `no-entrypoint`, `no-idl`, and `test-bpf`
[INFO] [stdout]   = note: using a cfg inside a derive macro will use the cfgs from the destination crate and not the ones from the defining crate
[INFO] [stdout]   = help: try referring to `Accounts` crate for guidance on how handle this unexpected cfg
[INFO] [stdout]   = note: see <https://doc.rust-lang.org/nightly/rustc/check-cfg/cargo-specifics.html> for more information about checking conditional configuration
[INFO] [stdout]   = note: this warning originates in the derive macro `Accounts` (in Nightly builds, run with -Z macro-backtrace for more info)
[INFO] [stdout] 
[INFO] [stdout] 
[INFO] [stdout] warning: unexpected `cfg` condition value: `anchor-debug`
[INFO] [stdout]  --> src/instructions/close_deposit_entry.rs:5:10
[INFO] [stdout]   |
[INFO] [stdout] 5 | #[derive(Accounts)]
[INFO] [stdout]   |          ^^^^^^^^
[INFO] [stdout]   |
[INFO] [stdout]   = note: expected values for `feature` are: `cpi`, `default`, `localnet`, `no-entrypoint`, `no-idl`, and `test-bpf`
[INFO] [stdout]   = note: using a cfg inside a derive macro will use the cfgs from the destination crate and not the ones from the defining crate
[INFO] [stdout]   = help: try referring to `Accounts` crate for guidance on how handle this unexpected cfg
[INFO] [stdout]   = note: see <https://doc.rust-lang.org/nightly/rustc/check-cfg/cargo-specifics.html> for more information about checking conditional configuration
[INFO] [stdout]   = note: this warning originates in the derive macro `Accounts` (in Nightly builds, run with -Z macro-backtrace for more info)
[INFO] [stdout] 
[INFO] [stdout] 
[INFO] [stdout] warning: unexpected `cfg` condition value: `anchor-debug`
[INFO] [stdout]   --> src/instructions/close_voter.rs:12:10
[INFO] [stdout]    |
[INFO] [stdout] 12 | #[derive(Accounts)]
[INFO] [stdout]    |          ^^^^^^^^
[INFO] [stdout]    |
[INFO] [stdout]    = note: expected values for `feature` are: `cpi`, `default`, `localnet`, `no-entrypoint`, `no-idl`, and `test-bpf`
[INFO] [stdout]    = note: using a cfg inside a derive macro will use the cfgs from the destination crate and not the ones from the defining crate
[INFO] [stdout]    = help: try referring to `Accounts` crate for guidance on how handle this unexpected cfg
[INFO] [stdout]    = note: see <https://doc.rust-lang.org/nightly/rustc/check-cfg/cargo-specifics.html> for more information about checking conditional configuration
[INFO] [stdout]    = note: this warning originates in the derive macro `Accounts` (in Nightly builds, run with -Z macro-backtrace for more info)
[INFO] [stdout] 
[INFO] [stdout] 
[INFO] [stdout] warning: unexpected `cfg` condition value: `anchor-debug`
[INFO] [stdout]  --> src/instructions/configure_voting_mint.rs:8:10
[INFO] [stdout]   |
[INFO] [stdout] 8 | #[derive(Accounts)]
[INFO] [stdout]   |          ^^^^^^^^
[INFO] [stdout]   |
[INFO] [stdout]   = note: expected values for `feature` are: `cpi`, `default`, `localnet`, `no-entrypoint`, `no-idl`, and `test-bpf`
[INFO] [stdout]   = note: using a cfg inside a derive macro will use the cfgs from the destination crate and not the ones from the defining crate
[INFO] [stdout]   = help: try referring to `Accounts` crate for guidance on how handle this unexpected cfg
[INFO] [stdout]   = note: see <https://doc.rust-lang.org/nightly/rustc/check-cfg/cargo-specifics.html> for more information about checking conditional configuration
[INFO] [stdout]   = note: this warning originates in the derive macro `Accounts` (in Nightly builds, run with -Z macro-backtrace for more info)
[INFO] [stdout] 
[INFO] [stdout] 
[INFO] [stdout] warning: unexpected `cfg` condition value: `anchor-debug`
[INFO] [stdout]  --> src/instructions/create_deposit_entry.rs:8:10
[INFO] [stdout]   |
[INFO] [stdout] 8 | #[derive(Accounts)]
[INFO] [stdout]   |          ^^^^^^^^
[INFO] [stdout]   |
[INFO] [stdout]   = note: expected values for `feature` are: `cpi`, `default`, `localnet`, `no-entrypoint`, `no-idl`, and `test-bpf`
[INFO] [stdout]   = note: using a cfg inside a derive macro will use the cfgs from the destination crate and not the ones from the defining crate
[INFO] [stdout]   = help: try referring to `Accounts` crate for guidance on how handle this unexpected cfg
[INFO] [stdout]   = note: see <https://doc.rust-lang.org/nightly/rustc/check-cfg/cargo-specifics.html> for more information about checking conditional configuration
[INFO] [stdout]   = note: this warning originates in the derive macro `Accounts` (in Nightly builds, run with -Z macro-backtrace for more info)
[INFO] [stdout] 
[INFO] [stdout] 
[INFO] [stdout] warning: unexpected `cfg` condition value: `anchor-debug`
[INFO] [stdout]  --> src/instructions/create_registrar.rs:8:10
[INFO] [stdout]   |
[INFO] [stdout] 8 | #[derive(Accounts)]
[INFO] [stdout]   |          ^^^^^^^^
[INFO] [stdout]   |
[INFO] [stdout]   = note: expected values for `feature` are: `cpi`, `default`, `localnet`, `no-entrypoint`, `no-idl`, and `test-bpf`
[INFO] [stdout]   = note: using a cfg inside a derive macro will use the cfgs from the destination crate and not the ones from the defining crate
[INFO] [stdout]   = help: try referring to `Accounts` crate for guidance on how handle this unexpected cfg
[INFO] [stdout]   = note: see <https://doc.rust-lang.org/nightly/rustc/check-cfg/cargo-specifics.html> for more information about checking conditional configuration
[INFO] [stdout]   = note: this warning originates in the derive macro `Accounts` (in Nightly builds, run with -Z macro-backtrace for more info)
[INFO] [stdout] 
[INFO] [stdout] 
[INFO] [stdout] warning: unexpected `cfg` condition value: `anchor-debug`
[INFO] [stdout]  --> src/instructions/create_voter.rs:7:10
[INFO] [stdout]   |
[INFO] [stdout] 7 | #[derive(Accounts)]
[INFO] [stdout]   |          ^^^^^^^^
[INFO] [stdout]   |
[INFO] [stdout]   = note: expected values for `feature` are: `cpi`, `default`, `localnet`, `no-entrypoint`, `no-idl`, and `test-bpf`
[INFO] [stdout]   = note: using a cfg inside a derive macro will use the cfgs from the destination crate and not the ones from the defining crate
[INFO] [stdout]   = help: try referring to `Accounts` crate for guidance on how handle this unexpected cfg
[INFO] [stdout]   = note: see <https://doc.rust-lang.org/nightly/rustc/check-cfg/cargo-specifics.html> for more information about checking conditional configuration
[INFO] [stdout]   = note: this warning originates in the derive macro `Accounts` (in Nightly builds, run with -Z macro-backtrace for more info)
[INFO] [stdout] 
[INFO] [stdout] 
[INFO] [stdout] warning: unexpected `cfg` condition value: `anchor-debug`
[INFO] [stdout]  --> src/instructions/deposit.rs:6:10
[INFO] [stdout]   |
[INFO] [stdout] 6 | #[derive(Accounts)]
[INFO] [stdout]   |          ^^^^^^^^
[INFO] [stdout]   |
[INFO] [stdout]   = note: expected values for `feature` are: `cpi`, `default`, `localnet`, `no-entrypoint`, `no-idl`, and `test-bpf`
[INFO] [stdout]   = note: using a cfg inside a derive macro will use the cfgs from the destination crate and not the ones from the defining crate
[INFO] [stdout]   = help: try referring to `Accounts` crate for guidance on how handle this unexpected cfg
[INFO] [stdout]   = note: see <https://doc.rust-lang.org/nightly/rustc/check-cfg/cargo-specifics.html> for more information about checking conditional configuration
[INFO] [stdout]   = note: this warning originates in the derive macro `Accounts` (in Nightly builds, run with -Z macro-backtrace for more info)
[INFO] [stdout] 
[INFO] [stdout] 
[INFO] [stdout] warning: unexpected `cfg` condition value: `anchor-debug`
[INFO] [stdout]  --> src/instructions/grant.rs:9:10
[INFO] [stdout]   |
[INFO] [stdout] 9 | #[derive(Accounts)]
[INFO] [stdout]   |          ^^^^^^^^
[INFO] [stdout]   |
[INFO] [stdout]   = note: expected values for `feature` are: `cpi`, `default`, `localnet`, `no-entrypoint`, `no-idl`, and `test-bpf`
[INFO] [stdout]   = note: using a cfg inside a derive macro will use the cfgs from the destination crate and not the ones from the defining crate
[INFO] [stdout]   = help: try referring to `Accounts` crate for guidance on how handle this unexpected cfg
[INFO] [stdout]   = note: see <https://doc.rust-lang.org/nightly/rustc/check-cfg/cargo-specifics.html> for more information about checking conditional configuration
[INFO] [stdout]   = note: this warning originates in the derive macro `Accounts` (in Nightly builds, run with -Z macro-backtrace for more info)
[INFO] [stdout] 
[INFO] [stdout] 
[INFO] [stdout] warning: unexpected `cfg` condition value: `anchor-debug`
[INFO] [stdout]  --> src/instructions/internal_transfer_locked.rs:5:10
[INFO] [stdout]   |
[INFO] [stdout] 5 | #[derive(Accounts)]
[INFO] [stdout]   |          ^^^^^^^^
[INFO] [stdout]   |
[INFO] [stdout]   = note: expected values for `feature` are: `cpi`, `default`, `localnet`, `no-entrypoint`, `no-idl`, and `test-bpf`
[INFO] [stdout]   = note: using a cfg inside a derive macro will use the cfgs from the destination crate and not the ones from the defining crate
[INFO] [stdout]   = help: try referring to `Accounts` crate for guidance on how handle this unexpected cfg
[INFO] [stdout]   = note: see <https://doc.rust-lang.org/nightly/rustc/check-cfg/cargo-specifics.html> for more information about checking conditional configuration
[INFO] [stdout]   = note: this warning originates in the derive macro `Accounts` (in Nightly builds, run with -Z macro-backtrace for more info)
[INFO] [stdout] 
[INFO] [stdout] 
[INFO] [stdout] warning: unexpected `cfg` condition value: `anchor-debug`
[INFO] [stdout]  --> src/instructions/internal_transfer_unlocked.rs:5:10
[INFO] [stdout]   |
[INFO] [stdout] 5 | #[derive(Accounts)]
[INFO] [stdout]   |          ^^^^^^^^
[INFO] [stdout]   |
[INFO] [stdout]   = note: expected values for `feature` are: `cpi`, `default`, `localnet`, `no-entrypoint`, `no-idl`, and `test-bpf`
[INFO] [stdout]   = note: using a cfg inside a derive macro will use the cfgs from the destination crate and not the ones from the defining crate
[INFO] [stdout]   = help: try referring to `Accounts` crate for guidance on how handle this unexpected cfg
[INFO] [stdout]   = note: see <https://doc.rust-lang.org/nightly/rustc/check-cfg/cargo-specifics.html> for more information about checking conditional configuration
[INFO] [stdout]   = note: this warning originates in the derive macro `Accounts` (in Nightly builds, run with -Z macro-backtrace for more info)
[INFO] [stdout] 
[INFO] [stdout] 
[INFO] [stdout] warning: unexpected `cfg` condition value: `anchor-debug`
[INFO] [stdout]  --> src/instructions/log_voter_info.rs:5:10
[INFO] [stdout]   |
[INFO] [stdout] 5 | #[derive(Accounts)]
[INFO] [stdout]   |          ^^^^^^^^
[INFO] [stdout]   |
[INFO] [stdout]   = note: expected values for `feature` are: `cpi`, `default`, `localnet`, `no-entrypoint`, `no-idl`, and `test-bpf`
[INFO] [stdout]   = note: using a cfg inside a derive macro will use the cfgs from the destination crate and not the ones from the defining crate
[INFO] [stdout]   = help: try referring to `Accounts` crate for guidance on how handle this unexpected cfg
[INFO] [stdout]   = note: see <https://doc.rust-lang.org/nightly/rustc/check-cfg/cargo-specifics.html> for more information about checking conditional configuration
[INFO] [stdout]   = note: this warning originates in the derive macro `Accounts` (in Nightly builds, run with -Z macro-backtrace for more info)
[INFO] [stdout] 
[INFO] [stdout] 
[INFO] [stdout] warning: unexpected `cfg` condition value: `anchor-debug`
[INFO] [stdout]  --> src/instructions/reset_lockup.rs:5:10
[INFO] [stdout]   |
[INFO] [stdout] 5 | #[derive(Accounts)]
[INFO] [stdout]   |          ^^^^^^^^
[INFO] [stdout]   |
[INFO] [stdout]   = note: expected values for `feature` are: `cpi`, `default`, `localnet`, `no-entrypoint`, `no-idl`, and `test-bpf`
[INFO] [stdout]   = note: using a cfg inside a derive macro will use the cfgs from the destination crate and not the ones from the defining crate
[INFO] [stdout]   = help: try referring to `Accounts` crate for guidance on how handle this unexpected cfg
[INFO] [stdout]   = note: see <https://doc.rust-lang.org/nightly/rustc/check-cfg/cargo-specifics.html> for more information about checking conditional configuration
[INFO] [stdout]   = note: this warning originates in the derive macro `Accounts` (in Nightly builds, run with -Z macro-backtrace for more info)
[INFO] [stdout] 
[INFO] [stdout] 
[INFO] [stdout] warning: unexpected `cfg` condition value: `anchor-debug`
[INFO] [stdout]  --> src/instructions/set_time_offset.rs:6:10
[INFO] [stdout]   |
[INFO] [stdout] 6 | #[derive(Accounts)]
[INFO] [stdout]   |          ^^^^^^^^
[INFO] [stdout]   |
[INFO] [stdout]   = note: expected values for `feature` are: `cpi`, `default`, `localnet`, `no-entrypoint`, `no-idl`, and `test-bpf`
[INFO] [stdout]   = note: using a cfg inside a derive macro will use the cfgs from the destination crate and not the ones from the defining crate
[INFO] [stdout]   = help: try referring to `Accounts` crate for guidance on how handle this unexpected cfg
[INFO] [stdout]   = note: see <https://doc.rust-lang.org/nightly/rustc/check-cfg/cargo-specifics.html> for more information about checking conditional configuration
[INFO] [stdout]   = note: this warning originates in the derive macro `Accounts` (in Nightly builds, run with -Z macro-backtrace for more info)
[INFO] [stdout] 
[INFO] [stdout] 
[INFO] [stdout] warning: unexpected `cfg` condition value: `anchor-debug`
[INFO] [stdout]  --> src/instructions/update_max_vote_weight.rs:6:10
[INFO] [stdout]   |
[INFO] [stdout] 6 | #[derive(Accounts)]
[INFO] [stdout]   |          ^^^^^^^^
[INFO] [stdout]   |
[INFO] [stdout]   = note: expected values for `feature` are: `cpi`, `default`, `localnet`, `no-entrypoint`, `no-idl`, and `test-bpf`
[INFO] [stdout]   = note: using a cfg inside a derive macro will use the cfgs from the destination crate and not the ones from the defining crate
[INFO] [stdout]   = help: try referring to `Accounts` crate for guidance on how handle this unexpected cfg
[INFO] [stdout]   = note: see <https://doc.rust-lang.org/nightly/rustc/check-cfg/cargo-specifics.html> for more information about checking conditional configuration
[INFO] [stdout]   = note: this warning originates in the derive macro `Accounts` (in Nightly builds, run with -Z macro-backtrace for more info)
[INFO] [stdout] 
[INFO] [stdout] 
[INFO] [stdout] warning: unexpected `cfg` condition value: `anchor-debug`
[INFO] [stdout]  --> src/instructions/update_voter_weight_record.rs:4:10
[INFO] [stdout]   |
[INFO] [stdout] 4 | #[derive(Accounts)]
[INFO] [stdout]   |          ^^^^^^^^
[INFO] [stdout]   |
[INFO] [stdout]   = note: expected values for `feature` are: `cpi`, `default`, `localnet`, `no-entrypoint`, `no-idl`, and `test-bpf`
[INFO] [stdout]   = note: using a cfg inside a derive macro will use the cfgs from the destination crate and not the ones from the defining crate
[INFO] [stdout]   = help: try referring to `Accounts` crate for guidance on how handle this unexpected cfg
[INFO] [stdout]   = note: see <https://doc.rust-lang.org/nightly/rustc/check-cfg/cargo-specifics.html> for more information about checking conditional configuration
[INFO] [stdout]   = note: this warning originates in the derive macro `Accounts` (in Nightly builds, run with -Z macro-backtrace for more info)
[INFO] [stdout] 
[INFO] [stdout] 
[INFO] [stdout] warning: unexpected `cfg` condition value: `anchor-debug`
[INFO] [stdout]  --> src/instructions/withdraw.rs:6:10
[INFO] [stdout]   |
[INFO] [stdout] 6 | #[derive(Accounts)]
[INFO] [stdout]   |          ^^^^^^^^
[INFO] [stdout]   |
[INFO] [stdout]   = note: expected values for `feature` are: `cpi`, `default`, `localnet`, `no-entrypoint`, `no-idl`, and `test-bpf`
[INFO] [stdout]   = note: using a cfg inside a derive macro will use the cfgs from the destination crate and not the ones from the defining crate
[INFO] [stdout]   = help: try referring to `Accounts` crate for guidance on how handle this unexpected cfg
[INFO] [stdout]   = note: see <https://doc.rust-lang.org/nightly/rustc/check-cfg/cargo-specifics.html> for more information about checking conditional configuration
[INFO] [stdout]   = note: this warning originates in the derive macro `Accounts` (in Nightly builds, run with -Z macro-backtrace for more info)
[INFO] [stdout] 
[INFO] [stdout] 
[INFO] [stdout] warning: unexpected `cfg` condition value: `anchor-debug`
[INFO] [stdout]   --> src/lib.rs:61:1
[INFO] [stdout]    |
[INFO] [stdout] 61 | #[program]
[INFO] [stdout]    | ^^^^^^^^^^
[INFO] [stdout]    |
[INFO] [stdout]    = note: expected values for `feature` are: `cpi`, `default`, `localnet`, `no-entrypoint`, `no-idl`, and `test-bpf`
[INFO] [stdout]    = note: using a cfg inside a attribute macro will use the cfgs from the destination crate and not the ones from the defining crate
[INFO] [stdout]    = help: try referring to `program` crate for guidance on how handle this unexpected cfg
[INFO] [stdout]    = note: see <https://doc.rust-lang.org/nightly/rustc/check-cfg/cargo-specifics.html> for more information about checking conditional configuration
[INFO] [stdout]    = note: this warning originates in the attribute macro `program` (in Nightly builds, run with -Z macro-backtrace for more info)
[INFO] [stdout] 
[INFO] [stdout] 
[INFO] [stdout] warning: unexpected `cfg` condition value: `no-log-ix-name`
[INFO] [stdout]   --> src/lib.rs:61:1
[INFO] [stdout]    |
[INFO] [stdout] 61 | #[program]
[INFO] [stdout]    | ^^^^^^^^^^
[INFO] [stdout]    |
[INFO] [stdout]    = note: expected values for `feature` are: `cpi`, `default`, `localnet`, `no-entrypoint`, `no-idl`, and `test-bpf`
[INFO] [stdout]    = note: using a cfg inside a attribute macro will use the cfgs from the destination crate and not the ones from the defining crate
[INFO] [stdout]    = help: try referring to `program` crate for guidance on how handle this unexpected cfg
[INFO] [stdout]    = note: see <https://doc.rust-lang.org/nightly/rustc/check-cfg/cargo-specifics.html> for more information about checking conditional configuration
[INFO] [stdout]    = note: this warning originates in the attribute macro `program` (in Nightly builds, run with -Z macro-backtrace for more info)
[INFO] [stdout] 
[INFO] [stdout] 
[INFO] [stderr]    Compiling backtrace v0.3.76
[INFO] [stderr]    Compiling icu_normalizer v2.3.0
[INFO] [stderr]    Compiling icu_properties v2.3.0
[INFO] [stderr]    Compiling failure v0.1.8
[INFO] [stderr]    Compiling derivation-path v0.1.3
[INFO] [stderr]    Compiling tokio-util v0.7.2
[INFO] [stderr]    Compiling ed25519-dalek-bip32 v0.1.1
[INFO] [stderr]    Compiling tokio-util v0.6.10
[INFO] [stderr]    Compiling tokio-stream v0.1.12
[INFO] [stderr]    Compiling idna_adapter v1.2.2
[INFO] [stderr]    Compiling idna v1.1.0
[INFO] [stderr]    Compiling h2 v0.3.27
[INFO] [stderr]    Compiling tarpc v0.27.2
[INFO] [stderr]    Compiling url v2.5.8
[INFO] [stderr]    Compiling solana_rbpf v0.2.24
[INFO] [stderr]    Compiling sct v0.7.1
[INFO] [stderr]    Compiling rustls-webpki v0.101.7
[INFO] [stderr]    Compiling hyper v0.14.29
[INFO] [stderr]    Compiling tokio-rustls v0.24.1
[INFO] [stderr]    Compiling solana-measure v1.9.29
[INFO] [stderr]    Compiling solana-banks-interface v1.9.29
[INFO] [stderr]    Compiling solana-bucket-map v1.9.29
[INFO] [stderr]    Compiling solana-config-program v1.9.29
[INFO] [stderr]    Compiling solana-compute-budget-program v1.9.29
[INFO] [stderr]    Compiling solana-banks-client v1.9.29
[INFO] [stderr]    Compiling hyper-rustls v0.24.2
[INFO] [stderr]    Compiling reqwest v0.11.27
[INFO] [stderr]    Compiling solana-metrics v1.9.29
[INFO] [stderr]    Compiling solana-bpf-loader-program v1.9.29
[INFO] [stderr]    Compiling zstd v0.9.2+zstd.1.5.1
[INFO] [stderr]    Compiling solana-send-transaction-service v1.9.29
[INFO] [stderr]    Compiling solana-banks-server v1.9.29
[INFO] [stderr]    Compiling solana-program-test v1.9.29
[INFO] [stderr]    Compiling voter-stake-registry v0.2.4 (/opt/rustwide/workdir)
[INFO] [stdout] warning: unused import: `utils::*`
[INFO] [stdout]   --> tests/program_test/mod.rs:17:9
[INFO] [stdout]    |
[INFO] [stdout] 17 | pub use utils::*;
[INFO] [stdout]    |         ^^^^^^^^
[INFO] [stdout]    |
[INFO] [stdout]    = note: `#[warn(unused_imports)]` (part of `#[warn(unused)]`) on by default
[INFO] [stdout] 
[INFO] [stdout] 
[INFO] [stdout] warning: lint `unaligned_references` has been removed: converted into hard error, see issue #82523 <https://github.com/rust-lang/rust/issues/82523> for more information
[INFO] [stdout]  --> tests/test_grants.rs:9:9
[INFO] [stdout]   |
[INFO] [stdout] 9 | #[allow(unaligned_references)]
[INFO] [stdout]   |         ^^^^^^^^^^^^^^^^^^^^
[INFO] [stdout]   |
[INFO] [stdout]   = note: `#[warn(renamed_and_removed_lints)]` on by default
[INFO] [stdout] 
[INFO] [stdout] 
[INFO] [stdout] warning: unused import: `utils::*`
[INFO] [stdout]   --> tests/program_test/mod.rs:17:9
[INFO] [stdout]    |
[INFO] [stdout] 17 | pub use utils::*;
[INFO] [stdout]    |         ^^^^^^^^
[INFO] [stdout]    |
[INFO] [stdout]    = note: `#[warn(unused_imports)]` (part of `#[warn(unused)]`) on by default
[INFO] [stdout] 
[INFO] [stdout] 
[INFO] [stdout] warning: lint `unaligned_references` has been removed: converted into hard error, see issue #82523 <https://github.com/rust-lang/rust/issues/82523> for more information
[INFO] [stdout]   --> tests/test_deposit_cliff.rs:43:9
[INFO] [stdout]    |
[INFO] [stdout] 43 | #[allow(unaligned_references)]
[INFO] [stdout]    |         ^^^^^^^^^^^^^^^^^^^^
[INFO] [stdout]    |
[INFO] [stdout]    = note: `#[warn(renamed_and_removed_lints)]` on by default
[INFO] [stdout] 
[INFO] [stdout] 
[INFO] [stdout] warning: unused import: `utils::*`
[INFO] [stdout]   --> tests/program_test/mod.rs:17:9
[INFO] [stdout]    |
[INFO] [stdout] 17 | pub use utils::*;
[INFO] [stdout]    |         ^^^^^^^^
[INFO] [stdout]    |
[INFO] [stdout]    = note: `#[warn(unused_imports)]` (part of `#[warn(unused)]`) on by default
[INFO] [stdout] 
[INFO] [stdout] 
[INFO] [stdout] warning: lint `unaligned_references` has been removed: converted into hard error, see issue #82523 <https://github.com/rust-lang/rust/issues/82523> for more information
[INFO] [stdout]   --> tests/test_deposit_monthly_vesting.rs:43:9
[INFO] [stdout]    |
[INFO] [stdout] 43 | #[allow(unaligned_references)]
[INFO] [stdout]    |         ^^^^^^^^^^^^^^^^^^^^
[INFO] [stdout]    |
[INFO] [stdout]    = note: `#[warn(renamed_and_removed_lints)]` on by default
[INFO] [stdout] 
[INFO] [stdout] 
[INFO] [stdout] warning: unused import: `utils::*`
[INFO] [stdout]   --> tests/program_test/mod.rs:17:9
[INFO] [stdout]    |
[INFO] [stdout] 17 | pub use utils::*;
[INFO] [stdout]    |         ^^^^^^^^
[INFO] [stdout]    |
[INFO] [stdout]    = note: `#[warn(unused_imports)]` (part of `#[warn(unused)]`) on by default
[INFO] [stdout] 
[INFO] [stdout] 
[INFO] [stdout] warning: lint `unaligned_references` has been removed: converted into hard error, see issue #82523 <https://github.com/rust-lang/rust/issues/82523> for more information
[INFO] [stdout]   --> tests/test_reset_lockup.rs:34:9
[INFO] [stdout]    |
[INFO] [stdout] 34 | #[allow(unaligned_references)]
[INFO] [stdout]    |         ^^^^^^^^^^^^^^^^^^^^
[INFO] [stdout]    |
[INFO] [stdout]    = note: `#[warn(renamed_and_removed_lints)]` on by default
[INFO] [stdout] 
[INFO] [stdout] 
[INFO] [stdout] warning: unused import: `utils::*`
[INFO] [stdout]   --> tests/program_test/mod.rs:17:9
[INFO] [stdout]    |
[INFO] [stdout] 17 | pub use utils::*;
[INFO] [stdout]    |         ^^^^^^^^
[INFO] [stdout]    |
[INFO] [stdout]    = note: `#[warn(unused_imports)]` (part of `#[warn(unused)]`) on by default
[INFO] [stdout] 
[INFO] [stdout] 
[INFO] [stdout] warning: lint `unaligned_references` has been removed: converted into hard error, see issue #82523 <https://github.com/rust-lang/rust/issues/82523> for more information
[INFO] [stdout]  --> tests/test_voting.rs:9:9
[INFO] [stdout]   |
[INFO] [stdout] 9 | #[allow(unaligned_references)]
[INFO] [stdout]   |         ^^^^^^^^^^^^^^^^^^^^
[INFO] [stdout]   |
[INFO] [stdout]   = note: `#[warn(renamed_and_removed_lints)]` on by default
[INFO] [stdout] 
[INFO] [stdout] 
[INFO] [stdout] warning: unused import: `utils::*`
[INFO] [stdout]   --> tests/program_test/mod.rs:17:9
[INFO] [stdout]    |
[INFO] [stdout] 17 | pub use utils::*;
[INFO] [stdout]    |         ^^^^^^^^
[INFO] [stdout]    |
[INFO] [stdout]    = note: `#[warn(unused_imports)]` (part of `#[warn(unused)]`) on by default
[INFO] [stdout] 
[INFO] [stdout] 
[INFO] [stdout] warning: lint `unaligned_references` has been removed: converted into hard error, see issue #82523 <https://github.com/rust-lang/rust/issues/82523> for more information
[INFO] [stdout]   --> tests/test_deposit_no_locking.rs:45:9
[INFO] [stdout]    |
[INFO] [stdout] 45 | #[allow(unaligned_references)]
[INFO] [stdout]    |         ^^^^^^^^^^^^^^^^^^^^
[INFO] [stdout]    |
[INFO] [stdout]    = note: `#[warn(renamed_and_removed_lints)]` on by default
[INFO] [stdout] 
[INFO] [stdout] 
[INFO] [stdout] warning: unused import: `utils::*`
[INFO] [stdout]   --> tests/program_test/mod.rs:17:9
[INFO] [stdout]    |
[INFO] [stdout] 17 | pub use utils::*;
[INFO] [stdout]    |         ^^^^^^^^
[INFO] [stdout]    |
[INFO] [stdout]    = note: `#[warn(unused_imports)]` (part of `#[warn(unused)]`) on by default
[INFO] [stdout] 
[INFO] [stdout] 
[INFO] [stdout] warning: lint `unaligned_references` has been removed: converted into hard error, see issue #82523 <https://github.com/rust-lang/rust/issues/82523> for more information
[INFO] [stdout]   --> tests/test_basic.rs:10:9
[INFO] [stdout]    |
[INFO] [stdout] 10 | #[allow(unaligned_references)]
[INFO] [stdout]    |         ^^^^^^^^^^^^^^^^^^^^
[INFO] [stdout]    |
[INFO] [stdout]    = note: `#[warn(renamed_and_removed_lints)]` on by default
[INFO] [stdout] 
[INFO] [stdout] 
[INFO] [stdout] warning: unused import: `utils::*`
[INFO] [stdout]   --> tests/program_test/mod.rs:17:9
[INFO] [stdout]    |
[INFO] [stdout] 17 | pub use utils::*;
[INFO] [stdout]    |         ^^^^^^^^
[INFO] [stdout]    |
[INFO] [stdout]    = note: `#[warn(unused_imports)]` (part of `#[warn(unused)]`) on by default
[INFO] [stdout] 
[INFO] [stdout] 
[INFO] [stdout] warning: unused import: `utils::*`
[INFO] [stdout]   --> tests/program_test/mod.rs:17:9
[INFO] [stdout]    |
[INFO] [stdout] 17 | pub use utils::*;
[INFO] [stdout]    |         ^^^^^^^^
[INFO] [stdout]    |
[INFO] [stdout]    = note: `#[warn(unused_imports)]` (part of `#[warn(unused)]`) on by default
[INFO] [stdout] 
[INFO] [stdout] 
[INFO] [stdout] warning: lint `unaligned_references` has been removed: converted into hard error, see issue #82523 <https://github.com/rust-lang/rust/issues/82523> for more information
[INFO] [stdout]   --> tests/test_internal_transfer.rs:34:9
[INFO] [stdout]    |
[INFO] [stdout] 34 | #[allow(unaligned_references)]
[INFO] [stdout]    |         ^^^^^^^^^^^^^^^^^^^^
[INFO] [stdout]    |
[INFO] [stdout]    = note: `#[warn(renamed_and_removed_lints)]` on by default
[INFO] [stdout] 
[INFO] [stdout] 
[INFO] [stdout] warning: lint `unaligned_references` has been removed: converted into hard error, see issue #82523 <https://github.com/rust-lang/rust/issues/82523> for more information
[INFO] [stdout]   --> tests/test_deposit_daily_vesting.rs:44:9
[INFO] [stdout]    |
[INFO] [stdout] 44 | #[allow(unaligned_references)]
[INFO] [stdout]    |         ^^^^^^^^^^^^^^^^^^^^
[INFO] [stdout]    |
[INFO] [stdout]    = note: `#[warn(renamed_and_removed_lints)]` on by default
[INFO] [stdout] 
[INFO] [stdout] 
[INFO] [stdout] warning: unused import: `utils::*`
[INFO] [stdout]   --> tests/program_test/mod.rs:17:9
[INFO] [stdout]    |
[INFO] [stdout] 17 | pub use utils::*;
[INFO] [stdout]    |         ^^^^^^^^
[INFO] [stdout]    |
[INFO] [stdout]    = note: `#[warn(unused_imports)]` (part of `#[warn(unused)]`) on by default
[INFO] [stdout] 
[INFO] [stdout] 
[INFO] [stdout] warning: lint `unaligned_references` has been removed: converted into hard error, see issue #82523 <https://github.com/rust-lang/rust/issues/82523> for more information
[INFO] [stdout]  --> tests/test_all_deposits.rs:9:9
[INFO] [stdout]   |
[INFO] [stdout] 9 | #[allow(unaligned_references)]
[INFO] [stdout]   |         ^^^^^^^^^^^^^^^^^^^^
[INFO] [stdout]   |
[INFO] [stdout]   = note: `#[warn(renamed_and_removed_lints)]` on by default
[INFO] [stdout] 
[INFO] [stdout] 
[INFO] [stdout] warning: unused import: `utils::*`
[INFO] [stdout]   --> tests/program_test/mod.rs:17:9
[INFO] [stdout]    |
[INFO] [stdout] 17 | pub use utils::*;
[INFO] [stdout]    |         ^^^^^^^^
[INFO] [stdout]    |
[INFO] [stdout]    = note: `#[warn(unused_imports)]` (part of `#[warn(unused)]`) on by default
[INFO] [stdout] 
[INFO] [stdout] 
[INFO] [stdout] warning: lint `unaligned_references` has been removed: converted into hard error, see issue #82523 <https://github.com/rust-lang/rust/issues/82523> for more information
[INFO] [stdout]  --> tests/test_clawback.rs:9:9
[INFO] [stdout]   |
[INFO] [stdout] 9 | #[allow(unaligned_references)]
[INFO] [stdout]   |         ^^^^^^^^^^^^^^^^^^^^
[INFO] [stdout]   |
[INFO] [stdout]   = note: `#[warn(renamed_and_removed_lints)]` on by default
[INFO] [stdout] 
[INFO] [stdout] 
[INFO] [stdout] warning: unused import: `utils::*`
[INFO] [stdout]   --> tests/program_test/mod.rs:17:9
[INFO] [stdout]    |
[INFO] [stdout] 17 | pub use utils::*;
[INFO] [stdout]    |         ^^^^^^^^
[INFO] [stdout]    |
[INFO] [stdout]    = note: `#[warn(unused_imports)]` (part of `#[warn(unused)]`) on by default
[INFO] [stdout] 
[INFO] [stdout] 
[INFO] [stdout] warning: lint `unaligned_references` has been removed: converted into hard error, see issue #82523 <https://github.com/rust-lang/rust/issues/82523> for more information
[INFO] [stdout]   --> tests/test_deposit_constant.rs:43:9
[INFO] [stdout]    |
[INFO] [stdout] 43 | #[allow(unaligned_references)]
[INFO] [stdout]    |         ^^^^^^^^^^^^^^^^^^^^
[INFO] [stdout]    |
[INFO] [stdout]    = note: `#[warn(renamed_and_removed_lints)]` on by default
[INFO] [stdout] 
[INFO] [stdout] 
[INFO] [stdout] warning: unexpected `cfg` condition value: `custom-heap`
[INFO] [stdout]   --> src/lib.rs:61:1
[INFO] [stdout]    |
[INFO] [stdout] 61 | #[program]
[INFO] [stdout]    | ^^^^^^^^^^
[INFO] [stdout]    |
[INFO] [stdout]    = note: expected values for `feature` are: `cpi`, `default`, `localnet`, `no-entrypoint`, `no-idl`, and `test-bpf`
[INFO] [stdout]    = note: using a cfg inside a macro will use the cfgs from the destination crate and not the ones from the defining crate
[INFO] [stdout]    = help: try referring to `$crate::custom_heap_default` crate for guidance on how handle this unexpected cfg
[INFO] [stdout]    = note: see <https://doc.rust-lang.org/nightly/rustc/check-cfg/cargo-specifics.html> for more information about checking conditional configuration
[INFO] [stdout]    = note: `#[warn(unexpected_cfgs)]` on by default
[INFO] [stdout]    = note: this warning originates in the macro `$crate::custom_heap_default` which comes from the expansion of the attribute macro `program` (in Nightly builds, run with -Z macro-backtrace for more info)
[INFO] [stdout] 
[INFO] [stdout] 
[INFO] [stdout] warning: unexpected `cfg` condition value: `custom-panic`
[INFO] [stdout]   --> src/lib.rs:61:1
[INFO] [stdout]    |
[INFO] [stdout] 61 | #[program]
[INFO] [stdout]    | ^^^^^^^^^^
[INFO] [stdout]    |
[INFO] [stdout]    = note: expected values for `feature` are: `cpi`, `default`, `localnet`, `no-entrypoint`, `no-idl`, and `test-bpf`
[INFO] [stdout]    = note: using a cfg inside a macro will use the cfgs from the destination crate and not the ones from the defining crate
[INFO] [stdout]    = help: try referring to `$crate::custom_panic_default` crate for guidance on how handle this unexpected cfg
[INFO] [stdout]    = note: see <https://doc.rust-lang.org/nightly/rustc/check-cfg/cargo-specifics.html> for more information about checking conditional configuration
[INFO] [stdout]    = note: this warning originates in the macro `$crate::custom_panic_default` which comes from the expansion of the attribute macro `program` (in Nightly builds, run with -Z macro-backtrace for more info)
[INFO] [stdout] 
[INFO] [stdout] 
[INFO] [stdout] warning: unexpected `cfg` condition value: `anchor-debug`
[INFO] [stdout]  --> src/instructions/clawback.rs:7:10
[INFO] [stdout]   |
[INFO] [stdout] 7 | #[derive(Accounts)]
[INFO] [stdout]   |          ^^^^^^^^
[INFO] [stdout]   |
[INFO] [stdout]   = note: expected values for `feature` are: `cpi`, `default`, `localnet`, `no-entrypoint`, `no-idl`, and `test-bpf`
[INFO] [stdout]   = note: using a cfg inside a derive macro will use the cfgs from the destination crate and not the ones from the defining crate
[INFO] [stdout]   = help: try referring to `Accounts` crate for guidance on how handle this unexpected cfg
[INFO] [stdout]   = note: see <https://doc.rust-lang.org/nightly/rustc/check-cfg/cargo-specifics.html> for more information about checking conditional configuration
[INFO] [stdout]   = note: this warning originates in the derive macro `Accounts` (in Nightly builds, run with -Z macro-backtrace for more info)
[INFO] [stdout] 
[INFO] [stdout] 
[INFO] [stdout] warning: unexpected `cfg` condition value: `anchor-debug`
[INFO] [stdout]  --> src/instructions/close_deposit_entry.rs:5:10
[INFO] [stdout]   |
[INFO] [stdout] 5 | #[derive(Accounts)]
[INFO] [stdout]   |          ^^^^^^^^
[INFO] [stdout]   |
[INFO] [stdout]   = note: expected values for `feature` are: `cpi`, `default`, `localnet`, `no-entrypoint`, `no-idl`, and `test-bpf`
[INFO] [stdout]   = note: using a cfg inside a derive macro will use the cfgs from the destination crate and not the ones from the defining crate
[INFO] [stdout]   = help: try referring to `Accounts` crate for guidance on how handle this unexpected cfg
[INFO] [stdout]   = note: see <https://doc.rust-lang.org/nightly/rustc/check-cfg/cargo-specifics.html> for more information about checking conditional configuration
[INFO] [stdout]   = note: this warning originates in the derive macro `Accounts` (in Nightly builds, run with -Z macro-backtrace for more info)
[INFO] [stdout] 
[INFO] [stdout] 
[INFO] [stdout] warning: unexpected `cfg` condition value: `anchor-debug`
[INFO] [stdout]   --> src/instructions/close_voter.rs:12:10
[INFO] [stdout]    |
[INFO] [stdout] 12 | #[derive(Accounts)]
[INFO] [stdout]    |          ^^^^^^^^
[INFO] [stdout]    |
[INFO] [stdout]    = note: expected values for `feature` are: `cpi`, `default`, `localnet`, `no-entrypoint`, `no-idl`, and `test-bpf`
[INFO] [stdout]    = note: using a cfg inside a derive macro will use the cfgs from the destination crate and not the ones from the defining crate
[INFO] [stdout]    = help: try referring to `Accounts` crate for guidance on how handle this unexpected cfg
[INFO] [stdout]    = note: see <https://doc.rust-lang.org/nightly/rustc/check-cfg/cargo-specifics.html> for more information about checking conditional configuration
[INFO] [stdout]    = note: this warning originates in the derive macro `Accounts` (in Nightly builds, run with -Z macro-backtrace for more info)
[INFO] [stdout] 
[INFO] [stdout] 
[INFO] [stdout] warning: unexpected `cfg` condition value: `anchor-debug`
[INFO] [stdout]  --> src/instructions/configure_voting_mint.rs:8:10
[INFO] [stdout]   |
[INFO] [stdout] 8 | #[derive(Accounts)]
[INFO] [stdout]   |          ^^^^^^^^
[INFO] [stdout]   |
[INFO] [stdout]   = note: expected values for `feature` are: `cpi`, `default`, `localnet`, `no-entrypoint`, `no-idl`, and `test-bpf`
[INFO] [stdout]   = note: using a cfg inside a derive macro will use the cfgs from the destination crate and not the ones from the defining crate
[INFO] [stdout]   = help: try referring to `Accounts` crate for guidance on how handle this unexpected cfg
[INFO] [stdout]   = note: see <https://doc.rust-lang.org/nightly/rustc/check-cfg/cargo-specifics.html> for more information about checking conditional configuration
[INFO] [stdout]   = note: this warning originates in the derive macro `Accounts` (in Nightly builds, run with -Z macro-backtrace for more info)
[INFO] [stdout] 
[INFO] [stdout] 
[INFO] [stdout] warning: unexpected `cfg` condition value: `anchor-debug`
[INFO] [stdout]  --> src/instructions/create_deposit_entry.rs:8:10
[INFO] [stdout]   |
[INFO] [stdout] 8 | #[derive(Accounts)]
[INFO] [stdout]   |          ^^^^^^^^
[INFO] [stdout]   |
[INFO] [stdout]   = note: expected values for `feature` are: `cpi`, `default`, `localnet`, `no-entrypoint`, `no-idl`, and `test-bpf`
[INFO] [stdout]   = note: using a cfg inside a derive macro will use the cfgs from the destination crate and not the ones from the defining crate
[INFO] [stdout]   = help: try referring to `Accounts` crate for guidance on how handle this unexpected cfg
[INFO] [stdout]   = note: see <https://doc.rust-lang.org/nightly/rustc/check-cfg/cargo-specifics.html> for more information about checking conditional configuration
[INFO] [stdout]   = note: this warning originates in the derive macro `Accounts` (in Nightly builds, run with -Z macro-backtrace for more info)
[INFO] [stdout] 
[INFO] [stdout] 
[INFO] [stdout] warning: unexpected `cfg` condition value: `anchor-debug`
[INFO] [stdout]  --> src/instructions/create_registrar.rs:8:10
[INFO] [stdout]   |
[INFO] [stdout] 8 | #[derive(Accounts)]
[INFO] [stdout]   |          ^^^^^^^^
[INFO] [stdout]   |
[INFO] [stdout]   = note: expected values for `feature` are: `cpi`, `default`, `localnet`, `no-entrypoint`, `no-idl`, and `test-bpf`
[INFO] [stdout]   = note: using a cfg inside a derive macro will use the cfgs from the destination crate and not the ones from the defining crate
[INFO] [stdout]   = help: try referring to `Accounts` crate for guidance on how handle this unexpected cfg
[INFO] [stdout]   = note: see <https://doc.rust-lang.org/nightly/rustc/check-cfg/cargo-specifics.html> for more information about checking conditional configuration
[INFO] [stdout]   = note: this warning originates in the derive macro `Accounts` (in Nightly builds, run with -Z macro-backtrace for more info)
[INFO] [stdout] 
[INFO] [stdout] 
[INFO] [stdout] warning: unexpected `cfg` condition value: `anchor-debug`
[INFO] [stdout]  --> src/instructions/create_voter.rs:7:10
[INFO] [stdout]   |
[INFO] [stdout] 7 | #[derive(Accounts)]
[INFO] [stdout]   |          ^^^^^^^^
[INFO] [stdout]   |
[INFO] [stdout]   = note: expected values for `feature` are: `cpi`, `default`, `localnet`, `no-entrypoint`, `no-idl`, and `test-bpf`
[INFO] [stdout]   = note: using a cfg inside a derive macro will use the cfgs from the destination crate and not the ones from the defining crate
[INFO] [stdout]   = help: try referring to `Accounts` crate for guidance on how handle this unexpected cfg
[INFO] [stdout]   = note: see <https://doc.rust-lang.org/nightly/rustc/check-cfg/cargo-specifics.html> for more information about checking conditional configuration
[INFO] [stdout]   = note: this warning originates in the derive macro `Accounts` (in Nightly builds, run with -Z macro-backtrace for more info)
[INFO] [stdout] 
[INFO] [stdout] 
[INFO] [stdout] warning: unexpected `cfg` condition value: `anchor-debug`
[INFO] [stdout]  --> src/instructions/deposit.rs:6:10
[INFO] [stdout]   |
[INFO] [stdout] 6 | #[derive(Accounts)]
[INFO] [stdout]   |          ^^^^^^^^
[INFO] [stdout]   |
[INFO] [stdout]   = note: expected values for `feature` are: `cpi`, `default`, `localnet`, `no-entrypoint`, `no-idl`, and `test-bpf`
[INFO] [stdout]   = note: using a cfg inside a derive macro will use the cfgs from the destination crate and not the ones from the defining crate
[INFO] [stdout]   = help: try referring to `Accounts` crate for guidance on how handle this unexpected cfg
[INFO] [stdout]   = note: see <https://doc.rust-lang.org/nightly/rustc/check-cfg/cargo-specifics.html> for more information about checking conditional configuration
[INFO] [stdout]   = note: this warning originates in the derive macro `Accounts` (in Nightly builds, run with -Z macro-backtrace for more info)
[INFO] [stdout] 
[INFO] [stdout] 
[INFO] [stdout] warning: unexpected `cfg` condition value: `anchor-debug`
[INFO] [stdout]  --> src/instructions/grant.rs:9:10
[INFO] [stdout]   |
[INFO] [stdout] 9 | #[derive(Accounts)]
[INFO] [stdout]   |          ^^^^^^^^
[INFO] [stdout]   |
[INFO] [stdout]   = note: expected values for `feature` are: `cpi`, `default`, `localnet`, `no-entrypoint`, `no-idl`, and `test-bpf`
[INFO] [stdout]   = note: using a cfg inside a derive macro will use the cfgs from the destination crate and not the ones from the defining crate
[INFO] [stdout]   = help: try referring to `Accounts` crate for guidance on how handle this unexpected cfg
[INFO] [stdout]   = note: see <https://doc.rust-lang.org/nightly/rustc/check-cfg/cargo-specifics.html> for more information about checking conditional configuration
[INFO] [stdout]   = note: this warning originates in the derive macro `Accounts` (in Nightly builds, run with -Z macro-backtrace for more info)
[INFO] [stdout] 
[INFO] [stdout] 
[INFO] [stdout] warning: unexpected `cfg` condition value: `anchor-debug`
[INFO] [stdout]  --> src/instructions/internal_transfer_locked.rs:5:10
[INFO] [stdout]   |
[INFO] [stdout] 5 | #[derive(Accounts)]
[INFO] [stdout]   |          ^^^^^^^^
[INFO] [stdout]   |
[INFO] [stdout]   = note: expected values for `feature` are: `cpi`, `default`, `localnet`, `no-entrypoint`, `no-idl`, and `test-bpf`
[INFO] [stdout]   = note: using a cfg inside a derive macro will use the cfgs from the destination crate and not the ones from the defining crate
[INFO] [stdout]   = help: try referring to `Accounts` crate for guidance on how handle this unexpected cfg
[INFO] [stdout]   = note: see <https://doc.rust-lang.org/nightly/rustc/check-cfg/cargo-specifics.html> for more information about checking conditional configuration
[INFO] [stdout]   = note: this warning originates in the derive macro `Accounts` (in Nightly builds, run with -Z macro-backtrace for more info)
[INFO] [stdout] 
[INFO] [stdout] 
[INFO] [stdout] warning: unexpected `cfg` condition value: `anchor-debug`
[INFO] [stdout]  --> src/instructions/internal_transfer_unlocked.rs:5:10
[INFO] [stdout]   |
[INFO] [stdout] 5 | #[derive(Accounts)]
[INFO] [stdout]   |          ^^^^^^^^
[INFO] [stdout]   |
[INFO] [stdout]   = note: expected values for `feature` are: `cpi`, `default`, `localnet`, `no-entrypoint`, `no-idl`, and `test-bpf`
[INFO] [stdout]   = note: using a cfg inside a derive macro will use the cfgs from the destination crate and not the ones from the defining crate
[INFO] [stdout]   = help: try referring to `Accounts` crate for guidance on how handle this unexpected cfg
[INFO] [stdout]   = note: see <https://doc.rust-lang.org/nightly/rustc/check-cfg/cargo-specifics.html> for more information about checking conditional configuration
[INFO] [stdout]   = note: this warning originates in the derive macro `Accounts` (in Nightly builds, run with -Z macro-backtrace for more info)
[INFO] [stdout] 
[INFO] [stdout] 
[INFO] [stdout] warning: unexpected `cfg` condition value: `anchor-debug`
[INFO] [stdout]  --> src/instructions/log_voter_info.rs:5:10
[INFO] [stdout]   |
[INFO] [stdout] 5 | #[derive(Accounts)]
[INFO] [stdout]   |          ^^^^^^^^
[INFO] [stdout]   |
[INFO] [stdout]   = note: expected values for `feature` are: `cpi`, `default`, `localnet`, `no-entrypoint`, `no-idl`, and `test-bpf`
[INFO] [stdout]   = note: using a cfg inside a derive macro will use the cfgs from the destination crate and not the ones from the defining crate
[INFO] [stdout]   = help: try referring to `Accounts` crate for guidance on how handle this unexpected cfg
[INFO] [stdout]   = note: see <https://doc.rust-lang.org/nightly/rustc/check-cfg/cargo-specifics.html> for more information about checking conditional configuration
[INFO] [stdout]   = note: this warning originates in the derive macro `Accounts` (in Nightly builds, run with -Z macro-backtrace for more info)
[INFO] [stdout] 
[INFO] [stdout] 
[INFO] [stdout] warning: unexpected `cfg` condition value: `anchor-debug`
[INFO] [stdout]  --> src/instructions/reset_lockup.rs:5:10
[INFO] [stdout]   |
[INFO] [stdout] 5 | #[derive(Accounts)]
[INFO] [stdout]   |          ^^^^^^^^
[INFO] [stdout]   |
[INFO] [stdout]   = note: expected values for `feature` are: `cpi`, `default`, `localnet`, `no-entrypoint`, `no-idl`, and `test-bpf`
[INFO] [stdout]   = note: using a cfg inside a derive macro will use the cfgs from the destination crate and not the ones from the defining crate
[INFO] [stdout]   = help: try referring to `Accounts` crate for guidance on how handle this unexpected cfg
[INFO] [stdout]   = note: see <https://doc.rust-lang.org/nightly/rustc/check-cfg/cargo-specifics.html> for more information about checking conditional configuration
[INFO] [stdout]   = note: this warning originates in the derive macro `Accounts` (in Nightly builds, run with -Z macro-backtrace for more info)
[INFO] [stdout] 
[INFO] [stdout] 
[INFO] [stdout] warning: unexpected `cfg` condition value: `anchor-debug`
[INFO] [stdout]  --> src/instructions/set_time_offset.rs:6:10
[INFO] [stdout]   |
[INFO] [stdout] 6 | #[derive(Accounts)]
[INFO] [stdout]   |          ^^^^^^^^
[INFO] [stdout]   |
[INFO] [stdout]   = note: expected values for `feature` are: `cpi`, `default`, `localnet`, `no-entrypoint`, `no-idl`, and `test-bpf`
[INFO] [stdout]   = note: using a cfg inside a derive macro will use the cfgs from the destination crate and not the ones from the defining crate
[INFO] [stdout]   = help: try referring to `Accounts` crate for guidance on how handle this unexpected cfg
[INFO] [stdout]   = note: see <https://doc.rust-lang.org/nightly/rustc/check-cfg/cargo-specifics.html> for more information about checking conditional configuration
[INFO] [stdout]   = note: this warning originates in the derive macro `Accounts` (in Nightly builds, run with -Z macro-backtrace for more info)
[INFO] [stdout] 
[INFO] [stdout] 
[INFO] [stdout] warning: unexpected `cfg` condition value: `anchor-debug`
[INFO] [stdout]  --> src/instructions/update_max_vote_weight.rs:6:10
[INFO] [stdout]   |
[INFO] [stdout] 6 | #[derive(Accounts)]
[INFO] [stdout]   |          ^^^^^^^^
[INFO] [stdout]   |
[INFO] [stdout]   = note: expected values for `feature` are: `cpi`, `default`, `localnet`, `no-entrypoint`, `no-idl`, and `test-bpf`
[INFO] [stdout]   = note: using a cfg inside a derive macro will use the cfgs from the destination crate and not the ones from the defining crate
[INFO] [stdout]   = help: try referring to `Accounts` crate for guidance on how handle this unexpected cfg
[INFO] [stdout]   = note: see <https://doc.rust-lang.org/nightly/rustc/check-cfg/cargo-specifics.html> for more information about checking conditional configuration
[INFO] [stdout]   = note: this warning originates in the derive macro `Accounts` (in Nightly builds, run with -Z macro-backtrace for more info)
[INFO] [stdout] 
[INFO] [stdout] 
[INFO] [stdout] warning: unexpected `cfg` condition value: `anchor-debug`
[INFO] [stdout]  --> src/instructions/update_voter_weight_record.rs:4:10
[INFO] [stdout]   |
[INFO] [stdout] 4 | #[derive(Accounts)]
[INFO] [stdout]   |          ^^^^^^^^
[INFO] [stdout]   |
[INFO] [stdout]   = note: expected values for `feature` are: `cpi`, `default`, `localnet`, `no-entrypoint`, `no-idl`, and `test-bpf`
[INFO] [stdout]   = note: using a cfg inside a derive macro will use the cfgs from the destination crate and not the ones from the defining crate
[INFO] [stdout]   = help: try referring to `Accounts` crate for guidance on how handle this unexpected cfg
[INFO] [stdout]   = note: see <https://doc.rust-lang.org/nightly/rustc/check-cfg/cargo-specifics.html> for more information about checking conditional configuration
[INFO] [stdout]   = note: this warning originates in the derive macro `Accounts` (in Nightly builds, run with -Z macro-backtrace for more info)
[INFO] [stdout] 
[INFO] [stdout] 
[INFO] [stdout] warning: unexpected `cfg` condition value: `anchor-debug`
[INFO] [stdout]  --> src/instructions/withdraw.rs:6:10
[INFO] [stdout]   |
[INFO] [stdout] 6 | #[derive(Accounts)]
[INFO] [stdout]   |          ^^^^^^^^
[INFO] [stdout]   |
[INFO] [stdout]   = note: expected values for `feature` are: `cpi`, `default`, `localnet`, `no-entrypoint`, `no-idl`, and `test-bpf`
[INFO] [stdout]   = note: using a cfg inside a derive macro will use the cfgs from the destination crate and not the ones from the defining crate
[INFO] [stdout]   = help: try referring to `Accounts` crate for guidance on how handle this unexpected cfg
[INFO] [stdout]   = note: see <https://doc.rust-lang.org/nightly/rustc/check-cfg/cargo-specifics.html> for more information about checking conditional configuration
[INFO] [stdout]   = note: this warning originates in the derive macro `Accounts` (in Nightly builds, run with -Z macro-backtrace for more info)
[INFO] [stdout] 
[INFO] [stdout] 
[INFO] [stdout] warning: unexpected `cfg` condition value: `anchor-debug`
[INFO] [stdout]   --> src/lib.rs:61:1
[INFO] [stdout]    |
[INFO] [stdout] 61 | #[program]
[INFO] [stdout]    | ^^^^^^^^^^
[INFO] [stdout]    |
[INFO] [stdout]    = note: expected values for `feature` are: `cpi`, `default`, `localnet`, `no-entrypoint`, `no-idl`, and `test-bpf`
[INFO] [stdout]    = note: using a cfg inside a attribute macro will use the cfgs from the destination crate and not the ones from the defining crate
[INFO] [stdout]    = help: try referring to `program` crate for guidance on how handle this unexpected cfg
[INFO] [stdout]    = note: see <https://doc.rust-lang.org/nightly/rustc/check-cfg/cargo-specifics.html> for more information about checking conditional configuration
[INFO] [stdout]    = note: this warning originates in the attribute macro `program` (in Nightly builds, run with -Z macro-backtrace for more info)
[INFO] [stdout] 
[INFO] [stdout] 
[INFO] [stdout] warning: unexpected `cfg` condition value: `no-log-ix-name`
[INFO] [stdout]   --> src/lib.rs:61:1
[INFO] [stdout]    |
[INFO] [stdout] 61 | #[program]
[INFO] [stdout]    | ^^^^^^^^^^
[INFO] [stdout]    |
[INFO] [stdout]    = note: expected values for `feature` are: `cpi`, `default`, `localnet`, `no-entrypoint`, `no-idl`, and `test-bpf`
[INFO] [stdout]    = note: using a cfg inside a attribute macro will use the cfgs from the destination crate and not the ones from the defining crate
[INFO] [stdout]    = help: try referring to `program` crate for guidance on how handle this unexpected cfg
[INFO] [stdout]    = note: see <https://doc.rust-lang.org/nightly/rustc/check-cfg/cargo-specifics.html> for more information about checking conditional configuration
[INFO] [stdout]    = note: this warning originates in the attribute macro `program` (in Nightly builds, run with -Z macro-backtrace for more info)
[INFO] [stdout] 
[INFO] [stdout] 
[INFO] [stdout] warning: unused import: `utils::*`
[INFO] [stdout]   --> tests/program_test/mod.rs:17:9
[INFO] [stdout]    |
[INFO] [stdout] 17 | pub use utils::*;
[INFO] [stdout]    |         ^^^^^^^^
[INFO] [stdout]    |
[INFO] [stdout]    = note: `#[warn(unused_imports)]` (part of `#[warn(unused)]`) on by default
[INFO] [stdout] 
[INFO] [stdout] 
[INFO] [stdout] warning: lint `unaligned_references` has been removed: converted into hard error, see issue #82523 <https://github.com/rust-lang/rust/issues/82523> for more information
[INFO] [stdout]   --> tests/test_log_voter_info.rs:17:9
[INFO] [stdout]    |
[INFO] [stdout] 17 | #[allow(unaligned_references)]
[INFO] [stdout]    |         ^^^^^^^^^^^^^^^^^^^^
[INFO] [stdout]    |
[INFO] [stdout]    = note: `#[warn(renamed_and_removed_lints)]` on by default
[INFO] [stdout] 
[INFO] [stdout] 
[INFO] [stdout] warning: lint `unaligned_references` has been removed: converted into hard error, see issue #82523 <https://github.com/rust-lang/rust/issues/82523> for more information
[INFO] [stdout]   --> tests/test_log_voter_info.rs:30:9
[INFO] [stdout]    |
[INFO] [stdout] 30 | #[allow(unaligned_references)]
[INFO] [stdout]    |         ^^^^^^^^^^^^^^^^^^^^
[INFO] [stdout] 
[INFO] [stdout] 
[INFO] [stdout] warning: field `quote_index` is never read
[INFO] [stdout]   --> tests/program_test/mod.rs:88:9
[INFO] [stdout]    |
[INFO] [stdout] 82 | pub struct TestContext {
[INFO] [stdout]    |            ----------- field in this struct
[INFO] [stdout] ...
[INFO] [stdout] 88 |     pub quote_index: usize,
[INFO] [stdout]    |         ^^^^^^^^^^^
[INFO] [stdout]    |
[INFO] [stdout]    = note: `#[warn(dead_code)]` (part of `#[warn(unused)]`) on by default
[INFO] [stdout] 
[INFO] [stdout] 
[INFO] [stdout] warning: fields `authority` and `mint` are never read
[INFO] [stdout]   --> tests/program_test/addin.rs:20:9
[INFO] [stdout]    |
[INFO] [stdout] 18 | pub struct RegistrarCookie {
[INFO] [stdout]    |            --------------- fields in this struct
[INFO] [stdout] 19 |     pub address: Pubkey,
[INFO] [stdout] 20 |     pub authority: Pubkey,
[INFO] [stdout]    |         ^^^^^^^^^
[INFO] [stdout] 21 |     pub mint: MintCookie,
[INFO] [stdout]    |         ^^^^
[INFO] [stdout] 
[INFO] [stdout] 
[INFO] [stdout] warning: field `authority` is never read
[INFO] [stdout]   --> tests/program_test/addin.rs:31:9
[INFO] [stdout]    |
[INFO] [stdout] 29 | pub struct VoterCookie {
[INFO] [stdout]    |            ----------- field in this struct
[INFO] [stdout] 30 |     pub address: Pubkey,
[INFO] [stdout] 31 |     pub authority: Pubkey,
[INFO] [stdout]    |         ^^^^^^^^^
[INFO] [stdout] 
[INFO] [stdout] 
[INFO] [stdout] warning: fields `realm_config` and `community_token_account` are never read
[INFO] [stdout]   --> tests/program_test/governance.rs:21:9
[INFO] [stdout]    |
[INFO] [stdout] 17 | pub struct GovernanceRealmCookie {
[INFO] [stdout]    |            --------------------- fields in this struct
[INFO] [stdout] ...
[INFO] [stdout] 21 |     pub realm_config: Pubkey,
[INFO] [stdout]    |         ^^^^^^^^^^^^
[INFO] [stdout] 22 |     pub community_token_mint: MintCookie,
[INFO] [stdout] 23 |     pub community_token_account: Pubkey,
[INFO] [stdout]    |         ^^^^^^^^^^^^^^^^^^^^^^^
[INFO] [stdout]    |
[INFO] [stdout]    = note: `GovernanceRealmCookie` has a derived impl for the trait `Clone`, but this is intentionally ignored during dead code analysis
[INFO] [stdout] 
[INFO] [stdout] 
[INFO] [stdout] warning: fields `address` and `governed_account` are never read
[INFO] [stdout]   --> tests/program_test/governance.rs:32:9
[INFO] [stdout]    |
[INFO] [stdout] 31 | pub struct AccountGovernanceCookie {
[INFO] [stdout]    |            ----------------------- fields in this struct
[INFO] [stdout] 32 |     pub address: Pubkey,
[INFO] [stdout]    |         ^^^^^^^
[INFO] [stdout] 33 |     pub governed_account: Pubkey,
[INFO] [stdout]    |         ^^^^^^^^^^^^^^^^
[INFO] [stdout] 
[INFO] [stdout] 
[INFO] [stdout] warning: fields `address` and `governed_mint` are never read
[INFO] [stdout]   --> tests/program_test/governance.rs:37:9
[INFO] [stdout]    |
[INFO] [stdout] 36 | pub struct MintGovernanceCookie {
[INFO] [stdout]    |            -------------------- fields in this struct
[INFO] [stdout] 37 |     pub address: Pubkey,
[INFO] [stdout]    |         ^^^^^^^
[INFO] [stdout] 38 |     pub governed_mint: Pubkey,
[INFO] [stdout]    |         ^^^^^^^^^^^^^
[INFO] [stdout] 
[INFO] [stdout] 
[INFO] [stdout] warning: field `quote_index` is never read
[INFO] [stdout]   --> tests/program_test/mod.rs:88:9
[INFO] [stdout]    |
[INFO] [stdout] 82 | pub struct TestContext {
[INFO] [stdout]    |            ----------- field in this struct
[INFO] [stdout] ...
[INFO] [stdout] 88 |     pub quote_index: usize,
[INFO] [stdout]    |         ^^^^^^^^^^^
[INFO] [stdout]    |
[INFO] [stdout]    = note: `#[warn(dead_code)]` (part of `#[warn(unused)]`) on by default
[INFO] [stdout] 
[INFO] [stdout] 
[INFO] [stdout] warning: fields `authority` and `mint` are never read
[INFO] [stdout]   --> tests/program_test/addin.rs:20:9
[INFO] [stdout]    |
[INFO] [stdout] 18 | pub struct RegistrarCookie {
[INFO] [stdout]    |            --------------- fields in this struct
[INFO] [stdout] 19 |     pub address: Pubkey,
[INFO] [stdout] 20 |     pub authority: Pubkey,
[INFO] [stdout]    |         ^^^^^^^^^
[INFO] [stdout] 21 |     pub mint: MintCookie,
[INFO] [stdout]    |         ^^^^
[INFO] [stdout] 
[INFO] [stdout] 
[INFO] [stdout] warning: field `authority` is never read
[INFO] [stdout]   --> tests/program_test/addin.rs:31:9
[INFO] [stdout]    |
[INFO] [stdout] 29 | pub struct VoterCookie {
[INFO] [stdout]    |            ----------- field in this struct
[INFO] [stdout] 30 |     pub address: Pubkey,
[INFO] [stdout] 31 |     pub authority: Pubkey,
[INFO] [stdout]    |         ^^^^^^^^^
[INFO] [stdout] 
[INFO] [stdout] 
[INFO] [stdout] warning: fields `realm_config` and `community_token_account` are never read
[INFO] [stdout]   --> tests/program_test/governance.rs:21:9
[INFO] [stdout]    |
[INFO] [stdout] 17 | pub struct GovernanceRealmCookie {
[INFO] [stdout]    |            --------------------- fields in this struct
[INFO] [stdout] ...
[INFO] [stdout] 21 |     pub realm_config: Pubkey,
[INFO] [stdout]    |         ^^^^^^^^^^^^
[INFO] [stdout] 22 |     pub community_token_mint: MintCookie,
[INFO] [stdout] 23 |     pub community_token_account: Pubkey,
[INFO] [stdout]    |         ^^^^^^^^^^^^^^^^^^^^^^^
[INFO] [stdout]    |
[INFO] [stdout]    = note: `GovernanceRealmCookie` has a derived impl for the trait `Clone`, but this is intentionally ignored during dead code analysis
[INFO] [stdout] 
[INFO] [stdout] 
[INFO] [stdout] warning: fields `address` and `governed_account` are never read
[INFO] [stdout]   --> tests/program_test/governance.rs:32:9
[INFO] [stdout]    |
[INFO] [stdout] 31 | pub struct AccountGovernanceCookie {
[INFO] [stdout]    |            ----------------------- fields in this struct
[INFO] [stdout] 32 |     pub address: Pubkey,
[INFO] [stdout]    |         ^^^^^^^
[INFO] [stdout] 33 |     pub governed_account: Pubkey,
[INFO] [stdout]    |         ^^^^^^^^^^^^^^^^
[INFO] [stdout] 
[INFO] [stdout] 
[INFO] [stdout] warning: fields `address` and `governed_mint` are never read
[INFO] [stdout]   --> tests/program_test/governance.rs:37:9
[INFO] [stdout]    |
[INFO] [stdout] 36 | pub struct MintGovernanceCookie {
[INFO] [stdout]    |            -------------------- fields in this struct
[INFO] [stdout] 37 |     pub address: Pubkey,
[INFO] [stdout]    |         ^^^^^^^
[INFO] [stdout] 38 |     pub governed_mint: Pubkey,
[INFO] [stdout]    |         ^^^^^^^^^^^^^
[INFO] [stdout] 
[INFO] [stdout] 
[INFO] [stdout] warning: field `quote_index` is never read
[INFO] [stdout]   --> tests/program_test/mod.rs:88:9
[INFO] [stdout]    |
[INFO] [stdout] 82 | pub struct TestContext {
[INFO] [stdout]    |            ----------- field in this struct
[INFO] [stdout] ...
[INFO] [stdout] 88 |     pub quote_index: usize,
[INFO] [stdout]    |         ^^^^^^^^^^^
[INFO] [stdout]    |
[INFO] [stdout]    = note: `#[warn(dead_code)]` (part of `#[warn(unused)]`) on by default
[INFO] [stdout] 
[INFO] [stdout] 
[INFO] [stdout] warning: fields `authority` and `mint` are never read
[INFO] [stdout]   --> tests/program_test/addin.rs:20:9
[INFO] [stdout]    |
[INFO] [stdout] 18 | pub struct RegistrarCookie {
[INFO] [stdout]    |            --------------- fields in this struct
[INFO] [stdout] 19 |     pub address: Pubkey,
[INFO] [stdout] 20 |     pub authority: Pubkey,
[INFO] [stdout]    |         ^^^^^^^^^
[INFO] [stdout] 21 |     pub mint: MintCookie,
[INFO] [stdout]    |         ^^^^
[INFO] [stdout] 
[INFO] [stdout] 
[INFO] [stdout] warning: field `authority` is never read
[INFO] [stdout]   --> tests/program_test/addin.rs:31:9
[INFO] [stdout]    |
[INFO] [stdout] 29 | pub struct VoterCookie {
[INFO] [stdout]    |            ----------- field in this struct
[INFO] [stdout] 30 |     pub address: Pubkey,
[INFO] [stdout] 31 |     pub authority: Pubkey,
[INFO] [stdout]    |         ^^^^^^^^^
[INFO] [stdout] 
[INFO] [stdout] 
[INFO] [stdout] warning: fields `realm_config` and `community_token_account` are never read
[INFO] [stdout]   --> tests/program_test/governance.rs:21:9
[INFO] [stdout]    |
[INFO] [stdout] 17 | pub struct GovernanceRealmCookie {
[INFO] [stdout]    |            --------------------- fields in this struct
[INFO] [stdout] ...
[INFO] [stdout] 21 |     pub realm_config: Pubkey,
[INFO] [stdout]    |         ^^^^^^^^^^^^
[INFO] [stdout] 22 |     pub community_token_mint: MintCookie,
[INFO] [stdout] 23 |     pub community_token_account: Pubkey,
[INFO] [stdout]    |         ^^^^^^^^^^^^^^^^^^^^^^^
[INFO] [stdout]    |
[INFO] [stdout]    = note: `GovernanceRealmCookie` has a derived impl for the trait `Clone`, but this is intentionally ignored during dead code analysis
[INFO] [stdout] 
[INFO] [stdout] 
[INFO] [stdout] warning: fields `address` and `governed_account` are never read
[INFO] [stdout]   --> tests/program_test/governance.rs:32:9
[INFO] [stdout]    |
[INFO] [stdout] 31 | pub struct AccountGovernanceCookie {
[INFO] [stdout]    |            ----------------------- fields in this struct
[INFO] [stdout] 32 |     pub address: Pubkey,
[INFO] [stdout]    |         ^^^^^^^
[INFO] [stdout] 33 |     pub governed_account: Pubkey,
[INFO] [stdout]    |         ^^^^^^^^^^^^^^^^
[INFO] [stdout] 
[INFO] [stdout] 
[INFO] [stdout] warning: fields `address` and `governed_mint` are never read
[INFO] [stdout]   --> tests/program_test/governance.rs:37:9
[INFO] [stdout]    |
[INFO] [stdout] 36 | pub struct MintGovernanceCookie {
[INFO] [stdout]    |            -------------------- fields in this struct
[INFO] [stdout] 37 |     pub address: Pubkey,
[INFO] [stdout]    |         ^^^^^^^
[INFO] [stdout] 38 |     pub governed_mint: Pubkey,
[INFO] [stdout]    |         ^^^^^^^^^^^^^
[INFO] [stdout] 
[INFO] [stdout] 
[INFO] [stdout] warning: field `quote_index` is never read
[INFO] [stdout]   --> tests/program_test/mod.rs:88:9
[INFO] [stdout]    |
[INFO] [stdout] 82 | pub struct TestContext {
[INFO] [stdout]    |            ----------- field in this struct
[INFO] [stdout] ...
[INFO] [stdout] 88 |     pub quote_index: usize,
[INFO] [stdout]    |         ^^^^^^^^^^^
[INFO] [stdout]    |
[INFO] [stdout]    = note: `#[warn(dead_code)]` (part of `#[warn(unused)]`) on by default
[INFO] [stdout] 
[INFO] [stdout] 
[INFO] [stdout] warning: fields `authority` and `mint` are never read
[INFO] [stdout]   --> tests/program_test/addin.rs:20:9
[INFO] [stdout]    |
[INFO] [stdout] 18 | pub struct RegistrarCookie {
[INFO] [stdout]    |            --------------- fields in this struct
[INFO] [stdout] 19 |     pub address: Pubkey,
[INFO] [stdout] 20 |     pub authority: Pubkey,
[INFO] [stdout]    |         ^^^^^^^^^
[INFO] [stdout] 21 |     pub mint: MintCookie,
[INFO] [stdout]    |         ^^^^
[INFO] [stdout] 
[INFO] [stdout] 
[INFO] [stdout] warning: field `authority` is never read
[INFO] [stdout]   --> tests/program_test/addin.rs:31:9
[INFO] [stdout]    |
[INFO] [stdout] 29 | pub struct VoterCookie {
[INFO] [stdout]    |            ----------- field in this struct
[INFO] [stdout] 30 |     pub address: Pubkey,
[INFO] [stdout] 31 |     pub authority: Pubkey,
[INFO] [stdout]    |         ^^^^^^^^^
[INFO] [stdout] 
[INFO] [stdout] 
[INFO] [stdout] warning: fields `realm_config` and `community_token_account` are never read
[INFO] [stdout]   --> tests/program_test/governance.rs:21:9
[INFO] [stdout]    |
[INFO] [stdout] 17 | pub struct GovernanceRealmCookie {
[INFO] [stdout]    |            --------------------- fields in this struct
[INFO] [stdout] ...
[INFO] [stdout] 21 |     pub realm_config: Pubkey,
[INFO] [stdout]    |         ^^^^^^^^^^^^
[INFO] [stdout] 22 |     pub community_token_mint: MintCookie,
[INFO] [stdout] 23 |     pub community_token_account: Pubkey,
[INFO] [stdout]    |         ^^^^^^^^^^^^^^^^^^^^^^^
[INFO] [stdout]    |
[INFO] [stdout]    = note: `GovernanceRealmCookie` has a derived impl for the trait `Clone`, but this is intentionally ignored during dead code analysis
[INFO] [stdout] 
[INFO] [stdout] 
[INFO] [stdout] warning: fields `address` and `governed_account` are never read
[INFO] [stdout]   --> tests/program_test/governance.rs:32:9
[INFO] [stdout]    |
[INFO] [stdout] 31 | pub struct AccountGovernanceCookie {
[INFO] [stdout]    |            ----------------------- fields in this struct
[INFO] [stdout] 32 |     pub address: Pubkey,
[INFO] [stdout]    |         ^^^^^^^
[INFO] [stdout] 33 |     pub governed_account: Pubkey,
[INFO] [stdout]    |         ^^^^^^^^^^^^^^^^
[INFO] [stdout] 
[INFO] [stdout] 
[INFO] [stdout] warning: field `governed_mint` is never read
[INFO] [stdout]   --> tests/program_test/governance.rs:38:9
[INFO] [stdout]    |
[INFO] [stdout] 36 | pub struct MintGovernanceCookie {
[INFO] [stdout]    |            -------------------- field in this struct
[INFO] [stdout] 37 |     pub address: Pubkey,
[INFO] [stdout] 38 |     pub governed_mint: Pubkey,
[INFO] [stdout]    |         ^^^^^^^^^^^^^
[INFO] [stdout] 
[INFO] [stdout] 
[INFO] [stdout] warning: field `quote_index` is never read
[INFO] [stdout]   --> tests/program_test/mod.rs:88:9
[INFO] [stdout]    |
[INFO] [stdout] 82 | pub struct TestContext {
[INFO] [stdout]    |            ----------- field in this struct
[INFO] [stdout] ...
[INFO] [stdout] 88 |     pub quote_index: usize,
[INFO] [stdout]    |         ^^^^^^^^^^^
[INFO] [stdout]    |
[INFO] [stdout]    = note: `#[warn(dead_code)]` (part of `#[warn(unused)]`) on by default
[INFO] [stdout] 
[INFO] [stdout] 
[INFO] [stdout] warning: fields `authority` and `mint` are never read
[INFO] [stdout]   --> tests/program_test/addin.rs:20:9
[INFO] [stdout]    |
[INFO] [stdout] 18 | pub struct RegistrarCookie {
[INFO] [stdout]    |            --------------- fields in this struct
[INFO] [stdout] 19 |     pub address: Pubkey,
[INFO] [stdout] 20 |     pub authority: Pubkey,
[INFO] [stdout]    |         ^^^^^^^^^
[INFO] [stdout] 21 |     pub mint: MintCookie,
[INFO] [stdout]    |         ^^^^
[INFO] [stdout] 
[INFO] [stdout] 
[INFO] [stdout] warning: field `authority` is never read
[INFO] [stdout]   --> tests/program_test/addin.rs:31:9
[INFO] [stdout]    |
[INFO] [stdout] 29 | pub struct VoterCookie {
[INFO] [stdout]    |            ----------- field in this struct
[INFO] [stdout] 30 |     pub address: Pubkey,
[INFO] [stdout] 31 |     pub authority: Pubkey,
[INFO] [stdout]    |         ^^^^^^^^^
[INFO] [stdout] 
[INFO] [stdout] 
[INFO] [stdout] warning: fields `realm_config` and `community_token_account` are never read
[INFO] [stdout]   --> tests/program_test/governance.rs:21:9
[INFO] [stdout]    |
[INFO] [stdout] 17 | pub struct GovernanceRealmCookie {
[INFO] [stdout]    |            --------------------- fields in this struct
[INFO] [stdout] ...
[INFO] [stdout] 21 |     pub realm_config: Pubkey,
[INFO] [stdout]    |         ^^^^^^^^^^^^
[INFO] [stdout] 22 |     pub community_token_mint: MintCookie,
[INFO] [stdout] 23 |     pub community_token_account: Pubkey,
[INFO] [stdout]    |         ^^^^^^^^^^^^^^^^^^^^^^^
[INFO] [stdout]    |
[INFO] [stdout]    = note: `GovernanceRealmCookie` has a derived impl for the trait `Clone`, but this is intentionally ignored during dead code analysis
[INFO] [stdout] 
[INFO] [stdout] 
[INFO] [stdout] warning: fields `address` and `governed_account` are never read
[INFO] [stdout]   --> tests/program_test/governance.rs:32:9
[INFO] [stdout]    |
[INFO] [stdout] 31 | pub struct AccountGovernanceCookie {
[INFO] [stdout]    |            ----------------------- fields in this struct
[INFO] [stdout] 32 |     pub address: Pubkey,
[INFO] [stdout]    |         ^^^^^^^
[INFO] [stdout] 33 |     pub governed_account: Pubkey,
[INFO] [stdout]    |         ^^^^^^^^^^^^^^^^
[INFO] [stdout] 
[INFO] [stdout] 
[INFO] [stdout] warning: fields `address` and `governed_mint` are never read
[INFO] [stdout]   --> tests/program_test/governance.rs:37:9
[INFO] [stdout]    |
[INFO] [stdout] 36 | pub struct MintGovernanceCookie {
[INFO] [stdout]    |            -------------------- fields in this struct
[INFO] [stdout] 37 |     pub address: Pubkey,
[INFO] [stdout]    |         ^^^^^^^
[INFO] [stdout] 38 |     pub governed_mint: Pubkey,
[INFO] [stdout]    |         ^^^^^^^^^^^^^
[INFO] [stdout] 
[INFO] [stdout] 
[INFO] [stdout] warning: field `quote_index` is never read
[INFO] [stdout]   --> tests/program_test/mod.rs:88:9
[INFO] [stdout]    |
[INFO] [stdout] 82 | pub struct TestContext {
[INFO] [stdout]    |            ----------- field in this struct
[INFO] [stdout] ...
[INFO] [stdout] 88 |     pub quote_index: usize,
[INFO] [stdout]    |         ^^^^^^^^^^^
[INFO] [stdout]    |
[INFO] [stdout]    = note: `#[warn(dead_code)]` (part of `#[warn(unused)]`) on by default
[INFO] [stdout] 
[INFO] [stdout] 
[INFO] [stdout] warning: fields `authority` and `mint` are never read
[INFO] [stdout]   --> tests/program_test/addin.rs:20:9
[INFO] [stdout]    |
[INFO] [stdout] 18 | pub struct RegistrarCookie {
[INFO] [stdout]    |            --------------- fields in this struct
[INFO] [stdout] 19 |     pub address: Pubkey,
[INFO] [stdout] 20 |     pub authority: Pubkey,
[INFO] [stdout]    |         ^^^^^^^^^
[INFO] [stdout] 21 |     pub mint: MintCookie,
[INFO] [stdout]    |         ^^^^
[INFO] [stdout] 
[INFO] [stdout] 
[INFO] [stdout] warning: field `authority` is never read
[INFO] [stdout]   --> tests/program_test/addin.rs:31:9
[INFO] [stdout]    |
[INFO] [stdout] 29 | pub struct VoterCookie {
[INFO] [stdout]    |            ----------- field in this struct
[INFO] [stdout] 30 |     pub address: Pubkey,
[INFO] [stdout] 31 |     pub authority: Pubkey,
[INFO] [stdout]    |         ^^^^^^^^^
[INFO] [stdout] 
[INFO] [stdout] 
[INFO] [stdout] warning: fields `realm_config` and `community_token_account` are never read
[INFO] [stdout]   --> tests/program_test/governance.rs:21:9
[INFO] [stdout]    |
[INFO] [stdout] 17 | pub struct GovernanceRealmCookie {
[INFO] [stdout]    |            --------------------- fields in this struct
[INFO] [stdout] ...
[INFO] [stdout] 21 |     pub realm_config: Pubkey,
[INFO] [stdout]    |         ^^^^^^^^^^^^
[INFO] [stdout] 22 |     pub community_token_mint: MintCookie,
[INFO] [stdout] 23 |     pub community_token_account: Pubkey,
[INFO] [stdout]    |         ^^^^^^^^^^^^^^^^^^^^^^^
[INFO] [stdout]    |
[INFO] [stdout]    = note: `GovernanceRealmCookie` has a derived impl for the trait `Clone`, but this is intentionally ignored during dead code analysis
[INFO] [stdout] 
[INFO] [stdout] 
[INFO] [stdout] warning: fields `address` and `governed_account` are never read
[INFO] [stdout]   --> tests/program_test/governance.rs:32:9
[INFO] [stdout]    |
[INFO] [stdout] 31 | pub struct AccountGovernanceCookie {
[INFO] [stdout]    |            ----------------------- fields in this struct
[INFO] [stdout] 32 |     pub address: Pubkey,
[INFO] [stdout]    |         ^^^^^^^
[INFO] [stdout] 33 |     pub governed_account: Pubkey,
[INFO] [stdout]    |         ^^^^^^^^^^^^^^^^
[INFO] [stdout] 
[INFO] [stdout] 
[INFO] [stdout] warning: fields `address` and `governed_mint` are never read
[INFO] [stdout]   --> tests/program_test/governance.rs:37:9
[INFO] [stdout]    |
[INFO] [stdout] 36 | pub struct MintGovernanceCookie {
[INFO] [stdout]    |            -------------------- fields in this struct
[INFO] [stdout] 37 |     pub address: Pubkey,
[INFO] [stdout]    |         ^^^^^^^
[INFO] [stdout] 38 |     pub governed_mint: Pubkey,
[INFO] [stdout]    |         ^^^^^^^^^^^^^
[INFO] [stdout] 
[INFO] [stdout] 
[INFO] [stdout] warning: field `quote_index` is never read
[INFO] [stdout]   --> tests/program_test/mod.rs:88:9
[INFO] [stdout]    |
[INFO] [stdout] 82 | pub struct TestContext {
[INFO] [stdout]    |            ----------- field in this struct
[INFO] [stdout] ...
[INFO] [stdout] 88 |     pub quote_index: usize,
[INFO] [stdout]    |         ^^^^^^^^^^^
[INFO] [stdout]    |
[INFO] [stdout]    = note: `#[warn(dead_code)]` (part of `#[warn(unused)]`) on by default
[INFO] [stdout] 
[INFO] [stdout] 
[INFO] [stdout] warning: fields `authority` and `mint` are never read
[INFO] [stdout]   --> tests/program_test/addin.rs:20:9
[INFO] [stdout]    |
[INFO] [stdout] 18 | pub struct RegistrarCookie {
[INFO] [stdout]    |            --------------- fields in this struct
[INFO] [stdout] 19 |     pub address: Pubkey,
[INFO] [stdout] 20 |     pub authority: Pubkey,
[INFO] [stdout]    |         ^^^^^^^^^
[INFO] [stdout] 21 |     pub mint: MintCookie,
[INFO] [stdout]    |         ^^^^
[INFO] [stdout] 
[INFO] [stdout] 
[INFO] [stdout] warning: field `authority` is never read
[INFO] [stdout]   --> tests/program_test/addin.rs:31:9
[INFO] [stdout]    |
[INFO] [stdout] 29 | pub struct VoterCookie {
[INFO] [stdout]    |            ----------- field in this struct
[INFO] [stdout] 30 |     pub address: Pubkey,
[INFO] [stdout] 31 |     pub authority: Pubkey,
[INFO] [stdout]    |         ^^^^^^^^^
[INFO] [stdout] 
[INFO] [stdout] 
[INFO] [stdout] warning: fields `realm_config` and `community_token_account` are never read
[INFO] [stdout]   --> tests/program_test/governance.rs:21:9
[INFO] [stdout]    |
[INFO] [stdout] 17 | pub struct GovernanceRealmCookie {
[INFO] [stdout]    |            --------------------- fields in this struct
[INFO] [stdout] ...
[INFO] [stdout] 21 |     pub realm_config: Pubkey,
[INFO] [stdout]    |         ^^^^^^^^^^^^
[INFO] [stdout] 22 |     pub community_token_mint: MintCookie,
[INFO] [stdout] 23 |     pub community_token_account: Pubkey,
[INFO] [stdout]    |         ^^^^^^^^^^^^^^^^^^^^^^^
[INFO] [stdout]    |
[INFO] [stdout]    = note: `GovernanceRealmCookie` has a derived impl for the trait `Clone`, but this is intentionally ignored during dead code analysis
[INFO] [stdout] 
[INFO] [stdout] 
[INFO] [stdout] warning: fields `address` and `governed_account` are never read
[INFO] [stdout]   --> tests/program_test/governance.rs:32:9
[INFO] [stdout]    |
[INFO] [stdout] 31 | pub struct AccountGovernanceCookie {
[INFO] [stdout]    |            ----------------------- fields in this struct
[INFO] [stdout] 32 |     pub address: Pubkey,
[INFO] [stdout]    |         ^^^^^^^
[INFO] [stdout] 33 |     pub governed_account: Pubkey,
[INFO] [stdout]    |         ^^^^^^^^^^^^^^^^
[INFO] [stdout] 
[INFO] [stdout] 
[INFO] [stdout] warning: fields `address` and `governed_mint` are never read
[INFO] [stdout]   --> tests/program_test/governance.rs:37:9
[INFO] [stdout]    |
[INFO] [stdout] 36 | pub struct MintGovernanceCookie {
[INFO] [stdout]    |            -------------------- fields in this struct
[INFO] [stdout] 37 |     pub address: Pubkey,
[INFO] [stdout]    |         ^^^^^^^
[INFO] [stdout] 38 |     pub governed_mint: Pubkey,
[INFO] [stdout]    |         ^^^^^^^^^^^^^
[INFO] [stdout] 
[INFO] [stdout] 
[INFO] [stdout] warning: field `quote_index` is never read
[INFO] [stdout]   --> tests/program_test/mod.rs:88:9
[INFO] [stdout]    |
[INFO] [stdout] 82 | pub struct TestContext {
[INFO] [stdout]    |            ----------- field in this struct
[INFO] [stdout] ...
[INFO] [stdout] 88 |     pub quote_index: usize,
[INFO] [stdout]    |         ^^^^^^^^^^^
[INFO] [stdout]    |
[INFO] [stdout]    = note: `#[warn(dead_code)]` (part of `#[warn(unused)]`) on by default
[INFO] [stdout] 
[INFO] [stdout] 
[INFO] [stdout] warning: fields `authority` and `mint` are never read
[INFO] [stdout]   --> tests/program_test/addin.rs:20:9
[INFO] [stdout]    |
[INFO] [stdout] 18 | pub struct RegistrarCookie {
[INFO] [stdout]    |            --------------- fields in this struct
[INFO] [stdout] 19 |     pub address: Pubkey,
[INFO] [stdout] 20 |     pub authority: Pubkey,
[INFO] [stdout]    |         ^^^^^^^^^
[INFO] [stdout] 21 |     pub mint: MintCookie,
[INFO] [stdout]    |         ^^^^
[INFO] [stdout] 
[INFO] [stdout] 
[INFO] [stdout] warning: field `authority` is never read
[INFO] [stdout]   --> tests/program_test/addin.rs:31:9
[INFO] [stdout]    |
[INFO] [stdout] 29 | pub struct VoterCookie {
[INFO] [stdout]    |            ----------- field in this struct
[INFO] [stdout] 30 |     pub address: Pubkey,
[INFO] [stdout] 31 |     pub authority: Pubkey,
[INFO] [stdout]    |         ^^^^^^^^^
[INFO] [stdout] 
[INFO] [stdout] 
[INFO] [stdout] warning: fields `realm_config` and `community_token_account` are never read
[INFO] [stdout]   --> tests/program_test/governance.rs:21:9
[INFO] [stdout]    |
[INFO] [stdout] 17 | pub struct GovernanceRealmCookie {
[INFO] [stdout]    |            --------------------- fields in this struct
[INFO] [stdout] ...
[INFO] [stdout] 21 |     pub realm_config: Pubkey,
[INFO] [stdout]    |         ^^^^^^^^^^^^
[INFO] [stdout] 22 |     pub community_token_mint: MintCookie,
[INFO] [stdout] 23 |     pub community_token_account: Pubkey,
[INFO] [stdout]    |         ^^^^^^^^^^^^^^^^^^^^^^^
[INFO] [stdout]    |
[INFO] [stdout]    = note: `GovernanceRealmCookie` has a derived impl for the trait `Clone`, but this is intentionally ignored during dead code analysis
[INFO] [stdout] 
[INFO] [stdout] 
[INFO] [stdout] warning: fields `address` and `governed_account` are never read
[INFO] [stdout]   --> tests/program_test/governance.rs:32:9
[INFO] [stdout]    |
[INFO] [stdout] 31 | pub struct AccountGovernanceCookie {
[INFO] [stdout]    |            ----------------------- fields in this struct
[INFO] [stdout] 32 |     pub address: Pubkey,
[INFO] [stdout]    |         ^^^^^^^
[INFO] [stdout] 33 |     pub governed_account: Pubkey,
[INFO] [stdout]    |         ^^^^^^^^^^^^^^^^
[INFO] [stdout] 
[INFO] [stdout] 
[INFO] [stdout] warning: fields `address` and `governed_mint` are never read
[INFO] [stdout]   --> tests/program_test/governance.rs:37:9
[INFO] [stdout]    |
[INFO] [stdout] 36 | pub struct MintGovernanceCookie {
[INFO] [stdout]    |            -------------------- fields in this struct
[INFO] [stdout] 37 |     pub address: Pubkey,
[INFO] [stdout]    |         ^^^^^^^
[INFO] [stdout] 38 |     pub governed_mint: Pubkey,
[INFO] [stdout]    |         ^^^^^^^^^^^^^
[INFO] [stdout] 
[INFO] [stdout] 
[INFO] [stdout] warning: field `quote_index` is never read
[INFO] [stdout]   --> tests/program_test/mod.rs:88:9
[INFO] [stdout]    |
[INFO] [stdout] 82 | pub struct TestContext {
[INFO] [stdout]    |            ----------- field in this struct
[INFO] [stdout] ...
[INFO] [stdout] 88 |     pub quote_index: usize,
[INFO] [stdout]    |         ^^^^^^^^^^^
[INFO] [stdout]    |
[INFO] [stdout]    = note: `#[warn(dead_code)]` (part of `#[warn(unused)]`) on by default
[INFO] [stdout] 
[INFO] [stdout] 
[INFO] [stdout] warning: fields `authority` and `mint` are never read
[INFO] [stdout]   --> tests/program_test/addin.rs:20:9
[INFO] [stdout]    |
[INFO] [stdout] 18 | pub struct RegistrarCookie {
[INFO] [stdout]    |            --------------- fields in this struct
[INFO] [stdout] 19 |     pub address: Pubkey,
[INFO] [stdout] 20 |     pub authority: Pubkey,
[INFO] [stdout]    |         ^^^^^^^^^
[INFO] [stdout] 21 |     pub mint: MintCookie,
[INFO] [stdout]    |         ^^^^
[INFO] [stdout] 
[INFO] [stdout] 
[INFO] [stdout] warning: field `authority` is never read
[INFO] [stdout]   --> tests/program_test/addin.rs:31:9
[INFO] [stdout]    |
[INFO] [stdout] 29 | pub struct VoterCookie {
[INFO] [stdout]    |            ----------- field in this struct
[INFO] [stdout] 30 |     pub address: Pubkey,
[INFO] [stdout] 31 |     pub authority: Pubkey,
[INFO] [stdout]    |         ^^^^^^^^^
[INFO] [stdout] 
[INFO] [stdout] 
[INFO] [stdout] warning: fields `realm_config` and `community_token_account` are never read
[INFO] [stdout]   --> tests/program_test/governance.rs:21:9
[INFO] [stdout]    |
[INFO] [stdout] 17 | pub struct GovernanceRealmCookie {
[INFO] [stdout]    |            --------------------- fields in this struct
[INFO] [stdout] ...
[INFO] [stdout] 21 |     pub realm_config: Pubkey,
[INFO] [stdout]    |         ^^^^^^^^^^^^
[INFO] [stdout] 22 |     pub community_token_mint: MintCookie,
[INFO] [stdout] 23 |     pub community_token_account: Pubkey,
[INFO] [stdout]    |         ^^^^^^^^^^^^^^^^^^^^^^^
[INFO] [stdout]    |
[INFO] [stdout]    = note: `GovernanceRealmCookie` has a derived impl for the trait `Clone`, but this is intentionally ignored during dead code analysis
[INFO] [stdout] 
[INFO] [stdout] 
[INFO] [stdout] warning: fields `address` and `governed_account` are never read
[INFO] [stdout]   --> tests/program_test/governance.rs:32:9
[INFO] [stdout]    |
[INFO] [stdout] 31 | pub struct AccountGovernanceCookie {
[INFO] [stdout]    |            ----------------------- fields in this struct
[INFO] [stdout] 32 |     pub address: Pubkey,
[INFO] [stdout]    |         ^^^^^^^
[INFO] [stdout] 33 |     pub governed_account: Pubkey,
[INFO] [stdout]    |         ^^^^^^^^^^^^^^^^
[INFO] [stdout] 
[INFO] [stdout] 
[INFO] [stdout] warning: fields `address` and `governed_mint` are never read
[INFO] [stdout]   --> tests/program_test/governance.rs:37:9
[INFO] [stdout]    |
[INFO] [stdout] 36 | pub struct MintGovernanceCookie {
[INFO] [stdout]    |            -------------------- fields in this struct
[INFO] [stdout] 37 |     pub address: Pubkey,
[INFO] [stdout]    |         ^^^^^^^
[INFO] [stdout] 38 |     pub governed_mint: Pubkey,
[INFO] [stdout]    |         ^^^^^^^^^^^^^
[INFO] [stdout] 
[INFO] [stdout] 
[INFO] [stdout] warning: field `quote_index` is never read
[INFO] [stdout]   --> tests/program_test/mod.rs:88:9
[INFO] [stdout]    |
[INFO] [stdout] 82 | pub struct TestContext {
[INFO] [stdout]    |            ----------- field in this struct
[INFO] [stdout] ...
[INFO] [stdout] 88 |     pub quote_index: usize,
[INFO] [stdout]    |         ^^^^^^^^^^^
[INFO] [stdout]    |
[INFO] [stdout]    = note: `#[warn(dead_code)]` (part of `#[warn(unused)]`) on by default
[INFO] [stdout] 
[INFO] [stdout] 
[INFO] [stdout] warning: fields `authority` and `mint` are never read
[INFO] [stdout]   --> tests/program_test/addin.rs:20:9
[INFO] [stdout]    |
[INFO] [stdout] 18 | pub struct RegistrarCookie {
[INFO] [stdout]    |            --------------- fields in this struct
[INFO] [stdout] 19 |     pub address: Pubkey,
[INFO] [stdout] 20 |     pub authority: Pubkey,
[INFO] [stdout]    |         ^^^^^^^^^
[INFO] [stdout] 21 |     pub mint: MintCookie,
[INFO] [stdout]    |         ^^^^
[INFO] [stdout] 
[INFO] [stdout] 
[INFO] [stdout] warning: field `authority` is never read
[INFO] [stdout]   --> tests/program_test/addin.rs:31:9
[INFO] [stdout]    |
[INFO] [stdout] 29 | pub struct VoterCookie {
[INFO] [stdout]    |            ----------- field in this struct
[INFO] [stdout] 30 |     pub address: Pubkey,
[INFO] [stdout] 31 |     pub authority: Pubkey,
[INFO] [stdout]    |         ^^^^^^^^^
[INFO] [stdout] 
[INFO] [stdout] 
[INFO] [stdout] warning: fields `realm_config` and `community_token_account` are never read
[INFO] [stdout]   --> tests/program_test/governance.rs:21:9
[INFO] [stdout]    |
[INFO] [stdout] 17 | pub struct GovernanceRealmCookie {
[INFO] [stdout]    |            --------------------- fields in this struct
[INFO] [stdout] ...
[INFO] [stdout] 21 |     pub realm_config: Pubkey,
[INFO] [stdout]    |         ^^^^^^^^^^^^
[INFO] [stdout] 22 |     pub community_token_mint: MintCookie,
[INFO] [stdout] 23 |     pub community_token_account: Pubkey,
[INFO] [stdout]    |         ^^^^^^^^^^^^^^^^^^^^^^^
[INFO] [stdout]    |
[INFO] [stdout]    = note: `GovernanceRealmCookie` has a derived impl for the trait `Clone`, but this is intentionally ignored during dead code analysis
[INFO] [stdout] 
[INFO] [stdout] 
[INFO] [stdout] warning: fields `address` and `governed_account` are never read
[INFO] [stdout]   --> tests/program_test/governance.rs:32:9
[INFO] [stdout]    |
[INFO] [stdout] 31 | pub struct AccountGovernanceCookie {
[INFO] [stdout]    |            ----------------------- fields in this struct
[INFO] [stdout] 32 |     pub address: Pubkey,
[INFO] [stdout]    |         ^^^^^^^
[INFO] [stdout] 33 |     pub governed_account: Pubkey,
[INFO] [stdout]    |         ^^^^^^^^^^^^^^^^
[INFO] [stdout] 
[INFO] [stdout] 
[INFO] [stdout] warning: fields `address` and `governed_mint` are never read
[INFO] [stdout]   --> tests/program_test/governance.rs:37:9
[INFO] [stdout]    |
[INFO] [stdout] 36 | pub struct MintGovernanceCookie {
[INFO] [stdout]    |            -------------------- fields in this struct
[INFO] [stdout] 37 |     pub address: Pubkey,
[INFO] [stdout]    |         ^^^^^^^
[INFO] [stdout] 38 |     pub governed_mint: Pubkey,
[INFO] [stdout]    |         ^^^^^^^^^^^^^
[INFO] [stdout] 
[INFO] [stdout] 
[INFO] [stdout] warning: field `quote_index` is never read
[INFO] [stdout]   --> tests/program_test/mod.rs:88:9
[INFO] [stdout]    |
[INFO] [stdout] 82 | pub struct TestContext {
[INFO] [stdout]    |            ----------- field in this struct
[INFO] [stdout] ...
[INFO] [stdout] 88 |     pub quote_index: usize,
[INFO] [stdout]    |         ^^^^^^^^^^^
[INFO] [stdout]    |
[INFO] [stdout]    = note: `#[warn(dead_code)]` (part of `#[warn(unused)]`) on by default
[INFO] [stdout] 
[INFO] [stdout] 
[INFO] [stdout] warning: fields `authority` and `mint` are never read
[INFO] [stdout]   --> tests/program_test/addin.rs:20:9
[INFO] [stdout]    |
[INFO] [stdout] 18 | pub struct RegistrarCookie {
[INFO] [stdout]    |            --------------- fields in this struct
[INFO] [stdout] 19 |     pub address: Pubkey,
[INFO] [stdout] 20 |     pub authority: Pubkey,
[INFO] [stdout]    |         ^^^^^^^^^
[INFO] [stdout] 21 |     pub mint: MintCookie,
[INFO] [stdout]    |         ^^^^
[INFO] [stdout] 
[INFO] [stdout] 
[INFO] [stdout] warning: field `authority` is never read
[INFO] [stdout]   --> tests/program_test/addin.rs:31:9
[INFO] [stdout]    |
[INFO] [stdout] 29 | pub struct VoterCookie {
[INFO] [stdout]    |            ----------- field in this struct
[INFO] [stdout] 30 |     pub address: Pubkey,
[INFO] [stdout] 31 |     pub authority: Pubkey,
[INFO] [stdout]    |         ^^^^^^^^^
[INFO] [stdout] 
[INFO] [stdout] 
[INFO] [stdout] warning: fields `realm_config` and `community_token_account` are never read
[INFO] [stdout]   --> tests/program_test/governance.rs:21:9
[INFO] [stdout]    |
[INFO] [stdout] 17 | pub struct GovernanceRealmCookie {
[INFO] [stdout]    |            --------------------- fields in this struct
[INFO] [stdout] ...
[INFO] [stdout] 21 |     pub realm_config: Pubkey,
[INFO] [stdout]    |         ^^^^^^^^^^^^
[INFO] [stdout] 22 |     pub community_token_mint: MintCookie,
[INFO] [stdout] 23 |     pub community_token_account: Pubkey,
[INFO] [stdout]    |         ^^^^^^^^^^^^^^^^^^^^^^^
[INFO] [stdout]    |
[INFO] [stdout]    = note: `GovernanceRealmCookie` has a derived impl for the trait `Clone`, but this is intentionally ignored during dead code analysis
[INFO] [stdout] 
[INFO] [stdout] 
[INFO] [stdout] warning: fields `address` and `governed_account` are never read
[INFO] [stdout]   --> tests/program_test/governance.rs:32:9
[INFO] [stdout]    |
[INFO] [stdout] 31 | pub struct AccountGovernanceCookie {
[INFO] [stdout]    |            ----------------------- fields in this struct
[INFO] [stdout] 32 |     pub address: Pubkey,
[INFO] [stdout]    |         ^^^^^^^
[INFO] [stdout] 33 |     pub governed_account: Pubkey,
[INFO] [stdout]    |         ^^^^^^^^^^^^^^^^
[INFO] [stdout] 
[INFO] [stdout] 
[INFO] [stdout] warning: fields `address` and `governed_mint` are never read
[INFO] [stdout]   --> tests/program_test/governance.rs:37:9
[INFO] [stdout]    |
[INFO] [stdout] 36 | pub struct MintGovernanceCookie {
[INFO] [stdout]    |            -------------------- fields in this struct
[INFO] [stdout] 37 |     pub address: Pubkey,
[INFO] [stdout]    |         ^^^^^^^
[INFO] [stdout] 38 |     pub governed_mint: Pubkey,
[INFO] [stdout]    |         ^^^^^^^^^^^^^
[INFO] [stdout] 
[INFO] [stdout] 
[INFO] [stdout] warning: field `quote_index` is never read
[INFO] [stdout]   --> tests/program_test/mod.rs:88:9
[INFO] [stdout]    |
[INFO] [stdout] 82 | pub struct TestContext {
[INFO] [stdout]    |            ----------- field in this struct
[INFO] [stdout] ...
[INFO] [stdout] 88 |     pub quote_index: usize,
[INFO] [stdout]    |         ^^^^^^^^^^^
[INFO] [stdout]    |
[INFO] [stdout]    = note: `#[warn(dead_code)]` (part of `#[warn(unused)]`) on by default
[INFO] [stdout] 
[INFO] [stdout] 
[INFO] [stdout] warning: fields `authority` and `mint` are never read
[INFO] [stdout]   --> tests/program_test/addin.rs:20:9
[INFO] [stdout]    |
[INFO] [stdout] 18 | pub struct RegistrarCookie {
[INFO] [stdout]    |            --------------- fields in this struct
[INFO] [stdout] 19 |     pub address: Pubkey,
[INFO] [stdout] 20 |     pub authority: Pubkey,
[INFO] [stdout]    |         ^^^^^^^^^
[INFO] [stdout] 21 |     pub mint: MintCookie,
[INFO] [stdout]    |         ^^^^
[INFO] [stdout] 
[INFO] [stdout] 
[INFO] [stdout] warning: field `authority` is never read
[INFO] [stdout]   --> tests/program_test/addin.rs:31:9
[INFO] [stdout]    |
[INFO] [stdout] 29 | pub struct VoterCookie {
[INFO] [stdout]    |            ----------- field in this struct
[INFO] [stdout] 30 |     pub address: Pubkey,
[INFO] [stdout] 31 |     pub authority: Pubkey,
[INFO] [stdout]    |         ^^^^^^^^^
[INFO] [stdout] 
[INFO] [stdout] 
[INFO] [stdout] warning: fields `realm_config` and `community_token_account` are never read
[INFO] [stdout]   --> tests/program_test/governance.rs:21:9
[INFO] [stdout]    |
[INFO] [stdout] 17 | pub struct GovernanceRealmCookie {
[INFO] [stdout]    |            --------------------- fields in this struct
[INFO] [stdout] ...
[INFO] [stdout] 21 |     pub realm_config: Pubkey,
[INFO] [stdout]    |         ^^^^^^^^^^^^
[INFO] [stdout] 22 |     pub community_token_mint: MintCookie,
[INFO] [stdout] 23 |     pub community_token_account: Pubkey,
[INFO] [stdout]    |         ^^^^^^^^^^^^^^^^^^^^^^^
[INFO] [stdout]    |
[INFO] [stdout]    = note: `GovernanceRealmCookie` has a derived impl for the trait `Clone`, but this is intentionally ignored during dead code analysis
[INFO] [stdout] 
[INFO] [stdout] 
[INFO] [stdout] warning: fields `address` and `governed_account` are never read
[INFO] [stdout]   --> tests/program_test/governance.rs:32:9
[INFO] [stdout]    |
[INFO] [stdout] 31 | pub struct AccountGovernanceCookie {
[INFO] [stdout]    |            ----------------------- fields in this struct
[INFO] [stdout] 32 |     pub address: Pubkey,
[INFO] [stdout]    |         ^^^^^^^
[INFO] [stdout] 33 |     pub governed_account: Pubkey,
[INFO] [stdout]    |         ^^^^^^^^^^^^^^^^
[INFO] [stdout] 
[INFO] [stdout] 
[INFO] [stdout] warning: fields `address` and `governed_mint` are never read
[INFO] [stdout]   --> tests/program_test/governance.rs:37:9
[INFO] [stdout]    |
[INFO] [stdout] 36 | pub struct MintGovernanceCookie {
[INFO] [stdout]    |            -------------------- fields in this struct
[INFO] [stdout] 37 |     pub address: Pubkey,
[INFO] [stdout]    |         ^^^^^^^
[INFO] [stdout] 38 |     pub governed_mint: Pubkey,
[INFO] [stdout]    |         ^^^^^^^^^^^^^
[INFO] [stdout] 
[INFO] [stdout] 
[INFO] [stdout] warning: field `quote_index` is never read
[INFO] [stdout]   --> tests/program_test/mod.rs:88:9
[INFO] [stdout]    |
[INFO] [stdout] 82 | pub struct TestContext {
[INFO] [stdout]    |            ----------- field in this struct
[INFO] [stdout] ...
[INFO] [stdout] 88 |     pub quote_index: usize,
[INFO] [stdout]    |         ^^^^^^^^^^^
[INFO] [stdout]    |
[INFO] [stdout]    = note: `#[warn(dead_code)]` (part of `#[warn(unused)]`) on by default
[INFO] [stdout] 
[INFO] [stdout] 
[INFO] [stdout] warning: fields `authority` and `mint` are never read
[INFO] [stdout]   --> tests/program_test/addin.rs:20:9
[INFO] [stdout]    |
[INFO] [stdout] 18 | pub struct RegistrarCookie {
[INFO] [stdout]    |            --------------- fields in this struct
[INFO] [stdout] 19 |     pub address: Pubkey,
[INFO] [stdout] 20 |     pub authority: Pubkey,
[INFO] [stdout]    |         ^^^^^^^^^
[INFO] [stdout] 21 |     pub mint: MintCookie,
[INFO] [stdout]    |         ^^^^
[INFO] [stdout] 
[INFO] [stdout] 
[INFO] [stdout] warning: field `authority` is never read
[INFO] [stdout]   --> tests/program_test/addin.rs:31:9
[INFO] [stdout]    |
[INFO] [stdout] 29 | pub struct VoterCookie {
[INFO] [stdout]    |            ----------- field in this struct
[INFO] [stdout] 30 |     pub address: Pubkey,
[INFO] [stdout] 31 |     pub authority: Pubkey,
[INFO] [stdout]    |         ^^^^^^^^^
[INFO] [stdout] 
[INFO] [stdout] 
[INFO] [stdout] warning: fields `realm_config` and `community_token_account` are never read
[INFO] [stdout]   --> tests/program_test/governance.rs:21:9
[INFO] [stdout]    |
[INFO] [stdout] 17 | pub struct GovernanceRealmCookie {
[INFO] [stdout]    |            --------------------- fields in this struct
[INFO] [stdout] ...
[INFO] [stdout] 21 |     pub realm_config: Pubkey,
[INFO] [stdout]    |         ^^^^^^^^^^^^
[INFO] [stdout] 22 |     pub community_token_mint: MintCookie,
[INFO] [stdout] 23 |     pub community_token_account: Pubkey,
[INFO] [stdout]    |         ^^^^^^^^^^^^^^^^^^^^^^^
[INFO] [stdout]    |
[INFO] [stdout]    = note: `GovernanceRealmCookie` has a derived impl for the trait `Clone`, but this is intentionally ignored during dead code analysis
[INFO] [stdout] 
[INFO] [stdout] 
[INFO] [stdout] warning: fields `address` and `governed_account` are never read
[INFO] [stdout]   --> tests/program_test/governance.rs:32:9
[INFO] [stdout]    |
[INFO] [stdout] 31 | pub struct AccountGovernanceCookie {
[INFO] [stdout]    |            ----------------------- fields in this struct
[INFO] [stdout] 32 |     pub address: Pubkey,
[INFO] [stdout]    |         ^^^^^^^
[INFO] [stdout] 33 |     pub governed_account: Pubkey,
[INFO] [stdout]    |         ^^^^^^^^^^^^^^^^
[INFO] [stdout] 
[INFO] [stdout] 
[INFO] [stdout] warning: fields `address` and `governed_mint` are never read
[INFO] [stdout]   --> tests/program_test/governance.rs:37:9
[INFO] [stdout]    |
[INFO] [stdout] 36 | pub struct MintGovernanceCookie {
[INFO] [stdout]    |            -------------------- fields in this struct
[INFO] [stdout] 37 |     pub address: Pubkey,
[INFO] [stdout]    |         ^^^^^^^
[INFO] [stdout] 38 |     pub governed_mint: Pubkey,
[INFO] [stdout]    |         ^^^^^^^^^^^^^
[INFO] [stdout] 
[INFO] [stdout] 
[INFO] [stderr]     Finished `release` profile [optimized] target(s) in 3m 48s
[INFO] running `Command { std: "docker" "inspect" "8ba8620c1df8461c0d88dd01b7ccecddf9686303782b9ad76a2a53ad72f0d605", kill_on_drop: false }`
[INFO] running `Command { std: "docker" "exec" "-e" "SOURCE_DIR=/opt/rustwide/workdir" "-e" "CARGO_HOME=/opt/rustwide/cargo-home" "-e" "RUSTUP_HOME=/opt/rustwide/rustup-home" "-e" "CARGO_TARGET_DIR=/opt/rustwide/target" "-e" "CARGO_INCREMENTAL=0" "-e" "RUST_BACKTRACE=full" "-e" "RUSTFLAGS=--cap-lints=warn" "-e" "RUSTDOCFLAGS=--cap-lints=warn" "-w" "/opt/rustwide/workdir" "--user" "0:0" "8ba8620c1df8461c0d88dd01b7ccecddf9686303782b9ad76a2a53ad72f0d605" "/opt/rustwide/cargo-home/bin/cargo" "+1.99.0-beta.8" "test" "--frozen" "--release", kill_on_drop: false }`
[INFO] [stderr] warning: unexpected `cfg` condition value: `custom-heap`
[INFO] [stderr]   --> src/lib.rs:61:1
[INFO] [stderr]    |
[INFO] [stderr] 61 | #[program]
[INFO] [stderr]    | ^^^^^^^^^^
[INFO] [stderr]    |
[INFO] [stderr]    = note: expected values for `feature` are: `cpi`, `default`, `localnet`, `no-entrypoint`, `no-idl`, and `test-bpf`
[INFO] [stderr]    = note: using a cfg inside a macro will use the cfgs from the destination crate and not the ones from the defining crate
[INFO] [stderr]    = help: try referring to `$crate::custom_heap_default` crate for guidance on how handle this unexpected cfg
[INFO] [stderr]    = note: see <https://doc.rust-lang.org/nightly/rustc/check-cfg/cargo-specifics.html> for more information about checking conditional configuration
[INFO] [stderr]    = note: `#[warn(unexpected_cfgs)]` on by default
[INFO] [stderr]    = note: this warning originates in the macro `$crate::custom_heap_default` which comes from the expansion of the attribute macro `program` (in Nightly builds, run with -Z macro-backtrace for more info)
[INFO] [stderr] 
[INFO] [stderr] warning: unexpected `cfg` condition value: `custom-panic`
[INFO] [stderr]   --> src/lib.rs:61:1
[INFO] [stderr]    |
[INFO] [stderr] 61 | #[program]
[INFO] [stderr]    | ^^^^^^^^^^
[INFO] [stderr]    |
[INFO] [stderr]    = note: expected values for `feature` are: `cpi`, `default`, `localnet`, `no-entrypoint`, `no-idl`, and `test-bpf`
[INFO] [stderr]    = note: using a cfg inside a macro will use the cfgs from the destination crate and not the ones from the defining crate
[INFO] [stderr]    = help: try referring to `$crate::custom_panic_default` crate for guidance on how handle this unexpected cfg
[INFO] [stderr]    = note: see <https://doc.rust-lang.org/nightly/rustc/check-cfg/cargo-specifics.html> for more information about checking conditional configuration
[INFO] [stderr]    = note: this warning originates in the macro `$crate::custom_panic_default` which comes from the expansion of the attribute macro `program` (in Nightly builds, run with -Z macro-backtrace for more info)
[INFO] [stderr] 
[INFO] [stderr] warning: unexpected `cfg` condition value: `anchor-debug`
[INFO] [stderr]  --> src/instructions/clawback.rs:7:10
[INFO] [stderr]   |
[INFO] [stderr] 7 | #[derive(Accounts)]
[INFO] [stderr]   |          ^^^^^^^^
[INFO] [stderr]   |
[INFO] [stderr]   = note: expected values for `feature` are: `cpi`, `default`, `localnet`, `no-entrypoint`, `no-idl`, and `test-bpf`
[INFO] [stderr]   = note: using a cfg inside a derive macro will use the cfgs from the destination crate and not the ones from the defining crate
[INFO] [stderr]   = help: try referring to `Accounts` crate for guidance on how handle this unexpected cfg
[INFO] [stderr]   = note: see <https://doc.rust-lang.org/nightly/rustc/check-cfg/cargo-specifics.html> for more information about checking conditional configuration
[INFO] [stderr]   = note: this warning originates in the derive macro `Accounts` (in Nightly builds, run with -Z macro-backtrace for more info)
[INFO] [stderr] 
[INFO] [stderr] warning: unexpected `cfg` condition value: `anchor-debug`
[INFO] [stderr]  --> src/instructions/close_deposit_entry.rs:5:10
[INFO] [stderr]   |
[INFO] [stderr] 5 | #[derive(Accounts)]
[INFO] [stderr]   |          ^^^^^^^^
[INFO] [stderr]   |
[INFO] [stderr]   = note: expected values for `feature` are: `cpi`, `default`, `localnet`, `no-entrypoint`, `no-idl`, and `test-bpf`
[INFO] [stderr]   = note: using a cfg inside a derive macro will use the cfgs from the destination crate and not the ones from the defining crate
[INFO] [stderr]   = help: try referring to `Accounts` crate for guidance on how handle this unexpected cfg
[INFO] [stderr]   = note: see <https://doc.rust-lang.org/nightly/rustc/check-cfg/cargo-specifics.html> for more information about checking conditional configuration
[INFO] [stderr]   = note: this warning originates in the derive macro `Accounts` (in Nightly builds, run with -Z macro-backtrace for more info)
[INFO] [stderr] 
[INFO] [stderr] warning: unexpected `cfg` condition value: `anchor-debug`
[INFO] [stderr]   --> src/instructions/close_voter.rs:12:10
[INFO] [stderr]    |
[INFO] [stderr] 12 | #[derive(Accounts)]
[INFO] [stderr]    |          ^^^^^^^^
[INFO] [stderr]    |
[INFO] [stderr]    = note: expected values for `feature` are: `cpi`, `default`, `localnet`, `no-entrypoint`, `no-idl`, and `test-bpf`
[INFO] [stderr]    = note: using a cfg inside a derive macro will use the cfgs from the destination crate and not the ones from the defining crate
[INFO] [stderr]    = help: try referring to `Accounts` crate for guidance on how handle this unexpected cfg
[INFO] [stderr]    = note: see <https://doc.rust-lang.org/nightly/rustc/check-cfg/cargo-specifics.html> for more information about checking conditional configuration
[INFO] [stderr]    = note: this warning originates in the derive macro `Accounts` (in Nightly builds, run with -Z macro-backtrace for more info)
[INFO] [stderr] 
[INFO] [stderr] warning: unexpected `cfg` condition value: `anchor-debug`
[INFO] [stderr]  --> src/instructions/configure_voting_mint.rs:8:10
[INFO] [stderr]   |
[INFO] [stderr] 8 | #[derive(Accounts)]
[INFO] [stderr]   |          ^^^^^^^^
[INFO] [stderr]   |
[INFO] [stderr]   = note: expected values for `feature` are: `cpi`, `default`, `localnet`, `no-entrypoint`, `no-idl`, and `test-bpf`
[INFO] [stderr]   = note: using a cfg inside a derive macro will use the cfgs from the destination crate and not the ones from the defining crate
[INFO] [stderr]   = help: try referring to `Accounts` crate for guidance on how handle this unexpected cfg
[INFO] [stderr]   = note: see <https://doc.rust-lang.org/nightly/rustc/check-cfg/cargo-specifics.html> for more information about checking conditional configuration
[INFO] [stderr]   = note: this warning originates in the derive macro `Accounts` (in Nightly builds, run with -Z macro-backtrace for more info)
[INFO] [stderr] 
[INFO] [stderr] warning: unexpected `cfg` condition value: `anchor-debug`
[INFO] [stderr]  --> src/instructions/create_deposit_entry.rs:8:10
[INFO] [stderr]   |
[INFO] [stderr] 8 | #[derive(Accounts)]
[INFO] [stderr]   |          ^^^^^^^^
[INFO] [stderr]   |
[INFO] [stderr]   = note: expected values for `feature` are: `cpi`, `default`, `localnet`, `no-entrypoint`, `no-idl`, and `test-bpf`
[INFO] [stderr]   = note: using a cfg inside a derive macro will use the cfgs from the destination crate and not the ones from the defining crate
[INFO] [stderr]   = help: try referring to `Accounts` crate for guidance on how handle this unexpected cfg
[INFO] [stderr]   = note: see <https://doc.rust-lang.org/nightly/rustc/check-cfg/cargo-specifics.html> for more information about checking conditional configuration
[INFO] [stderr]   = note: this warning originates in the derive macro `Accounts` (in Nightly builds, run with -Z macro-backtrace for more info)
[INFO] [stderr] 
[INFO] [stderr] warning: unexpected `cfg` condition value: `anchor-debug`
[INFO] [stderr]  --> src/instructions/create_registrar.rs:8:10
[INFO] [stderr]   |
[INFO] [stderr] 8 | #[derive(Accounts)]
[INFO] [stderr]   |          ^^^^^^^^
[INFO] [stderr]   |
[INFO] [stderr]   = note: expected values for `feature` are: `cpi`, `default`, `localnet`, `no-entrypoint`, `no-idl`, and `test-bpf`
[INFO] [stderr]   = note: using a cfg inside a derive macro will use the cfgs from the destination crate and not the ones from the defining crate
[INFO] [stderr]   = help: try referring to `Accounts` crate for guidance on how handle this unexpected cfg
[INFO] [stderr]   = note: see <https://doc.rust-lang.org/nightly/rustc/check-cfg/cargo-specifics.html> for more information about checking conditional configuration
[INFO] [stderr]   = note: this warning originates in the derive macro `Accounts` (in Nightly builds, run with -Z macro-backtrace for more info)
[INFO] [stderr] 
[INFO] [stderr] warning: unexpected `cfg` condition value: `anchor-debug`
[INFO] [stderr]  --> src/instructions/create_voter.rs:7:10
[INFO] [stderr]   |
[INFO] [stderr] 7 | #[derive(Accounts)]
[INFO] [stderr]   |          ^^^^^^^^
[INFO] [stderr]   |
[INFO] [stderr]   = note: expected values for `feature` are: `cpi`, `default`, `localnet`, `no-entrypoint`, `no-idl`, and `test-bpf`
[INFO] [stderr]   = note: using a cfg inside a derive macro will use the cfgs from the destination crate and not the ones from the defining crate
[INFO] [stderr]   = help: try referring to `Accounts` crate for guidance on how handle this unexpected cfg
[INFO] [stderr]   = note: see <https://doc.rust-lang.org/nightly/rustc/check-cfg/cargo-specifics.html> for more information about checking conditional configuration
[INFO] [stderr]   = note: this warning originates in the derive macro `Accounts` (in Nightly builds, run with -Z macro-backtrace for more info)
[INFO] [stderr] 
[INFO] [stderr] warning: unexpected `cfg` condition value: `anchor-debug`
[INFO] [stderr]  --> src/instructions/deposit.rs:6:10
[INFO] [stderr]   |
[INFO] [stderr] 6 | #[derive(Accounts)]
[INFO] [stderr]   |          ^^^^^^^^
[INFO] [stderr]   |
[INFO] [stderr]   = note: expected values for `feature` are: `cpi`, `default`, `localnet`, `no-entrypoint`, `no-idl`, and `test-bpf`
[INFO] [stderr]   = note: using a cfg inside a derive macro will use the cfgs from the destination crate and not the ones from the defining crate
[INFO] [stderr]   = help: try referring to `Accounts` crate for guidance on how handle this unexpected cfg
[INFO] [stderr]   = note: see <https://doc.rust-lang.org/nightly/rustc/check-cfg/cargo-specifics.html> for more information about checking conditional configuration
[INFO] [stderr]   = note: this warning originates in the derive macro `Accounts` (in Nightly builds, run with -Z macro-backtrace for more info)
[INFO] [stderr] 
[INFO] [stderr] warning: unexpected `cfg` condition value: `anchor-debug`
[INFO] [stderr]  --> src/instructions/grant.rs:9:10
[INFO] [stderr]   |
[INFO] [stderr] 9 | #[derive(Accounts)]
[INFO] [stderr]   |          ^^^^^^^^
[INFO] [stderr]   |
[INFO] [stderr]   = note: expected values for `feature` are: `cpi`, `default`, `localnet`, `no-entrypoint`, `no-idl`, and `test-bpf`
[INFO] [stderr]   = note: using a cfg inside a derive macro will use the cfgs from the destination crate and not the ones from the defining crate
[INFO] [stderr]   = help: try referring to `Accounts` crate for guidance on how handle this unexpected cfg
[INFO] [stderr]   = note: see <https://doc.rust-lang.org/nightly/rustc/check-cfg/cargo-specifics.html> for more information about checking conditional configuration
[INFO] [stderr]   = note: this warning originates in the derive macro `Accounts` (in Nightly builds, run with -Z macro-backtrace for more info)
[INFO] [stderr] 
[INFO] [stderr] warning: unexpected `cfg` condition value: `anchor-debug`
[INFO] [stderr]  --> src/instructions/internal_transfer_locked.rs:5:10
[INFO] [stderr]   |
[INFO] [stderr] 5 | #[derive(Accounts)]
[INFO] [stderr]   |          ^^^^^^^^
[INFO] [stderr]   |
[INFO] [stderr]   = note: expected values for `feature` are: `cpi`, `default`, `localnet`, `no-entrypoint`, `no-idl`, and `test-bpf`
[INFO] [stderr]   = note: using a cfg inside a derive macro will use the cfgs from the destination crate and not the ones from the defining crate
[INFO] [stderr]   = help: try referring to `Accounts` crate for guidance on how handle this unexpected cfg
[INFO] [stderr]   = note: see <https://doc.rust-lang.org/nightly/rustc/check-cfg/cargo-specifics.html> for more information about checking conditional configuration
[INFO] [stderr]   = note: this warning originates in the derive macro `Accounts` (in Nightly builds, run with -Z macro-backtrace for more info)
[INFO] [stderr] 
[INFO] [stderr] warning: unexpected `cfg` condition value: `anchor-debug`
[INFO] [stderr]  --> src/instructions/internal_transfer_unlocked.rs:5:10
[INFO] [stderr]   |
[INFO] [stderr] 5 | #[derive(Accounts)]
[INFO] [stderr]   |          ^^^^^^^^
[INFO] [stderr]   |
[INFO] [stderr]   = note: expected values for `feature` are: `cpi`, `default`, `localnet`, `no-entrypoint`, `no-idl`, and `test-bpf`
[INFO] [stderr]   = note: using a cfg inside a derive macro will use the cfgs from the destination crate and not the ones from the defining crate
[INFO] [stderr]   = help: try referring to `Accounts` crate for guidance on how handle this unexpected cfg
[INFO] [stderr]   = note: see <https://doc.rust-lang.org/nightly/rustc/check-cfg/cargo-specifics.html> for more information about checking conditional configuration
[INFO] [stderr]   = note: this warning originates in the derive macro `Accounts` (in Nightly builds, run with -Z macro-backtrace for more info)
[INFO] [stderr] 
[INFO] [stderr] warning: unexpected `cfg` condition value: `anchor-debug`
[INFO] [stderr]  --> src/instructions/log_voter_info.rs:5:10
[INFO] [stderr]   |
[INFO] [stderr] 5 | #[derive(Accounts)]
[INFO] [stderr]   |          ^^^^^^^^
[INFO] [stderr]   |
[INFO] [stderr]   = note: expected values for `feature` are: `cpi`, `default`, `localnet`, `no-entrypoint`, `no-idl`, and `test-bpf`
[INFO] [stderr]   = note: using a cfg inside a derive macro will use the cfgs from the destination crate and not the ones from the defining crate
[INFO] [stderr]   = help: try referring to `Accounts` crate for guidance on how handle this unexpected cfg
[INFO] [stderr]   = note: see <https://doc.rust-lang.org/nightly/rustc/check-cfg/cargo-specifics.html> for more information about checking conditional configuration
[INFO] [stderr]   = note: this warning originates in the derive macro `Accounts` (in Nightly builds, run with -Z macro-backtrace for more info)
[INFO] [stderr] 
[INFO] [stderr] warning: unexpected `cfg` condition value: `anchor-debug`
[INFO] [stderr]  --> src/instructions/reset_lockup.rs:5:10
[INFO] [stderr]   |
[INFO] [stderr] 5 | #[derive(Accounts)]
[INFO] [stderr]   |          ^^^^^^^^
[INFO] [stderr]   |
[INFO] [stderr]   = note: expected values for `feature` are: `cpi`, `default`, `localnet`, `no-entrypoint`, `no-idl`, and `test-bpf`
[INFO] [stderr]   = note: using a cfg inside a derive macro will use the cfgs from the destination crate and not the ones from the defining crate
[INFO] [stderr]   = help: try referring to `Accounts` crate for guidance on how handle this unexpected cfg
[INFO] [stderr]   = note: see <https://doc.rust-lang.org/nightly/rustc/check-cfg/cargo-specifics.html> for more information about checking conditional configuration
[INFO] [stderr]   = note: this warning originates in the derive macro `Accounts` (in Nightly builds, run with -Z macro-backtrace for more info)
[INFO] [stderr] 
[INFO] [stderr] warning: unexpected `cfg` condition value: `anchor-debug`
[INFO] [stderr]  --> src/instructions/set_time_offset.rs:6:10
[INFO] [stderr]   |
[INFO] [stderr] 6 | #[derive(Accounts)]
[INFO] [stderr]   |          ^^^^^^^^
[INFO] [stderr]   |
[INFO] [stderr]   = note: expected values for `feature` are: `cpi`, `default`, `localnet`, `no-entrypoint`, `no-idl`, and `test-bpf`
[INFO] [stderr]   = note: using a cfg inside a derive macro will use the cfgs from the destination crate and not the ones from the defining crate
[INFO] [stderr]   = help: try referring to `Accounts` crate for guidance on how handle this unexpected cfg
[INFO] [stderr]   = note: see <https://doc.rust-lang.org/nightly/rustc/check-cfg/cargo-specifics.html> for more information about checking conditional configuration
[INFO] [stderr]   = note: this warning originates in the derive macro `Accounts` (in Nightly builds, run with -Z macro-backtrace for more info)
[INFO] [stderr] 
[INFO] [stderr] warning: unexpected `cfg` condition value: `anchor-debug`
[INFO] [stderr]  --> src/instructions/update_max_vote_weight.rs:6:10
[INFO] [stderr]   |
[INFO] [stderr] 6 | #[derive(Accounts)]
[INFO] [stderr]   |          ^^^^^^^^
[INFO] [stderr]   |
[INFO] [stderr]   = note: expected values for `feature` are: `cpi`, `default`, `localnet`, `no-entrypoint`, `no-idl`, and `test-bpf`
[INFO] [stderr]   = note: using a cfg inside a derive macro will use the cfgs from the destination crate and not the ones from the defining crate
[INFO] [stderr]   = help: try referring to `Accounts` crate for guidance on how handle this unexpected cfg
[INFO] [stderr]   = note: see <https://doc.rust-lang.org/nightly/rustc/check-cfg/cargo-specifics.html> for more information about checking conditional configuration
[INFO] [stderr]   = note: this warning originates in the derive macro `Accounts` (in Nightly builds, run with -Z macro-backtrace for more info)
[INFO] [stderr] 
[INFO] [stderr] warning: unexpected `cfg` condition value: `anchor-debug`
[INFO] [stderr]  --> src/instructions/update_voter_weight_record.rs:4:10
[INFO] [stderr]   |
[INFO] [stderr] 4 | #[derive(Accounts)]
[INFO] [stderr]   |          ^^^^^^^^
[INFO] [stderr]   |
[INFO] [stderr]   = note: expected values for `feature` are: `cpi`, `default`, `localnet`, `no-entrypoint`, `no-idl`, and `test-bpf`
[INFO] [stderr]   = note: using a cfg inside a derive macro will use the cfgs from the destination crate and not the ones from the defining crate
[INFO] [stderr]   = help: try referring to `Accounts` crate for guidance on how handle this unexpected cfg
[INFO] [stderr]   = note: see <https://doc.rust-lang.org/nightly/rustc/check-cfg/cargo-specifics.html> for more information about checking conditional configuration
[INFO] [stderr]   = note: this warning originates in the derive macro `Accounts` (in Nightly builds, run with -Z macro-backtrace for more info)
[INFO] [stderr] 
[INFO] [stderr] warning: unexpected `cfg` condition value: `anchor-debug`
[INFO] [stderr]  --> src/instructions/withdraw.rs:6:10
[INFO] [stderr]   |
[INFO] [stderr] 6 | #[derive(Accounts)]
[INFO] [stderr]   |          ^^^^^^^^
[INFO] [stderr]   |
[INFO] [stderr]   = note: expected values for `feature` are: `cpi`, `default`, `localnet`, `no-entrypoint`, `no-idl`, and `test-bpf`
[INFO] [stderr]   = note: using a cfg inside a derive macro will use the cfgs from the destination crate and not the ones from the defining crate
[INFO] [stderr]   = help: try referring to `Accounts` crate for guidance on how handle this unexpected cfg
[INFO] [stderr]   = note: see <https://doc.rust-lang.org/nightly/rustc/check-cfg/cargo-specifics.html> for more information about checking conditional configuration
[INFO] [stderr]   = note: this warning originates in the derive macro `Accounts` (in Nightly builds, run with -Z macro-backtrace for more info)
[INFO] [stderr] 
[INFO] [stderr] warning: unexpected `cfg` condition value: `anchor-debug`
[INFO] [stderr]   --> src/lib.rs:61:1
[INFO] [stderr]    |
[INFO] [stderr] 61 | #[program]
[INFO] [stderr]    | ^^^^^^^^^^
[INFO] [stderr]    |
[INFO] [stderr]    = note: expected values for `feature` are: `cpi`, `default`, `localnet`, `no-entrypoint`, `no-idl`, and `test-bpf`
[INFO] [stderr]    = note: using a cfg inside a attribute macro will use the cfgs from the destination crate and not the ones from the defining crate
[INFO] [stderr]    = help: try referring to `program` crate for guidance on how handle this unexpected cfg
[INFO] [stderr]    = note: see <https://doc.rust-lang.org/nightly/rustc/check-cfg/cargo-specifics.html> for more information about checking conditional configuration
[INFO] [stderr]    = note: this warning originates in the attribute macro `program` (in Nightly builds, run with -Z macro-backtrace for more info)
[INFO] [stderr] 
[INFO] [stderr] warning: unexpected `cfg` condition value: `no-log-ix-name`
[INFO] [stderr]   --> src/lib.rs:61:1
[INFO] [stderr]    |
[INFO] [stderr] 61 | #[program]
[INFO] [stderr]    | ^^^^^^^^^^
[INFO] [stderr]    |
[INFO] [stderr]    = note: expected values for `feature` are: `cpi`, `default`, `localnet`, `no-entrypoint`, `no-idl`, and `test-bpf`
[INFO] [stderr]    = note: using a cfg inside a attribute macro will use the cfgs from the destination crate and not the ones from the defining crate
[INFO] [stderr]    = help: try referring to `program` crate for guidance on how handle this unexpected cfg
[INFO] [stderr]    = note: see <https://doc.rust-lang.org/nightly/rustc/check-cfg/cargo-specifics.html> for more information about checking conditional configuration
[INFO] [stderr]    = note: this warning originates in the attribute macro `program` (in Nightly builds, run with -Z macro-backtrace for more info)
[INFO] [stderr] 
[INFO] [stderr] warning: `voter-stake-registry` (lib) generated 21 warnings
[INFO] [stderr] warning: unused import: `utils::*`
[INFO] [stderr]   --> tests/program_test/mod.rs:17:9
[INFO] [stderr]    |
[INFO] [stderr] 17 | pub use utils::*;
[INFO] [stderr]    |         ^^^^^^^^
[INFO] [stderr]    |
[INFO] [stderr]    = note: `#[warn(unused_imports)]` (part of `#[warn(unused)]`) on by default
[INFO] [stderr] 
[INFO] [stderr] warning: lint `unaligned_references` has been removed: converted into hard error, see issue #82523 <https://github.com/rust-lang/rust/issues/82523> for more information
[INFO] [stderr]   --> tests/test_deposit_cliff.rs:43:9
[INFO] [stderr]    |
[INFO] [stderr] 43 | #[allow(unaligned_references)]
[INFO] [stderr]    |         ^^^^^^^^^^^^^^^^^^^^
[INFO] [stderr]    |
[INFO] [stderr]    = note: `#[warn(renamed_and_removed_lints)]` on by default
[INFO] [stderr] 
[INFO] [stderr] warning: field `quote_index` is never read
[INFO] [stderr]   --> tests/program_test/mod.rs:88:9
[INFO] [stderr]    |
[INFO] [stderr] 82 | pub struct TestContext {
[INFO] [stderr]    |            ----------- field in this struct
[INFO] [stderr] ...
[INFO] [stderr] 88 |     pub quote_index: usize,
[INFO] [stderr]    |         ^^^^^^^^^^^
[INFO] [stderr]    |
[INFO] [stderr]    = note: `#[warn(dead_code)]` (part of `#[warn(unused)]`) on by default
[INFO] [stderr] 
[INFO] [stderr] warning: fields `authority` and `mint` are never read
[INFO] [stderr]   --> tests/program_test/addin.rs:20:9
[INFO] [stderr]    |
[INFO] [stderr] 18 | pub struct RegistrarCookie {
[INFO] [stderr]    |            --------------- fields in this struct
[INFO] [stderr] 19 |     pub address: Pubkey,
[INFO] [stderr] 20 |     pub authority: Pubkey,
[INFO] [stderr]    |         ^^^^^^^^^
[INFO] [stderr] 21 |     pub mint: MintCookie,
[INFO] [stderr]    |         ^^^^
[INFO] [stderr] 
[INFO] [stderr] warning: field `authority` is never read
[INFO] [stderr]   --> tests/program_test/addin.rs:31:9
[INFO] [stderr]    |
[INFO] [stderr] 29 | pub struct VoterCookie {
[INFO] [stderr]    |            ----------- field in this struct
[INFO] [stderr] 30 |     pub address: Pubkey,
[INFO] [stderr] 31 |     pub authority: Pubkey,
[INFO] [stderr]    |         ^^^^^^^^^
[INFO] [stderr] 
[INFO] [stderr] warning: fields `realm_config` and `community_token_account` are never read
[INFO] [stderr]   --> tests/program_test/governance.rs:21:9
[INFO] [stderr]    |
[INFO] [stderr] 17 | pub struct GovernanceRealmCookie {
[INFO] [stderr]    |            --------------------- fields in this struct
[INFO] [stderr] ...
[INFO] [stderr] 21 |     pub realm_config: Pubkey,
[INFO] [stderr]    |         ^^^^^^^^^^^^
[INFO] [stderr] 22 |     pub community_token_mint: MintCookie,
[INFO] [stderr] 23 |     pub community_token_account: Pubkey,
[INFO] [stderr]    |         ^^^^^^^^^^^^^^^^^^^^^^^
[INFO] [stderr]    |
[INFO] [stderr]    = note: `GovernanceRealmCookie` has a derived impl for the trait `Clone`, but this is intentionally ignored during dead code analysis
[INFO] [stderr] 
[INFO] [stderr] warning: fields `address` and `governed_account` are never read
[INFO] [stderr]   --> tests/program_test/governance.rs:32:9
[INFO] [stderr]    |
[INFO] [stderr] 31 | pub struct AccountGovernanceCookie {
[INFO] [stderr]    |            ----------------------- fields in this struct
[INFO] [stderr] 32 |     pub address: Pubkey,
[INFO] [stderr]    |         ^^^^^^^
[INFO] [stderr] 33 |     pub governed_account: Pubkey,
[INFO] [stderr]    |         ^^^^^^^^^^^^^^^^
[INFO] [stderr] 
[INFO] [stderr] warning: fields `address` and `governed_mint` are never read
[INFO] [stderr]   --> tests/program_test/governance.rs:37:9
[INFO] [stderr]    |
[INFO] [stderr] 36 | pub struct MintGovernanceCookie {
[INFO] [stderr]    |            -------------------- fields in this struct
[INFO] [stderr] 37 |     pub address: Pubkey,
[INFO] [stderr]    |         ^^^^^^^
[INFO] [stderr] 38 |     pub governed_mint: Pubkey,
[INFO] [stderr]    |         ^^^^^^^^^^^^^
[INFO] [stderr] 
[INFO] [stderr] warning: lint `unaligned_references` has been removed: converted into hard error, see issue #82523 <https://github.com/rust-lang/rust/issues/82523> for more information
[INFO] [stderr]  --> tests/test_grants.rs:9:9
[INFO] [stderr]   |
[INFO] [stderr] 9 | #[allow(unaligned_references)]
[INFO] [stderr]   |         ^^^^^^^^^^^^^^^^^^^^
[INFO] [stderr]   |
[INFO] [stderr]   = note: `#[warn(renamed_and_removed_lints)]` on by default
[INFO] [stderr] 
[INFO] [stderr] warning: lint `unaligned_references` has been removed: converted into hard error, see issue #82523 <https://github.com/rust-lang/rust/issues/82523> for more information
[INFO] [stderr]   --> tests/test_basic.rs:10:9
[INFO] [stderr]    |
[INFO] [stderr] 10 | #[allow(unaligned_references)]
[INFO] [stderr]    |         ^^^^^^^^^^^^^^^^^^^^
[INFO] [stderr]    |
[INFO] [stderr]    = note: `#[warn(renamed_and_removed_lints)]` on by default
[INFO] [stderr] 
[INFO] [stderr] warning: lint `unaligned_references` has been removed: converted into hard error, see issue #82523 <https://github.com/rust-lang/rust/issues/82523> for more information
[INFO] [stderr]   --> tests/test_deposit_monthly_vesting.rs:43:9
[INFO] [stderr]    |
[INFO] [stderr] 43 | #[allow(unaligned_references)]
[INFO] [stderr]    |         ^^^^^^^^^^^^^^^^^^^^
[INFO] [stderr]    |
[INFO] [stderr]    = note: `#[warn(renamed_and_removed_lints)]` on by default
[INFO] [stderr] 
[INFO] [stderr] warning: lint `unaligned_references` has been removed: converted into hard error, see issue #82523 <https://github.com/rust-lang/rust/issues/82523> for more information
[INFO] [stderr]   --> tests/test_reset_lockup.rs:34:9
[INFO] [stderr]    |
[INFO] [stderr] 34 | #[allow(unaligned_references)]
[INFO] [stderr]    |         ^^^^^^^^^^^^^^^^^^^^
[INFO] [stderr]    |
[INFO] [stderr]    = note: `#[warn(renamed_and_removed_lints)]` on by default
[INFO] [stderr] 
[INFO] [stderr] warning: lint `unaligned_references` has been removed: converted into hard error, see issue #82523 <https://github.com/rust-lang/rust/issues/82523> for more information
[INFO] [stderr]   --> tests/test_deposit_constant.rs:43:9
[INFO] [stderr]    |
[INFO] [stderr] 43 | #[allow(unaligned_references)]
[INFO] [stderr]    |         ^^^^^^^^^^^^^^^^^^^^
[INFO] [stderr]    |
[INFO] [stderr]    = note: `#[warn(renamed_and_removed_lints)]` on by default
[INFO] [stderr] 
[INFO] [stderr] warning: lint `unaligned_references` has been removed: converted into hard error, see issue #82523 <https://github.com/rust-lang/rust/issues/82523> for more information
[INFO] [stderr]   --> tests/test_internal_transfer.rs:34:9
[INFO] [stderr]    |
[INFO] [stderr] 34 | #[allow(unaligned_references)]
[INFO] [stderr]    |         ^^^^^^^^^^^^^^^^^^^^
[INFO] [stderr]    |
[INFO] [stderr]    = note: `#[warn(renamed_and_removed_lints)]` on by default
[INFO] [stderr] 
[INFO] [stderr] warning: lint `unaligned_references` has been removed: converted into hard error, see issue #82523 <https://github.com/rust-lang/rust/issues/82523> for more information
[INFO] [stderr]  --> tests/test_clawback.rs:9:9
[INFO] [stderr]   |
[INFO] [stderr] 9 | #[allow(unaligned_references)]
[INFO] [stderr]   |         ^^^^^^^^^^^^^^^^^^^^
[INFO] [stderr]   |
[INFO] [stderr]   = note: `#[warn(renamed_and_removed_lints)]` on by default
[INFO] [stderr] 
[INFO] [stderr] warning: lint `unaligned_references` has been removed: converted into hard error, see issue #82523 <https://github.com/rust-lang/rust/issues/82523> for more information
[INFO] [stderr]   --> tests/test_deposit_no_locking.rs:45:9
[INFO] [stderr]    |
[INFO] [stderr] 45 | #[allow(unaligned_references)]
[INFO] [stderr]    |         ^^^^^^^^^^^^^^^^^^^^
[INFO] [stderr]    |
[INFO] [stderr]    = note: `#[warn(renamed_and_removed_lints)]` on by default
[INFO] [stderr] 
[INFO] [stderr] warning: lint `unaligned_references` has been removed: converted into hard error, see issue #82523 <https://github.com/rust-lang/rust/issues/82523> for more information
[INFO] [stderr]  --> tests/test_voting.rs:9:9
[INFO] [stderr]   |
[INFO] [stderr] 9 | #[allow(unaligned_references)]
[INFO] [stderr]   |         ^^^^^^^^^^^^^^^^^^^^
[INFO] [stderr]   |
[INFO] [stderr]   = note: `#[warn(renamed_and_removed_lints)]` on by default
[INFO] [stderr] 
[INFO] [stderr] warning: field `governed_mint` is never read
[INFO] [stderr]   --> tests/program_test/governance.rs:38:9
[INFO] [stderr]    |
[INFO] [stderr] 36 | pub struct MintGovernanceCookie {
[INFO] [stderr]    |            -------------------- field in this struct
[INFO] [stderr] 37 |     pub address: Pubkey,
[INFO] [stderr] 38 |     pub governed_mint: Pubkey,
[INFO] [stderr]    |         ^^^^^^^^^^^^^
[INFO] [stderr] 
[INFO] [stderr] warning: lint `unaligned_references` has been removed: converted into hard error, see issue #82523 <https://github.com/rust-lang/rust/issues/82523> for more information
[INFO] [stderr]  --> tests/test_all_deposits.rs:9:9
[INFO] [stderr]   |
[INFO] [stderr] 9 | #[allow(unaligned_references)]
[INFO] [stderr]   |         ^^^^^^^^^^^^^^^^^^^^
[INFO] [stderr]   |
[INFO] [stderr]   = note: `#[warn(renamed_and_removed_lints)]` on by default
[INFO] [stderr] 
[INFO] [stderr] warning: lint `unaligned_references` has been removed: converted into hard error, see issue #82523 <https://github.com/rust-lang/rust/issues/82523> for more information
[INFO] [stderr]   --> tests/test_deposit_daily_vesting.rs:44:9
[INFO] [stderr]    |
[INFO] [stderr] 44 | #[allow(unaligned_references)]
[INFO] [stderr]    |         ^^^^^^^^^^^^^^^^^^^^
[INFO] [stderr]    |
[INFO] [stderr]    = note: `#[warn(renamed_and_removed_lints)]` on by default
[INFO] [stderr] 
[INFO] [stderr] warning: lint `unaligned_references` has been removed: converted into hard error, see issue #82523 <https://github.com/rust-lang/rust/issues/82523> for more information
[INFO] [stderr]   --> tests/test_log_voter_info.rs:17:9
[INFO] [stderr]    |
[INFO] [stderr] 17 | #[allow(unaligned_references)]
[INFO] [stderr]    |         ^^^^^^^^^^^^^^^^^^^^
[INFO] [stderr]    |
[INFO] [stderr]    = note: `#[warn(renamed_and_removed_lints)]` on by default
[INFO] [stderr] 
[INFO] [stderr] warning: lint `unaligned_references` has been removed: converted into hard error, see issue #82523 <https://github.com/rust-lang/rust/issues/82523> for more information
[INFO] [stderr]   --> tests/test_log_voter_info.rs:30:9
[INFO] [stderr]    |
[INFO] [stderr] 30 | #[allow(unaligned_references)]
[INFO] [stderr]    |         ^^^^^^^^^^^^^^^^^^^^
[INFO] [stderr] 
[INFO] [stderr] warning: `voter-stake-registry` (test "test_deposit_cliff") generated 8 warnings (run `cargo fix --test "test_deposit_cliff" -p voter-stake-registry` to apply 1 suggestion)
[INFO] [stderr] warning: `voter-stake-registry` (test "test_grants") generated 8 warnings (7 duplicates)
[INFO] [stderr] warning: `voter-stake-registry` (test "test_basic") generated 8 warnings (7 duplicates)
[INFO] [stderr] warning: `voter-stake-registry` (test "test_deposit_monthly_vesting") generated 8 warnings (7 duplicates)
[INFO] [stderr] warning: `voter-stake-registry` (test "test_reset_lockup") generated 8 warnings (7 duplicates)
[INFO] [stderr] warning: `voter-stake-registry` (test "test_deposit_constant") generated 8 warnings (7 duplicates)
[INFO] [stderr] warning: `voter-stake-registry` (test "test_internal_transfer") generated 8 warnings (7 duplicates)
[INFO] [stderr] warning: `voter-stake-registry` (test "test_clawback") generated 8 warnings (7 duplicates)
[INFO] [stderr] warning: `voter-stake-registry` (test "test_deposit_no_locking") generated 8 warnings (7 duplicates)
[INFO] [stderr] warning: `voter-stake-registry` (test "test_voting") generated 8 warnings (6 duplicates)
[INFO] [stderr] warning: `voter-stake-registry` (lib test) generated 21 warnings (21 duplicates)
[INFO] [stderr] warning: `voter-stake-registry` (test "test_all_deposits") generated 8 warnings (7 duplicates)
[INFO] [stderr] warning: `voter-stake-registry` (test "test_deposit_daily_vesting") generated 8 warnings (7 duplicates)
[INFO] [stderr] warning: `voter-stake-registry` (test "test_log_voter_info") generated 9 warnings (7 duplicates)
[INFO] [stderr]     Finished `release` profile [optimized] target(s) in 0.73s
[INFO] [stderr]      Running unittests src/lib.rs (/opt/rustwide/target/release/deps/voter_stake_registry-f4510e75ffadc194)
[INFO] [stdout] 
[INFO] [stdout] running 45 tests
[INFO] [stdout] test state::deposit_entry::tests::resolve_vesting ... ok
[INFO] [stdout] test state::deposit_entry::tests::guaranteed_lockup_test ... ok
[INFO] [stdout] test state::deposit_entry::tests::far_future_lockup_start_test ... ok
[INFO] [stdout] test state::lockup::tests::days_left_9 ... ok
[INFO] [stdout] test state::lockup::tests::days_left_eleven ... ok
[INFO] [stdout] test state::lockup::tests::days_left_one_and_one_half ... ok
[INFO] [stdout] test state::lockup::tests::days_left_one ... ok
[INFO] [stdout] test state::lockup::tests::months_left_eleven ... ok
[INFO] [stdout] test state::lockup::tests::months_left_one_half ... ok
[INFO] [stdout] test state::lockup::tests::months_left_start ... ok
[INFO] [stdout] test state::lockup::tests::months_left_one_and_a_half ... ok
[INFO] [stdout] test state::lockup::tests::days_left_9_dot_nine ... ok
[INFO] [stdout] test state::lockup::tests::days_left_one_half ... ok
[INFO] [stdout] test state::lockup::tests::period_computations ... ok
[INFO] [stdout] test state::lockup::tests::voting_power_cliff_eleven_days ... ok
[INFO] [stdout] test state::lockup::tests::days_left_start ... ok
[INFO] [stdout] test state::lockup::tests::days_left_ten ... ok
[INFO] [stdout] test state::lockup::tests::voting_power_daily_above_saturation1 ... ok
[INFO] [stdout] test state::lockup::tests::voting_power_daily_above_saturation2 ... ok
[INFO] [stdout] test state::lockup::tests::months_left_ten ... ok
[INFO] [stdout] test state::lockup::tests::voting_power_daily_eleven ... ok
[INFO] [stdout] test state::lockup::tests::voting_power_cliff_one_day_one_third ... ok
[INFO] [stdout] test state::lockup::tests::voting_power_daily_nine ... ok
[INFO] [stdout] test state::lockup::tests::voting_power_daily_nine_dot_nine ... ok
[INFO] [stdout] test state::lockup::tests::voting_power_cliff_one_third_day ... ok
[INFO] [stdout] test state::lockup::tests::voting_power_cliff_start ... ok
[INFO] [stdout] test state::lockup::tests::voting_power_daily_one_half ... ok
[INFO] [stdout] test state::lockup::tests::voting_power_daily_one_and_one_third ... ok
[INFO] [stdout] test state::lockup::tests::voting_power_cliff_half_day ... ok
[INFO] [stdout] test state::lockup::tests::voting_power_cliff_one_day ... ok
[INFO] [stdout] test state::lockup::tests::voting_power_cliff_warmup ... ok
[INFO] [stdout] test state::lockup::tests::voting_power_cliff_two_days ... ok
[INFO] [stdout] test state::lockup::tests::voting_power_daily_one ... ok
[INFO] [stdout] test state::lockup::tests::voting_power_daily_two ... ok
[INFO] [stdout] test state::lockup::tests::voting_power_cliff_nine_dot_nine_days ... ok
[INFO] [stdout] test state::lockup::tests::voting_power_daily_saturation ... ok
[INFO] [stdout] test state::lockup::tests::voting_power_cliff_ten_days ... ok
[INFO] [stdout] test state::lockup::tests::voting_power_cliff_ten_dot_one_days ... ok
[INFO] [stdout] test state::lockup::tests::voting_power_cliff_two_thirds_day ... ok
[INFO] [stdout] test state::lockup::tests::voting_power_daily_start ... ok
[INFO] [stdout] test state::lockup::tests::voting_power_daily_ten ... ok
[INFO] [stdout] test state::lockup::tests::voting_power_daily_warmup ... ok
[INFO] [stdout] test test_id ... ok
[INFO] [stdout] test state::lockup::tests::days_left_9_dot_one ... ok
[INFO] [stdout] test state::lockup::tests::voting_power_daily_ten_dot_one ... ok
[INFO] [stdout] 
[INFO] [stdout] test result: ok. 45 passed; 0 failed; 0 ignored; 0 measured; 0 filtered out; finished in 0.05s
[INFO] [stdout] 
[INFO] [stderr]      Running tests/test_all_deposits.rs (/opt/rustwide/target/release/deps/test_all_deposits-b4627f819b9ee8bb)
[INFO] [stdout] 
[INFO] [stdout] running 1 test
[INFO] [stderr] [2026-10-18T20:12:05.461612167Z INFO  solana_program_test] "voter_stake_registry" program loaded as native code
[INFO] [stderr] [2026-10-18T20:12:05.461673917Z INFO  solana_program_test] "spl_governance" program loaded as native code
[INFO] [stderr] [2026-10-18T20:12:05.524610603Z DEBUG solana_runtime::message_processor::stable_log] Program GovernanceProgramTest1111111111111111111111 invoke [1]
[INFO] [stderr] [2026-10-18T20:12:05.524769583Z DEBUG solana_runtime::message_processor::stable_log] Program log: VERSION:"2.2.1"
[INFO] [stderr] [2026-10-18T20:12:05.524784833Z DEBUG solana_runtime::message_processor::stable_log] Program log: GOVERNANCE-INSTRUCTION: CreateRealm { name: "testrealm", config_args: RealmConfigArgs { use_council_mint: false, min_community_weight_to_create_governance: 0, community_mint_max_vote_weight_source: SupplyFraction(10000000000), use_community_voter_weight_addin: true, use_max_community_voter_weight_addin: false } }
[INFO] [stderr] [2026-10-18T20:12:05.524811603Z DEBUG solana_runtime::message_processor::stable_log] Program 11111111111111111111111111111111 invoke [1]
[INFO] [stderr] [2026-10-18T20:12:05.524833833Z DEBUG solana_runtime::message_processor::stable_log] Program 11111111111111111111111111111111 invoke [2]
[INFO] [stderr] [2026-10-18T20:12:05.524839393Z TRACE solana_runtime::system_instruction_processor] process_instruction: CreateAccount { lamports: 2039280, space: 165, owner: TokenkegQfeZyiNwAJbNbGKPFXCWuBvf9Ss623VQ5DA }
[INFO] [stderr] [2026-10-18T20:12:05.524845853Z TRACE solana_runtime::system_instruction_processor] keyed_accounts: [KeyedAccount { is_signer: false, is_writable: false, key: 11111111111111111111111111111111, account: RefCell { value: Account { lamports: 1, data.len: 14, owner: NativeLoader1111111111111111111111111111111, executable: true, rent_epoch: 0, data: 73797374656d5f70726f6772616d } } }, KeyedAccount { is_signer: true, is_writable: true, key: FJLziuUjikDwsx9AzrMe5J6zBCeBJqqKYJ41xmg9rFvf, account: RefCell { value: Account { lamports: 4294967295, data.len: 0, owner: 11111111111111111111111111111111, executable: false, rent_epoch: 0 } } }, KeyedAccount { is_signer: true, is_writable: true, key: 4g5vDwWmeRcpYX53a4W9zgZ7WYpVnXmkKx1vPNFXsNni, account: RefCell { value: Account { lamports: 0, data.len: 0, owner: 11111111111111111111111111111111, executable: false, rent_epoch: 0 } } }]
[INFO] [stderr] [2026-10-18T20:12:05.524869463Z DEBUG solana_runtime::message_processor::stable_log] Program 11111111111111111111111111111111 success
[INFO] [stdout] test test_all_deposits has been running for over 60 seconds
[INFO] [stderr] error: test failed, to rerun pass `--test test_all_deposits`
[INFO] [stdout] test test_all_deposits ... FAILED
[INFO] [stdout] 
[INFO] [stdout] failures:
[INFO] [stdout] 
[INFO] [stdout] ---- test_all_deposits stdout ----
[INFO] [stdout] 
[INFO] [stdout] thread 'solana-bank-forks-client' (6657) panicked at /opt/rustwide/cargo-home/registry/src/index.crates.io-1949cf8c6b5b557f/solana-program-test-1.9.29/src/lib.rs:351:17:
[INFO] [stdout] Account data resizing not supported yet: 0 -> 165. Consider making this test conditional on `#[cfg(feature = "test-bpf")]`
[INFO] [stdout] stack backtrace:
[INFO] [stdout]    0:     0x5e5c765433f1 - <<std[70759c8f55707aa4]::sys::backtrace::BacktraceLock>::print::DisplayBacktrace as core[df12db4294e9bfd3]::fmt::Display>::fmt
[INFO] [stdout]    1:     0x5e5c7655bc7a - core[df12db4294e9bfd3]::fmt::write
[INFO] [stdout]    2:     0x5e5c76548c1c - <alloc[2182bb758b4b3781]::vec::Vec<u8> as core[df12db4294e9bfd3]::io::write::Write>::write_fmt
[INFO] [stdout]    3:     0x5e5c7651bf06 - std[70759c8f55707aa4]::panicking::default_hook::{closure#0}
[INFO] [stdout]    4:     0x5e5c7653a7a9 - std[70759c8f55707aa4]::panicking::default_hook
[INFO] [stdout]    5:     0x5e5c75ea8480 - test[9d35eded1c95d3be]::test_main_inner::<test[9d35eded1c95d3be]::test_main_static::{closure#0}>::{closure#0}
[INFO] [stdout]    6:     0x5e5c7653aad2 - std[70759c8f55707aa4]::panicking::panic_with_hook
[INFO] [stdout]    7:     0x5e5c7651bfb2 - std[70759c8f55707aa4]::panicking::panic_handler::{closure#0}
[INFO] [stdout]    8:     0x5e5c76514509 - std[70759c8f55707aa4]::sys::backtrace::__rust_end_short_backtrace::<std[70759c8f55707aa4]::panicking::panic_handler::{closure#0}, !>
[INFO] [stdout]    9:     0x5e5c7651cead - __rustc[8fa7c3cbc660c2b3]::rust_begin_unwind
[INFO] [stdout]   10:     0x5e5c7655c45c - core[df12db4294e9bfd3]::panicking::panic_fmt
[INFO] [stdout]   11:     0x5e5c75f51dc8 - <solana_program_test[2a77f2ce99dc9697]::SyscallStubs as solana_program[b955f43984e4fa6b]::program_stubs::SyscallStubs>::sol_invoke_signed
[INFO] [stdout]   12:     0x5e5c764cc8e1 - solana_program[b955f43984e4fa6b]::program_stubs::sol_invoke_signed
[INFO] [stdout]   13:     0x5e5c764d2dd1 - solana_program[b955f43984e4fa6b]::program::invoke_signed
[INFO] [stdout]   14:     0x5e5c75f34e01 - spl_governance[808c04edb7df794a]::tools::spl_token::create_spl_token_account_signed
[INFO] [stdout]   15:     0x5e5c75f3dde2 - spl_governance[808c04edb7df794a]::processor::process_create_realm::process_create_realm
[INFO] [stdout]   16:     0x5e5c75f46859 - spl_governance[808c04edb7df794a]::processor::process_instruction
[INFO] [stdout]   17:     0x5e5c75f4c88f - solana_program_test[2a77f2ce99dc9697]::builtin_process_instruction
[INFO] [stdout]   18:     0x5e5c76232dd5 - <solana_program_runtime[6cecc6de4d343e62]::invoke_context::InvokeContext>::process_instruction
[INFO] [stdout]   19:     0x5e5c7601c84b - <solana_runtime[270e7679bd9c48a9]::message_processor::MessageProcessor>::process_message
[INFO] [stdout]   20:     0x5e5c75f9a413 - <solana_runtime[270e7679bd9c48a9]::bank::Bank>::execute_loaded_transaction
[INFO] [stdout]   21:     0x5e5c75fc82af - <core[df12db4294e9bfd3]::iter::adapters::map::Map<core[df12db4294e9bfd3]::iter::adapters::zip::Zip<core[df12db4294e9bfd3]::slice::iter::IterMut<(core[df12db4294e9bfd3]::result::Result<solana_runtime[270e7679bd9c48a9]::accounts::LoadedTransaction, solana_sdk[d87c450de0a09323]::transaction::error::TransactionError>, core[df12db4294e9bfd3]::option::Option<solana_runtime[270e7679bd9c48a9]::bank::NonceFull>)>, core[df12db4294e9bfd3]::slice::iter::Iter<solana_sdk[d87c450de0a09323]::transaction::sanitized::SanitizedTransaction>>, <solana_runtime[270e7679bd9c48a9]::bank::Bank>::load_and_execute_transactions::{closure#1}> as core[df12db4294e9bfd3]::iter::traits::iterator::Iterator>::fold::<(), core[df12db4294e9bfd3]::iter::traits::iterator::Iterator::for_each::call<solana_runtime[270e7679bd9c48a9]::bank::TransactionExecutionResult, <alloc[2182bb758b4b3781]::vec::Vec<solana_runtime[270e7679bd9c48a9]::bank::TransactionExecutionResult>>::extend_trusted<core[df12db4294e9bfd3]::iter::adapters::map::Map<core[df12db4294e9bfd3]::iter::adapters::zip::Zip<core[df12db4294e9bfd3]::slice::iter::IterMut<(core[df12db4294e9bfd3]::result::Result<solana_runtime[270e7679bd9c48a9]::accounts::LoadedTransaction, solana_sdk[d87c450de0a09323]::transaction::error::TransactionError>, core[df12db4294e9bfd3]::option::Option<solana_runtime[270e7679bd9c48a9]::bank::NonceFull>)>, core[df12db4294e9bfd3]::slice::iter::Iter<solana_sdk[d87c450de0a09323]::transaction::sanitized::SanitizedTransaction>>, <solana_runtime[270e7679bd9c48a9]::bank::Bank>::load_and_execute_transactions::{closure#1}>>::{closure#0}>::{closure#0}>
[INFO] [stdout]   22:     0x5e5c75fb7918 - <alloc[2182bb758b4b3781]::vec::Vec<solana_runtime[270e7679bd9c48a9]::bank::TransactionExecutionResult> as alloc[2182bb758b4b3781]::vec::spec_from_iter_nested::SpecFromIterNested<solana_runtime[270e7679bd9c48a9]::bank::TransactionExecutionResult, core[df12db4294e9bfd3]::iter::adapters::map::Map<core[df12db4294e9bfd3]::iter::adapters::zip::Zip<core[df12db4294e9bfd3]::slice::iter::IterMut<(core[df12db4294e9bfd3]::result::Result<solana_runtime[270e7679bd9c48a9]::accounts::LoadedTransaction, solana_sdk[d87c450de0a09323]::transaction::error::TransactionError>, core[df12db4294e9bfd3]::option::Option<solana_runtime[270e7679bd9c48a9]::bank::NonceFull>)>, core[df12db4294e9bfd3]::slice::iter::Iter<solana_sdk[d87c450de0a09323]::transaction::sanitized::SanitizedTransaction>>, <solana_runtime[270e7679bd9c48a9]::bank::Bank>::load_and_execute_transactions::{closure#1}>>>::from_iter
[INFO] [stdout]   23:     0x5e5c75f9c769 - <solana_runtime[270e7679bd9c48a9]::bank::Bank>::load_and_execute_transactions
[INFO] [stdout]   24:     0x5e5c75fa06e8 - <solana_runtime[270e7679bd9c48a9]::bank::Bank>::load_execute_and_commit_transactions
[INFO] [stdout]   25:     0x5e5c75f9fab3 - <solana_runtime[270e7679bd9c48a9]::bank::Bank>::try_process_entry_transactions
[INFO] [stdout]   26:     0x5e5c75f7b89a - <solana_banks_server[c7b276c109629e98]::banks_server::BanksServer>::run
[INFO] [stdout]   27:     0x5e5c75f77c14 - std[70759c8f55707aa4]::sys::backtrace::__rust_begin_short_backtrace::<<solana_banks_server[c7b276c109629e98]::banks_server::BanksServer>::new_loopback::{closure#0}, ()>
[INFO] [stdout]   28:     0x5e5c75f6f234 - <std[70759c8f55707aa4]::thread::lifecycle::spawn_unchecked<<solana_banks_server[c7b276c109629e98]::banks_server::BanksServer>::new_loopback::{closure#0}, ()>::{closure#1} as core[df12db4294e9bfd3]::ops::function::FnOnce<()>>::call_once::{shim:vtable#0}
[INFO] [stdout]   29:     0x5e5c76542919 - <std[70759c8f55707aa4]::sys::thread::unix::Thread>::new::thread_start
[INFO] [stdout]   30:     0x7fecf3a2bdfa - <unknown>
[INFO] [stdout]   31:     0x7fecf3abf3d4 - clone
[INFO] [stdout]   32:                0x0 - <unknown>
[INFO] [stdout] 
[INFO] [stdout] thread 'test_all_deposits' (6626) panicked at tests/program_test/governance.rs:94:14:
[INFO] [stdout] called `Result::unwrap()` on an `Err` value: IoError(Custom { kind: Other, error: "the request exceeded its deadline" })
[INFO] [stdout] stack backtrace:
[INFO] [stdout]    0:     0x5e5c765433f1 - <<std[70759c8f55707aa4]::sys::backtrace::BacktraceLock>::print::DisplayBacktrace as core[df12db4294e9bfd3]::fmt::Display>::fmt
[INFO] [stdout]    1:     0x5e5c7655bc7a - core[df12db4294e9bfd3]::fmt::write
[INFO] [stdout]    2:     0x5e5c76548c1c - <alloc[2182bb758b4b3781]::vec::Vec<u8> as core[df12db4294e9bfd3]::io::write::Write>::write_fmt
[INFO] [stdout]    3:     0x5e5c7651bf06 - std[70759c8f55707aa4]::panicking::default_hook::{closure#0}
[INFO] [stdout]    4:     0x5e5c7653a7a9 - std[70759c8f55707aa4]::panicking::default_hook
[INFO] [stdout]    5:     0x5e5c75ea8480 - test[9d35eded1c95d3be]::test_main_inner::<test[9d35eded1c95d3be]::test_main_static::{closure#0}>::{closure#0}
[INFO] [stdout]    6:     0x5e5c7653aad2 - std[70759c8f55707aa4]::panicking::panic_with_hook
[INFO] [stdout]    7:     0x5e5c7651bfb2 - std[70759c8f55707aa4]::panicking::panic_handler::{closure#0}
[INFO] [stdout]    8:     0x5e5c76514509 - std[70759c8f55707aa4]::sys::backtrace::__rust_end_short_backtrace::<std[70759c8f55707aa4]::panicking::panic_handler::{closure#0}, !>
[INFO] [stdout]    9:     0x5e5c7651cead - __rustc[8fa7c3cbc660c2b3]::rust_begin_unwind
[INFO] [stdout]   10:     0x5e5c7655c45c - core[df12db4294e9bfd3]::panicking::panic_fmt
[INFO] [stdout]   11:     0x5e5c7655c232 - core[df12db4294e9bfd3]::result::unwrap_failed
[INFO] [stdout]   12:     0x5e5c75e6bcff - test_all_deposits[1ca587d2711dc0a2]::test_all_deposits::{closure#0}
[INFO] [stdout]   13:     0x5e5c75e93d24 - <tokio[22713ff91ceeeeab]::runtime::basic_scheduler::BasicScheduler<tokio[22713ff91ceeeeab]::runtime::driver::Driver>>::block_on::<core[df12db4294e9bfd3]::pin::Pin<&mut dyn core[df12db4294e9bfd3]::future::future::Future<Output = core[df12db4294e9bfd3]::result::Result<(), solana_sdk[d87c450de0a09323]::transport::TransportError>>>>
[INFO] [stdout]   14:     0x5e5c75e88de5 - <tokio[22713ff91ceeeeab]::runtime::Runtime>::block_on::<core[df12db4294e9bfd3]::pin::Pin<&mut dyn core[df12db4294e9bfd3]::future::future::Future<Output = core[df12db4294e9bfd3]::result::Result<(), solana_sdk[d87c450de0a09323]::transport::TransportError>>>>
[INFO] [stdout]   15:     0x5e5c75e7057a - <test_all_deposits[1ca587d2711dc0a2]::test_all_deposits::{closure#0} as core[df12db4294e9bfd3]::ops::function::FnOnce<()>>::call_once
[INFO] [stdout]   16:     0x5e5c75e9b76b - test[9d35eded1c95d3be]::__rust_begin_short_backtrace::<core[df12db4294e9bfd3]::result::Result<(), alloc[2182bb758b4b3781]::string::String>, fn() -> core[df12db4294e9bfd3]::result::Result<(), alloc[2182bb758b4b3781]::string::String>>
[INFO] [stdout]   17:     0x5e5c75ea8dd5 - test[9d35eded1c95d3be]::run_test::{closure#0}
[INFO] [stdout]   18:     0x5e5c75ea2694 - std[70759c8f55707aa4]::sys::backtrace::__rust_begin_short_backtrace::<test[9d35eded1c95d3be]::run_test::{closure#1}, ()>
[INFO] [stdout]   19:     0x5e5c75eabf32 - <std[70759c8f55707aa4]::thread::lifecycle::spawn_unchecked<test[9d35eded1c95d3be]::run_test::{closure#1}, ()>::{closure#1} as core[df12db4294e9bfd3]::ops::function::FnOnce<()>>::call_once::{shim:vtable#0}
[INFO] [stdout]   20:     0x5e5c76542919 - <std[70759c8f55707aa4]::sys::thread::unix::Thread>::new::thread_start
[INFO] [stdout]   21:     0x7fecf3a2bdfa - <unknown>
[INFO] [stdout]   22:     0x7fecf3abf3d4 - clone
[INFO] [stdout]   23:                0x0 - <unknown>
[INFO] [stdout] 
[INFO] [stdout] 
[INFO] [stdout] failures:
[INFO] [stdout]     test_all_deposits
[INFO] [stdout] 
[INFO] [stdout] test result: FAILED. 0 passed; 1 failed; 0 ignored; 0 measured; 0 filtered out; finished in 60.08s
[INFO] [stdout] 
[INFO] running `Command { std: "docker" "inspect" "8ba8620c1df8461c0d88dd01b7ccecddf9686303782b9ad76a2a53ad72f0d605", kill_on_drop: false }`
[INFO] running `Command { std: "docker" "rm" "-f" "8ba8620c1df8461c0d88dd01b7ccecddf9686303782b9ad76a2a53ad72f0d605", kill_on_drop: false }`
[INFO] [stdout] 8ba8620c1df8461c0d88dd01b7ccecddf9686303782b9ad76a2a53ad72f0d605
