[INFO] fetching crate volterra-cgpo 0.3.2...
[INFO] testing volterra-cgpo-0.3.2 against 1.99.0-beta.8+cargoflags=--release for beta-release-1.100-2
[INFO] extracting crate volterra-cgpo 0.3.2 into /workspace/builds/worker-4-tc1/source
[INFO] started tweaking crates.io crate volterra-cgpo 0.3.2
[INFO] removed 0 missing tests
[INFO] finished tweaking crates.io crate volterra-cgpo 0.3.2
[INFO] tweaked toml for crates.io crate volterra-cgpo 0.3.2 written to /workspace/builds/worker-4-tc1/source/Cargo.toml
[INFO] validating manifest of crates.io crate volterra-cgpo 0.3.2 on toolchain 1.99.0-beta.8
[INFO] running `Command { std: CARGO_HOME="/workspace/cargo-home" RUSTUP_HOME="/workspace/rustup-home" "/workspace/cargo-home/bin/cargo" "+1.99.0-beta.8" "metadata" "--manifest-path" "Cargo.toml" "--no-deps", kill_on_drop: false }`
[INFO] crate crates.io crate volterra-cgpo 0.3.2 already has a lockfile, it will not be regenerated
[INFO] running `Command { std: CARGO_HOME="/workspace/cargo-home" RUSTUP_HOME="/workspace/rustup-home" "/workspace/cargo-home/bin/cargo" "+1.99.0-beta.8" "fetch" "--manifest-path" "Cargo.toml", kill_on_drop: false }`
[INFO] [stderr]     Updating crates.io index
[INFO] [stderr]  Downloading crates ...
[INFO] [stderr]   Downloaded safe_arch v1.0.0
[INFO] [stderr]   Downloaded volterra-core v0.3.2
[INFO] [stderr]   Downloaded cartan-core v0.6.1
[INFO] [stderr]   Downloaded simba v0.10.0
[INFO] [stderr]   Downloaded wide v1.4.0
[INFO] [stderr]   Downloaded nalgebra v0.35.0
[INFO] [stderr]   Downloaded web-sys v0.3.102
[INFO] [stderr]   Downloaded glam v0.30.10
[INFO] [stderr]   Downloaded glam v0.32.1
[INFO] [stderr]   Downloaded glam v0.31.1
[INFO] [stderr]   Downloaded glam v0.33.0
[INFO] running `Command { std: "docker" "create" "-v" "/var/lib/crater-agent-workspace/builds/worker-4-tc1/source:/opt/rustwide/workdir:ro,Z" "-v" "/var/lib/crater-agent-workspace/builds/worker-4-tc1/target:/opt/rustwide/target:rw,Z" "-v" "/var/lib/crater-agent-workspace/cargo-home:/opt/rustwide/cargo-home:ro,Z" "-v" "/var/lib/crater-agent-workspace/rustup-home:/opt/rustwide/rustup-home:ro,Z" "-m" "1610612736" "--network" "none" "ghcr.io/rust-lang/crates-build-env/linux@sha256:77db811e55d90add9212f6832c23229e3de5f1c1f9905e8cb07319ea15df73ac" "sleep" "infinity", kill_on_drop: false }`
[INFO] [stdout] 2428f657fa59db266b3fa6593952cedba517eba6dc60658ce8c0a78131e2bd4d
[INFO] running `Command { std: "docker" "start" "2428f657fa59db266b3fa6593952cedba517eba6dc60658ce8c0a78131e2bd4d", kill_on_drop: false }`
[INFO] running `Command { std: "docker" "inspect" "2428f657fa59db266b3fa6593952cedba517eba6dc60658ce8c0a78131e2bd4d", kill_on_drop: false }`
[INFO] running `Command { std: "docker" "exec" "-e" "SOURCE_DIR=/opt/rustwide/workdir" "-e" "CARGO_HOME=/opt/rustwide/cargo-home" "-e" "RUSTUP_HOME=/opt/rustwide/rustup-home" "-e" "CARGO_TARGET_DIR=/opt/rustwide/target" "-w" "/opt/rustwide/workdir" "--user" "0:0" "2428f657fa59db266b3fa6593952cedba517eba6dc60658ce8c0a78131e2bd4d" "/opt/rustwide/cargo-home/bin/cargo" "+1.99.0-beta.8" "metadata" "--no-deps" "--format-version=1", kill_on_drop: false }`
[INFO] running `Command { std: "docker" "inspect" "2428f657fa59db266b3fa6593952cedba517eba6dc60658ce8c0a78131e2bd4d", kill_on_drop: false }`
[INFO] running `Command { std: "docker" "exec" "-e" "SOURCE_DIR=/opt/rustwide/workdir" "-e" "CARGO_HOME=/opt/rustwide/cargo-home" "-e" "RUSTUP_HOME=/opt/rustwide/rustup-home" "-e" "CARGO_TARGET_DIR=/opt/rustwide/target" "-e" "CARGO_INCREMENTAL=0" "-e" "RUST_BACKTRACE=full" "-e" "RUSTFLAGS=--cap-lints=warn" "-e" "RUSTDOCFLAGS=--cap-lints=warn" "-w" "/opt/rustwide/workdir" "--user" "0:0" "2428f657fa59db266b3fa6593952cedba517eba6dc60658ce8c0a78131e2bd4d" "/opt/rustwide/cargo-home/bin/cargo" "+1.99.0-beta.8" "build" "--frozen" "--message-format=json" "--release", kill_on_drop: false }`
[INFO] [stderr]    Compiling num-traits v0.2.19
[INFO] [stderr]    Compiling matrixmultiply v0.3.10
[INFO] [stderr]    Compiling libc v0.2.184
[INFO] [stderr]    Compiling rawpointer v0.2.1
[INFO] [stderr]    Compiling libm v0.2.16
[INFO] [stderr]    Compiling safe_arch v1.0.0
[INFO] [stderr]    Compiling rand_core v0.9.5
[INFO] [stderr]    Compiling either v1.15.0
[INFO] [stderr]    Compiling crossbeam-epoch v0.9.18
[INFO] [stderr]    Compiling thiserror-impl v2.0.18
[INFO] [stderr]    Compiling nalgebra-macros v0.3.0
[INFO] [stderr]    Compiling serde_derive v1.0.228
[INFO] [stderr]    Compiling serde_json v1.0.149
[INFO] [stderr]    Compiling rand v0.9.2
[INFO] [stderr]    Compiling crossbeam-deque v0.8.6
[INFO] [stderr]    Compiling rayon-core v1.13.0
[INFO] [stderr]    Compiling wide v1.4.0
[INFO] [stderr]    Compiling num-complex v0.4.6
[INFO] [stderr]    Compiling num-integer v0.1.46
[INFO] [stderr]    Compiling approx v0.5.1
[INFO] [stderr]    Compiling thiserror v2.0.18
[INFO] [stderr]    Compiling rayon v1.11.0
[INFO] [stderr]    Compiling cartan-core v0.6.1
[INFO] [stderr]    Compiling num-rational v0.4.2
[INFO] [stderr]    Compiling getrandom v0.4.2
[INFO] [stderr]    Compiling rand v0.10.1
[INFO] [stderr]    Compiling serde v1.0.228
[INFO] [stderr]    Compiling simba v0.10.0
[INFO] [stderr]    Compiling ndarray v0.16.1
[INFO] [stderr]    Compiling nalgebra v0.35.0
[INFO] [stderr]    Compiling volterra-core v0.3.2
[INFO] [stderr]    Compiling volterra-cgpo v0.3.2 (/opt/rustwide/workdir)
[INFO] [stderr]     Finished `release` profile [optimized] target(s) in 36.42s
[INFO] running `Command { std: "docker" "inspect" "2428f657fa59db266b3fa6593952cedba517eba6dc60658ce8c0a78131e2bd4d", kill_on_drop: false }`
[INFO] running `Command { std: "docker" "exec" "-e" "SOURCE_DIR=/opt/rustwide/workdir" "-e" "CARGO_HOME=/opt/rustwide/cargo-home" "-e" "RUSTUP_HOME=/opt/rustwide/rustup-home" "-e" "CARGO_TARGET_DIR=/opt/rustwide/target" "-e" "CARGO_INCREMENTAL=0" "-e" "RUST_BACKTRACE=full" "-e" "RUSTFLAGS=--cap-lints=warn" "-e" "RUSTDOCFLAGS=--cap-lints=warn" "-w" "/opt/rustwide/workdir" "--user" "0:0" "2428f657fa59db266b3fa6593952cedba517eba6dc60658ce8c0a78131e2bd4d" "/opt/rustwide/cargo-home/bin/cargo" "+1.99.0-beta.8" "test" "--frozen" "--no-run" "--message-format=json" "--release", kill_on_drop: false }`
[INFO] [stderr]    Compiling libc v0.2.184
[INFO] [stderr]    Compiling num-complex v0.4.6
[INFO] [stderr]    Compiling approx v0.5.1
[INFO] [stderr]    Compiling serde v1.0.228
[INFO] [stderr]    Compiling serde_json v1.0.149
[INFO] [stderr]    Compiling num-rational v0.4.2
[INFO] [stderr]    Compiling regex-syntax v0.8.11
[INFO] [stderr]    Compiling half v2.7.1
[INFO] [stderr]    Compiling plotters-backend v0.3.7
[INFO] [stderr]    Compiling ciborium-io v0.2.2
[INFO] [stderr]    Compiling itertools v0.10.5
[INFO] [stderr]    Compiling clap_builder v4.6.0
[INFO] [stderr]    Compiling cast v0.3.0
[INFO] [stderr]    Compiling oorandom v11.1.5
[INFO] [stderr]    Compiling rayon v1.11.0
[INFO] [stderr]    Compiling anes v0.1.6
[INFO] [stderr]    Compiling ciborium-ll v0.2.2
[INFO] [stderr]    Compiling plotters-svg v0.3.7
[INFO] [stderr]    Compiling plotters v0.3.7
[INFO] [stderr]    Compiling simba v0.10.0
[INFO] [stderr]    Compiling tinytemplate v1.2.1
[INFO] [stderr]    Compiling ciborium v0.2.2
[INFO] [stderr]    Compiling getrandom v0.4.2
[INFO] [stderr]    Compiling is-terminal v0.4.17
[INFO] [stderr]    Compiling rand v0.10.1
[INFO] [stderr]    Compiling regex-automata v0.4.14
[INFO] [stderr]    Compiling criterion-plot v0.5.0
[INFO] [stderr]    Compiling clap v4.6.1
[INFO] [stderr]    Compiling ndarray v0.16.1
[INFO] [stderr]    Compiling regex v1.12.4
[INFO] [stderr]    Compiling criterion v0.5.1
[INFO] [stderr]    Compiling nalgebra v0.35.0
[INFO] [stderr]    Compiling volterra-core v0.3.2
[INFO] [stderr]    Compiling volterra-cgpo v0.3.2 (/opt/rustwide/workdir)
[INFO] [stderr]     Finished `release` profile [optimized] target(s) in 1m 00s
[INFO] running `Command { std: "docker" "inspect" "2428f657fa59db266b3fa6593952cedba517eba6dc60658ce8c0a78131e2bd4d", kill_on_drop: false }`
[INFO] running `Command { std: "docker" "exec" "-e" "SOURCE_DIR=/opt/rustwide/workdir" "-e" "CARGO_HOME=/opt/rustwide/cargo-home" "-e" "RUSTUP_HOME=/opt/rustwide/rustup-home" "-e" "CARGO_TARGET_DIR=/opt/rustwide/target" "-e" "CARGO_INCREMENTAL=0" "-e" "RUST_BACKTRACE=full" "-e" "RUSTFLAGS=--cap-lints=warn" "-e" "RUSTDOCFLAGS=--cap-lints=warn" "-w" "/opt/rustwide/workdir" "--user" "0:0" "2428f657fa59db266b3fa6593952cedba517eba6dc60658ce8c0a78131e2bd4d" "/opt/rustwide/cargo-home/bin/cargo" "+1.99.0-beta.8" "test" "--frozen" "--release", kill_on_drop: false }`
[INFO] [stderr]     Finished `release` profile [optimized] target(s) in 0.17s
[INFO] [stderr]      Running unittests src/lib.rs (/opt/rustwide/target/release/deps/volterra_cgpo-60f6e2c021bf4b48)
[INFO] [stdout] 
[INFO] [stdout] running 0 tests
[INFO] [stdout] 
[INFO] [stdout] test result: ok. 0 passed; 0 failed; 0 ignored; 0 measured; 0 filtered out; finished in 0.00s
[INFO] [stdout] 
[INFO] [stderr]      Running unittests src/bin/cgpo_fd.rs (/opt/rustwide/target/release/deps/cgpo_fd-de3b66b5b54534d6)
[INFO] [stdout] 
[INFO] [stdout] running 0 tests
[INFO] [stdout] 
[INFO] [stdout] test result: ok. 0 passed; 0 failed; 0 ignored; 0 measured; 0 filtered out; finished in 0.00s
[INFO] [stdout] 
[INFO] [stderr]      Running tests/boundary.rs (/opt/rustwide/target/release/deps/boundary-18ea40b679e9bf54)
[INFO] [stdout] 
[INFO] [stdout] running 5 tests
[INFO] [stdout] test inner_cells_have_outer_neighbour ... ok
[INFO] [stdout] test outer_cells_have_non_inside_neighbour ... ok
[INFO] [stdout] test normals_unit_length_and_zero_off_boundary ... ok
[INFO] [stdout] test interior_count_60 ... ok
[INFO] [stdout] test interior_count_100 ... ok
[INFO] [stderr]      Running tests/nematic.rs (/opt/rustwide/target/release/deps/nematic-4be6edf9fea0bd23)
[INFO] [stdout] 
[INFO] [stdout] test result: ok. 5 passed; 0 failed; 0 ignored; 0 measured; 0 filtered out; finished in 2.41s
[INFO] [stdout] 
[INFO] [stdout] 
[INFO] [stdout] running 2 tests
[INFO] [stderr]      Running tests/ops.rs (/opt/rustwide/target/release/deps/ops-48da1b4567e85422)
[INFO] [stdout] test h_s_vs_python ... ok
[INFO] [stdout] test calculate_pi_vs_python ... ok
[INFO] [stdout] 
[INFO] [stdout] test result: ok. 2 passed; 0 failed; 0 ignored; 0 measured; 0 filtered out; finished in 0.00s
[INFO] [stdout] 
[INFO] [stdout] 
[INFO] [stdout] running 3 tests
[INFO] [stdout] test div_vector_linear ... ok
[INFO] [stdout] test laplacian_analytic ... ok
[INFO] [stdout] test upwind_sign_convention ... ok
[INFO] [stdout] 
[INFO] [stdout] test result: ok. 3 passed; 0 failed; 0 ignored; 0 measured; 0 filtered out; finished in 0.00s
[INFO] [stdout] 
[INFO] [stderr]      Running tests/parallel_kernels.rs (/opt/rustwide/target/release/deps/parallel_kernels-89e73b74de9b4eaa)
[INFO] [stdout] 
[INFO] [stdout] running 3 tests
[INFO] [stdout] test parallel_path_is_engaged_at_test_grid ... ok
[INFO] [stdout] test parallel_div_vector_linear_is_two ... ok
[INFO] [stdout] test parallel_laplacian_linear_is_zero ... ok
[INFO] [stdout] 
[INFO] [stdout] test result: ok. 3 passed; 0 failed; 0 ignored; 0 measured; 0 filtered out; finished in 0.03s
[INFO] [stdout] 
[INFO] [stderr]      Running tests/step.rs (/opt/rustwide/target/release/deps/step-198d6ed70a9307f2)
[INFO] [stdout] 
[INFO] [stdout] running 2 tests
[INFO] [stdout] test one_step_vs_python ... ok
[INFO] [stderr]      Running tests/step_debug.rs (/opt/rustwide/target/release/deps/step_debug-1291c78f2985a9ea)
[INFO] [stdout] test stability_100_steps ... ok
[INFO] [stdout] 
[INFO] [stdout] test result: ok. 2 passed; 0 failed; 0 ignored; 0 measured; 0 filtered out; finished in 0.27s
[INFO] [stdout] 
[INFO] [stdout] 
[INFO] [stdout] running 2 tests
[INFO] [stdout] test debug_substeps ... ok
[INFO] [stdout] test dump_boundary_normals ... FAILED
[INFO] [stdout] 
[INFO] [stdout] failures:
[INFO] [stdout] 
[INFO] [stdout] ---- dump_boundary_normals stdout ----
[INFO] [stdout] 
[INFO] [stdout] thread 'dump_boundary_normals' (1796) panicked at tests/step_debug.rs:191:7:
[INFO] [stdout] write bnd_outer_normals.txt: Os { code: 30, kind: ReadOnlyFilesystem, message: "Read-only file system" }
[INFO] [stdout] stack backtrace:
[INFO] [stdout]    0:     0x57bef0e19f91 - <<std[70759c8f55707aa4]::sys::backtrace::BacktraceLock>::print::DisplayBacktrace as core[df12db4294e9bfd3]::fmt::Display>::fmt
[INFO] [stdout]    1:     0x57bef0e2f0da - core[df12db4294e9bfd3]::fmt::write
[INFO] [stdout]    2:     0x57bef0e1e47c - <alloc[2182bb758b4b3781]::vec::Vec<u8> as core[df12db4294e9bfd3]::io::write::Write>::write_fmt
[INFO] [stdout]    3:     0x57bef0df5d76 - std[70759c8f55707aa4]::panicking::default_hook::{closure#0}
[INFO] [stdout]    4:     0x57bef0e12019 - std[70759c8f55707aa4]::panicking::default_hook
[INFO] [stdout]    5:     0x57bef0d89c10 - test[9d35eded1c95d3be]::test_main_inner::<test[9d35eded1c95d3be]::test_main_static::{closure#0}>::{closure#0}
[INFO] [stdout]    6:     0x57bef0e12342 - std[70759c8f55707aa4]::panicking::panic_with_hook
[INFO] [stdout]    7:     0x57bef0df5e22 - std[70759c8f55707aa4]::panicking::panic_handler::{closure#0}
[INFO] [stdout]    8:     0x57bef0deea19 - std[70759c8f55707aa4]::sys::backtrace::__rust_end_short_backtrace::<std[70759c8f55707aa4]::panicking::panic_handler::{closure#0}, !>
[INFO] [stdout]    9:     0x57bef0df6a1d - __rustc[8fa7c3cbc660c2b3]::rust_begin_unwind
[INFO] [stdout]   10:     0x57bef0e2f80c - core[df12db4294e9bfd3]::panicking::panic_fmt
[INFO] [stdout]   11:     0x57bef0e2f5e2 - core[df12db4294e9bfd3]::result::unwrap_failed
[INFO] [stdout]   12:     0x57bef0d7cccb - <step_debug[dd5e1086fe0a4292]::dump_boundary_normals::{closure#0} as core[df12db4294e9bfd3]::ops::function::FnOnce<()>>::call_once
[INFO] [stdout]   13:     0x57bef0d7cefb - test[9d35eded1c95d3be]::__rust_begin_short_backtrace::<core[df12db4294e9bfd3]::result::Result<(), alloc[2182bb758b4b3781]::string::String>, fn() -> core[df12db4294e9bfd3]::result::Result<(), alloc[2182bb758b4b3781]::string::String>>
[INFO] [stdout]   14:     0x57bef0d8a565 - test[9d35eded1c95d3be]::run_test::{closure#0}
[INFO] [stdout]   15:     0x57bef0d83e24 - std[70759c8f55707aa4]::sys::backtrace::__rust_begin_short_backtrace::<test[9d35eded1c95d3be]::run_test::{closure#1}, ()>
[INFO] [stdout]   16:     0x57bef0d8d6c2 - <std[70759c8f55707aa4]::thread::lifecycle::spawn_unchecked<test[9d35eded1c95d3be]::run_test::{closure#1}, ()>::{closure#1} as core[df12db4294e9bfd3]::ops::function::FnOnce<()>>::call_once::{shim:vtable#0}
[INFO] [stdout]   17:     0x57bef0e192f9 - <std[70759c8f55707aa4]::sys::thread::unix::Thread>::new::thread_start
[INFO] [stdout]   18:     0x7c0c08159dfa - <unknown>
[INFO] [stdout]   19:     0x7c0c081ed3d4 - clone
[INFO] [stdout]   20:                0x0 - <unknown>
[INFO] [stdout] 
[INFO] [stdout] 
[INFO] [stdout] failures:
[INFO] [stdout]     dump_boundary_normals
[INFO] [stdout] 
[INFO] [stdout] test result: FAILED. 1 passed; 1 failed; 0 ignored; 0 measured; 0 filtered out; finished in 0.38s
[INFO] [stdout] 
[INFO] [stderr] error: test failed, to rerun pass `--test step_debug`
[INFO] running `Command { std: "docker" "inspect" "2428f657fa59db266b3fa6593952cedba517eba6dc60658ce8c0a78131e2bd4d", kill_on_drop: false }`
[INFO] running `Command { std: "docker" "rm" "-f" "2428f657fa59db266b3fa6593952cedba517eba6dc60658ce8c0a78131e2bd4d", kill_on_drop: false }`
[INFO] [stdout] 2428f657fa59db266b3fa6593952cedba517eba6dc60658ce8c0a78131e2bd4d
