[INFO] fetching crate volsa2-cli 0.1.0...
[INFO] testing volsa2-cli-0.1.0 against 1.100.0-beta.1+cargoflags=--release for beta-release-1.100-2
[INFO] extracting crate volsa2-cli 0.1.0 into /workspace/builds/worker-4-tc2/source
[INFO] started tweaking crates.io crate volsa2-cli 0.1.0
[INFO] finished tweaking crates.io crate volsa2-cli 0.1.0
[INFO] tweaked toml for crates.io crate volsa2-cli 0.1.0 written to /workspace/builds/worker-4-tc2/source/Cargo.toml
[INFO] validating manifest of crates.io crate volsa2-cli 0.1.0 on toolchain 1.100.0-beta.1
[INFO] running `Command { std: CARGO_HOME="/workspace/cargo-home" RUSTUP_HOME="/workspace/rustup-home" "/workspace/cargo-home/bin/cargo" "+1.100.0-beta.1" "metadata" "--manifest-path" "Cargo.toml" "--no-deps", kill_on_drop: false }`
[INFO] crate crates.io crate volsa2-cli 0.1.0 already has a lockfile, it will not be regenerated
[INFO] running `Command { std: CARGO_HOME="/workspace/cargo-home" RUSTUP_HOME="/workspace/rustup-home" "/workspace/cargo-home/bin/cargo" "+1.100.0-beta.1" "fetch" "--manifest-path" "Cargo.toml", kill_on_drop: false }`
[INFO] running `Command { std: "docker" "create" "-v" "/var/lib/crater-agent-workspace/builds/worker-4-tc2/source:/opt/rustwide/workdir:ro,Z" "-v" "/var/lib/crater-agent-workspace/builds/worker-4-tc2/target:/opt/rustwide/target:rw,Z" "-v" "/var/lib/crater-agent-workspace/cargo-home:/opt/rustwide/cargo-home:ro,Z" "-v" "/var/lib/crater-agent-workspace/rustup-home:/opt/rustwide/rustup-home:ro,Z" "-m" "1610612736" "--network" "none" "ghcr.io/rust-lang/crates-build-env/linux@sha256:77db811e55d90add9212f6832c23229e3de5f1c1f9905e8cb07319ea15df73ac" "sleep" "infinity", kill_on_drop: false }`
[INFO] [stdout] 7fcc30708a67902719eb6164cca2a6846e92d2cf73c9b81cedd41d43dbf51140
[INFO] running `Command { std: "docker" "start" "7fcc30708a67902719eb6164cca2a6846e92d2cf73c9b81cedd41d43dbf51140", kill_on_drop: false }`
[INFO] running `Command { std: "docker" "inspect" "7fcc30708a67902719eb6164cca2a6846e92d2cf73c9b81cedd41d43dbf51140", kill_on_drop: false }`
[INFO] running `Command { std: "docker" "exec" "-e" "SOURCE_DIR=/opt/rustwide/workdir" "-e" "CARGO_HOME=/opt/rustwide/cargo-home" "-e" "RUSTUP_HOME=/opt/rustwide/rustup-home" "-e" "CARGO_TARGET_DIR=/opt/rustwide/target" "-w" "/opt/rustwide/workdir" "--user" "0:0" "7fcc30708a67902719eb6164cca2a6846e92d2cf73c9b81cedd41d43dbf51140" "/opt/rustwide/cargo-home/bin/cargo" "+1.100.0-beta.1" "metadata" "--no-deps" "--format-version=1", kill_on_drop: false }`
[INFO] running `Command { std: "docker" "inspect" "7fcc30708a67902719eb6164cca2a6846e92d2cf73c9b81cedd41d43dbf51140", kill_on_drop: false }`
[INFO] running `Command { std: "docker" "exec" "-e" "SOURCE_DIR=/opt/rustwide/workdir" "-e" "CARGO_HOME=/opt/rustwide/cargo-home" "-e" "RUSTUP_HOME=/opt/rustwide/rustup-home" "-e" "CARGO_TARGET_DIR=/opt/rustwide/target" "-e" "CARGO_INCREMENTAL=0" "-e" "RUST_BACKTRACE=full" "-e" "RUSTFLAGS=--cap-lints=warn" "-e" "RUSTDOCFLAGS=--cap-lints=warn" "-w" "/opt/rustwide/workdir" "--user" "0:0" "7fcc30708a67902719eb6164cca2a6846e92d2cf73c9b81cedd41d43dbf51140" "/opt/rustwide/cargo-home/bin/cargo" "+1.100.0-beta.1" "build" "--frozen" "--message-format=json" "--release", kill_on_drop: false }`
[INFO] [stderr]    Compiling proc-macro2 v1.0.51
[INFO] [stderr]    Compiling unicode-ident v1.0.6
[INFO] [stderr]    Compiling quote v1.0.23
[INFO] [stderr]    Compiling syn v1.0.107
[INFO] [stderr]    Compiling autocfg v1.1.0
[INFO] [stderr]    Compiling libc v0.2.139
[INFO] [stderr]    Compiling once_cell v1.17.1
[INFO] [stderr]    Compiling io-lifetimes v1.0.5
[INFO] [stderr]    Compiling log v0.4.17
[INFO] [stderr]    Compiling pkg-config v0.3.26
[INFO] [stderr]    Compiling rustix v0.36.8
[INFO] [stderr]    Compiling strength_reduce v0.2.4
[INFO] [stderr]    Compiling rustfft v6.1.0
[INFO] [stderr]    Compiling linux-raw-sys v0.1.4
[INFO] [stderr]    Compiling heck v0.4.1
[INFO] [stderr]    Compiling os_str_bytes v6.4.1
[INFO] [stderr]    Compiling overload v0.1.1
[INFO] [stderr]    Compiling auto_enums v0.8.0
[INFO] [stderr]    Compiling num-traits v0.2.15
[INFO] [stderr]    Compiling num-integer v0.1.45
[INFO] [stderr]    Compiling anyhow v1.0.68
[INFO] [stderr]    Compiling thiserror v1.0.38
[INFO] [stderr]    Compiling nu-ansi-term v0.46.0
[INFO] [stderr]    Compiling sharded-slab v0.1.4
[INFO] [stderr]    Compiling tracing-core v0.1.30
[INFO] [stderr]    Compiling clap_lex v0.3.1
[INFO] [stderr]    Compiling thread_local v1.1.7
[INFO] [stderr]    Compiling convert_case v0.4.0
[INFO] [stderr]    Compiling smallvec v1.10.0
[INFO] [stderr]    Compiling strsim v0.10.0
[INFO] [stderr]    Compiling termcolor v1.2.0
[INFO] [stderr]    Compiling pin-project-lite v0.2.9
[INFO] [stderr]    Compiling hex-literal v0.3.4
[INFO] [stderr]    Compiling arrayref v0.3.6
[INFO] [stderr]    Compiling hound v3.5.0
[INFO] [stderr]    Compiling alsa-sys v0.3.1
[INFO] [stderr]    Compiling tracing-log v0.1.3
[INFO] [stderr]    Compiling proc-macro-error-attr v1.0.4
[INFO] [stderr]    Compiling tracing-subscriber v0.3.16
[INFO] [stderr]    Compiling num-complex v0.4.3
[INFO] [stderr]    Compiling transpose v0.2.2
[INFO] [stderr]    Compiling primal-check v0.3.3
[INFO] [stderr]    Compiling nix v0.24.3
[INFO] [stderr]    Compiling alsa v0.7.0
[INFO] [stderr]    Compiling is-terminal v0.4.3
[INFO] [stderr]    Compiling proc-macro-error v1.0.4
[INFO] [stderr]    Compiling derive_utils v0.12.0
[INFO] [stderr]    Compiling thiserror-impl v1.0.38
[INFO] [stderr]    Compiling bytemuck_derive v1.4.0
[INFO] [stderr]    Compiling tracing-attributes v0.1.23
[INFO] [stderr]    Compiling clap_derive v4.1.0
[INFO] [stderr]    Compiling derive_more v0.99.17
[INFO] [stderr]    Compiling bytemuck v1.13.0
[INFO] [stderr]    Compiling tracing v0.1.37
[INFO] [stderr]    Compiling clap v4.1.6
[INFO] [stderr]    Compiling realfft v3.2.0
[INFO] [stderr]    Compiling rubato v0.12.0
[INFO] [stderr]    Compiling volsa2-cli v0.1.0 (/opt/rustwide/workdir)
[INFO] [stdout] warning: unused imports: `ExtendedKorgSysEx` and `KorgSysEx`
[INFO] [stdout]   --> src/proto.rs:15:18
[INFO] [stdout]    |
[INFO] [stdout] 15 | pub use header::{ExtendedKorgSysEx, Header, KorgSysEx, ParseHeaderError};
[INFO] [stdout]    |                  ^^^^^^^^^^^^^^^^^          ^^^^^^^^^
[INFO] [stdout]    |
[INFO] [stdout]    = note: `#[warn(unused_imports)]` (part of `#[warn(unused)]`) on by default
[INFO] [stdout] 
[INFO] [stdout] 
[INFO] [stdout] warning: function `check` is never used
[INFO] [stdout]    --> src/audio.rs:252:1
[INFO] [stdout]     |
[INFO] [stdout] 252 | #[repr(transparent)]
[INFO] [stdout]     | ^
[INFO] [stdout]     |
[INFO] [stdout]     = note: `#[warn(dead_code)]` (part of `#[warn(unused)]`) on by default
[INFO] [stdout] 
[INFO] [stdout] 
[INFO] [stdout] warning: associated function `len_hint` is never used
[INFO] [stdout]   --> src/proto.rs:66:8
[INFO] [stdout]    |
[INFO] [stdout] 55 | pub trait Message: Sized {
[INFO] [stdout]    |           ------- associated function in this trait
[INFO] [stdout] ...
[INFO] [stdout] 66 |     fn len_hint() -> Option<usize> {
[INFO] [stdout]    |        ^^^^^^^^
[INFO] [stdout] 
[INFO] [stdout] 
[INFO] [stdout] warning: field `echo` is never read
[INFO] [stdout]   --> src/proto/system.rs:74:9
[INFO] [stdout]    |
[INFO] [stdout] 73 | pub struct SearchDeviceReply {
[INFO] [stdout]    |            ----------------- field in this struct
[INFO] [stdout] 74 |     pub echo: U7,
[INFO] [stdout]    |         ^^^^
[INFO] [stdout]    |
[INFO] [stdout]    = note: `SearchDeviceReply` has derived impls for the traits `Clone` and `Debug`, but these are intentionally ignored during dead code analysis
[INFO] [stdout] 
[INFO] [stdout] 
[INFO] [stdout] warning: function `check` is never used
[INFO] [stdout]  --> src/seven_bit.rs:6:1
[INFO] [stdout]   |
[INFO] [stdout] 6 | #[rustfmt::skip]
[INFO] [stdout]   | ^
[INFO] [stdout] 
[INFO] [stdout] 
[INFO] [stdout] warning: associated function `output_len` is never used
[INFO] [stdout]   --> src/seven_bit.rs:59:8
[INFO] [stdout]    |
[INFO] [stdout] 49 | pub trait Convert {
[INFO] [stdout]    |           ------- associated function in this trait
[INFO] [stdout] ...
[INFO] [stdout] 59 |     fn output_len(input_len: usize) -> usize;
[INFO] [stdout]    |        ^^^^^^^^^^
[INFO] [stdout] 
[INFO] [stdout] 
[INFO] [stdout] warning: function `check` is never used
[INFO] [stdout]   --> src/util.rs:38:1
[INFO] [stdout]    |
[INFO] [stdout] 38 | #[repr(transparent)]
[INFO] [stdout]    | ^
[INFO] [stdout] 
[INFO] [stdout] 
[INFO] [stderr]     Finished `release` profile [optimized] target(s) in 37.57s
[INFO] running `Command { std: "docker" "inspect" "7fcc30708a67902719eb6164cca2a6846e92d2cf73c9b81cedd41d43dbf51140", kill_on_drop: false }`
[INFO] running `Command { std: "docker" "exec" "-e" "SOURCE_DIR=/opt/rustwide/workdir" "-e" "CARGO_HOME=/opt/rustwide/cargo-home" "-e" "RUSTUP_HOME=/opt/rustwide/rustup-home" "-e" "CARGO_TARGET_DIR=/opt/rustwide/target" "-e" "CARGO_INCREMENTAL=0" "-e" "RUST_BACKTRACE=full" "-e" "RUSTFLAGS=--cap-lints=warn" "-e" "RUSTDOCFLAGS=--cap-lints=warn" "-w" "/opt/rustwide/workdir" "--user" "0:0" "7fcc30708a67902719eb6164cca2a6846e92d2cf73c9b81cedd41d43dbf51140" "/opt/rustwide/cargo-home/bin/cargo" "+1.100.0-beta.1" "test" "--frozen" "--no-run" "--message-format=json" "--release", kill_on_drop: false }`
[INFO] [stderr]    Compiling libm v0.2.6
[INFO] [stderr]    Compiling rustix v0.36.8
[INFO] [stderr]    Compiling num-traits v0.2.15
[INFO] [stderr]    Compiling getrandom v0.2.8
[INFO] [stderr]    Compiling fastrand v1.9.0
[INFO] [stderr]    Compiling wait-timeout v0.2.0
[INFO] [stderr]    Compiling bit-vec v0.6.3
[INFO] [stderr]    Compiling byteorder v1.4.3
[INFO] [stderr]    Compiling regex-syntax v0.6.28
[INFO] [stderr]    Compiling quick-error v2.0.1
[INFO] [stderr]    Compiling rand_core v0.6.4
[INFO] [stderr]    Compiling bit-set v0.5.3
[INFO] [stderr]    Compiling rand_chacha v0.3.1
[INFO] [stderr]    Compiling rand_xorshift v0.3.0
[INFO] [stderr]    Compiling rand v0.8.5
[INFO] [stderr]    Compiling num-integer v0.1.45
[INFO] [stderr]    Compiling num-complex v0.4.3
[INFO] [stderr]    Compiling transpose v0.2.2
[INFO] [stderr]    Compiling primal-check v0.3.3
[INFO] [stderr]    Compiling tempfile v3.4.0
[INFO] [stderr]    Compiling is-terminal v0.4.3
[INFO] [stderr]    Compiling clap v4.1.6
[INFO] [stderr]    Compiling rustfft v6.1.0
[INFO] [stderr]    Compiling rusty-fork v0.3.0
[INFO] [stderr]    Compiling proptest v1.1.0
[INFO] [stderr]    Compiling realfft v3.2.0
[INFO] [stderr]    Compiling rubato v0.12.0
[INFO] [stderr]    Compiling volsa2-cli v0.1.0 (/opt/rustwide/workdir)
[INFO] [stdout] warning: unused imports: `ExtendedKorgSysEx` and `KorgSysEx`
[INFO] [stdout]   --> src/proto.rs:15:18
[INFO] [stdout]    |
[INFO] [stdout] 15 | pub use header::{ExtendedKorgSysEx, Header, KorgSysEx, ParseHeaderError};
[INFO] [stdout]    |                  ^^^^^^^^^^^^^^^^^          ^^^^^^^^^
[INFO] [stdout]    |
[INFO] [stdout]    = note: `#[warn(unused_imports)]` (part of `#[warn(unused)]`) on by default
[INFO] [stdout] 
[INFO] [stdout] 
[INFO] [stdout] warning: function `check` is never used
[INFO] [stdout]    --> src/audio.rs:252:1
[INFO] [stdout]     |
[INFO] [stdout] 252 | #[repr(transparent)]
[INFO] [stdout]     | ^
[INFO] [stdout]     |
[INFO] [stdout]     = note: `#[warn(dead_code)]` (part of `#[warn(unused)]`) on by default
[INFO] [stdout] 
[INFO] [stdout] 
[INFO] [stdout] warning: associated function `len_hint` is never used
[INFO] [stdout]   --> src/proto.rs:66:8
[INFO] [stdout]    |
[INFO] [stdout] 55 | pub trait Message: Sized {
[INFO] [stdout]    |           ------- associated function in this trait
[INFO] [stdout] ...
[INFO] [stdout] 66 |     fn len_hint() -> Option<usize> {
[INFO] [stdout]    |        ^^^^^^^^
[INFO] [stdout] 
[INFO] [stdout] 
[INFO] [stdout] warning: field `echo` is never read
[INFO] [stdout]   --> src/proto/system.rs:74:9
[INFO] [stdout]    |
[INFO] [stdout] 73 | pub struct SearchDeviceReply {
[INFO] [stdout]    |            ----------------- field in this struct
[INFO] [stdout] 74 |     pub echo: U7,
[INFO] [stdout]    |         ^^^^
[INFO] [stdout]    |
[INFO] [stdout]    = note: `SearchDeviceReply` has derived impls for the traits `Clone` and `Debug`, but these are intentionally ignored during dead code analysis
[INFO] [stdout] 
[INFO] [stdout] 
[INFO] [stdout] warning: function `check` is never used
[INFO] [stdout]  --> src/seven_bit.rs:6:1
[INFO] [stdout]   |
[INFO] [stdout] 6 | #[rustfmt::skip]
[INFO] [stdout]   | ^
[INFO] [stdout] 
[INFO] [stdout] 
[INFO] [stdout] warning: function `check` is never used
[INFO] [stdout]   --> src/util.rs:38:1
[INFO] [stdout]    |
[INFO] [stdout] 38 | #[repr(transparent)]
[INFO] [stdout]    | ^
[INFO] [stdout] 
[INFO] [stdout] 
[INFO] [stderr]     Finished `release` profile [optimized] target(s) in 25.86s
[INFO] running `Command { std: "docker" "inspect" "7fcc30708a67902719eb6164cca2a6846e92d2cf73c9b81cedd41d43dbf51140", kill_on_drop: false }`
[INFO] running `Command { std: "docker" "exec" "-e" "SOURCE_DIR=/opt/rustwide/workdir" "-e" "CARGO_HOME=/opt/rustwide/cargo-home" "-e" "RUSTUP_HOME=/opt/rustwide/rustup-home" "-e" "CARGO_TARGET_DIR=/opt/rustwide/target" "-e" "CARGO_INCREMENTAL=0" "-e" "RUST_BACKTRACE=full" "-e" "RUSTFLAGS=--cap-lints=warn" "-e" "RUSTDOCFLAGS=--cap-lints=warn" "-w" "/opt/rustwide/workdir" "--user" "0:0" "7fcc30708a67902719eb6164cca2a6846e92d2cf73c9b81cedd41d43dbf51140" "/opt/rustwide/cargo-home/bin/cargo" "+1.100.0-beta.1" "test" "--frozen" "--release", kill_on_drop: false }`
[INFO] [stderr] warning: unused imports: `ExtendedKorgSysEx` and `KorgSysEx`
[INFO] [stderr]   --> src/proto.rs:15:18
[INFO] [stderr]    |
[INFO] [stderr] 15 | pub use header::{ExtendedKorgSysEx, Header, KorgSysEx, ParseHeaderError};
[INFO] [stderr]    |                  ^^^^^^^^^^^^^^^^^          ^^^^^^^^^
[INFO] [stderr]    |
[INFO] [stderr]    = note: `#[warn(unused_imports)]` (part of `#[warn(unused)]`) on by default
[INFO] [stderr] 
[INFO] [stderr] warning: function `check` is never used
[INFO] [stderr]    --> src/audio.rs:252:1
[INFO] [stderr]     |
[INFO] [stderr] 252 | #[repr(transparent)]
[INFO] [stderr]     | ^
[INFO] [stderr]     |
[INFO] [stderr]     = note: `#[warn(dead_code)]` (part of `#[warn(unused)]`) on by default
[INFO] [stderr] 
[INFO] [stderr] warning: associated function `len_hint` is never used
[INFO] [stderr]   --> src/proto.rs:66:8
[INFO] [stderr]    |
[INFO] [stderr] 55 | pub trait Message: Sized {
[INFO] [stderr]    |           ------- associated function in this trait
[INFO] [stderr] ...
[INFO] [stderr] 66 |     fn len_hint() -> Option<usize> {
[INFO] [stderr]    |        ^^^^^^^^
[INFO] [stderr] 
[INFO] [stderr] warning: field `echo` is never read
[INFO] [stderr]   --> src/proto/system.rs:74:9
[INFO] [stderr]    |
[INFO] [stderr] 73 | pub struct SearchDeviceReply {
[INFO] [stderr]    |            ----------------- field in this struct
[INFO] [stderr] 74 |     pub echo: U7,
[INFO] [stderr]    |         ^^^^
[INFO] [stderr]    |
[INFO] [stderr]    = note: `SearchDeviceReply` has derived impls for the traits `Clone` and `Debug`, but these are intentionally ignored during dead code analysis
[INFO] [stderr] 
[INFO] [stderr] warning: function `check` is never used
[INFO] [stderr]  --> src/seven_bit.rs:6:1
[INFO] [stderr]   |
[INFO] [stderr] 6 | #[rustfmt::skip]
[INFO] [stderr]   | ^
[INFO] [stderr] 
[INFO] [stderr] warning: function `check` is never used
[INFO] [stderr]   --> src/util.rs:38:1
[INFO] [stderr]    |
[INFO] [stderr] 38 | #[repr(transparent)]
[INFO] [stderr]    | ^
[INFO] [stderr] 
[INFO] [stderr] warning: `volsa2-cli` (bin "volsa2-cli" test) generated 6 warnings (run `cargo fix --bin "volsa2-cli" -p volsa2-cli --tests` to apply 1 suggestion)
[INFO] [stderr]     Finished `release` profile [optimized] target(s) in 0.12s
[INFO] [stdout] 
[INFO] [stdout] running 21 tests
[INFO] [stdout] test proto::sample::tests::test_sample_10 ... FAILED
[INFO] [stdout] test proto::sample::tests::test_sample_3 ... FAILED
[INFO] [stdout] test proto::sample::tests::test_sample_5 ... FAILED
[INFO] [stdout] test proto::version_fmt ... ok
[INFO] [stderr]      Running unittests src/main.rs (/opt/rustwide/target/release/build/volsa2-cli/838e8053dad513cc/out/volsa2_cli-838e8053dad513cc)
[INFO] [stdout] test proto::sample::tests::test_sample_13 ... FAILED
[INFO] [stdout] test proto::sample::tests::test_sample_14 ... FAILED
[INFO] [stdout] test proto::sample::tests::test_sample_6 ... FAILED
[INFO] [stdout] test proto::sample::tests::test_sample_1 ... FAILED
[INFO] [stdout] test proto::sample::tests::test_sample_12 ... FAILED
[INFO] [stdout] test proto::sample::tests::test_sample_8 ... FAILED
[INFO] [stdout] test proto::sample::tests::test_sample_11 ... FAILED
[INFO] [stdout] test proto::sample::tests::test_sample_4 ... FAILED
[INFO] [stdout] test seven_bit::tests::take_msb ... ok
[INFO] [stdout] test proto::sample::tests::test_sample_9 ... FAILED
[INFO] [stdout] test seven_bit::tests::extract_msb ... ok
[INFO] [stdout] test proto::sample::tests::test_sample_2 ... FAILED
[INFO] [stdout] test proto::sample::tests::test_sample_7 ... FAILED
[INFO] [stdout] test seven_bit::tests::u8_to_u7_and_back ... ok
[INFO] [stdout] test seven_bit::tests::converter_u8_to_u7 ... ok
[INFO] [stdout] test seven_bit::tests::converter_u7_to_u8 ... ok
[INFO] [stderr] error: test failed, to rerun pass `--bin volsa2-cli`
[INFO] [stdout] test seven_bit::tests::u7_to_u8_and_back ... ok
[INFO] [stdout] 
[INFO] [stdout] failures:
[INFO] [stdout] 
[INFO] [stdout] ---- proto::sample::tests::test_sample_10 stdout ----
[INFO] [stdout] 
[INFO] [stdout] thread 'proto::sample::tests::test_sample_10' (1964) panicked at src/proto/sample.rs:291:14:
[INFO] [stdout] called `Result::unwrap()` on an `Err` value: IoError(Os { code: 2, kind: NotFound, message: "No such file or directory" })
[INFO] [stdout] stack backtrace:
[INFO] [stdout]    0:     0x61f26e19d2a1 - <<std[617be2ca0a6fd877]::sys::backtrace::BacktraceLock>::print::DisplayBacktrace as core[a373ad73a504971]::fmt::Display>::fmt
[INFO] [stdout]    1:     0x61f26e1b26ba - core[a373ad73a504971]::fmt::write
[INFO] [stdout]    2:     0x61f26e1a191c - <alloc[2e1b2a31b91974c5]::vec::Vec<u8> as core[a373ad73a504971]::io::write::Write>::write_fmt
[INFO] [stdout]    3:     0x61f26e1781f6 - std[617be2ca0a6fd877]::panicking::default_hook::{closure#0}
[INFO] [stdout]    4:     0x61f26e1957a9 - std[617be2ca0a6fd877]::panicking::default_hook
[INFO] [stdout]    5:     0x61f26e11afe0 - test[aada8e7e76ba119b]::test_main_inner::{closure#0}
[INFO] [stdout]    6:     0x61f26e195962 - std[617be2ca0a6fd877]::panicking::panic_with_hook
[INFO] [stdout]    7:     0x61f26e1782a2 - std[617be2ca0a6fd877]::panicking::panic_handler::{closure#0}
[INFO] [stdout]    8:     0x61f26e170e69 - std[617be2ca0a6fd877]::sys::backtrace::__rust_end_short_backtrace::<std[617be2ca0a6fd877]::panicking::panic_handler::{closure#0}, !>
[INFO] [stdout]    9:     0x61f26e178ead - __rustc[ea4f61d10b84890b]::rust_begin_unwind
[INFO] [stdout]   10:     0x61f26e1b2e1c - core[a373ad73a504971]::panicking::panic_fmt
[INFO] [stdout]   11:     0x61f26e1b2bf2 - core[a373ad73a504971]::result::unwrap_failed
[INFO] [stdout]   12:     0x61f26e10bceb - volsa2_cli[a003ff39a25d273f]::proto::sample::tests::test_template
[INFO] [stdout]   13:     0x61f26e10c6fe - <volsa2_cli[a003ff39a25d273f]::proto::sample::tests::test_sample_10::{closure#0} as core[a373ad73a504971]::ops::function::FnOnce<()>>::call_once
[INFO] [stdout]   14:     0x61f26e10e42b - test[aada8e7e76ba119b]::__rust_begin_short_backtrace::<core[a373ad73a504971]::result::Result<(), alloc[2e1b2a31b91974c5]::string::String>, fn() -> core[a373ad73a504971]::result::Result<(), alloc[2e1b2a31b91974c5]::string::String>>
[INFO] [stdout]   15:     0x61f26e11b605 - test[aada8e7e76ba119b]::run_test::{closure#0}
[INFO] [stdout]   16:     0x61f26e114ef4 - std[617be2ca0a6fd877]::sys::backtrace::__rust_begin_short_backtrace::<test[aada8e7e76ba119b]::run_test::{closure#1}, ()>
[INFO] [stdout]   17:     0x61f26e11e692 - <std[617be2ca0a6fd877]::thread::lifecycle::spawn_unchecked<test[aada8e7e76ba119b]::run_test::{closure#1}, ()>::{closure#1} as core[a373ad73a504971]::ops::function::FnOnce<()>>::call_once::{shim:vtable#0}
[INFO] [stdout]   18:     0x61f26e19caff - <std[617be2ca0a6fd877]::sys::thread::unix::Thread>::new::thread_start
[INFO] [stdout]   19:     0x79d66aabfdfa - <unknown>
[INFO] [stdout]   20:     0x79d66ab533d4 - clone
[INFO] [stdout]   21:                0x0 - <unknown>
[INFO] [stdout] 
[INFO] [stdout] ---- proto::sample::tests::test_sample_3 stdout ----
[INFO] [stdout] 
[INFO] [stdout] thread 'proto::sample::tests::test_sample_3' (1970) panicked at src/proto/sample.rs:291:14:
[INFO] [stdout] called `Result::unwrap()` on an `Err` value: IoError(Os { code: 2, kind: NotFound, message: "No such file or directory" })
[INFO] [stdout] stack backtrace:
[INFO] [stdout]    0:     0x61f26e19d2a1 - <<std[617be2ca0a6fd877]::sys::backtrace::BacktraceLock>::print::DisplayBacktrace as core[a373ad73a504971]::fmt::Display>::fmt
[INFO] [stdout]    1:     0x61f26e1b26ba - core[a373ad73a504971]::fmt::write
[INFO] [stdout]    2:     0x61f26e1a191c - <alloc[2e1b2a31b91974c5]::vec::Vec<u8> as core[a373ad73a504971]::io::write::Write>::write_fmt
[INFO] [stdout]    3:     0x61f26e1781f6 - std[617be2ca0a6fd877]::panicking::default_hook::{closure#0}
[INFO] [stdout]    4:     0x61f26e1957a9 - std[617be2ca0a6fd877]::panicking::default_hook
[INFO] [stdout]    5:     0x61f26e11afe0 - test[aada8e7e76ba119b]::test_main_inner::{closure#0}
[INFO] [stdout]    6:     0x61f26e195962 - std[617be2ca0a6fd877]::panicking::panic_with_hook
[INFO] [stdout]    7:     0x61f26e1782a2 - std[617be2ca0a6fd877]::panicking::panic_handler::{closure#0}
[INFO] [stdout]    8:     0x61f26e170e69 - std[617be2ca0a6fd877]::sys::backtrace::__rust_end_short_backtrace::<std[617be2ca0a6fd877]::panicking::panic_handler::{closure#0}, !>
[INFO] [stdout]    9:     0x61f26e178ead - __rustc[ea4f61d10b84890b]::rust_begin_unwind
[INFO] [stdout]   10:     0x61f26e1b2e1c - core[a373ad73a504971]::panicking::panic_fmt
[INFO] [stdout]   11:     0x61f26e1b2bf2 - core[a373ad73a504971]::result::unwrap_failed
[INFO] [stdout]   12:     0x61f26e10bceb - volsa2_cli[a003ff39a25d273f]::proto::sample::tests::test_template
[INFO] [stdout]   13:     0x61f26e10c61e - <volsa2_cli[a003ff39a25d273f]::proto::sample::tests::test_sample_3::{closure#0} as core[a373ad73a504971]::ops::function::FnOnce<()>>::call_once
[INFO] [stdout]   14:     0x61f26e10e42b - test[aada8e7e76ba119b]::__rust_begin_short_backtrace::<core[a373ad73a504971]::result::Result<(), alloc[2e1b2a31b91974c5]::string::String>, fn() -> core[a373ad73a504971]::result::Result<(), alloc[2e1b2a31b91974c5]::string::String>>
[INFO] [stdout]   15:     0x61f26e11b605 - test[aada8e7e76ba119b]::run_test::{closure#0}
[INFO] [stdout]   16:     0x61f26e114ef4 - std[617be2ca0a6fd877]::sys::backtrace::__rust_begin_short_backtrace::<test[aada8e7e76ba119b]::run_test::{closure#1}, ()>
[INFO] [stdout]   17:     0x61f26e11e692 - <std[617be2ca0a6fd877]::thread::lifecycle::spawn_unchecked<test[aada8e7e76ba119b]::run_test::{closure#1}, ()>::{closure#1} as core[a373ad73a504971]::ops::function::FnOnce<()>>::call_once::{shim:vtable#0}
[INFO] [stdout]   18:     0x61f26e19caff - <std[617be2ca0a6fd877]::sys::thread::unix::Thread>::new::thread_start
[INFO] [stdout]   19:     0x79d66aabfdfa - <unknown>
[INFO] [stdout]   20:     0x79d66ab533d4 - clone
[INFO] [stdout]   21:                0x0 - <unknown>
[INFO] [stdout] 
[INFO] [stdout] ---- proto::sample::tests::test_sample_5 stdout ----
[INFO] [stdout] 
[INFO] [stdout] thread 'proto::sample::tests::test_sample_5' (1972) panicked at src/proto/sample.rs:291:14:
[INFO] [stdout] called `Result::unwrap()` on an `Err` value: IoError(Os { code: 2, kind: NotFound, message: "No such file or directory" })
[INFO] [stdout] stack backtrace:
[INFO] [stdout]    0:     0x61f26e19d2a1 - <<std[617be2ca0a6fd877]::sys::backtrace::BacktraceLock>::print::DisplayBacktrace as core[a373ad73a504971]::fmt::Display>::fmt
[INFO] [stdout]    1:     0x61f26e1b26ba - core[a373ad73a504971]::fmt::write
[INFO] [stdout]    2:     0x61f26e1a191c - <alloc[2e1b2a31b91974c5]::vec::Vec<u8> as core[a373ad73a504971]::io::write::Write>::write_fmt
[INFO] [stdout]    3:     0x61f26e1781f6 - std[617be2ca0a6fd877]::panicking::default_hook::{closure#0}
[INFO] [stdout]    4:     0x61f26e1957a9 - std[617be2ca0a6fd877]::panicking::default_hook
[INFO] [stdout]    5:     0x61f26e11afe0 - test[aada8e7e76ba119b]::test_main_inner::{closure#0}
[INFO] [stdout]    6:     0x61f26e195962 - std[617be2ca0a6fd877]::panicking::panic_with_hook
[INFO] [stdout]    7:     0x61f26e1782a2 - std[617be2ca0a6fd877]::panicking::panic_handler::{closure#0}
[INFO] [stdout]    8:     0x61f26e170e69 - std[617be2ca0a6fd877]::sys::backtrace::__rust_end_short_backtrace::<std[617be2ca0a6fd877]::panicking::panic_handler::{closure#0}, !>
[INFO] [stdout]    9:     0x61f26e178ead - __rustc[ea4f61d10b84890b]::rust_begin_unwind
[INFO] [stdout]   10:     0x61f26e1b2e1c - core[a373ad73a504971]::panicking::panic_fmt
[INFO] [stdout]   11:     0x61f26e1b2bf2 - core[a373ad73a504971]::result::unwrap_failed
[INFO] [stdout]   12:     0x61f26e10bceb - volsa2_cli[a003ff39a25d273f]::proto::sample::tests::test_template
[INFO] [stdout]   13:     0x61f26e10c65e - <volsa2_cli[a003ff39a25d273f]::proto::sample::tests::test_sample_5::{closure#0} as core[a373ad73a504971]::ops::function::FnOnce<()>>::call_once
[INFO] [stdout]   14:     0x61f26e10e42b - test[aada8e7e76ba119b]::__rust_begin_short_backtrace::<core[a373ad73a504971]::result::Result<(), alloc[2e1b2a31b91974c5]::string::String>, fn() -> core[a373ad73a504971]::result::Result<(), alloc[2e1b2a31b91974c5]::string::String>>
[INFO] [stdout]   15:     0x61f26e11b605 - test[aada8e7e76ba119b]::run_test::{closure#0}
[INFO] [stdout]   16:     0x61f26e114ef4 - std[617be2ca0a6fd877]::sys::backtrace::__rust_begin_short_backtrace::<test[aada8e7e76ba119b]::run_test::{closure#1}, ()>
[INFO] [stdout]   17:     0x61f26e11e692 - <std[617be2ca0a6fd877]::thread::lifecycle::spawn_unchecked<test[aada8e7e76ba119b]::run_test::{closure#1}, ()>::{closure#1} as core[a373ad73a504971]::ops::function::FnOnce<()>>::call_once::{shim:vtable#0}
[INFO] [stdout]   18:     0x61f26e19caff - <std[617be2ca0a6fd877]::sys::thread::unix::Thread>::new::thread_start
[INFO] [stdout]   19:     0x79d66aabfdfa - <unknown>
[INFO] [stdout]   20:     0x79d66ab533d4 - clone
[INFO] [stdout]   21:                0x0 - <unknown>
[INFO] [stdout] 
[INFO] [stdout] ---- proto::sample::tests::test_sample_13 stdout ----
[INFO] [stdout] 
[INFO] [stdout] thread 'proto::sample::tests::test_sample_13' (1967) panicked at src/proto/sample.rs:291:14:
[INFO] [stdout] called `Result::unwrap()` on an `Err` value: IoError(Os { code: 2, kind: NotFound, message: "No such file or directory" })
[INFO] [stdout] stack backtrace:
[INFO] [stdout]    0:     0x61f26e19d2a1 - <<std[617be2ca0a6fd877]::sys::backtrace::BacktraceLock>::print::DisplayBacktrace as core[a373ad73a504971]::fmt::Display>::fmt
[INFO] [stdout]    1:     0x61f26e1b26ba - core[a373ad73a504971]::fmt::write
[INFO] [stdout]    2:     0x61f26e1a191c - <alloc[2e1b2a31b91974c5]::vec::Vec<u8> as core[a373ad73a504971]::io::write::Write>::write_fmt
[INFO] [stdout]    3:     0x61f26e1781f6 - std[617be2ca0a6fd877]::panicking::default_hook::{closure#0}
[INFO] [stdout]    4:     0x61f26e1957a9 - std[617be2ca0a6fd877]::panicking::default_hook
[INFO] [stdout]    5:     0x61f26e11afe0 - test[aada8e7e76ba119b]::test_main_inner::{closure#0}
[INFO] [stdout]    6:     0x61f26e195962 - std[617be2ca0a6fd877]::panicking::panic_with_hook
[INFO] [stdout]    7:     0x61f26e1782a2 - std[617be2ca0a6fd877]::panicking::panic_handler::{closure#0}
[INFO] [stdout]    8:     0x61f26e170e69 - std[617be2ca0a6fd877]::sys::backtrace::__rust_end_short_backtrace::<std[617be2ca0a6fd877]::panicking::panic_handler::{closure#0}, !>
[INFO] [stdout]    9:     0x61f26e178ead - __rustc[ea4f61d10b84890b]::rust_begin_unwind
[INFO] [stdout]   10:     0x61f26e1b2e1c - core[a373ad73a504971]::panicking::panic_fmt
[INFO] [stdout]   11:     0x61f26e1b2bf2 - core[a373ad73a504971]::result::unwrap_failed
[INFO] [stdout]   12:     0x61f26e10bceb - volsa2_cli[a003ff39a25d273f]::proto::sample::tests::test_template
[INFO] [stdout]   13:     0x61f26e10c75e - <volsa2_cli[a003ff39a25d273f]::proto::sample::tests::test_sample_13::{closure#0} as core[a373ad73a504971]::ops::function::FnOnce<()>>::call_once
[INFO] [stdout]   14:     0x61f26e10e42b - test[aada8e7e76ba119b]::__rust_begin_short_backtrace::<core[a373ad73a504971]::result::Result<(), alloc[2e1b2a31b91974c5]::string::String>, fn() -> core[a373ad73a504971]::result::Result<(), alloc[2e1b2a31b91974c5]::string::String>>
[INFO] [stdout]   15:     0x61f26e11b605 - test[aada8e7e76ba119b]::run_test::{closure#0}
[INFO] [stdout]   16:     0x61f26e114ef4 - std[617be2ca0a6fd877]::sys::backtrace::__rust_begin_short_backtrace::<test[aada8e7e76ba119b]::run_test::{closure#1}, ()>
[INFO] [stdout]   17:     0x61f26e11e692 - <std[617be2ca0a6fd877]::thread::lifecycle::spawn_unchecked<test[aada8e7e76ba119b]::run_test::{closure#1}, ()>::{closure#1} as core[a373ad73a504971]::ops::function::FnOnce<()>>::call_once::{shim:vtable#0}
[INFO] [stdout]   18:     0x61f26e19caff - <std[617be2ca0a6fd877]::sys::thread::unix::Thread>::new::thread_start
[INFO] [stdout]   19:     0x79d66aabfdfa - <unknown>
[INFO] [stdout]   20:     0x79d66ab533d4 - clone
[INFO] [stdout]   21:                0x0 - <unknown>
[INFO] [stdout] 
[INFO] [stdout] ---- proto::sample::tests::test_sample_14 stdout ----
[INFO] [stdout] 
[INFO] [stdout] thread 'proto::sample::tests::test_sample_14' (1968) panicked at src/proto/sample.rs:291:14:
[INFO] [stdout] called `Result::unwrap()` on an `Err` value: IoError(Os { code: 2, kind: NotFound, message: "No such file or directory" })
[INFO] [stdout] stack backtrace:
[INFO] [stdout]    0:     0x61f26e19d2a1 - <<std[617be2ca0a6fd877]::sys::backtrace::BacktraceLock>::print::DisplayBacktrace as core[a373ad73a504971]::fmt::Display>::fmt
[INFO] [stdout]    1:     0x61f26e1b26ba - core[a373ad73a504971]::fmt::write
[INFO] [stdout]    2:     0x61f26e1a191c - <alloc[2e1b2a31b91974c5]::vec::Vec<u8> as core[a373ad73a504971]::io::write::Write>::write_fmt
[INFO] [stdout]    3:     0x61f26e1781f6 - std[617be2ca0a6fd877]::panicking::default_hook::{closure#0}
[INFO] [stdout]    4:     0x61f26e1957a9 - std[617be2ca0a6fd877]::panicking::default_hook
[INFO] [stdout]    5:     0x61f26e11afe0 - test[aada8e7e76ba119b]::test_main_inner::{closure#0}
[INFO] [stdout]    6:     0x61f26e195962 - std[617be2ca0a6fd877]::panicking::panic_with_hook
[INFO] [stdout]    7:     0x61f26e1782a2 - std[617be2ca0a6fd877]::panicking::panic_handler::{closure#0}
[INFO] [stdout]    8:     0x61f26e170e69 - std[617be2ca0a6fd877]::sys::backtrace::__rust_end_short_backtrace::<std[617be2ca0a6fd877]::panicking::panic_handler::{closure#0}, !>
[INFO] [stdout]    9:     0x61f26e178ead - __rustc[ea4f61d10b84890b]::rust_begin_unwind
[INFO] [stdout]   10:     0x61f26e1b2e1c - core[a373ad73a504971]::panicking::panic_fmt
[INFO] [stdout]   11:     0x61f26e1b2bf2 - core[a373ad73a504971]::result::unwrap_failed
[INFO] [stdout]   12:     0x61f26e10bceb - volsa2_cli[a003ff39a25d273f]::proto::sample::tests::test_template
[INFO] [stdout]   13:     0x61f26e10c77e - <volsa2_cli[a003ff39a25d273f]::proto::sample::tests::test_sample_14::{closure#0} as core[a373ad73a504971]::ops::function::FnOnce<()>>::call_once
[INFO] [stdout]   14:     0x61f26e10e42b - test[aada8e7e76ba119b]::__rust_begin_short_backtrace::<core[a373ad73a504971]::result::Result<(), alloc[2e1b2a31b91974c5]::string::String>, fn() -> core[a373ad73a504971]::result::Result<(), alloc[2e1b2a31b91974c5]::string::String>>
[INFO] [stdout]   15:     0x61f26e11b605 - test[aada8e7e76ba119b]::run_test::{closure#0}
[INFO] [stdout]   16:     0x61f26e114ef4 - std[617be2ca0a6fd877]::sys::backtrace::__rust_begin_short_backtrace::<test[aada8e7e76ba119b]::run_test::{closure#1}, ()>
[INFO] [stdout]   17:     0x61f26e11e692 - <std[617be2ca0a6fd877]::thread::lifecycle::spawn_unchecked<test[aada8e7e76ba119b]::run_test::{closure#1}, ()>::{closure#1} as core[a373ad73a504971]::ops::function::FnOnce<()>>::call_once::{shim:vtable#0}
[INFO] [stdout]   18:     0x61f26e19caff - <std[617be2ca0a6fd877]::sys::thread::unix::Thread>::new::thread_start
[INFO] [stdout]   19:     0x79d66aabfdfa - <unknown>
[INFO] [stdout]   20:     0x79d66ab533d4 - clone
[INFO] [stdout]   21:                0x0 - <unknown>
[INFO] [stdout] 
[INFO] [stdout] ---- proto::sample::tests::test_sample_6 stdout ----
[INFO] [stdout] 
[INFO] [stdout] thread 'proto::sample::tests::test_sample_6' (1973) panicked at src/proto/sample.rs:291:14:
[INFO] [stdout] called `Result::unwrap()` on an `Err` value: IoError(Os { code: 2, kind: NotFound, message: "No such file or directory" })
[INFO] [stdout] stack backtrace:
[INFO] [stdout]    0:     0x61f26e19d2a1 - <<std[617be2ca0a6fd877]::sys::backtrace::BacktraceLock>::print::DisplayBacktrace as core[a373ad73a504971]::fmt::Display>::fmt
[INFO] [stdout]    1:     0x61f26e1b26ba - core[a373ad73a504971]::fmt::write
[INFO] [stdout]    2:     0x61f26e1a191c - <alloc[2e1b2a31b91974c5]::vec::Vec<u8> as core[a373ad73a504971]::io::write::Write>::write_fmt
[INFO] [stdout]    3:     0x61f26e1781f6 - std[617be2ca0a6fd877]::panicking::default_hook::{closure#0}
[INFO] [stdout]    4:     0x61f26e1957a9 - std[617be2ca0a6fd877]::panicking::default_hook
[INFO] [stdout]    5:     0x61f26e11afe0 - test[aada8e7e76ba119b]::test_main_inner::{closure#0}
[INFO] [stdout]    6:     0x61f26e195962 - std[617be2ca0a6fd877]::panicking::panic_with_hook
[INFO] [stdout]    7:     0x61f26e1782a2 - std[617be2ca0a6fd877]::panicking::panic_handler::{closure#0}
[INFO] [stdout]    8:     0x61f26e170e69 - std[617be2ca0a6fd877]::sys::backtrace::__rust_end_short_backtrace::<std[617be2ca0a6fd877]::panicking::panic_handler::{closure#0}, !>
[INFO] [stdout]    9:     0x61f26e178ead - __rustc[ea4f61d10b84890b]::rust_begin_unwind
[INFO] [stdout]   10:     0x61f26e1b2e1c - core[a373ad73a504971]::panicking::panic_fmt
[INFO] [stdout]   11:     0x61f26e1b2bf2 - core[a373ad73a504971]::result::unwrap_failed
[INFO] [stdout]   12:     0x61f26e10bceb - volsa2_cli[a003ff39a25d273f]::proto::sample::tests::test_template
[INFO] [stdout]   13:     0x61f26e10c67e - <volsa2_cli[a003ff39a25d273f]::proto::sample::tests::test_sample_6::{closure#0} as core[a373ad73a504971]::ops::function::FnOnce<()>>::call_once
[INFO] [stdout]   14:     0x61f26e10e42b - test[aada8e7e76ba119b]::__rust_begin_short_backtrace::<core[a373ad73a504971]::result::Result<(), alloc[2e1b2a31b91974c5]::string::String>, fn() -> core[a373ad73a504971]::result::Result<(), alloc[2e1b2a31b91974c5]::string::String>>
[INFO] [stdout]   15:     0x61f26e11b605 - test[aada8e7e76ba119b]::run_test::{closure#0}
[INFO] [stdout]   16:     0x61f26e114ef4 - std[617be2ca0a6fd877]::sys::backtrace::__rust_begin_short_backtrace::<test[aada8e7e76ba119b]::run_test::{closure#1}, ()>
[INFO] [stdout]   17:     0x61f26e11e692 - <std[617be2ca0a6fd877]::thread::lifecycle::spawn_unchecked<test[aada8e7e76ba119b]::run_test::{closure#1}, ()>::{closure#1} as core[a373ad73a504971]::ops::function::FnOnce<()>>::call_once::{shim:vtable#0}
[INFO] [stdout]   18:     0x61f26e19caff - <std[617be2ca0a6fd877]::sys::thread::unix::Thread>::new::thread_start
[INFO] [stdout]   19:     0x79d66aabfdfa - <unknown>
[INFO] [stdout]   20:     0x79d66ab533d4 - clone
[INFO] [stdout]   21:                0x0 - <unknown>
[INFO] [stdout] 
[INFO] [stdout] ---- proto::sample::tests::test_sample_1 stdout ----
[INFO] [stdout] 
[INFO] [stdout] thread 'proto::sample::tests::test_sample_1' (1963) panicked at src/proto/sample.rs:291:14:
[INFO] [stdout] called `Result::unwrap()` on an `Err` value: IoError(Os { code: 2, kind: NotFound, message: "No such file or directory" })
[INFO] [stdout] stack backtrace:
[INFO] [stdout]    0:     0x61f26e19d2a1 - <<std[617be2ca0a6fd877]::sys::backtrace::BacktraceLock>::print::DisplayBacktrace as core[a373ad73a504971]::fmt::Display>::fmt
[INFO] [stdout]    1:     0x61f26e1b26ba - core[a373ad73a504971]::fmt::write
[INFO] [stdout]    2:     0x61f26e1a191c - <alloc[2e1b2a31b91974c5]::vec::Vec<u8> as core[a373ad73a504971]::io::write::Write>::write_fmt
[INFO] [stdout]    3:     0x61f26e1781f6 - std[617be2ca0a6fd877]::panicking::default_hook::{closure#0}
[INFO] [stdout]    4:     0x61f26e1957a9 - std[617be2ca0a6fd877]::panicking::default_hook
[INFO] [stdout]    5:     0x61f26e11afe0 - test[aada8e7e76ba119b]::test_main_inner::{closure#0}
[INFO] [stdout]    6:     0x61f26e195962 - std[617be2ca0a6fd877]::panicking::panic_with_hook
[INFO] [stdout]    7:     0x61f26e1782a2 - std[617be2ca0a6fd877]::panicking::panic_handler::{closure#0}
[INFO] [stdout]    8:     0x61f26e170e69 - std[617be2ca0a6fd877]::sys::backtrace::__rust_end_short_backtrace::<std[617be2ca0a6fd877]::panicking::panic_handler::{closure#0}, !>
[INFO] [stdout]    9:     0x61f26e178ead - __rustc[ea4f61d10b84890b]::rust_begin_unwind
[INFO] [stdout]   10:     0x61f26e1b2e1c - core[a373ad73a504971]::panicking::panic_fmt
[INFO] [stdout]   11:     0x61f26e1b2bf2 - core[a373ad73a504971]::result::unwrap_failed
[INFO] [stdout]   12:     0x61f26e10bceb - volsa2_cli[a003ff39a25d273f]::proto::sample::tests::test_template
[INFO] [stdout]   13:     0x61f26e10c5de - <volsa2_cli[a003ff39a25d273f]::proto::sample::tests::test_sample_1::{closure#0} as core[a373ad73a504971]::ops::function::FnOnce<()>>::call_once
[INFO] [stdout]   14:     0x61f26e10e42b - test[aada8e7e76ba119b]::__rust_begin_short_backtrace::<core[a373ad73a504971]::result::Result<(), alloc[2e1b2a31b91974c5]::string::String>, fn() -> core[a373ad73a504971]::result::Result<(), alloc[2e1b2a31b91974c5]::string::String>>
[INFO] [stdout]   15:     0x61f26e11b605 - test[aada8e7e76ba119b]::run_test::{closure#0}
[INFO] [stdout]   16:     0x61f26e114ef4 - std[617be2ca0a6fd877]::sys::backtrace::__rust_begin_short_backtrace::<test[aada8e7e76ba119b]::run_test::{closure#1}, ()>
[INFO] [stdout]   17:     0x61f26e11e692 - <std[617be2ca0a6fd877]::thread::lifecycle::spawn_unchecked<test[aada8e7e76ba119b]::run_test::{closure#1}, ()>::{closure#1} as core[a373ad73a504971]::ops::function::FnOnce<()>>::call_once::{shim:vtable#0}
[INFO] [stdout]   18:     0x61f26e19caff - <std[617be2ca0a6fd877]::sys::thread::unix::Thread>::new::thread_start
[INFO] [stdout]   19:     0x79d66aabfdfa - <unknown>
[INFO] [stdout]   20:     0x79d66ab533d4 - clone
[INFO] [stdout]   21:                0x0 - <unknown>
[INFO] [stdout] 
[INFO] [stdout] ---- proto::sample::tests::test_sample_12 stdout ----
[INFO] [stdout] 
[INFO] [stdout] thread 'proto::sample::tests::test_sample_12' (1966) panicked at src/proto/sample.rs:291:14:
[INFO] [stdout] called `Result::unwrap()` on an `Err` value: IoError(Os { code: 2, kind: NotFound, message: "No such file or directory" })
[INFO] [stdout] stack backtrace:
[INFO] [stdout]    0:     0x61f26e19d2a1 - <<std[617be2ca0a6fd877]::sys::backtrace::BacktraceLock>::print::DisplayBacktrace as core[a373ad73a504971]::fmt::Display>::fmt
[INFO] [stdout]    1:     0x61f26e1b26ba - core[a373ad73a504971]::fmt::write
[INFO] [stdout]    2:     0x61f26e1a191c - <alloc[2e1b2a31b91974c5]::vec::Vec<u8> as core[a373ad73a504971]::io::write::Write>::write_fmt
[INFO] [stdout]    3:     0x61f26e1781f6 - std[617be2ca0a6fd877]::panicking::default_hook::{closure#0}
[INFO] [stdout]    4:     0x61f26e1957a9 - std[617be2ca0a6fd877]::panicking::default_hook
[INFO] [stdout]    5:     0x61f26e11afe0 - test[aada8e7e76ba119b]::test_main_inner::{closure#0}
[INFO] [stdout]    6:     0x61f26e195962 - std[617be2ca0a6fd877]::panicking::panic_with_hook
[INFO] [stdout]    7:     0x61f26e1782a2 - std[617be2ca0a6fd877]::panicking::panic_handler::{closure#0}
[INFO] [stdout]    8:     0x61f26e170e69 - std[617be2ca0a6fd877]::sys::backtrace::__rust_end_short_backtrace::<std[617be2ca0a6fd877]::panicking::panic_handler::{closure#0}, !>
[INFO] [stdout]    9:     0x61f26e178ead - __rustc[ea4f61d10b84890b]::rust_begin_unwind
[INFO] [stdout]   10:     0x61f26e1b2e1c - core[a373ad73a504971]::panicking::panic_fmt
[INFO] [stdout]   11:     0x61f26e1b2bf2 - core[a373ad73a504971]::result::unwrap_failed
[INFO] [stdout]   12:     0x61f26e10bceb - volsa2_cli[a003ff39a25d273f]::proto::sample::tests::test_template
[INFO] [stdout]   13:     0x61f26e10c73e - <volsa2_cli[a003ff39a25d273f]::proto::sample::tests::test_sample_12::{closure#0} as core[a373ad73a504971]::ops::function::FnOnce<()>>::call_once
[INFO] [stdout]   14:     0x61f26e10e42b - test[aada8e7e76ba119b]::__rust_begin_short_backtrace::<core[a373ad73a504971]::result::Result<(), alloc[2e1b2a31b91974c5]::string::String>, fn() -> core[a373ad73a504971]::result::Result<(), alloc[2e1b2a31b91974c5]::string::String>>
[INFO] [stdout]   15:     0x61f26e11b605 - test[aada8e7e76ba119b]::run_test::{closure#0}
[INFO] [stdout]   16:     0x61f26e114ef4 - std[617be2ca0a6fd877]::sys::backtrace::__rust_begin_short_backtrace::<test[aada8e7e76ba119b]::run_test::{closure#1}, ()>
[INFO] [stdout]   17:     0x61f26e11e692 - <std[617be2ca0a6fd877]::thread::lifecycle::spawn_unchecked<test[aada8e7e76ba119b]::run_test::{closure#1}, ()>::{closure#1} as core[a373ad73a504971]::ops::function::FnOnce<()>>::call_once::{shim:vtable#0}
[INFO] [stdout]   18:     0x61f26e19caff - <std[617be2ca0a6fd877]::sys::thread::unix::Thread>::new::thread_start
[INFO] [stdout]   19:     0x79d66aabfdfa - <unknown>
[INFO] [stdout]   20:     0x79d66ab533d4 - clone
[INFO] [stdout]   21:                0x0 - <unknown>
[INFO] [stdout] 
[INFO] [stdout] ---- proto::sample::tests::test_sample_8 stdout ----
[INFO] [stdout] 
[INFO] [stdout] thread 'proto::sample::tests::test_sample_8' (1975) panicked at src/proto/sample.rs:291:14:
[INFO] [stdout] called `Result::unwrap()` on an `Err` value: IoError(Os { code: 2, kind: NotFound, message: "No such file or directory" })
[INFO] [stdout] stack backtrace:
[INFO] [stdout]    0:     0x61f26e19d2a1 - <<std[617be2ca0a6fd877]::sys::backtrace::BacktraceLock>::print::DisplayBacktrace as core[a373ad73a504971]::fmt::Display>::fmt
[INFO] [stdout]    1:     0x61f26e1b26ba - core[a373ad73a504971]::fmt::write
[INFO] [stdout]    2:     0x61f26e1a191c - <alloc[2e1b2a31b91974c5]::vec::Vec<u8> as core[a373ad73a504971]::io::write::Write>::write_fmt
[INFO] [stdout]    3:     0x61f26e1781f6 - std[617be2ca0a6fd877]::panicking::default_hook::{closure#0}
[INFO] [stdout]    4:     0x61f26e1957a9 - std[617be2ca0a6fd877]::panicking::default_hook
[INFO] [stdout]    5:     0x61f26e11afe0 - test[aada8e7e76ba119b]::test_main_inner::{closure#0}
[INFO] [stdout]    6:     0x61f26e195962 - std[617be2ca0a6fd877]::panicking::panic_with_hook
[INFO] [stdout]    7:     0x61f26e1782a2 - std[617be2ca0a6fd877]::panicking::panic_handler::{closure#0}
[INFO] [stdout]    8:     0x61f26e170e69 - std[617be2ca0a6fd877]::sys::backtrace::__rust_end_short_backtrace::<std[617be2ca0a6fd877]::panicking::panic_handler::{closure#0}, !>
[INFO] [stdout]    9:     0x61f26e178ead - __rustc[ea4f61d10b84890b]::rust_begin_unwind
[INFO] [stdout]   10:     0x61f26e1b2e1c - core[a373ad73a504971]::panicking::panic_fmt
[INFO] [stdout]   11:     0x61f26e1b2bf2 - core[a373ad73a504971]::result::unwrap_failed
[INFO] [stdout]   12:     0x61f26e10bceb - volsa2_cli[a003ff39a25d273f]::proto::sample::tests::test_template
[INFO] [stdout]   13:     0x61f26e10c6be - <volsa2_cli[a003ff39a25d273f]::proto::sample::tests::test_sample_8::{closure#0} as core[a373ad73a504971]::ops::function::FnOnce<()>>::call_once
[INFO] [stdout]   14:     0x61f26e10e42b - test[aada8e7e76ba119b]::__rust_begin_short_backtrace::<core[a373ad73a504971]::result::Result<(), alloc[2e1b2a31b91974c5]::string::String>, fn() -> core[a373ad73a504971]::result::Result<(), alloc[2e1b2a31b91974c5]::string::String>>
[INFO] [stdout]   15:     0x61f26e11b605 - test[aada8e7e76ba119b]::run_test::{closure#0}
[INFO] [stdout]   16:     0x61f26e114ef4 - std[617be2ca0a6fd877]::sys::backtrace::__rust_begin_short_backtrace::<test[aada8e7e76ba119b]::run_test::{closure#1}, ()>
[INFO] [stdout]   17:     0x61f26e11e692 - <std[617be2ca0a6fd877]::thread::lifecycle::spawn_unchecked<test[aada8e7e76ba119b]::run_test::{closure#1}, ()>::{closure#1} as core[a373ad73a504971]::ops::function::FnOnce<()>>::call_once::{shim:vtable#0}
[INFO] [stdout]   18:     0x61f26e19caff - <std[617be2ca0a6fd877]::sys::thread::unix::Thread>::new::thread_start
[INFO] [stdout]   19:     0x79d66aabfdfa - <unknown>
[INFO] [stdout]   20:     0x79d66ab533d4 - clone
[INFO] [stdout]   21:                0x0 - <unknown>
[INFO] [stdout] 
[INFO] [stdout] ---- proto::sample::tests::test_sample_11 stdout ----
[INFO] [stdout] 
[INFO] [stdout] thread 'proto::sample::tests::test_sample_11' (1965) panicked at src/proto/sample.rs:291:14:
[INFO] [stdout] called `Result::unwrap()` on an `Err` value: IoError(Os { code: 2, kind: NotFound, message: "No such file or directory" })
[INFO] [stdout] stack backtrace:
[INFO] [stdout]    0:     0x61f26e19d2a1 - <<std[617be2ca0a6fd877]::sys::backtrace::BacktraceLock>::print::DisplayBacktrace as core[a373ad73a504971]::fmt::Display>::fmt
[INFO] [stdout]    1:     0x61f26e1b26ba - core[a373ad73a504971]::fmt::write
[INFO] [stdout]    2:     0x61f26e1a191c - <alloc[2e1b2a31b91974c5]::vec::Vec<u8> as core[a373ad73a504971]::io::write::Write>::write_fmt
[INFO] [stdout]    3:     0x61f26e1781f6 - std[617be2ca0a6fd877]::panicking::default_hook::{closure#0}
[INFO] [stdout]    4:     0x61f26e1957a9 - std[617be2ca0a6fd877]::panicking::default_hook
[INFO] [stdout]    5:     0x61f26e11afe0 - test[aada8e7e76ba119b]::test_main_inner::{closure#0}
[INFO] [stdout]    6:     0x61f26e195962 - std[617be2ca0a6fd877]::panicking::panic_with_hook
[INFO] [stdout]    7:     0x61f26e1782a2 - std[617be2ca0a6fd877]::panicking::panic_handler::{closure#0}
[INFO] [stdout]    8:     0x61f26e170e69 - std[617be2ca0a6fd877]::sys::backtrace::__rust_end_short_backtrace::<std[617be2ca0a6fd877]::panicking::panic_handler::{closure#0}, !>
[INFO] [stdout]    9:     0x61f26e178ead - __rustc[ea4f61d10b84890b]::rust_begin_unwind
[INFO] [stdout]   10:     0x61f26e1b2e1c - core[a373ad73a504971]::panicking::panic_fmt
[INFO] [stdout]   11:     0x61f26e1b2bf2 - core[a373ad73a504971]::result::unwrap_failed
[INFO] [stdout]   12:     0x61f26e10bceb - volsa2_cli[a003ff39a25d273f]::proto::sample::tests::test_template
[INFO] [stdout]   13:     0x61f26e10c71e - <volsa2_cli[a003ff39a25d273f]::proto::sample::tests::test_sample_11::{closure#0} as core[a373ad73a504971]::ops::function::FnOnce<()>>::call_once
[INFO] [stdout]   14:     0x61f26e10e42b - test[aada8e7e76ba119b]::__rust_begin_short_backtrace::<core[a373ad73a504971]::result::Result<(), alloc[2e1b2a31b91974c5]::string::String>, fn() -> core[a373ad73a504971]::result::Result<(), alloc[2e1b2a31b91974c5]::string::String>>
[INFO] [stdout]   15:     0x61f26e11b605 - test[aada8e7e76ba119b]::run_test::{closure#0}
[INFO] [stdout]   16:     0x61f26e114ef4 - std[617be2ca0a6fd877]::sys::backtrace::__rust_begin_short_backtrace::<test[aada8e7e76ba119b]::run_test::{closure#1}, ()>
[INFO] [stdout]   17:     0x61f26e11e692 - <std[617be2ca0a6fd877]::thread::lifecycle::spawn_unchecked<test[aada8e7e76ba119b]::run_test::{closure#1}, ()>::{closure#1} as core[a373ad73a504971]::ops::function::FnOnce<()>>::call_once::{shim:vtable#0}
[INFO] [stdout]   18:     0x61f26e19caff - <std[617be2ca0a6fd877]::sys::thread::unix::Thread>::new::thread_start
[INFO] [stdout]   19:     0x79d66aabfdfa - <unknown>
[INFO] [stdout]   20:     0x79d66ab533d4 - clone
[INFO] [stdout]   21:                0x0 - <unknown>
[INFO] [stdout] 
[INFO] [stdout] ---- proto::sample::tests::test_sample_4 stdout ----
[INFO] [stdout] 
[INFO] [stdout] thread 'proto::sample::tests::test_sample_4' (1971) panicked at src/proto/sample.rs:291:14:
[INFO] [stdout] called `Result::unwrap()` on an `Err` value: IoError(Os { code: 2, kind: NotFound, message: "No such file or directory" })
[INFO] [stdout] stack backtrace:
[INFO] [stdout]    0:     0x61f26e19d2a1 - <<std[617be2ca0a6fd877]::sys::backtrace::BacktraceLock>::print::DisplayBacktrace as core[a373ad73a504971]::fmt::Display>::fmt
[INFO] [stdout]    1:     0x61f26e1b26ba - core[a373ad73a504971]::fmt::write
[INFO] [stdout]    2:     0x61f26e1a191c - <alloc[2e1b2a31b91974c5]::vec::Vec<u8> as core[a373ad73a504971]::io::write::Write>::write_fmt
[INFO] [stdout]    3:     0x61f26e1781f6 - std[617be2ca0a6fd877]::panicking::default_hook::{closure#0}
[INFO] [stdout]    4:     0x61f26e1957a9 - std[617be2ca0a6fd877]::panicking::default_hook
[INFO] [stdout]    5:     0x61f26e11afe0 - test[aada8e7e76ba119b]::test_main_inner::{closure#0}
[INFO] [stdout]    6:     0x61f26e195962 - std[617be2ca0a6fd877]::panicking::panic_with_hook
[INFO] [stdout]    7:     0x61f26e1782a2 - std[617be2ca0a6fd877]::panicking::panic_handler::{closure#0}
[INFO] [stdout]    8:     0x61f26e170e69 - std[617be2ca0a6fd877]::sys::backtrace::__rust_end_short_backtrace::<std[617be2ca0a6fd877]::panicking::panic_handler::{closure#0}, !>
[INFO] [stdout]    9:     0x61f26e178ead - __rustc[ea4f61d10b84890b]::rust_begin_unwind
[INFO] [stdout]   10:     0x61f26e1b2e1c - core[a373ad73a504971]::panicking::panic_fmt
[INFO] [stdout]   11:     0x61f26e1b2bf2 - core[a373ad73a504971]::result::unwrap_failed
[INFO] [stdout]   12:     0x61f26e10bceb - volsa2_cli[a003ff39a25d273f]::proto::sample::tests::test_template
[INFO] [stdout]   13:     0x61f26e10c63e - <volsa2_cli[a003ff39a25d273f]::proto::sample::tests::test_sample_4::{closure#0} as core[a373ad73a504971]::ops::function::FnOnce<()>>::call_once
[INFO] [stdout]   14:     0x61f26e10e42b - test[aada8e7e76ba119b]::__rust_begin_short_backtrace::<core[a373ad73a504971]::result::Result<(), alloc[2e1b2a31b91974c5]::string::String>, fn() -> core[a373ad73a504971]::result::Result<(), alloc[2e1b2a31b91974c5]::string::String>>
[INFO] [stdout]   15:     0x61f26e11b605 - test[aada8e7e76ba119b]::run_test::{closure#0}
[INFO] [stdout]   16:     0x61f26e114ef4 - std[617be2ca0a6fd877]::sys::backtrace::__rust_begin_short_backtrace::<test[aada8e7e76ba119b]::run_test::{closure#1}, ()>
[INFO] [stdout]   17:     0x61f26e11e692 - <std[617be2ca0a6fd877]::thread::lifecycle::spawn_unchecked<test[aada8e7e76ba119b]::run_test::{closure#1}, ()>::{closure#1} as core[a373ad73a504971]::ops::function::FnOnce<()>>::call_once::{shim:vtable#0}
[INFO] [stdout]   18:     0x61f26e19caff - <std[617be2ca0a6fd877]::sys::thread::unix::Thread>::new::thread_start
[INFO] [stdout]   19:     0x79d66aabfdfa - <unknown>
[INFO] [stdout]   20:     0x79d66ab533d4 - clone
[INFO] [stdout]   21:                0x0 - <unknown>
[INFO] [stdout] 
[INFO] [stdout] ---- proto::sample::tests::test_sample_9 stdout ----
[INFO] [stdout] 
[INFO] [stdout] thread 'proto::sample::tests::test_sample_9' (1976) panicked at src/proto/sample.rs:291:14:
[INFO] [stdout] called `Result::unwrap()` on an `Err` value: IoError(Os { code: 2, kind: NotFound, message: "No such file or directory" })
[INFO] [stdout] stack backtrace:
[INFO] [stdout]    0:     0x61f26e19d2a1 - <<std[617be2ca0a6fd877]::sys::backtrace::BacktraceLock>::print::DisplayBacktrace as core[a373ad73a504971]::fmt::Display>::fmt
[INFO] [stdout]    1:     0x61f26e1b26ba - core[a373ad73a504971]::fmt::write
[INFO] [stdout]    2:     0x61f26e1a191c - <alloc[2e1b2a31b91974c5]::vec::Vec<u8> as core[a373ad73a504971]::io::write::Write>::write_fmt
[INFO] [stdout]    3:     0x61f26e1781f6 - std[617be2ca0a6fd877]::panicking::default_hook::{closure#0}
[INFO] [stdout]    4:     0x61f26e1957a9 - std[617be2ca0a6fd877]::panicking::default_hook
[INFO] [stdout]    5:     0x61f26e11afe0 - test[aada8e7e76ba119b]::test_main_inner::{closure#0}
[INFO] [stdout]    6:     0x61f26e195962 - std[617be2ca0a6fd877]::panicking::panic_with_hook
[INFO] [stdout]    7:     0x61f26e1782a2 - std[617be2ca0a6fd877]::panicking::panic_handler::{closure#0}
[INFO] [stdout]    8:     0x61f26e170e69 - std[617be2ca0a6fd877]::sys::backtrace::__rust_end_short_backtrace::<std[617be2ca0a6fd877]::panicking::panic_handler::{closure#0}, !>
[INFO] [stdout]    9:     0x61f26e178ead - __rustc[ea4f61d10b84890b]::rust_begin_unwind
[INFO] [stdout]   10:     0x61f26e1b2e1c - core[a373ad73a504971]::panicking::panic_fmt
[INFO] [stdout]   11:     0x61f26e1b2bf2 - core[a373ad73a504971]::result::unwrap_failed
[INFO] [stdout]   12:     0x61f26e10bceb - volsa2_cli[a003ff39a25d273f]::proto::sample::tests::test_template
[INFO] [stdout]   13:     0x61f26e10c6de - <volsa2_cli[a003ff39a25d273f]::proto::sample::tests::test_sample_9::{closure#0} as core[a373ad73a504971]::ops::function::FnOnce<()>>::call_once
[INFO] [stdout]   14:     0x61f26e10e42b - test[aada8e7e76ba119b]::__rust_begin_short_backtrace::<core[a373ad73a504971]::result::Result<(), alloc[2e1b2a31b91974c5]::string::String>, fn() -> core[a373ad73a504971]::result::Result<(), alloc[2e1b2a31b91974c5]::string::String>>
[INFO] [stdout]   15:     0x61f26e11b605 - test[aada8e7e76ba119b]::run_test::{closure#0}
[INFO] [stdout]   16:     0x61f26e114ef4 - std[617be2ca0a6fd877]::sys::backtrace::__rust_begin_short_backtrace::<test[aada8e7e76ba119b]::run_test::{closure#1}, ()>
[INFO] [stdout]   17:     0x61f26e11e692 - <std[617be2ca0a6fd877]::thread::lifecycle::spawn_unchecked<test[aada8e7e76ba119b]::run_test::{closure#1}, ()>::{closure#1} as core[a373ad73a504971]::ops::function::FnOnce<()>>::call_once::{shim:vtable#0}
[INFO] [stdout]   18:     0x61f26e19caff - <std[617be2ca0a6fd877]::sys::thread::unix::Thread>::new::thread_start
[INFO] [stdout]   19:     0x79d66aabfdfa - <unknown>
[INFO] [stdout]   20:     0x79d66ab533d4 - clone
[INFO] [stdout]   21:                0x0 - <unknown>
[INFO] [stdout] 
[INFO] [stdout] ---- proto::sample::tests::test_sample_2 stdout ----
[INFO] [stdout] 
[INFO] [stdout] thread 'proto::sample::tests::test_sample_2' (1969) panicked at src/proto/sample.rs:291:14:
[INFO] [stdout] called `Result::unwrap()` on an `Err` value: IoError(Os { code: 2, kind: NotFound, message: "No such file or directory" })
[INFO] [stdout] stack backtrace:
[INFO] [stdout]    0:     0x61f26e19d2a1 - <<std[617be2ca0a6fd877]::sys::backtrace::BacktraceLock>::print::DisplayBacktrace as core[a373ad73a504971]::fmt::Display>::fmt
[INFO] [stdout]    1:     0x61f26e1b26ba - core[a373ad73a504971]::fmt::write
[INFO] [stdout]    2:     0x61f26e1a191c - <alloc[2e1b2a31b91974c5]::vec::Vec<u8> as core[a373ad73a504971]::io::write::Write>::write_fmt
[INFO] [stdout]    3:     0x61f26e1781f6 - std[617be2ca0a6fd877]::panicking::default_hook::{closure#0}
[INFO] [stdout]    4:     0x61f26e1957a9 - std[617be2ca0a6fd877]::panicking::default_hook
[INFO] [stdout]    5:     0x61f26e11afe0 - test[aada8e7e76ba119b]::test_main_inner::{closure#0}
[INFO] [stdout]    6:     0x61f26e195962 - std[617be2ca0a6fd877]::panicking::panic_with_hook
[INFO] [stdout]    7:     0x61f26e1782a2 - std[617be2ca0a6fd877]::panicking::panic_handler::{closure#0}
[INFO] [stdout]    8:     0x61f26e170e69 - std[617be2ca0a6fd877]::sys::backtrace::__rust_end_short_backtrace::<std[617be2ca0a6fd877]::panicking::panic_handler::{closure#0}, !>
[INFO] [stdout]    9:     0x61f26e178ead - __rustc[ea4f61d10b84890b]::rust_begin_unwind
[INFO] [stdout]   10:     0x61f26e1b2e1c - core[a373ad73a504971]::panicking::panic_fmt
[INFO] [stdout]   11:     0x61f26e1b2bf2 - core[a373ad73a504971]::result::unwrap_failed
[INFO] [stdout]   12:     0x61f26e10bceb - volsa2_cli[a003ff39a25d273f]::proto::sample::tests::test_template
[INFO] [stdout]   13:     0x61f26e10c5fe - <volsa2_cli[a003ff39a25d273f]::proto::sample::tests::test_sample_2::{closure#0} as core[a373ad73a504971]::ops::function::FnOnce<()>>::call_once
[INFO] [stdout]   14:     0x61f26e10e42b - test[aada8e7e76ba119b]::__rust_begin_short_backtrace::<core[a373ad73a504971]::result::Result<(), alloc[2e1b2a31b91974c5]::string::String>, fn() -> core[a373ad73a504971]::result::Result<(), alloc[2e1b2a31b91974c5]::string::String>>
[INFO] [stdout]   15:     0x61f26e11b605 - test[aada8e7e76ba119b]::run_test::{closure#0}
[INFO] [stdout]   16:     0x61f26e114ef4 - std[617be2ca0a6fd877]::sys::backtrace::__rust_begin_short_backtrace::<test[aada8e7e76ba119b]::run_test::{closure#1}, ()>
[INFO] [stdout]   17:     0x61f26e11e692 - <std[617be2ca0a6fd877]::thread::lifecycle::spawn_unchecked<test[aada8e7e76ba119b]::run_test::{closure#1}, ()>::{closure#1} as core[a373ad73a504971]::ops::function::FnOnce<()>>::call_once::{shim:vtable#0}
[INFO] [stdout]   18:     0x61f26e19caff - <std[617be2ca0a6fd877]::sys::thread::unix::Thread>::new::thread_start
[INFO] [stdout]   19:     0x79d66aabfdfa - <unknown>
[INFO] [stdout]   20:     0x79d66ab533d4 - clone
[INFO] [stdout]   21:                0x0 - <unknown>
[INFO] [stdout] 
[INFO] [stdout] ---- proto::sample::tests::test_sample_7 stdout ----
[INFO] [stdout] 
[INFO] [stdout] thread 'proto::sample::tests::test_sample_7' (1974) panicked at src/proto/sample.rs:291:14:
[INFO] [stdout] called `Result::unwrap()` on an `Err` value: IoError(Os { code: 2, kind: NotFound, message: "No such file or directory" })
[INFO] [stdout] stack backtrace:
[INFO] [stdout]    0:     0x61f26e19d2a1 - <<std[617be2ca0a6fd877]::sys::backtrace::BacktraceLock>::print::DisplayBacktrace as core[a373ad73a504971]::fmt::Display>::fmt
[INFO] [stdout]    1:     0x61f26e1b26ba - core[a373ad73a504971]::fmt::write
[INFO] [stdout]    2:     0x61f26e1a191c - <alloc[2e1b2a31b91974c5]::vec::Vec<u8> as core[a373ad73a504971]::io::write::Write>::write_fmt
[INFO] [stdout]    3:     0x61f26e1781f6 - std[617be2ca0a6fd877]::panicking::default_hook::{closure#0}
[INFO] [stdout]    4:     0x61f26e1957a9 - std[617be2ca0a6fd877]::panicking::default_hook
[INFO] [stdout]    5:     0x61f26e11afe0 - test[aada8e7e76ba119b]::test_main_inner::{closure#0}
[INFO] [stdout]    6:     0x61f26e195962 - std[617be2ca0a6fd877]::panicking::panic_with_hook
[INFO] [stdout]    7:     0x61f26e1782a2 - std[617be2ca0a6fd877]::panicking::panic_handler::{closure#0}
[INFO] [stdout]    8:     0x61f26e170e69 - std[617be2ca0a6fd877]::sys::backtrace::__rust_end_short_backtrace::<std[617be2ca0a6fd877]::panicking::panic_handler::{closure#0}, !>
[INFO] [stdout]    9:     0x61f26e178ead - __rustc[ea4f61d10b84890b]::rust_begin_unwind
[INFO] [stdout]   10:     0x61f26e1b2e1c - core[a373ad73a504971]::panicking::panic_fmt
[INFO] [stdout]   11:     0x61f26e1b2bf2 - core[a373ad73a504971]::result::unwrap_failed
[INFO] [stdout]   12:     0x61f26e10bceb - volsa2_cli[a003ff39a25d273f]::proto::sample::tests::test_template
[INFO] [stdout]   13:     0x61f26e10c69e - <volsa2_cli[a003ff39a25d273f]::proto::sample::tests::test_sample_7::{closure#0} as core[a373ad73a504971]::ops::function::FnOnce<()>>::call_once
[INFO] [stdout]   14:     0x61f26e10e42b - test[aada8e7e76ba119b]::__rust_begin_short_backtrace::<core[a373ad73a504971]::result::Result<(), alloc[2e1b2a31b91974c5]::string::String>, fn() -> core[a373ad73a504971]::result::Result<(), alloc[2e1b2a31b91974c5]::string::String>>
[INFO] [stdout]   15:     0x61f26e11b605 - test[aada8e7e76ba119b]::run_test::{closure#0}
[INFO] [stdout]   16:     0x61f26e114ef4 - std[617be2ca0a6fd877]::sys::backtrace::__rust_begin_short_backtrace::<test[aada8e7e76ba119b]::run_test::{closure#1}, ()>
[INFO] [stdout]   17:     0x61f26e11e692 - <std[617be2ca0a6fd877]::thread::lifecycle::spawn_unchecked<test[aada8e7e76ba119b]::run_test::{closure#1}, ()>::{closure#1} as core[a373ad73a504971]::ops::function::FnOnce<()>>::call_once::{shim:vtable#0}
[INFO] [stdout]   18:     0x61f26e19caff - <std[617be2ca0a6fd877]::sys::thread::unix::Thread>::new::thread_start
[INFO] [stdout]   19:     0x79d66aabfdfa - <unknown>
[INFO] [stdout]   20:     0x79d66ab533d4 - clone
[INFO] [stdout]   21:                0x0 - <unknown>
[INFO] [stdout] 
[INFO] [stdout] 
[INFO] [stdout] failures:
[INFO] [stdout]     proto::sample::tests::test_sample_1
[INFO] [stdout]     proto::sample::tests::test_sample_10
[INFO] [stdout]     proto::sample::tests::test_sample_11
[INFO] [stdout]     proto::sample::tests::test_sample_12
[INFO] [stdout]     proto::sample::tests::test_sample_13
[INFO] [stdout]     proto::sample::tests::test_sample_14
[INFO] [stdout]     proto::sample::tests::test_sample_2
[INFO] [stdout]     proto::sample::tests::test_sample_3
[INFO] [stdout]     proto::sample::tests::test_sample_4
[INFO] [stdout]     proto::sample::tests::test_sample_5
[INFO] [stdout]     proto::sample::tests::test_sample_6
[INFO] [stdout]     proto::sample::tests::test_sample_7
[INFO] [stdout]     proto::sample::tests::test_sample_8
[INFO] [stdout]     proto::sample::tests::test_sample_9
[INFO] [stdout] 
[INFO] [stdout] test result: FAILED. 7 passed; 14 failed; 0 ignored; 0 measured; 0 filtered out; finished in 1.66s
[INFO] [stdout] 
[INFO] running `Command { std: "docker" "inspect" "7fcc30708a67902719eb6164cca2a6846e92d2cf73c9b81cedd41d43dbf51140", kill_on_drop: false }`
[INFO] running `Command { std: "docker" "rm" "-f" "7fcc30708a67902719eb6164cca2a6846e92d2cf73c9b81cedd41d43dbf51140", kill_on_drop: false }`
[INFO] [stdout] 7fcc30708a67902719eb6164cca2a6846e92d2cf73c9b81cedd41d43dbf51140
