[INFO] fetching crate vollerei 0.1.7...
[INFO] testing vollerei-0.1.7 against 1.99.0-beta.8+cargoflags=--release for beta-release-1.100-2
[INFO] extracting crate vollerei 0.1.7 into /workspace/builds/worker-1-tc1/source
[INFO] started tweaking crates.io crate vollerei 0.1.7
[INFO] finished tweaking crates.io crate vollerei 0.1.7
[INFO] tweaked toml for crates.io crate vollerei 0.1.7 written to /workspace/builds/worker-1-tc1/source/Cargo.toml
[INFO] validating manifest of crates.io crate vollerei 0.1.7 on toolchain 1.99.0-beta.8
[INFO] running `Command { std: CARGO_HOME="/workspace/cargo-home" RUSTUP_HOME="/workspace/rustup-home" "/workspace/cargo-home/bin/cargo" "+1.99.0-beta.8" "metadata" "--manifest-path" "Cargo.toml" "--no-deps", kill_on_drop: false }`
[INFO] crate crates.io crate vollerei 0.1.7 already has a lockfile, it will not be regenerated
[INFO] running `Command { std: CARGO_HOME="/workspace/cargo-home" RUSTUP_HOME="/workspace/rustup-home" "/workspace/cargo-home/bin/cargo" "+1.99.0-beta.8" "fetch" "--manifest-path" "Cargo.toml", kill_on_drop: false }`
[INFO] [stderr] warning: Cargo.toml: only one of `license` or `license-file` is necessary
[INFO] [stderr] `license` should be used if the package license can be expressed with a standard SPDX expression.
[INFO] [stderr] `license-file` should be used if the package uses a non-standard license.
[INFO] [stderr] See https://doc.rust-lang.org/cargo/reference/manifest.html#the-license-and-license-file-fields for more information.
[INFO] [stderr] warning: `vollerei` (manifest) generated 1 warning
[INFO] [stderr]  Downloading crates ...
[INFO] [stderr]   Downloaded quote v1.0.27
[INFO] [stderr]   Downloaded iana-time-zone v0.1.56
[INFO] [stderr]   Downloaded proc-macro2 v1.0.58
[INFO] [stderr]   Downloaded syn v2.0.16
[INFO] [stderr]   Downloaded chrono v0.4.24
[INFO] [stderr]   Downloaded libc v0.2.144
[INFO] running `Command { std: "docker" "create" "-v" "/var/lib/crater-agent-workspace/builds/worker-1-tc1/source:/opt/rustwide/workdir:ro,Z" "-v" "/var/lib/crater-agent-workspace/builds/worker-1-tc1/target:/opt/rustwide/target:rw,Z" "-v" "/var/lib/crater-agent-workspace/cargo-home:/opt/rustwide/cargo-home:ro,Z" "-v" "/var/lib/crater-agent-workspace/rustup-home:/opt/rustwide/rustup-home:ro,Z" "-m" "1610612736" "--network" "none" "ghcr.io/rust-lang/crates-build-env/linux@sha256:77db811e55d90add9212f6832c23229e3de5f1c1f9905e8cb07319ea15df73ac" "sleep" "infinity", kill_on_drop: false }`
[INFO] [stdout] 1b550915900fb5ae3d0f012df86a662760db1fc5dc28805b5b1258bc3d305c11
[INFO] running `Command { std: "docker" "start" "1b550915900fb5ae3d0f012df86a662760db1fc5dc28805b5b1258bc3d305c11", kill_on_drop: false }`
[INFO] running `Command { std: "docker" "inspect" "1b550915900fb5ae3d0f012df86a662760db1fc5dc28805b5b1258bc3d305c11", kill_on_drop: false }`
[INFO] running `Command { std: "docker" "exec" "-e" "SOURCE_DIR=/opt/rustwide/workdir" "-e" "CARGO_HOME=/opt/rustwide/cargo-home" "-e" "RUSTUP_HOME=/opt/rustwide/rustup-home" "-e" "CARGO_TARGET_DIR=/opt/rustwide/target" "-w" "/opt/rustwide/workdir" "--user" "0:0" "1b550915900fb5ae3d0f012df86a662760db1fc5dc28805b5b1258bc3d305c11" "/opt/rustwide/cargo-home/bin/cargo" "+1.99.0-beta.8" "metadata" "--no-deps" "--format-version=1", kill_on_drop: false }`
[INFO] running `Command { std: "docker" "inspect" "1b550915900fb5ae3d0f012df86a662760db1fc5dc28805b5b1258bc3d305c11", kill_on_drop: false }`
[INFO] running `Command { std: "docker" "exec" "-e" "SOURCE_DIR=/opt/rustwide/workdir" "-e" "CARGO_HOME=/opt/rustwide/cargo-home" "-e" "RUSTUP_HOME=/opt/rustwide/rustup-home" "-e" "CARGO_TARGET_DIR=/opt/rustwide/target" "-e" "CARGO_INCREMENTAL=0" "-e" "RUST_BACKTRACE=full" "-e" "RUSTFLAGS=--cap-lints=warn" "-e" "RUSTDOCFLAGS=--cap-lints=warn" "-w" "/opt/rustwide/workdir" "--user" "0:0" "1b550915900fb5ae3d0f012df86a662760db1fc5dc28805b5b1258bc3d305c11" "/opt/rustwide/cargo-home/bin/cargo" "+1.99.0-beta.8" "build" "--frozen" "--message-format=json" "--release", kill_on_drop: false }`
[INFO] [stderr] warning: Cargo.toml: only one of `license` or `license-file` is necessary
[INFO] [stderr] `license` should be used if the package license can be expressed with a standard SPDX expression.
[INFO] [stderr] `license-file` should be used if the package uses a non-standard license.
[INFO] [stderr] See https://doc.rust-lang.org/cargo/reference/manifest.html#the-license-and-license-file-fields for more information.
[INFO] [stderr] warning: `vollerei` (manifest) generated 1 warning
[INFO] [stderr]    Compiling num-traits v0.2.15
[INFO] [stderr]    Compiling libc v0.2.144
[INFO] [stderr]    Compiling num-integer v0.1.45
[INFO] [stderr]    Compiling iana-time-zone v0.1.56
[INFO] [stderr]    Compiling time v0.1.45
[INFO] [stderr]    Compiling chrono v0.4.24
[INFO] [stderr]    Compiling vollerei v0.1.7 (/opt/rustwide/workdir)
[INFO] [stderr]     Finished `release` profile [optimized] target(s) in 6.63s
[INFO] running `Command { std: "docker" "inspect" "1b550915900fb5ae3d0f012df86a662760db1fc5dc28805b5b1258bc3d305c11", kill_on_drop: false }`
[INFO] running `Command { std: "docker" "exec" "-e" "SOURCE_DIR=/opt/rustwide/workdir" "-e" "CARGO_HOME=/opt/rustwide/cargo-home" "-e" "RUSTUP_HOME=/opt/rustwide/rustup-home" "-e" "CARGO_TARGET_DIR=/opt/rustwide/target" "-e" "CARGO_INCREMENTAL=0" "-e" "RUST_BACKTRACE=full" "-e" "RUSTFLAGS=--cap-lints=warn" "-e" "RUSTDOCFLAGS=--cap-lints=warn" "-w" "/opt/rustwide/workdir" "--user" "0:0" "1b550915900fb5ae3d0f012df86a662760db1fc5dc28805b5b1258bc3d305c11" "/opt/rustwide/cargo-home/bin/cargo" "+1.99.0-beta.8" "test" "--frozen" "--no-run" "--message-format=json" "--release", kill_on_drop: false }`
[INFO] [stderr] warning: Cargo.toml: only one of `license` or `license-file` is necessary
[INFO] [stderr] `license` should be used if the package license can be expressed with a standard SPDX expression.
[INFO] [stderr] `license-file` should be used if the package uses a non-standard license.
[INFO] [stderr] See https://doc.rust-lang.org/cargo/reference/manifest.html#the-license-and-license-file-fields for more information.
[INFO] [stderr] warning: `vollerei` (manifest) generated 1 warning
[INFO] [stderr]    Compiling vollerei v0.1.7 (/opt/rustwide/workdir)
[INFO] [stderr]     Finished `release` profile [optimized] target(s) in 0.46s
[INFO] running `Command { std: "docker" "inspect" "1b550915900fb5ae3d0f012df86a662760db1fc5dc28805b5b1258bc3d305c11", kill_on_drop: false }`
[INFO] running `Command { std: "docker" "exec" "-e" "SOURCE_DIR=/opt/rustwide/workdir" "-e" "CARGO_HOME=/opt/rustwide/cargo-home" "-e" "RUSTUP_HOME=/opt/rustwide/rustup-home" "-e" "CARGO_TARGET_DIR=/opt/rustwide/target" "-e" "CARGO_INCREMENTAL=0" "-e" "RUST_BACKTRACE=full" "-e" "RUSTFLAGS=--cap-lints=warn" "-e" "RUSTDOCFLAGS=--cap-lints=warn" "-w" "/opt/rustwide/workdir" "--user" "0:0" "1b550915900fb5ae3d0f012df86a662760db1fc5dc28805b5b1258bc3d305c11" "/opt/rustwide/cargo-home/bin/cargo" "+1.99.0-beta.8" "test" "--frozen" "--release", kill_on_drop: false }`
[INFO] [stderr] warning: Cargo.toml: only one of `license` or `license-file` is necessary
[INFO] [stderr] `license` should be used if the package license can be expressed with a standard SPDX expression.
[INFO] [stderr] `license-file` should be used if the package uses a non-standard license.
[INFO] [stderr] See https://doc.rust-lang.org/cargo/reference/manifest.html#the-license-and-license-file-fields for more information.
[INFO] [stderr] warning: `vollerei` (manifest) generated 1 warning
[INFO] [stderr]     Finished `release` profile [optimized] target(s) in 0.04s
[INFO] [stderr]      Running unittests src/lib.rs (/opt/rustwide/target/release/deps/vollerei-16e8de5e54530b22)
[INFO] [stderr]    Doc-tests vollerei
[INFO] [stdout] 
[INFO] [stdout] running 0 tests
[INFO] [stdout] 
[INFO] [stdout] test result: ok. 0 passed; 0 failed; 0 ignored; 0 measured; 0 filtered out; finished in 0.00s
[INFO] [stdout] 
[INFO] [stdout] 
[INFO] [stdout] running 6 tests
[INFO] [stdout] test src/logger.rs - logger::Logger (line 18) ... FAILED
[INFO] [stdout] test src/logger.rs - logger::Logger::debug (line 80) ... FAILED
[INFO] [stdout] test src/logger.rs - logger::Logger::critical (line 172) ... FAILED
[INFO] [stdout] test src/logger.rs - logger::Logger::error (line 149) ... FAILED
[INFO] [stdout] test src/logger.rs - logger::Logger::warn (line 125) ... FAILED
[INFO] [stdout] test src/logger.rs - logger::Logger::info (line 102) ... FAILED
[INFO] [stdout] 
[INFO] [stdout] failures:
[INFO] [stdout] 
[INFO] [stdout] ---- src/logger.rs - logger::Logger (line 18) stdout ----
[INFO] [stdout] error[E0433]: cannot find type `Logger` in this scope
[INFO] [stdout]   --> src/logger.rs:19:14
[INFO] [stdout]    |
[INFO] [stdout] 19 | let logger = Logger::new();
[INFO] [stdout]    |              ^^^^^^ use of undeclared type `Logger`
[INFO] [stdout] 
[INFO] [stdout] error: aborting due to 1 previous error
[INFO] [stdout] 
[INFO] [stdout] For more information about this error, try `rustc --explain E0433`.
[INFO] [stdout] Couldn't compile the test.
[INFO] [stdout] ---- src/logger.rs - logger::Logger::debug (line 80) stdout ----
[INFO] [stdout] error[E0433]: cannot find type `Logger` in this scope
[INFO] [stdout]   --> src/logger.rs:81:14
[INFO] [stdout]    |
[INFO] [stdout] 81 | let logger = Logger::new();
[INFO] [stdout]    |              ^^^^^^ use of undeclared type `Logger`
[INFO] [stdout] 
[INFO] [stdout] error: aborting due to 1 previous error
[INFO] [stdout] 
[INFO] [stdout] For more information about this error, try `rustc --explain E0433`.
[INFO] [stdout] Couldn't compile the test.
[INFO] [stdout] ---- src/logger.rs - logger::Logger::critical (line 172) stdout ----
[INFO] [stdout] error[E0433]: cannot find type `Logger` in this scope
[INFO] [stdout]    --> src/logger.rs:173:14
[INFO] [stdout]     |
[INFO] [stdout] 173 | let logger = Logger::new();
[INFO] [stdout]     |              ^^^^^^ use of undeclared type `Logger`
[INFO] [stdout] 
[INFO] [stdout] error: aborting due to 1 previous error
[INFO] [stdout] 
[INFO] [stdout] For more information about this error, try `rustc --explain E0433`.
[INFO] [stdout] Couldn't compile the test.
[INFO] [stdout] ---- src/logger.rs - logger::Logger::error (line 149) stdout ----
[INFO] [stdout] error[E0433]: cannot find type `Logger` in this scope
[INFO] [stdout]    --> src/logger.rs:150:14
[INFO] [stdout]     |
[INFO] [stdout] 150 | let logger = Logger::new();
[INFO] [stdout]     |              ^^^^^^ use of undeclared type `Logger`
[INFO] [stdout] 
[INFO] [stdout] error: aborting due to 1 previous error
[INFO] [stdout] 
[INFO] [stdout] For more information about this error, try `rustc --explain E0433`.
[INFO] [stdout] Couldn't compile the test.
[INFO] [stdout] ---- src/logger.rs - logger::Logger::warn (line 125) stdout ----
[INFO] [stdout] error[E0433]: cannot find type `Logger` in this scope
[INFO] [stdout]    --> src/logger.rs:126:14
[INFO] [stdout]     |
[INFO] [stdout] 126 | let logger = Logger::new();
[INFO] [stdout]     |              ^^^^^^ use of undeclared type `Logger`
[INFO] [stdout] 
[INFO] [stdout] error: aborting due to 1 previous error
[INFO] [stdout] 
[INFO] [stdout] For more information about this error, try `rustc --explain E0433`.
[INFO] [stdout] Couldn't compile the test.
[INFO] [stdout] ---- src/logger.rs - logger::Logger::info (line 102) stdout ----
[INFO] [stdout] error[E0433]: cannot find type `Logger` in this scope
[INFO] [stdout]    --> src/logger.rs:103:14
[INFO] [stdout]     |
[INFO] [stdout] 103 | let logger = Logger::new();
[INFO] [stdout]     |              ^^^^^^ use of undeclared type `Logger`
[INFO] [stdout] 
[INFO] [stdout] error: aborting due to 1 previous error
[INFO] [stdout] 
[INFO] [stdout] For more information about this error, try `rustc --explain E0433`.
[INFO] [stdout] Couldn't compile the test.
[INFO] [stdout] 
[INFO] [stdout] failures:
[INFO] [stdout]     src/logger.rs - logger::Logger (line 18)
[INFO] [stdout]     src/logger.rs - logger::Logger::critical (line 172)
[INFO] [stdout]     src/logger.rs - logger::Logger::debug (line 80)
[INFO] [stdout]     src/logger.rs - logger::Logger::error (line 149)
[INFO] [stdout]     src/logger.rs - logger::Logger::info (line 102)
[INFO] [stdout]     src/logger.rs - logger::Logger::warn (line 125)
[INFO] [stdout] 
[INFO] [stdout] test result: FAILED. 0 passed; 6 failed; 0 ignored; 0 measured; 0 filtered out; finished in 0.33s
[INFO] [stdout] 
[INFO] [stderr] error: doctest failed, to rerun pass `--doc`
[INFO] running `Command { std: "docker" "inspect" "1b550915900fb5ae3d0f012df86a662760db1fc5dc28805b5b1258bc3d305c11", kill_on_drop: false }`
[INFO] running `Command { std: "docker" "rm" "-f" "1b550915900fb5ae3d0f012df86a662760db1fc5dc28805b5b1258bc3d305c11", kill_on_drop: false }`
[INFO] [stdout] 1b550915900fb5ae3d0f012df86a662760db1fc5dc28805b5b1258bc3d305c11
