[INFO] fetching crate volga 0.13.3...
[INFO] testing volga-0.13.3 against 1.99.0-beta.8+cargoflags=--release for beta-release-1.100-2
[INFO] extracting crate volga 0.13.3 into /workspace/builds/worker-0-tc1/source
[INFO] started tweaking crates.io crate volga 0.13.3
[INFO] removed 0 missing tests
[INFO] finished tweaking crates.io crate volga 0.13.3
[INFO] tweaked toml for crates.io crate volga 0.13.3 written to /workspace/builds/worker-0-tc1/source/Cargo.toml
[INFO] validating manifest of crates.io crate volga 0.13.3 on toolchain 1.99.0-beta.8
[INFO] running `Command { std: CARGO_HOME="/workspace/cargo-home" RUSTUP_HOME="/workspace/rustup-home" "/workspace/cargo-home/bin/cargo" "+1.99.0-beta.8" "metadata" "--manifest-path" "Cargo.toml" "--no-deps", kill_on_drop: false }`
[INFO] crate crates.io crate volga 0.13.3 already has a lockfile, it will not be regenerated
[INFO] running `Command { std: CARGO_HOME="/workspace/cargo-home" RUSTUP_HOME="/workspace/rustup-home" "/workspace/cargo-home/bin/cargo" "+1.99.0-beta.8" "fetch" "--manifest-path" "Cargo.toml", kill_on_drop: false }`
[INFO] [stderr]     Updating crates.io index
[INFO] [stderr]  Downloading crates ...
[INFO] [stderr]   Downloaded volga-open-api v0.13.3
[INFO] [stderr]   Downloaded bitflags v2.12.1
[INFO] [stderr]   Downloaded volga-rate-limiter v0.13.3
[INFO] [stderr]   Downloaded volga-dev-cert v0.13.3
[INFO] [stderr]   Downloaded volga-oauth-core v0.13.3
[INFO] [stderr]   Downloaded volga-oauth-client v0.13.3
[INFO] [stderr]   Downloaded volga-macros v0.13.3
[INFO] [stderr]   Downloaded tokio-tungstenite v0.30.0
[INFO] [stderr]   Downloaded volga-di v0.13.3
[INFO] [stderr]   Downloaded yasna v0.6.0
[INFO] [stderr]   Downloaded rcgen v0.14.10
[INFO] [stderr]   Downloaded log v0.4.31
[INFO] [stderr]   Downloaded compression-codecs v0.4.45
[INFO] [stderr]   Downloaded tungstenite v0.30.0
[INFO] [stderr]   Downloaded jsonwebtoken v11.1.0
[INFO] [stderr]   Downloaded async-compression v0.4.50
[INFO] [stderr]   Downloaded hyper v1.12.0
[INFO] [stderr]   Downloaded aws-lc-rs v1.18.2
[INFO] [stderr]   Downloaded webpki-roots v1.0.8
[INFO] [stderr]   Downloaded quinn-proto v0.11.19
[INFO] [stderr]   Downloaded aws-lc-sys v0.46.0
[INFO] running `Command { std: "docker" "create" "-v" "/var/lib/crater-agent-workspace/builds/worker-0-tc1/source:/opt/rustwide/workdir:ro,Z" "-v" "/var/lib/crater-agent-workspace/builds/worker-0-tc1/target:/opt/rustwide/target:rw,Z" "-v" "/var/lib/crater-agent-workspace/cargo-home:/opt/rustwide/cargo-home:ro,Z" "-v" "/var/lib/crater-agent-workspace/rustup-home:/opt/rustwide/rustup-home:ro,Z" "-m" "1610612736" "--network" "none" "ghcr.io/rust-lang/crates-build-env/linux@sha256:77db811e55d90add9212f6832c23229e3de5f1c1f9905e8cb07319ea15df73ac" "sleep" "infinity", kill_on_drop: false }`
[INFO] [stdout] 90c878826d83e5f193e79ab6c027ce50ee2ddc1780ffebba3aea7b3a020d8469
[INFO] running `Command { std: "docker" "start" "90c878826d83e5f193e79ab6c027ce50ee2ddc1780ffebba3aea7b3a020d8469", kill_on_drop: false }`
[INFO] running `Command { std: "docker" "inspect" "90c878826d83e5f193e79ab6c027ce50ee2ddc1780ffebba3aea7b3a020d8469", kill_on_drop: false }`
[INFO] running `Command { std: "docker" "exec" "-e" "SOURCE_DIR=/opt/rustwide/workdir" "-e" "CARGO_HOME=/opt/rustwide/cargo-home" "-e" "RUSTUP_HOME=/opt/rustwide/rustup-home" "-e" "CARGO_TARGET_DIR=/opt/rustwide/target" "-w" "/opt/rustwide/workdir" "--user" "0:0" "90c878826d83e5f193e79ab6c027ce50ee2ddc1780ffebba3aea7b3a020d8469" "/opt/rustwide/cargo-home/bin/cargo" "+1.99.0-beta.8" "metadata" "--no-deps" "--format-version=1", kill_on_drop: false }`
[INFO] running `Command { std: "docker" "inspect" "90c878826d83e5f193e79ab6c027ce50ee2ddc1780ffebba3aea7b3a020d8469", kill_on_drop: false }`
[INFO] running `Command { std: "docker" "exec" "-e" "SOURCE_DIR=/opt/rustwide/workdir" "-e" "CARGO_HOME=/opt/rustwide/cargo-home" "-e" "RUSTUP_HOME=/opt/rustwide/rustup-home" "-e" "CARGO_TARGET_DIR=/opt/rustwide/target" "-e" "CARGO_INCREMENTAL=0" "-e" "RUST_BACKTRACE=full" "-e" "RUSTFLAGS=--cap-lints=warn" "-e" "RUSTDOCFLAGS=--cap-lints=warn" "-w" "/opt/rustwide/workdir" "--user" "0:0" "90c878826d83e5f193e79ab6c027ce50ee2ddc1780ffebba3aea7b3a020d8469" "/opt/rustwide/cargo-home/bin/cargo" "+1.99.0-beta.8" "build" "--frozen" "--message-format=json" "--release", kill_on_drop: false }`
[INFO] [stderr]    Compiling syn v2.0.118
[INFO] [stderr]    Compiling errno v0.3.14
[INFO] [stderr]    Compiling mio v1.2.1
[INFO] [stderr]    Compiling socket2 v0.6.4
[INFO] [stderr]    Compiling futures-sink v0.3.34
[INFO] [stderr]    Compiling unicase v2.9.0
[INFO] [stderr]    Compiling serde v1.0.229
[INFO] [stderr]    Compiling futures-channel v0.3.32
[INFO] [stderr]    Compiling http-body v1.0.1
[INFO] [stderr]    Compiling percent-encoding v2.3.2
[INFO] [stderr]    Compiling httpdate v1.0.3
[INFO] [stderr]    Compiling mime v0.3.17
[INFO] [stderr]    Compiling futures-task v0.3.34
[INFO] [stderr]    Compiling serde_json v1.0.154
[INFO] [stderr]    Compiling futures-util v0.3.34
[INFO] [stderr]    Compiling signal-hook-registry v1.4.8
[INFO] [stderr]    Compiling http-body-util v0.1.5
[INFO] [stderr]    Compiling mime_guess v2.0.5
[INFO] [stderr]    Compiling form_urlencoded v1.2.2
[INFO] [stderr]    Compiling serde_urlencoded v0.7.1
[INFO] [stderr]    Compiling tokio-macros v2.7.0
[INFO] [stderr]    Compiling async-stream-impl v0.3.6
[INFO] [stderr]    Compiling async-stream v0.3.6
[INFO] [stderr]    Compiling tokio v1.53.3
[INFO] [stderr]    Compiling tokio-util v0.7.20
[INFO] [stderr]    Compiling h2 v0.4.19
[INFO] [stderr]    Compiling hyper v1.12.0
[INFO] [stderr]    Compiling hyper-util v0.1.21
[INFO] [stderr]    Compiling volga v0.13.3 (/opt/rustwide/workdir)
[INFO] [stderr]     Finished `release` profile [optimized] target(s) in 35.73s
[INFO] running `Command { std: "docker" "inspect" "90c878826d83e5f193e79ab6c027ce50ee2ddc1780ffebba3aea7b3a020d8469", kill_on_drop: false }`
[INFO] running `Command { std: "docker" "exec" "-e" "SOURCE_DIR=/opt/rustwide/workdir" "-e" "CARGO_HOME=/opt/rustwide/cargo-home" "-e" "RUSTUP_HOME=/opt/rustwide/rustup-home" "-e" "CARGO_TARGET_DIR=/opt/rustwide/target" "-e" "CARGO_INCREMENTAL=0" "-e" "RUST_BACKTRACE=full" "-e" "RUSTFLAGS=--cap-lints=warn" "-e" "RUSTDOCFLAGS=--cap-lints=warn" "-w" "/opt/rustwide/workdir" "--user" "0:0" "90c878826d83e5f193e79ab6c027ce50ee2ddc1780ffebba3aea7b3a020d8469" "/opt/rustwide/cargo-home/bin/cargo" "+1.99.0-beta.8" "test" "--frozen" "--no-run" "--message-format=json" "--release", kill_on_drop: false }`
[INFO] [stderr]    Compiling syn v2.0.118
[INFO] [stderr]    Compiling libc v0.2.186
[INFO] [stderr]    Compiling aws-lc-rs v1.18.2
[INFO] [stderr]    Compiling syn v3.0.9
[INFO] [stderr]    Compiling litemap v0.8.2
[INFO] [stderr]    Compiling writeable v0.6.3
[INFO] [stderr]    Compiling icu_normalizer_data v2.2.0
[INFO] [stderr]    Compiling icu_properties_data v2.2.0
[INFO] [stderr]    Compiling num-traits v0.2.19
[INFO] [stderr]    Compiling tracing v0.1.44
[INFO] [stderr]    Compiling rustls v0.23.45
[INFO] [stderr]    Compiling serde_json v1.0.154
[INFO] [stderr]    Compiling want v0.3.2
[INFO] [stderr]    Compiling crossbeam-epoch v0.9.20
[INFO] [stderr]    Compiling regex-automata v0.4.14
[INFO] [stderr]    Compiling bitflags v2.12.1
[INFO] [stderr]    Compiling time-core v0.1.8
[INFO] [stderr]    Compiling log v0.4.31
[INFO] [stderr]    Compiling ipnet v2.12.0
[INFO] [stderr]    Compiling base64 v0.23.1
[INFO] [stderr]    Compiling time-macros v0.2.27
[INFO] [stderr]    Compiling sync_wrapper v1.0.2
[INFO] [stderr]    Compiling winnow v1.0.3
[INFO] [stderr]    Compiling target-tuple v1.0.2
[INFO] [stderr]    Compiling toml_datetime v1.1.1+spec-1.1.0
[INFO] [stderr]    Compiling serde_spanned v1.1.1
[INFO] [stderr]    Compiling toml_writer v1.1.1+spec-1.1.0
[INFO] [stderr]    Compiling crossbeam-deque v0.8.6
[INFO] [stderr]    Compiling lazy_static v1.5.0
[INFO] [stderr]    Compiling rustix v1.1.4
[INFO] [stderr]    Compiling sharded-slab v0.1.7
[INFO] [stderr]    Compiling pem v3.0.6
[INFO] [stderr]    Compiling tracing-log v0.2.0
[INFO] [stderr]    Compiling rayon-core v1.13.0
[INFO] [stderr]    Compiling encoding_rs v0.8.35
[INFO] [stderr]    Compiling toml_parser v1.1.2+spec-1.1.0
[INFO] [stderr]    Compiling thread_local v1.1.9
[INFO] [stderr]    Compiling time v0.3.47
[INFO] [stderr]    Compiling glob v0.3.4
[INFO] [stderr]    Compiling signature v2.2.0
[INFO] [stderr]    Compiling jobserver v0.1.34
[INFO] [stderr]    Compiling uuid v1.28.0
[INFO] [stderr]    Compiling num-integer v0.1.46
[INFO] [stderr]    Compiling cc v1.2.63
[INFO] [stderr]    Compiling rayon v1.12.0
[INFO] [stderr]    Compiling num-bigint v0.4.6
[INFO] [stderr]    Compiling plotters v0.3.7
[INFO] [stderr]    Compiling toml v1.1.2+spec-1.1.0
[INFO] [stderr]    Compiling tempfile v3.27.0
[INFO] [stderr]    Compiling cmake v0.1.58
[INFO] [stderr]    Compiling aws-lc-sys v0.46.0
[INFO] [stderr]    Compiling alloca v0.4.0
[INFO] [stderr]    Compiling serde_derive v1.0.229
[INFO] [stderr]    Compiling synstructure v0.13.2
[INFO] [stderr]    Compiling regex v1.12.3
[INFO] [stderr]    Compiling matchers v0.2.0
[INFO] [stderr]    Compiling tracing-subscriber v0.3.23
[INFO] [stderr]    Compiling zerofrom-derive v0.1.7
[INFO] [stderr]    Compiling yoke-derive v0.8.2
[INFO] [stderr]    Compiling zerovec-derive v0.11.3
[INFO] [stderr]    Compiling displaydoc v0.2.6
[INFO] [stderr]    Compiling tokio-macros v2.7.0
[INFO] [stderr]    Compiling zeroize_derive v1.4.3
[INFO] [stderr]    Compiling zerocopy-derive v0.8.50
[INFO] [stderr]    Compiling thiserror-impl v2.0.18
[INFO] [stderr]    Compiling async-stream-impl v0.3.6
[INFO] [stderr]    Compiling async-stream v0.3.6
[INFO] [stderr]    Compiling zeroize v1.8.2
[INFO] [stderr]    Compiling tokio v1.53.3
[INFO] [stderr]    Compiling rustls-pki-types v1.14.1
[INFO] [stderr]    Compiling serde v1.0.229
[INFO] [stderr]    Compiling zerofrom v0.1.8
[INFO] [stderr]    Compiling yoke v0.8.2
[INFO] [stderr]    Compiling zerocopy v0.8.50
[INFO] [stderr]    Compiling rustls-native-certs v0.8.4
[INFO] [stderr]    Compiling zerovec v0.11.6
[INFO] [stderr]    Compiling zerotrie v0.2.4
[INFO] [stderr]    Compiling tinytemplate v1.2.1
[INFO] [stderr]    Compiling serde_urlencoded v0.7.1
[INFO] [stderr]    Compiling trybuild v1.0.122
[INFO] [stderr]    Compiling thiserror v2.0.18
[INFO] [stderr]    Compiling simple_asn1 v0.6.4
[INFO] [stderr]    Compiling tinystr v0.8.3
[INFO] [stderr]    Compiling potential_utf v0.1.5
[INFO] [stderr]    Compiling icu_collections v2.2.0
[INFO] [stderr]    Compiling icu_locale_core v2.2.0
[INFO] [stderr]    Compiling icu_provider v2.2.0
[INFO] [stderr]    Compiling icu_normalizer v2.2.0
[INFO] [stderr]    Compiling icu_properties v2.2.0
[INFO] [stderr]    Compiling idna_adapter v1.2.2
[INFO] [stderr]    Compiling idna v1.1.0
[INFO] [stderr]    Compiling url v2.5.8
[INFO] [stderr]    Compiling half v2.7.1
[INFO] [stderr]    Compiling ciborium-ll v0.2.2
[INFO] [stderr]    Compiling ciborium v0.2.2
[INFO] [stderr]    Compiling tokio-util v0.7.20
[INFO] [stderr]    Compiling tower v0.5.3
[INFO] [stderr]    Compiling criterion v0.8.2
[INFO] [stderr]    Compiling h2 v0.4.19
[INFO] [stderr]    Compiling tower-http v0.6.11
[INFO] [stderr]    Compiling hyper v1.12.0
[INFO] [stderr]    Compiling hyper-util v0.1.21
[INFO] [stderr]    Compiling volga v0.13.3 (/opt/rustwide/workdir)
[INFO] [stderr]    Compiling rustls-webpki v0.103.15
[INFO] [stderr]    Compiling jsonwebtoken v11.1.0
[INFO] [stderr]    Compiling tokio-rustls v0.26.6
[INFO] [stderr]    Compiling rustls-platform-verifier v0.7.0
[INFO] [stderr]    Compiling hyper-rustls v0.27.10
[INFO] [stderr]    Compiling reqwest v0.13.5
[INFO] [stderr]     Finished `release` profile [optimized] target(s) in 3m 03s
[INFO] running `Command { std: "docker" "inspect" "90c878826d83e5f193e79ab6c027ce50ee2ddc1780ffebba3aea7b3a020d8469", kill_on_drop: false }`
[INFO] running `Command { std: "docker" "exec" "-e" "SOURCE_DIR=/opt/rustwide/workdir" "-e" "CARGO_HOME=/opt/rustwide/cargo-home" "-e" "RUSTUP_HOME=/opt/rustwide/rustup-home" "-e" "CARGO_TARGET_DIR=/opt/rustwide/target" "-e" "CARGO_INCREMENTAL=0" "-e" "RUST_BACKTRACE=full" "-e" "RUSTFLAGS=--cap-lints=warn" "-e" "RUSTDOCFLAGS=--cap-lints=warn" "-w" "/opt/rustwide/workdir" "--user" "0:0" "90c878826d83e5f193e79ab6c027ce50ee2ddc1780ffebba3aea7b3a020d8469" "/opt/rustwide/cargo-home/bin/cargo" "+1.99.0-beta.8" "test" "--frozen" "--release", kill_on_drop: false }`
[INFO] [stderr]     Finished `release` profile [optimized] target(s) in 0.37s
[INFO] [stderr]      Running unittests src/lib.rs (/opt/rustwide/target/release/deps/volga-5555798b473a6600)
[INFO] [stdout] 
[INFO] [stdout] running 838 tests
[INFO] [stdout] test app::connection::tests::it_accepts_socket_and_named_addresses ... ok
[INFO] [stdout] test app::connection::tests::it_creates_connection_from_socket_addr ... ok
[INFO] [stdout] test app::connection::tests::it_binds_socket_address ... ok
[INFO] [stdout] test app::connection::tests::it_creates_connection_from_unbracketed_numeric_zone_scoped_ipv6 ... ok
[INFO] [stdout] test app::connection::tests::it_accepts_a_name_outside_the_preferred_syntax ... ok
[INFO] [stdout] test app::app_env::tests::it_converts_into_app_env ... ok
[INFO] [stdout] test app::connection::tests::it_creates_connection_from_string ... ok
[INFO] [stdout] test app::connection::tests::it_creates_connection_from_bracketed_numeric_zone_scoped_ipv6 ... ok
[INFO] [stdout] test app::connection::tests::it_creates_connection_from_host_name ... ok
[INFO] [stdout] test app::connection::tests::it_creates_connection_from_unbracketed_ipv6 ... ok
[INFO] [stdout] test app::connection::tests::it_creates_connection_from_bracketed_ipv6 ... ok
[INFO] [stdout] test app::connection::tests::it_creates_connection_from_bracketed_zone_scoped_ipv6 ... ok
[INFO] [stdout] test app::connection::tests::it_creates_connection_from_fully_qualified_host_name ... ok
[INFO] [stdout] test app::connection::tests::it_creates_connection_with_default_socket ... ok
[INFO] [stdout] test app::connection::tests::it_creates_connection_from_zone_scoped_ipv6 ... ok
[INFO] [stdout] test app::connection::tests::it_creates_connection_with_specified_socket ... ok
[INFO] [stdout] test app::connection::tests::it_creates_connection_with_specified_socket_from_tuple ... ok
[INFO] [stdout] test app::connection::tests::it_binds_a_zone_scoped_loopback_when_the_platform_has_one ... ok
[INFO] [stdout] test app::connection::tests::it_debugs_connection ... ok
[INFO] [stdout] test app::connection::tests::it_displays_connection ... ok
[INFO] [stdout] test app::connection::tests::it_displays_zone_scoped_ipv6_bracketed ... ok
[INFO] [stdout] test app::connection::tests::it_does_not_bind_invalid_address ... ok
[INFO] [stdout] test app::connection::tests::it_leaves_an_unusual_zone_to_the_resolver ... ok
[INFO] [stdout] test app::connection::tests::it_rejects_a_zone_with_whitespace ... ok
[INFO] [stdout] test app::connection::tests::it_rejects_address_without_host ... ok
[INFO] [stdout] test app::connection::tests::it_rejects_address_with_invalid_host ... ok
[INFO] [stdout] test app::connection::tests::it_binds_resolved_host_name ... ok
[INFO] [stdout] test app::connection::tests::it_does_not_bind_unresolvable_host_name ... ok
[INFO] [stdout] test app::greeter::tests::it_omits_ansi_codes_in_box_when_no_color ... ok
[INFO] [stdout] test app::greeter::tests::it_omits_ansi_codes_in_routes_when_no_color ... ok
[INFO] [stdout] test app::connection::tests::it_preserves_the_os_error_when_the_address_is_in_use ... ok
[INFO] [stdout] test app::greeter::tests::it_contains_version ... ok
[INFO] [stdout] test app::greeter::tests::it_returns_none_when_greeter_disabled ... ok
[INFO] [stdout] test app::connection::tests::it_rejects_address_without_port ... ok
[INFO] [stdout] test app::connection::tests::it_rejects_address_with_invalid_port ... ok
[INFO] [stdout] test app::greeter::tests::it_closes_the_box_on_the_same_column_on_every_line ... ok
[INFO] [stdout] test app::greeter::tests::it_contains_ansi_codes_when_color_enabled ... ok
[INFO] [stdout] test app::greeter::tests::it_contains_base_url ... ok
[INFO] [stdout] test app::greeter::tests::it_returns_some_when_greeter_enabled ... ok
[INFO] [stdout] test app::connection::tests::it_rejects_too_long_host_name ... ok
[INFO] [stdout] test app::connection::tests::it_rejects_empty_address ... ok
[INFO] [stdout] test app::greeter::tests::it_widens_the_box_for_an_address_the_default_width_cannot_hold ... ok
[INFO] [stdout] test app::pipeline::tests::it_sets_error_and_fallback_handlers ... ok
[INFO] [stdout] test app::router::tests::it_does_not_record_an_empty_sub_group_in_the_parent ... ok
[INFO] [stdout] test app::router::tests::it_maps_a_fallback_under_a_prefix_ending_in_a_catch_all ... ok
[INFO] [stdout] test app::router::tests::it_records_a_route_once_under_the_spelling_it_was_mapped_as_last ... ok
[INFO] [stdout] test app::router::tests::it_records_one_fallback_for_every_spelling_of_its_position ... ok
[INFO] [stdout] test app::router::tests::it_records_routes_mapped_by_a_sub_group_in_the_parent ... ok
[INFO] [stdout] test app::router::tests::it_records_routes_mapped_in_a_group ... ok
[INFO] [stdout] test app::shutdown::tests::it_constructs_from_existing_token ... ok
[INFO] [stdout] test app::router::tests::it_records_the_fallbacks_of_a_group_and_its_sub_groups ... ok
[INFO] [stdout] test app::shutdown::tests::it_constructs_via_from_impl ... ok
[INFO] [stdout] test app::shutdown::tests::it_is_idempotent_on_repeated_shutdown ... ok
[INFO] [stdout] test app::shutdown::tests::it_reports_shutdown_after_trigger ... ok
[INFO] [stdout] test app::shutdown::tests::it_returns_a_clone_of_the_underlying_token ... ok
[INFO] [stdout] test app::shutdown::tests::it_shares_state_across_clones ... ok
[INFO] [stdout] test app::shutdown::tests::it_starts_in_not_shutdown_state ... ok
[INFO] [stdout] test app::shutdown::tests::it_yields_a_fresh_handle_when_defaulted ... ok
[INFO] [stdout] test app::tests::it_binds_app_to_host_name ... ok
[INFO] [stdout] test app::tests::it_binds_app_to_socket ... ok
[INFO] [stdout] test app::tests::it_creates_app_with_default_socket ... ok
[INFO] [stdout] test app::tests::it_disables_body_limit ... ok
[INFO] [stdout] test app::shutdown::tests::it_resolves_cancelled_after_shutdown ... ok
[INFO] [stdout] test app::tests::it_sets_default_body_limit ... ok
[INFO] [stdout] test app::tests::it_sets_max_connections_limit ... ok
[INFO] [stdout] test app::tests::it_panics_on_large_value - should panic ... ok
[INFO] [stdout] test app::tests::it_panics_on_unlimited - should panic ... ok
[INFO] [stdout] test app::tests::it_sets_max_headers_count_limit ... ok
[INFO] [stdout] test error::handler::tests::default_error_handler_answers_with_the_attached_response ... ok
[INFO] [stdout] test app::tests::it_sets_max_headers_size_limit ... ok
[INFO] [stdout] test error::fallback::tests::default_fallback_handler_returns_404 ... ok
[INFO] [stdout] test error::fallback::tests::it_create_new_fallback ... ok
[INFO] [stdout] test app::tests::it_sets_shutdown_timeout ... ok
[INFO] [stdout] test error::handler::tests::default_error_handler_returns_client_error_status_code ... ok
[INFO] [stdout] test app::tests::it_sets_body_limit ... ok
[INFO] [stdout] test app::tests::it_sets_default_shutdown_timeout ... ok
[INFO] [stdout] test error::handler::tests::it_calls_error_handler_via_extract_error_args ... ok
[INFO] [stdout] test error::handler::tests::it_create_new_error_handler ... ok
[INFO] [stdout] test error::handler::tests::it_returns_uri_slot_for_default_handler ... ok
[INFO] [stdout] test error::into_error::tests::it_converts_a_boxed_error_into_a_server_error ... ok
[INFO] [stdout] test error::into_error::tests::it_converts_a_status_code ... ok
[INFO] [stdout] test error::into_error::tests::it_converts_a_status_code_with_a_message ... ok
[INFO] [stdout] test error::into_error::tests::it_converts_a_status_code_with_an_error ... ok
[INFO] [stdout] test error::into_error::tests::it_converts_a_type_of_its_own ... ok
[INFO] [stdout] test error::handler::tests::default_error_handler_returns_server_error_status_code ... ok
[INFO] [stdout] test error::into_error::tests::it_converts_an_error_without_a_status_into_a_client_error_for_a_filter ... ok
[INFO] [stdout] test error::handler::tests::it_calls_default_handler_via_uri_slot ... ok
[INFO] [stdout] test error::into_error::tests::it_converts_an_io_error_by_its_kind ... ok
[INFO] [stdout] test error::into_error::tests::it_converts_any_other_error_for_a_filter_as_for_a_handler ... ok
[INFO] [stdout] test error::into_error::tests::it_converts_strings_into_server_errors ... ok
[INFO] [stdout] test error::into_error::tests::it_gives_a_from_impl_for_the_question_mark ... ok
[INFO] [stdout] test error::into_error::tests::it_is_implemented_for_every_error_type_volga_converts_from ... ok
[INFO] [stdout] test error::into_error::tests::it_passes_an_error_through_a_result ... ok
[INFO] [stdout] test error::into_error::tests::it_takes_a_volga_or_io_error_out_of_the_box_for_a_filter ... ok
[INFO] [stdout] test error::tests::it_converts_error_to_io_error ... ok
[INFO] [stdout] test error::tests::it_converts_from_add_in_use_io_error ... ok
[INFO] [stdout] test error::tests::it_converts_from_already_exists_io_error ... ok
[INFO] [stdout] test error::tests::it_converts_from_broken_pipe_io_error ... ok
[INFO] [stdout] test error::tests::it_converts_from_connection_aborted_io_error ... ok
[INFO] [stdout] test error::tests::it_converts_from_connection_reset_io_error ... ok
[INFO] [stdout] test error::tests::it_converts_from_connection_refused_io_error ... ok
[INFO] [stdout] test error::tests::it_converts_from_fmt_error ... ok
[INFO] [stdout] test error::tests::it_converts_from_invalid_data_io_error ... ok
[INFO] [stdout] test error::tests::it_converts_from_io_error ... ok
[INFO] [stdout] test error::tests::it_allocates_no_extras_without_an_instance_or_a_response ... ok
[INFO] [stdout] test error::tests::it_converts_from_io_error_with_inner_volga_error ... ok
[INFO] [stdout] test error::tests::it_attaches_a_response_under_its_own_status ... ok
[INFO] [stdout] test error::tests::it_converts_from_addr_not_available_io_error ... ok
[INFO] [stdout] test error::tests::it_converts_from_not_found_io_error ... ok
[INFO] [stdout] test error::tests::it_converts_from_permission_denied_io_error ... ok
[INFO] [stdout] test error::tests::it_converts_from_timed_out_io_error ... ok
[INFO] [stdout] test error::tests::it_creates_new_error ... ok
[INFO] [stdout] test error::tests::it_debugs_as_a_flat_struct ... ok
[INFO] [stdout] test error::tests::it_keeps_the_attached_response_through_an_io_error ... ok
[INFO] [stdout] test error::tests::it_keeps_the_instance_and_the_response_side_by_side ... ok
[INFO] [stdout] test error::tests::it_sets_the_instance_only_when_it_has_none ... ok
[INFO] [stdout] test error::tests::it_splits_into_parts ... ok
[INFO] [stdout] test error::tests::it_converts_from_not_connected_io_error ... ok
[INFO] [stdout] test error::tests::it_converts_from_unsupported_io_error ... ok
[INFO] [stdout] test error::tests::it_drops_a_response_that_fails_to_build ... ok
[INFO] [stdout] test error::tests::it_stays_send_sync_and_small ... ok
[INFO] [stdout] test headers::cache_control::tests::if_returns_cache_control_string ... ok
[INFO] [stdout] test headers::cache_control::tests::if_returns_etag ... ok
[INFO] [stdout] test headers::cache_control::tests::if_returns_last_modified_string ... ok
[INFO] [stdout] test headers::cache_control::tests::it_converts_cache_control_to_header ... ok
[INFO] [stdout] test headers::cache_control::tests::it_creates_cache_control_string ... ok
[INFO] [stdout] test headers::cache_control::tests::it_replaces_the_cache_control_of_response_caching ... ok
[INFO] [stdout] test headers::cache_control::tests::it_tests_combination ... ok
[INFO] [stdout] test headers::cache_control::tests::it_tests_immutable_conflicts ... ok
[INFO] [stdout] test headers::cache_control::tests::it_tests_max_age_disables_no_store ... ok
[INFO] [stdout] test headers::cache_control::tests::it_tests_no_store_clears_ages ... ok
[INFO] [stdout] test headers::cache_control::tests::it_tests_public_private_conflict ... ok
[INFO] [stdout] test error::tests::it_unwraps_into_inner ... ok
[INFO] [stdout] test headers::cache_control::tests::it_defaults_to_the_empty_policy ... ok
[INFO] [stdout] test headers::cache_control::tests::it_tests_stale_if_error ... ok
[INFO] [stdout] test headers::encoding::tests::it_converts_to_header_value ... ok
[INFO] [stdout] test headers::encoding::tests::it_converts_to_str ... ok
[INFO] [stdout] test headers::encoding::tests::it_parses_from_str ... ok
[INFO] [stdout] test headers::encoding::tests::it_returns_correct_ranks ... ok
[INFO] [stdout] test headers::encoding::tests::it_returns_error ... ok
[INFO] [stdout] test headers::cache_control::tests::it_tests_stale_while_revalidate ... ok
[INFO] [stdout] test headers::encoding::tests::it_returns_error_from_empty_header_value ... ok
[INFO] [stdout] test headers::encoding::tests::it_returns_error_from_header_value ... ok
[INFO] [stdout] test headers::encoding::tests::it_returns_false_for_other_encodings ... ok
[INFO] [stdout] test headers::encoding::tests::it_returns_true_for_any_encoding ... ok
[INFO] [stdout] test headers::etag::tests::comparisons_work_as_expected ... ok
[INFO] [stdout] test headers::etag::tests::etag_ref_parses_strong ... ok
[INFO] [stdout] test headers::etag::tests::etag_ref_parses_weak ... ok
[INFO] [stdout] test headers::etag::tests::etag_ref_rejects_empty_or_too_short ... ok
[INFO] [stdout] test headers::etag::tests::etag_ref_rejects_inner_quote_and_backslash ... ok
[INFO] [stdout] test headers::etag::tests::etag_ref_tag_slicing_is_correct ... ok
[INFO] [stdout] test headers::etag::tests::it_compares_etag ... ok
[INFO] [stdout] test headers::etag::tests::etag_ref_comparisons_work ... ok
[INFO] [stdout] test headers::etag::tests::etag_ref_trims_whitespace ... ok
[INFO] [stdout] test headers::etag::tests::etag_ref_rejects_missing_quotes_or_bad_prefix ... ok
[INFO] [stdout] test headers::etag::tests::etag_ref_rejects_control_chars_and_del ... ok
[INFO] [stdout] test headers::etag::tests::parse_accepts_strong_and_weak_forms ... ok
[INFO] [stdout] test headers::etag::tests::parse_rejects_control_chars_and_inner_quotes ... ok
[INFO] [stdout] test headers::etag::tests::parse_rejects_missing_quotes_or_wrong_prefix ... ok
[INFO] [stdout] test headers::etag::tests::it_converts_etag_to_header ... ok
[INFO] [stdout] test headers::etag::tests::try_strong_rejects_control_chars_and_crlf ... ok
[INFO] [stdout] test headers::etag::tests::strong_panics_on_invalid_tag_if_kept_as_expect - should panic ... ok
[INFO] [stdout] test headers::etag::tests::try_weak_creates_weak_quoted_value ... ok
[INFO] [stdout] test headers::etag::tests::it_creates_etag ... ok
[INFO] [stdout] test headers::etag::tests::try_weak_rejects_empty_tag ... ok
[INFO] [stdout] test headers::etag::tests::it_creates_etag_from_string ... ok
[INFO] [stdout] test headers::etag::tests::try_strong_rejects_empty_tag ... ok
[INFO] [stdout] test headers::etag::tests::it_creates_string_from_etag ... ok
[INFO] [stdout] test headers::etag::tests::weak_panics_on_invalid_tag_if_kept_as_expect - should panic ... ok
[INFO] [stdout] test headers::etag::tests::try_weak_rejects_quote_and_backslash ... ok
[INFO] [stdout] test headers::extract::tests::it_creates_header_from_static ... ok
[INFO] [stdout] test headers::extract::tests::it_extracts_headers_from_map ... ok
[INFO] [stdout] test headers::extract::tests::it_returns_none_when_header_missing ... ok
[INFO] [stdout] test headers::header::tests::i_creates_header_from_bytes ... ok
[INFO] [stdout] test headers::header::tests::i_creates_header_from_static ... ok
[INFO] [stdout] test headers::header::tests::i_creates_header_from_str ... ok
[INFO] [stdout] test headers::header::tests::it_creates_header_map_snapshot ... ok
[INFO] [stdout] test headers::header::tests::it_creates_http_header_from_header_map ... ok
[INFO] [stdout] test headers::header::tests::it_creates_parts ... ok
[INFO] [stdout] test headers::header::tests::it_gets_all_headers_from_http_headers ... ok
[INFO] [stdout] test headers::etag::tests::try_strong_rejects_quote_and_backslash ... ok
[INFO] [stdout] test headers::etag::tests::try_strong_creates_quoted_value ... ok
[INFO] [stdout] test headers::header::tests::it_gets_all_raw_headers_from_http_headers ... ok
[INFO] [stdout] test headers::header::tests::it_gets_missing_header ... ok
[INFO] [stdout] test headers::header::tests::it_gets_header ... ok
[INFO] [stdout] test headers::header::tests::it_reads_header_from_parts ... ok
[INFO] [stdout] test headers::header::tests::it_gets_header_from_http_headers ... ok
[INFO] [stdout] test headers::header::tests::it_reads_header_from_request_ref ... ok
[INFO] [stdout] test headers::header::tests::it_reads_headers_from_payload ... ok
[INFO] [stdout] test headers::header::tests::it_reads_headers_from_parts ... ok
[INFO] [stdout] test headers::header::tests::it_reads_headers_from_request_ref ... ok
[INFO] [stdout] test headers::header::tests::it_returns_invalid_header_error ... ok
[INFO] [stdout] test headers::header::tests::it_trie_get_missing_header_from_http_headers ... ok
[INFO] [stdout] test headers::header::try_into_header::tests::it_converts_from_tuple ... ok
[INFO] [stdout] test headers::helpers::tests::it_rejects_a_last_modified_older_than_the_file ... ok
[INFO] [stdout] test headers::header::tests::it_tries_get_header_from_http_headers ... ok
[INFO] [stdout] test headers::header::try_into_header::tests::it_converts_from_header ... ok
[INFO] [stdout] test headers::helpers::tests::it_validates_a_last_modified_it_just_emitted ... ok
[INFO] [stdout] test headers::header::tests::it_reads_header_from_payload ... ok
[INFO] [stdout] test headers::helpers::tests::it_validates_etag_list ... ok
[INFO] [stdout] test headers::helpers::tests::it_validates_etag_not_present_in_list ... ok
[INFO] [stdout] test headers::helpers::tests::it_validates_etag_single ... ok
[INFO] [stdout] test headers::helpers::tests::it_validates_etag_single_different_value ... ok
[INFO] [stdout] test headers::helpers::tests::it_validates_etag_when_if_none_match_missing ... ok
[INFO] [stdout] test headers::helpers::tests::it_validates_last_modified ... ok
[INFO] [stdout] test headers::helpers::tests::it_validates_last_modified_resource_has_been_updated ... ok
[INFO] [stdout] test headers::helpers::tests::it_validates_last_modified_when_if_modified_since_missing ... ok
[INFO] [stdout] test headers::known_headers::multipart_content_type_tests::boundary_with_internal_space_is_quoted ... ok
[INFO] [stdout] test headers::known_headers::multipart_content_type_tests::boundary_with_tspecials_is_quoted ... ok
[INFO] [stdout] test headers::known_headers::multipart_content_type_tests::byteranges_with_boundary ... ok
[INFO] [stdout] test headers::known_headers::multipart_content_type_tests::custom_subtype ... ok
[INFO] [stdout] test headers::known_headers::multipart_content_type_tests::custom_subtype_rejects_invalid_header_bytes ... ok
[INFO] [stdout] test headers::known_headers::multipart_content_type_tests::form_data_with_boundary ... ok
[INFO] [stdout] test headers::known_headers::multipart_content_type_tests::plain_token_boundary_remains_unquoted ... ok
[INFO] [stdout] test headers::known_headers::multipart_content_type_tests::mixed_with_boundary ... ok
[INFO] [stdout] test headers::known_headers::tests::it_creates_cache_control_max_age_0 ... ok
[INFO] [stdout] test headers::known_headers::tests::it_creates_cache_control_no_cache ... ok
[INFO] [stdout] test headers::known_headers::tests::it_creates_cache_control_no_store ... ok
[INFO] [stdout] test headers::known_headers::tests::it_creates_cache_control_private ... ok
[INFO] [stdout] test headers::known_headers::tests::it_creates_cache_control_public ... ok
[INFO] [stdout] test headers::known_headers::tests::it_creates_content_type_events ... ok
[INFO] [stdout] test headers::known_headers::tests::it_creates_content_type_form ... ok
[INFO] [stdout] test headers::known_headers::tests::it_creates_content_type_html_utf_8 ... ok
[INFO] [stdout] test headers::known_headers::tests::it_creates_content_type_html ... ok
[INFO] [stdout] test headers::known_headers::tests::it_creates_content_type_stream ... ok
[INFO] [stdout] test headers::known_headers::tests::it_creates_content_type_json ... ok
[INFO] [stdout] test headers::known_headers::tests::it_creates_content_type_text ... ok
[INFO] [stdout] test headers::macros::test::it_creates_custom_headers ... ok
[INFO] [stdout] test headers::macros::test::it_creates_header_from_bytes ... ok
[INFO] [stdout] test headers::macros::test::it_creates_header_from_static ... ok
[INFO] [stdout] test headers::macros::test::it_gets_custom_headers_from_map ... ok
[INFO] [stdout] test headers::quality::tests::it_parses_from_str_with_rank_value ... ok
[INFO] [stdout] test headers::macros::test::it_creates_header_from_value ... ok
[INFO] [stdout] test headers::tests::header_missing_uses_from_headers_name ... ok
[INFO] [stdout] test headers::quality::tests::it_returns_missing_value_error ... ok
[INFO] [stdout] test headers::quality::tests::it_returns_parse_error ... ok
[INFO] [stdout] test headers::tests::invalid_header_name_maps_to_client_error ... ok
[INFO] [stdout] test headers::tests::header_missing_impl_builds_not_found_error ... ok
[INFO] [stdout] test headers::known_headers::tests::it_creates_content_type_text_utf_8 ... ok
[INFO] [stdout] test headers::tests::invalid_header_value_maps_to_client_error ... ok
[INFO] [stdout] test headers::tests::to_str_error_maps_to_client_error ... ok
[INFO] [stdout] test http::body::into_body::tests::from_bool_false ... ok
[INFO] [stdout] test http::body::into_body::tests::from_bool_true ... ok
[INFO] [stdout] test http::body::into_body::tests::from_box_str_is_correct_bytes ... ok
[INFO] [stdout] test headers::quality::tests::it_parses_from_str_with_value ... ok
[INFO] [stdout] test http::body::into_body::tests::from_bytes_is_correct_bytes ... ok
[INFO] [stdout] test http::body::into_body::tests::from_char ... ok
[INFO] [stdout] test http::body::into_body::tests::from_cow_borrowed_is_correct_bytes ... ok
[INFO] [stdout] test http::body::into_body::tests::from_cow_owned_is_correct_bytes ... ok
[INFO] [stdout] test http::body::into_body::tests::from_f32_is_non_empty ... ok
[INFO] [stdout] test http::body::into_body::tests::from_f64_is_non_empty ... ok
[INFO] [stdout] test http::body::into_body::tests::from_i128 ... ok
[INFO] [stdout] test http::body::into_body::tests::from_i16 ... ok
[INFO] [stdout] test http::body::into_body::tests::from_i64 ... ok
[INFO] [stdout] test http::body::into_body::tests::from_i8 ... ok
[INFO] [stdout] test http::body::into_body::tests::from_i32 ... ok
[INFO] [stdout] test http::body::into_body::tests::from_static_str_is_zero_copy_semantics_and_correct_bytes ... ok
[INFO] [stdout] test http::body::into_body::tests::from_static_u8_slice_is_correct_bytes ... ok
[INFO] [stdout] test http::body::into_body::tests::from_string_is_correct_bytes ... ok
[INFO] [stdout] test http::body::into_body::tests::from_u16 ... ok
[INFO] [stdout] test http::body::into_body::tests::from_file_streams_file_contents ... ok
[INFO] [stdout] test http::body::into_body::tests::from_u32 ... ok
[INFO] [stdout] test http::body::into_body::tests::from_u64 ... ok
[INFO] [stdout] test http::body::into_body::tests::from_u8 ... ok
[INFO] [stdout] test http::body::into_body::tests::it_works_with_str ... ok
[INFO] [stdout] test http::body::into_body::tests::try_from_form_serializes_to_urlencoded_bytes ... ok
[INFO] [stdout] test http::body::limited::tests::it_answers_400_for_any_other_read_error ... ok
[INFO] [stdout] test http::body::into_body::tests::try_from_json_serializes_to_json_bytes ... ok
[INFO] [stdout] test http::body::limited::tests::it_answers_413_for_a_declared_length_over_the_limit_without_reading ... ok
[INFO] [stdout] test http::body::limited::tests::it_answers_413_once_an_undeclared_body_goes_over_the_limit ... ok
[INFO] [stdout] test http::body::limited::tests::it_caps_the_size_hint_at_the_limit ... ok
[INFO] [stdout] test http::body::limited::tests::it_ends_a_body_refused_up_front_after_its_413 ... ok
[INFO] [stdout] test http::body::limited::tests::it_keeps_the_status_of_an_error_raised_underneath ... ok
[INFO] [stdout] test http::body::limited::tests::it_reads_a_body_within_the_limit ... ok
[INFO] [stdout] test http::body::limited::tests::it_keeps_a_limit_of_usize_max_a_limit ... ok
[INFO] [stdout] test http::body::limited::tests::it_ends_a_body_refused_part_of_the_way_after_its_413 ... ok
[INFO] [stdout] test http::body::limited::tests::it_yields_what_fits_before_refusing_an_undeclared_body ... ok
[INFO] [stdout] test http::body::tests::it_returns_empty_body ... ok
[INFO] [stdout] test http::body::tests::it_returns_ok_if_body_within_limit ... ok
[INFO] [stdout] test http::body::tests::it_returns_error_body_if_unable_to_serialize_json ... ok
[INFO] [stdout] test http::body::tests::it_returns_error_body_if_unable_to_serialize_form ... ok
[INFO] [stdout] test http::body::tests::it_works_with_cow ... ok
[INFO] [stdout] test http::body::tests::it_works_with_slice ... ok
[INFO] [stdout] test http::body::tests::it_works_with_static_bytes ... ok
[INFO] [stdout] test http::body::tests::it_works_with_static_str ... ok
[INFO] [stdout] test http::body::tests::it_works_with_str ... ok
[INFO] [stdout] test http::body::tests::it_works_with_string ... ok
[INFO] [stdout] test http::endpoints::args::byte_stream::tests::it_creates_byte_stream ... ok
[INFO] [stdout] test http::endpoints::args::byte_stream::tests::it_creates_byte_stream_from_payload ... ok
[INFO] [stdout] test http::endpoints::args::byte_stream::tests::it_creates_byte_stream_of_box_str ... ok
[INFO] [stdout] test http::endpoints::args::byte_stream::tests::it_creates_byte_stream_of_box_u8 ... ok
[INFO] [stdout] test http::endpoints::args::byte_stream::tests::it_creates_byte_stream_of_bytes ... ok
[INFO] [stdout] test http::body::tests::it_works_with_static_str_to_text ... ok
[INFO] [stdout] test http::body::tests::it_returns_err_if_body_limit_exceeded ... ok
[INFO] [stdout] test http::endpoints::args::cancellation_token::tests::it_derefs_mut ... ok
[INFO] [stdout] test http::endpoints::args::byte_stream::tests::it_creates_byte_stream_of_bytes_mut ... ok
[INFO] [stdout] test http::endpoints::args::cancellation_token::tests::it_gets_from_extensions ... ok
[INFO] [stdout] test http::endpoints::args::byte_stream::tests::it_creates_byte_stream_of_strings ... ok
[INFO] [stdout] test http::endpoints::args::byte_stream::tests::it_creates_byte_stream_of_cow ... ok
[INFO] [stdout] test http::endpoints::args::byte_stream::tests::it_creates_byte_stream_with_error ... ok
[INFO] [stdout] test http::endpoints::args::byte_stream::tests::it_creates_byte_stream_with_loop ... ok
[INFO] [stdout] test http::endpoints::args::cancellation_token::tests::it_reads_from_payload ... ok
[INFO] [stdout] test http::endpoints::args::cancellation_token::tests::it_clones ... ok
[INFO] [stdout] test http::endpoints::args::cancellation_token::tests::it_clones_from ... ok
[INFO] [stdout] test http::endpoints::args::cancellation_token::tests::it_gets_new_token_from_parts_if_scope_missing ... ok
[INFO] [stdout] test http::endpoints::args::cancellation_token::tests::it_gets_from_request_parts ... ok
[INFO] [stdout] test http::endpoints::args::client_ip::tests::it_gets_err_from_extensions_if_missing ... ok
[INFO] [stdout] test http::endpoints::args::client_ip::tests::it_gets_from_extensions ... ok
[INFO] [stdout] test http::endpoints::args::client_ip::tests::it_gets_from_request_parts ... ok
[INFO] [stdout] test http::endpoints::args::client_ip::tests::it_gets_from_request_ref ... ok
[INFO] [stdout] test http::endpoints::args::cancellation_token::tests::it_gets_from_request_ref ... ok
[INFO] [stdout] test http::endpoints::args::client_ip::tests::it_reads_from_payload ... ok
[INFO] [stdout] test http::endpoints::args::form::tests::it_converts_to_form ... ok
[INFO] [stdout] test http::endpoints::args::form::tests::it_derefs_mut ... ok
[INFO] [stdout] test http::endpoints::args::form::tests::it_reads_from_payload ... ok
[INFO] [stdout] test http::endpoints::args::form::tests::it_reads_hash_map_from_payload ... ok
[INFO] [stdout] test http::endpoints::args::form::tests::it_reads_hash_map_optional_from_payload ... ok
[INFO] [stdout] test http::endpoints::args::form::tests::it_reads_optional_from_payload ... ok
[INFO] [stdout] test http::endpoints::args::json::tests::it_converts_to_json ... ok
[INFO] [stdout] test http::endpoints::args::file::tests::it_reads_from_payload ... FAILED
[INFO] [stdout] test http::endpoints::args::file::tests::it_saves_request_body_to_file ... FAILED
[INFO] [stdout] test http::endpoints::args::json::tests::it_derefs_mut ... ok
[INFO] [stdout] test http::endpoints::args::json::tests::it_deserializes_json_from_fut ... ok
[INFO] [stdout] test http::endpoints::args::json::tests::it_deserializes_json_from_fut_with_err ... ok
[INFO] [stdout] test http::endpoints::args::json::tests::it_displays_json ... ok
[INFO] [stdout] test http::endpoints::args::json::tests::it_reads_from_payload ... ok
[INFO] [stdout] test http::endpoints::args::option::tests::it_extracts_option_future_poll_ready_err ... ok
[INFO] [stdout] test http::endpoints::args::option::tests::it_extracts_option_future_poll_ready_ok ... ok
[INFO] [stdout] test http::endpoints::args::option::tests::it_extracts_option_integration_with_path_extractor ... ok
[INFO] [stdout] test http::endpoints::args::option::tests::it_extracts_option_integration_with_real_extractors ... ok
[INFO] [stdout] test http::endpoints::args::option::tests::it_extracts_option_preserves_source ... ok
[INFO] [stdout] test http::endpoints::args::option::tests::it_extracts_option_returns_none ... ok
[INFO] [stdout] test http::endpoints::args::option::tests::it_extracts_option_returns_none_from_parts ... ok
[INFO] [stdout] test http::endpoints::args::option::tests::it_extracts_option_returns_none_from_request_ref ... ok
[INFO] [stdout] test http::endpoints::args::option::tests::it_extracts_option_returns_some ... ok
[INFO] [stdout] test http::endpoints::args::option::tests::it_extracts_option_returns_some_from_parts ... ok
[INFO] [stdout] test http::endpoints::args::option::tests::it_extracts_option_with_body_extractor ... ok
[INFO] [stdout] test http::endpoints::args::option::tests::it_extracts_option_with_body_extractor_with_wrong_payload ... ok
[INFO] [stdout] test http::endpoints::args::option::tests::it_extracts_option_returns_some_from_request_ref ... ok
[INFO] [stdout] test http::endpoints::args::option::tests::it_extracts_option_with_nested_option ... ok
[INFO] [stdout] test http::endpoints::args::option::tests::it_extracts_option_with_path_extractor ... ok
[INFO] [stdout] test http::endpoints::args::option::tests::it_extracts_option_with_path_extractor_returns_invalid_value ... ok
[INFO] [stdout] test http::endpoints::args::option::tests::it_extracts_option_with_primitive_types ... ok
[INFO] [stdout] test http::endpoints::args::path::tests::it_answers_400_for_a_path_arg_that_does_not_parse ... ok
[INFO] [stdout] test http::endpoints::args::path::tests::it_answers_500_for_a_positional_param_the_route_does_not_declare ... ok
[INFO] [stdout] test http::endpoints::args::option::tests::it_extracts_option_with_path_extractor_returns_wrong_payload ... ok
[INFO] [stdout] test http::endpoints::args::path::tests::it_debugs_path_args_without_their_internal_state ... ok
[INFO] [stdout] test http::endpoints::args::path::tests::it_exposes_the_name_and_value_of_a_path_arg ... ok
[INFO] [stdout] test http::endpoints::args::path::tests::it_fails_to_read_a_single_path_arg_type_from_no_args ... ok
[INFO] [stdout] test http::endpoints::args::path::tests::it_fails_to_read_a_tuple_longer_than_the_args ... ok
[INFO] [stdout] test http::endpoints::args::path::tests::it_parses_a_path_arg ... ok
[INFO] [stdout] test http::endpoints::args::path::tests::it_iterates_path_args_in_order ... ok
[INFO] [stdout] test http::endpoints::args::path::tests::it_does_not_read_a_single_path_arg_type_from_the_first_of_several ... ok
[INFO] [stdout] test http::endpoints::args::path::tests::it_parses_named_path_from_request_extensions ... ok
[INFO] [stdout] test http::endpoints::args::path::tests::it_reads_bool_from_path_arg ... ok
[INFO] [stdout] test http::endpoints::args::path::tests::it_parses_named_path_from_slice ... ok
[INFO] [stdout] test http::endpoints::args::path::tests::it_reads_bool_from_payload ... ok
[INFO] [stdout] test http::endpoints::args::path::tests::it_reads_a_single_path_arg_type_as_path ... ok
[INFO] [stdout] test http::endpoints::args::path::tests::it_reads_box_bytes_from_path_arg ... ok
[INFO] [stdout] test http::endpoints::args::path::tests::it_reads_char_from_path_arg ... ok
[INFO] [stdout] test http::endpoints::args::path::tests::it_reads_char_from_payload ... ok
[INFO] [stdout] test http::endpoints::args::path::tests::it_parses_path_from_slice ... ok
[INFO] [stdout] test http::endpoints::args::path::tests::it_reads_box_str_from_path_arg ... ok
[INFO] [stdout] test http::endpoints::args::path::tests::it_reads_box_str_from_payload ... ok
[INFO] [stdout] test http::endpoints::args::path::tests::it_reads_f64_from_path_arg ... ok
[INFO] [stdout] test http::endpoints::args::path::tests::it_reads_i16_from_path_arg ... ok
[INFO] [stdout] test http::endpoints::args::path::tests::it_reads_i32_from_path_arg ... ok
[INFO] [stdout] test http::endpoints::args::path::tests::it_reads_box_bytes_from_payload ... ok
[INFO] [stdout] test http::endpoints::args::path::tests::it_reads_i128_from_payload ... ok
[INFO] [stdout] test http::endpoints::args::path::tests::it_reads_f32_from_path_arg ... ok
[INFO] [stdout] test http::endpoints::args::path::tests::it_parses_path_from_request_extensions ... ok
[INFO] [stdout] test http::endpoints::args::path::tests::it_reads_i16_from_payload ... ok
[INFO] [stdout] test http::endpoints::args::path::tests::it_reads_f32_from_payload ... ok
[INFO] [stdout] test http::endpoints::args::path::tests::it_reads_f64_from_payload ... ok
[INFO] [stdout] test http::endpoints::args::path::tests::it_reads_i8_from_path_arg ... ok
[INFO] [stdout] test http::endpoints::args::path::tests::it_reads_i128_from_path_arg ... ok
[INFO] [stdout] test http::endpoints::args::path::tests::it_reads_i64_from_path_arg ... ok
[INFO] [stdout] test http::endpoints::args::path::tests::it_reads_i32_from_payload ... ok
[INFO] [stdout] test http::endpoints::args::path::tests::it_reads_i8_from_payload ... ok
[INFO] [stdout] test http::endpoints::args::path::tests::it_reads_isize_from_path_arg ... ok
[INFO] [stdout] test http::endpoints::args::path::tests::it_reads_i64_from_payload ... ok
[INFO] [stdout] test http::endpoints::args::path::tests::it_reads_named_path_from_parts ... ok
[INFO] [stdout] test http::endpoints::args::path::tests::it_reads_isize_from_payload ... ok
[INFO] [stdout] test http::endpoints::args::path::tests::it_reads_named_path_from_payload ... ok
[INFO] [stdout] test http::endpoints::args::path::tests::it_reads_named_path_from_request_ref ... ok
[INFO] [stdout] test http::endpoints::args::path::tests::it_reads_none_for_an_optional_positional_param_the_route_does_not_declare ... ok
[INFO] [stdout] test http::endpoints::args::path::tests::it_reads_path_from_parts ... ok
[INFO] [stdout] test http::endpoints::args::path::tests::it_reads_path_from_payload ... ok
[INFO] [stdout] test http::endpoints::args::path::tests::it_reads_string_from_path_arg ... ok
[INFO] [stdout] test http::endpoints::args::path::tests::it_reads_path_from_request_ref ... ok
[INFO] [stdout] test http::endpoints::args::path::tests::it_reads_u128_from_path_arg ... ok
[INFO] [stdout] test http::endpoints::args::path::tests::it_reads_u128_from_payload ... ok
[INFO] [stdout] test http::endpoints::args::path::tests::it_reads_string_from_payload ... ok
[INFO] [stdout] test http::endpoints::args::path::tests::it_reads_u16_from_payload ... ok
[INFO] [stdout] test http::endpoints::args::path::tests::it_reads_u16_from_path_arg ... ok
[INFO] [stdout] test http::endpoints::args::path::tests::it_reads_u32_from_path_arg ... ok
[INFO] [stdout] test http::endpoints::args::path::tests::it_reads_u64_from_payload ... ok
[INFO] [stdout] test http::endpoints::args::path::tests::it_reads_u8_from_path_arg ... ok
[INFO] [stdout] test http::endpoints::args::path::tests::it_reads_u64_from_path_arg ... ok
[INFO] [stdout] test http::endpoints::args::path::tests::it_reads_u32_from_payload ... ok
[INFO] [stdout] test http::endpoints::args::path::tests::it_reads_u8_from_payload ... ok
[INFO] [stdout] test http::endpoints::args::path::tests::it_reads_usize_from_path_arg ... ok
[INFO] [stdout] test http::endpoints::args::path::tests::it_reads_usize_from_payload ... ok
[INFO] [stdout] test http::endpoints::args::query::tests::it_parses_empty_query_into_struct_with_option_from_request ... ok
[INFO] [stdout] test http::endpoints::args::query::tests::it_parses_hash_map_from_request ... ok
[INFO] [stdout] test http::endpoints::args::query::tests::it_parses_hash_map_from_uri ... ok
[INFO] [stdout] test http::endpoints::args::query::tests::it_parses_struct_from_request ... ok
[INFO] [stdout] test http::endpoints::args::query::tests::it_parses_struct_from_uri ... ok
[INFO] [stdout] test http::endpoints::args::query::tests::it_parses_struct_with_option_from_request ... ok
[INFO] [stdout] test http::endpoints::args::query::tests::it_parses_struct_with_option_from_uri ... ok
[INFO] [stdout] test http::endpoints::args::query::tests::it_parses_uri_without_query_into_struct_with_option_from_uri ... ok
[INFO] [stdout] test http::endpoints::args::query::tests::it_reads_as_optional_from_payload ... ok
[INFO] [stdout] test http::endpoints::args::query::tests::it_reads_from_payload ... ok
[INFO] [stdout] test http::endpoints::args::query::tests::it_reads_hash_map_from_payload ... ok
[INFO] [stdout] test http::endpoints::args::request::tests::it_gets_http_body_from_payload ... ok
[INFO] [stdout] test http::endpoints::args::request::tests::it_gets_http_req_from_payload ... ok
[INFO] [stdout] test http::endpoints::args::request::tests::it_gets_method_from_parts ... ok
[INFO] [stdout] test http::endpoints::args::request::tests::it_gets_uri_from_parts ... ok
[INFO] [stdout] test http::endpoints::args::request::tests::it_gets_uri_from_payload ... ok
[INFO] [stdout] test http::endpoints::args::result::tests::it_extracts_option_returns_none_from_parts ... ok
[INFO] [stdout] test http::endpoints::args::result::tests::it_extracts_option_returns_none_from_request_ref ... ok
[INFO] [stdout] test http::endpoints::args::result::tests::it_extracts_result_future_poll_ready_err ... ok
[INFO] [stdout] test http::endpoints::args::result::tests::it_extracts_result_future_poll_pending ... ok
[INFO] [stdout] test http::endpoints::args::result::tests::it_extracts_result_integration_with_path_extractor ... ok
[INFO] [stdout] test http::endpoints::args::result::tests::it_extracts_result_future_poll_ready_ok ... ok
[INFO] [stdout] test http::endpoints::args::result::tests::it_extracts_option_returns_some_from_request_ref ... ok
[INFO] [stdout] test http::endpoints::args::request::tests::it_gets_method_from_payload ... ok
[INFO] [stdout] test http::endpoints::args::result::tests::it_extracts_result_with_different_error_types ... ok
[INFO] [stdout] test http::endpoints::args::result::tests::it_extracts_result_integration_with_real_extractors ... ok
[INFO] [stdout] test http::endpoints::args::result::tests::it_extracts_result_with_path_extractor ... ok
[INFO] [stdout] test http::endpoints::args::result::tests::it_extracts_result_preserves_source ... ok
[INFO] [stdout] test http::endpoints::args::result::tests::it_extracts_result_with_path_extractor_returns_invalid_value ... ok
[INFO] [stdout] test http::endpoints::args::result::tests::it_extracts_result_with_nested_result ... ok
[INFO] [stdout] test http::endpoints::args::result::tests::it_extracts_result_returns_err_on_failure ... ok
[INFO] [stdout] test http::endpoints::args::result::tests::it_extracts_result_with_body_extractor_with_wrong_payload ... ok
[INFO] [stdout] test http::endpoints::args::result::tests::it_extracts_result_with_primitive_types ... ok
[INFO] [stdout] test http::endpoints::args::result::tests::it_extracts_result_with_path_extractor_returns_wrong_payload ... ok
[INFO] [stdout] test http::endpoints::args::result::tests::it_extracts_result_with_body_extractor ... ok
[INFO] [stdout] test http::endpoints::args::result::tests::it_extracts_result_maintains_success_value ... ok
[INFO] [stdout] test http::endpoints::args::result::tests::it_extracts_option_returns_some_from_parts ... ok
[INFO] [stdout] test http::endpoints::args::result::tests::it_extracts_result_returns_ok_on_success ... ok
[INFO] [stdout] test http::endpoints::args::shutdown_handle::tests::it_fails_without_request_scope ... ok
[INFO] [stdout] test http::endpoints::args::shutdown_handle::tests::it_gets_from_request_ref ... ok
[INFO] [stdout] test http::endpoints::args::sse::tests::it_appends_string_data ... ok
[INFO] [stdout] test http::endpoints::args::shutdown_handle::tests::it_reads_from_payload ... ok
[INFO] [stdout] test http::endpoints::args::sse::tests::it_converts_into_byte_stream ... ok
[INFO] [stdout] test http::endpoints::args::sse::tests::it_converts_into_bytes ... ok
[INFO] [stdout] test http::endpoints::args::sse::tests::it_converts_json_into_event ... ok
[INFO] [stdout] test http::endpoints::args::sse::tests::it_creates_data_message_with_comment ... ok
[INFO] [stdout] test http::endpoints::args::sse::tests::it_creates_data_message_with_multiple_comment ... ok
[INFO] [stdout] test http::endpoints::args::sse::tests::it_creates_default_message ... ok
[INFO] [stdout] test http::endpoints::args::sse::tests::it_creates_empty_message ... ok
[INFO] [stdout] test http::endpoints::args::sse::tests::it_creates_json_event ... ok
[INFO] [stdout] test http::endpoints::args::sse::tests::it_creates_message_once_stream ... ok
[INFO] [stdout] test http::endpoints::args::sse::tests::it_creates_message_repeat_stream ... ok
[INFO] [stdout] test http::endpoints::args::sse::tests::it_creates_message_with_retry ... ok
[INFO] [stdout] test http::endpoints::args::sse::tests::it_creates_multiline_string_data ... ok
[INFO] [stdout] test http::endpoints::args::sse::tests::it_creates_sse_stream ... ok
[INFO] [stdout] test http::endpoints::args::sse::tests::it_creates_sse_stream_with_loop ... ok
[INFO] [stdout] test http::endpoints::args::sse::tests::it_creates_string_event ... ok
[INFO] [stdout] test http::endpoints::args::sse::tests::it_creates_string_event_with_id ... ok
[INFO] [stdout] test http::endpoints::args::sse::tests::it_creates_string_message ... ok
[INFO] [stdout] test http::endpoints::args::sse::tests::it_modifies_sse_stream ... ok
[INFO] [stdout] test http::endpoints::args::tests::it_reads_none_from_payload ... ok
[INFO] [stdout] test http::endpoints::args::vec::test::it_extracts_vec_empty_array ... ok
[INFO] [stdout] test http::endpoints::args::vec::test::it_extracts_vec_of_integers ... ok
[INFO] [stdout] test http::endpoints::args::vec::test::it_extracts_vec_of_strings ... ok
[INFO] [stdout] test http::endpoints::args::vec::test::it_extracts_vec_of_struct_array ... ok
[INFO] [stdout] test http::endpoints::handlers::tests::blocking_handler_runs_off_the_polling_thread ... ok
[INFO] [stdout] test http::endpoints::handlers::tests::blocking_handler_shares_state_that_is_not_clone ... ok
[INFO] [stdout] test http::endpoints::handlers::tests::generic_handler_invokes_function_with_arguments ... ok
[INFO] [stdout] test http::endpoints::handlers::tests::blocking_join_answers_a_cancelled_call_with_a_server_error ... ok
[INFO] [stdout] test http::endpoints::handlers::tests::immediate_handler_returns_its_value ... ok
[INFO] [stdout] test http::endpoints::handlers::tests::blocking_handler_resumes_a_panic_on_the_awaiting_task ... ok
[INFO] [stdout] test http::endpoints::handlers::tests::immediate_map_err_handler_returns_its_value ... ok
[INFO] [stdout] test http::endpoints::handlers::tests::map_err_handler_invokes_function_with_error_and_args ... ok
[INFO] [stdout] test http::endpoints::meta::tests::it_can_create_route_info ... ok
[INFO] [stdout] test http::endpoints::meta::tests::it_can_deref_routes_info_as_vec ... ok
[INFO] [stdout] test http::endpoints::meta::tests::it_can_display_empty_routes_info ... ok
[INFO] [stdout] test http::endpoints::meta::tests::it_can_format_route_info_plain_without_ansi ... ok
[INFO] [stdout] test http::endpoints::meta::tests::it_can_format_route_info_with_colored_method ... ok
[INFO] [stdout] test http::endpoints::meta::tests::it_can_format_routes_info_display ... ok
[INFO] [stdout] test http::endpoints::meta::tests::it_can_format_routes_info_plain_without_ansi ... ok
[INFO] [stdout] test http::endpoints::meta::tests::it_can_mutate_routes_info_via_deref_mut ... ok
[INFO] [stdout] test http::endpoints::meta::tests::it_does_compare_route_info_with_method_and_str ... ok
[INFO] [stdout] test http::endpoints::meta::tests::it_does_compare_route_info_with_method_and_string ... ok
[INFO] [stdout] test http::endpoints::route::layer::tests::insert_sets_handler_in_pipeline ... ok
[INFO] [stdout] test http::endpoints::route::layer::tests::pipeline_from_layer_contains_handler ... ok
[INFO] [stdout] test http::endpoints::meta::tests::it_does_not_match_different_method_or_path ... ok
[INFO] [stdout] test http::endpoints::route::path_args::tests::clone_clones_cache_when_initialized ... ok
[INFO] [stdout] test http::endpoints::route::path_args::tests::first_returns_none_when_empty_and_some_when_not ... ok
[INFO] [stdout] test http::endpoints::route::path_args::tests::clone_has_no_cache_when_original_not_initialized ... ok
[INFO] [stdout] test http::endpoints::route::path_args::tests::from_iterator_preserves_order ... ok
[INFO] [stdout] test http::endpoints::route::path_args::tests::from_parts_restores_cached_query_str ... ok
[INFO] [stdout] test http::endpoints::route::path_args::tests::from_parts_with_none_cached_computes_on_demand ... ok
[INFO] [stdout] test http::endpoints::route::path_args::tests::into_parts_returns_args_and_cached_when_present ... ok
[INFO] [stdout] test http::endpoints::route::path_args::tests::into_iterator_yields_in_order ... ok
[INFO] [stdout] test http::endpoints::route::path_args::tests::into_parts_returns_none_cached_if_never_computed ... ok
[INFO] [stdout] test http::endpoints::route::path_args::tests::it_escapes_what_a_form_reads_differently_from_a_path ... ok
[INFO] [stdout] test http::endpoints::route::path_args::tests::it_makes_query_str ... ok
[INFO] [stdout] test http::endpoints::route::path_args::tests::it_makes_query_str_single_arg ... ok
[INFO] [stdout] test http::endpoints::route::path_args::tests::it_makes_query_str_with_empty_name_or_value ... ok
[INFO] [stdout] test http::endpoints::route::path_args::tests::it_reads_a_percent_sign_back_as_it_is ... ok
[INFO] [stdout] test http::endpoints::route::path_args::tests::it_reads_any_decoded_value_back_as_it_is ... ok
[INFO] [stdout] test http::endpoints::route::path_args::tests::iter_yields_all_items ... ok
[INFO] [stdout] test http::endpoints::route::path_args::tests::it_makes_query_str_empty ... ok
[INFO] [stdout] test http::endpoints::route::path_args::tests::push_invalidates_cached_query_str ... ok
[INFO] [stdout] test http::endpoints::route::path_args::tests::query_str_is_cached_between_calls_without_mutations ... ok
[INFO] [stdout] test http::endpoints::route::percent::tests::it_answers_a_malformed_path_with_400 ... ok
[INFO] [stdout] test http::endpoints::route::percent::tests::it_borrows_a_value_that_needs_no_decoding ... ok
[INFO] [stdout] test http::endpoints::route::percent::tests::it_decodes_escapes ... ok
[INFO] [stdout] test http::endpoints::route::percent::tests::it_finds_a_well_formed_escape ... ok
[INFO] [stdout] test http::endpoints::route::percent::tests::it_leaves_a_plus_alone ... ok
[INFO] [stdout] test http::endpoints::route::percent::tests::it_rejects_a_malformed_escape ... ok
[INFO] [stdout] test http::endpoints::route::percent::tests::it_rejects_escapes_that_are_not_utf8 ... ok
[INFO] [stdout] test http::endpoints::route::percent::tests::it_sizes_the_decoded_value_exactly ... ok
[INFO] [stdout] test http::endpoints::route::percent::tests::it_tells_a_value_that_may_need_decoding ... ok
[INFO] [stdout] test http::endpoints::route::tests::in_check_method_order ... ok
[INFO] [stdout] test http::endpoints::route::tests::it_accepts_a_literal_carrying_a_percent_sign ... ok
[INFO] [stdout] test http::endpoints::route::tests::it_accepts_a_literal_segment_beside_a_parameter ... ok
[INFO] [stdout] test http::endpoints::route::tests::it_accepts_a_second_name_for_a_catch_all_from_another_verb ... ok
[INFO] [stdout] test http::endpoints::route::tests::it_accepts_a_second_name_from_another_verb ... ok
[INFO] [stdout] test http::endpoints::route::tests::it_accepts_the_same_parameter_name_again ... ok
[INFO] [stdout] test http::endpoints::route::tests::it_accepts_a_typed_spelling_of_a_name_already_registered ... ok
[INFO] [stdout] test http::endpoints::route::tests::it_accepts_two_names_where_the_routes_part ... ok
[INFO] [stdout] test http::endpoints::route::tests::it_answers_the_position_of_a_catch_all_with_a_route_mapped_there ... ok
[INFO] [stdout] test http::endpoints::route::tests::it_backtracks_to_the_nearest_parameter_first ... ok
[INFO] [stdout] test http::endpoints::route::tests::it_binds_an_encoded_path_the_way_it_binds_a_plain_one ... ok
[INFO] [stdout] test http::endpoints::route::tests::it_binds_the_parameters_before_a_catch_all ... ok
[INFO] [stdout] test http::endpoints::route::tests::it_binds_the_tail_as_the_request_wrote_it ... ok
[INFO] [stdout] test http::endpoints::route::tests::it_binds_the_rest_of_the_path_to_a_catch_all ... ok
[INFO] [stdout] test http::endpoints::route::tests::it_decides_between_routes_at_the_first_position_they_differ ... ok
[INFO] [stdout] test http::endpoints::route::tests::it_decodes_a_parameter ... ok
[INFO] [stdout] test http::endpoints::route::tests::it_does_not_read_an_encoded_separator_as_a_literal_path ... ok
[INFO] [stdout] test http::endpoints::route::tests::it_does_not_bind_an_empty_tail ... ok
[INFO] [stdout] test http::endpoints::route::tests::it_falls_back_to_a_parameter_when_the_literal_branch_parts_deeper ... ok
[INFO] [stdout] test http::endpoints::route::tests::it_inserts_and_finds_route ... ok
[INFO] [stdout] test http::endpoints::route::tests::it_drops_empty_segments_when_joining ... ok
[INFO] [stdout] test http::endpoints::route::tests::it_finds_a_position_only_a_fallback_is_mapped_at ... ok
[INFO] [stdout] test http::endpoints::route::tests::it_inserts_and_finds_route_with_params ... ok
[INFO] [stdout] test http::endpoints::route::tests::it_joins_a_path_that_finds_the_route_it_names ... ok
[INFO] [stdout] test http::endpoints::route::tests::it_joins_a_prefix_and_a_pattern ... ok
[INFO] [stdout] test http::endpoints::route::tests::it_joins_a_prefix_and_a_pattern_written_without_separators ... ok
[INFO] [stdout] test http::endpoints::route::tests::it_joins_an_empty_prefix_or_pattern ... ok
[INFO] [stdout] test http::endpoints::route::tests::it_keeps_a_literal_mapped_for_another_verb_over_a_parameter ... ok
[INFO] [stdout] test http::endpoints::route::tests::it_falls_back_to_a_parameter_when_the_literal_branch_ends_short ... ok
[INFO] [stdout] test http::endpoints::route::tests::it_keeps_typed_and_dynamic_segments_when_joining ... ok
[INFO] [stdout] test http::endpoints::route::tests::it_makes_allowed_str ... ok
[INFO] [stdout] test http::endpoints::route::tests::it_makes_empty_allowed_str_if_no_handlers ... ok
[INFO] [stdout] test http::endpoints::route::tests::it_matches_a_literal_against_the_text_a_segment_spells ... ok
[INFO] [stdout] test http::endpoints::route::tests::it_names_the_root_position_of_a_conflict - should panic ... ok
[INFO] [stdout] test http::endpoints::route::tests::it_names_the_text_an_encoded_literal_spells - should panic ... ok
[INFO] [stdout] test http::endpoints::route::tests::it_prefers_a_catch_all_under_a_literal_to_a_deeper_one_under_a_parameter ... ok
[INFO] [stdout] test http::endpoints::route::tests::it_prefers_the_deeper_of_two_catch_alls_on_one_branch ... ok
[INFO] [stdout] test http::endpoints::route::tests::it_puts_a_decoded_tail_together_as_the_raw_tail_decodes ... ok
[INFO] [stdout] test http::endpoints::route::tests::it_reads_a_fallback_under_a_literal_before_a_parameter ... ok
[INFO] [stdout] test http::endpoints::route::tests::it_reads_a_literal_before_a_parameter_that_also_fits ... ok
[INFO] [stdout] test http::endpoints::route::tests::it_reads_a_literal_before_a_catch_all ... ok
[INFO] [stdout] test http::endpoints::route::tests::it_reads_a_parameter_before_a_catch_all ... ok
[INFO] [stdout] test http::endpoints::route::tests::it_reads_a_typed_catch_all_by_its_name ... ok
[INFO] [stdout] test http::endpoints::route::tests::it_reads_an_encoded_separator_inside_its_segment ... ok
[INFO] [stdout] test http::endpoints::route::tests::it_reads_one_path_for_spellings_that_name_one_route ... ok
[INFO] [stdout] test http::endpoints::route::tests::it_reads_one_position_under_any_spelling_of_its_parameters ... ok
[INFO] [stdout] test http::endpoints::route::tests::it_reads_an_encoded_path_in_precedence_order ... ok
[INFO] [stdout] test http::endpoints::route::tests::it_rejects_a_get_named_apart_from_the_head_answering_for_it - should panic ... ok
[INFO] [stdout] test http::endpoints::route::tests::it_rejects_a_head_named_apart_from_the_get_it_answers_for - should panic ... ok
[INFO] [stdout] test http::endpoints::route::tests::it_rejects_a_second_name_for_one_catch_all - should panic ... ok
[INFO] [stdout] test http::endpoints::route::tests::it_rejects_a_path_that_does_not_decode ... ok
[INFO] [stdout] test http::endpoints::route::tests::it_rejects_a_literal_written_with_a_percent_escape - should panic ... ok
[INFO] [stdout] test http::endpoints::route::tests::it_sizes_a_decoded_tail_exactly ... ok
[INFO] [stdout] test http::endpoints::route::tests::it_spells_the_root_the_way_every_other_route_does ... ok
[INFO] [stdout] test http::endpoints::route::tests::it_rejects_a_second_name_for_one_parameter - should panic ... ok
[INFO] [stdout] test http::endpoints::route::tests::it_splits_path ... ok
[INFO] [stdout] test http::endpoints::route::tests::it_splits_path_with_trailing_slash ... ok
[INFO] [stdout] test http::endpoints::route::tests::it_splits_path_without_leading_slash ... ok
[INFO] [stdout] test http::endpoints::route::tests::it_rejects_a_segment_after_a_catch_all - should panic ... ok
[INFO] [stdout] test http::endpoints::route::tests::it_unbinds_a_parameter_whose_branch_dead_ends_before_a_catch_all ... ok
[INFO] [stdout] test http::endpoints::tests::is_doesnt_have_route_after_map_a_different_one ... ok
[INFO] [stdout] test http::endpoints::tests::is_has_route_after_map ... ok
[INFO] [stdout] test http::endpoints::tests::it_binds_a_body_limit_to_a_fallback_at_and_below_its_prefix ... ok
[INFO] [stdout] test http::endpoints::tests::it_binds_a_body_limit_to_the_endpoint_of_one_method ... ok
[INFO] [stdout] test http::endpoints::tests::it_binds_no_body_limit_where_nothing_is_mapped ... ok
[INFO] [stdout] test http::endpoints::tests::it_binds_the_catch_all_a_prefix_ends_in ... ok
[INFO] [stdout] test http::endpoints::tests::it_carries_no_body_limit_until_one_is_bound ... ok
[INFO] [stdout] test http::endpoints::tests::it_finds_the_fallback_where_no_route_is_mapped ... ok
[INFO] [stdout] test http::endpoints::tests::it_keeps_a_body_limit_bound_already_when_binding_one_if_unset ... ok
[INFO] [stdout] test http::endpoints::tests::it_keeps_the_parameter_names_of_an_endpoint_it_binds_a_body_limit_to ... ok
[INFO] [stdout] test http::endpoints::tests::it_labels_path_args_with_the_names_of_the_endpoint_that_answers ... ok
[INFO] [stdout] test http::endpoints::tests::it_hands_a_fallback_the_parameters_of_its_prefix_alone ... ok
[INFO] [stdout] test http::endpoints::tests::it_leaves_the_tail_to_a_catch_all_route_mapped_there ... ok
[INFO] [stdout] test http::endpoints::tests::it_maps_and_gets_endpoint ... ok
[INFO] [stdout] test http::endpoints::tests::it_returns_method_not_found ... ok
[INFO] [stdout] test http::request::query_args::tests::it_handles_empty_query ... ok
[INFO] [stdout] test http::request::query_args::tests::it_ignores_segments_without_equals ... ok
[INFO] [stdout] test http::request::query_args::tests::it_handles_trailing_ampersand_and_empty_segments ... ok
[INFO] [stdout] test http::request::query_args::tests::it_supports_utf8_content ... ok
[INFO] [stdout] test http::request::query_args::tests::it_uses_first_equals_in_segment ... ok
[INFO] [stdout] test http::request::query_args::tests::spans_are_consistent_and_sliceable ... ok
[INFO] [stdout] test http::request::request_body_limit::tests::it_converts_from_default_limit ... ok
[INFO] [stdout] test http::request::request_body_limit::tests::it_converts_from_limited ... ok
[INFO] [stdout] test http::request::request_body_limit::tests::it_converts_from_unlimited ... ok
[INFO] [stdout] test http::request::request_body_limit::tests::it_creates_default_body_limit ... ok
[INFO] [stdout] test http::request::query_args::tests::it_parses_basic_pairs ... ok
[INFO] [stdout] test http::request::query_args::tests::cache_len_matches_query_len ... ok
[INFO] [stdout] test http::request::query_args::tests::it_allows_empty_key_or_value ... ok
[INFO] [stdout] test http::request::tests::it_debugs ... ok
[INFO] [stdout] test http::request::tests::it_extracts_from_request_ref ... ok
[INFO] [stdout] test http::endpoints::tests::it_returns_route_not_found ... ok
[INFO] [stdout] test http::request::tests::it_gets_body_limit ... ok
[INFO] [stdout] test http::request::tests::it_gets_header ... ok
[INFO] [stdout] test http::request::tests::it_gets_many_headers ... ok
[INFO] [stdout] test http::request::tests::it_inserts_header ... ok
[INFO] [stdout] test http::request::tests::it_returns_empty_iter_if_no_query_params ... ok
[INFO] [stdout] test http::request::tests::it_splits_into_parts ... ok
[INFO] [stdout] test http::request::tests::it_unwraps_body ... ok
[INFO] [stdout] test http::request_scope::tests::it_stores_body_limit ... ok
[INFO] [stdout] test http::request_scope::tests::it_stores_cancellation_token ... ok
[INFO] [stdout] test http::response::builder::tests::builder_returns_error_for_invalid_header ... ok
[INFO] [stdout] test http::response::builder::tests::builder_sets_status_headers_raw_and_body ... ok
[INFO] [stdout] test http::response::builder::tests::builder_sets_status_headers_and_body ... ok
[INFO] [stdout] test http::response::builder::tests::it_creates_response_with_headers_and_body ... ok
[INFO] [stdout] test http::request_scope::tests::it_can_be_inserted_into_extensions ... ok
[INFO] [stdout] test http::request::tests::it_returns_url_path ... ok
[INFO] [stdout] test http::request::tests::it_returns_url_query ... ok
[INFO] [stdout] test http::response::builder::tests::response_macro_builds_with_body ... ok
[INFO] [stdout] test http::request::tests::it_unwraps_inner_req ... ok
[INFO] [stdout] test http::request_scope::tests::it_stores_client_ip ... ok
[INFO] [stdout] test http::request::tests::it_returns_empty_iter_if_no_path_params ... ok
[INFO] [stdout] test http::response::form::tests::it_creates_form_data_response ... ok
[INFO] [stdout] test http::response::form::tests::it_creates_form_data_untyped_response ... ok
[INFO] [stdout] test http::response::file::tests::it_creates_file_with_ok_response ... ok
[INFO] [stdout] test http::response::form::tests::it_creates_form_data_untyped_response_with_headers ... ok
[INFO] [stdout] test http::response::html::tests::it_creates_html_response_with_headers ... ok
[INFO] [stdout] test http::response::html::tests::it_creates_no_content_response ... ok
[INFO] [stdout] test http::response::into_response::tests::it_converts_bool_into_response ... ok
[INFO] [stdout] test http::response::form::tests::it_creates_form_data_response_with_headers ... ok
[INFO] [stdout] test http::response::into_response::tests::it_converts_box_str_into_response ... ok
[INFO] [stdout] test http::response::file::tests::it_creates_file_with_ok_and_custom_headers_response ... ok
[INFO] [stdout] test http::response::into_response::tests::it_converts_bytes_stream_into_response ... ok
[INFO] [stdout] test http::response::into_response::tests::it_converts_err_into_response ... ok
[INFO] [stdout] test http::response::into_response::tests::it_converts_err_result_into_response ... ok
[INFO] [stdout] test http::response::into_response::tests::it_converts_error_into_response ... ok
[INFO] [stdout] test http::response::into_response::tests::it_converts_float_into_response ... ok
[INFO] [stdout] test http::response::into_response::tests::it_converts_form_into_response ... ok
[INFO] [stdout] test http::response::html::tests::it_creates_html_response ... ok
[INFO] [stdout] test http::response::into_response::tests::it_converts_int_into_response ... ok
[INFO] [stdout] test http::response::into_response::tests::it_converts_into_response ... ok
[INFO] [stdout] test http::response::into_response::tests::it_converts_json_into_response ... ok
[INFO] [stdout] test http::response::into_response::tests::it_converts_option_some_into_response ... ok
[INFO] [stdout] test http::response::into_response::tests::it_converts_option_none_into_response ... ok
[INFO] [stdout] test http::response::into_response::tests::it_converts_response_into_response ... ok
[INFO] [stdout] test http::response::into_response::tests::it_converts_ok_result_into_response ... ok
[INFO] [stdout] test http::response::into_response::tests::it_converts_sse_stream_into_response ... ok
[INFO] [stdout] test http::response::into_response::tests::it_converts_status_response ... ok
[INFO] [stdout] test http::response::into_response::tests::it_converts_str_into_response ... ok
[INFO] [stdout] test http::response::into_response::tests::it_converts_string_into_response ... ok
[INFO] [stdout] test http::response::into_response::tests::it_converts_tuple_of_status_and_headers_into_response ... ok
[INFO] [stdout] test http::response::into_response::tests::it_converts_uint_into_response ... ok
[INFO] [stdout] test http::response::macros::tests::it_creates_201_response ... ok
[INFO] [stdout] test http::response::macros::tests::it_creates_201_response_with_formatted_text ... ok
[INFO] [stdout] test http::response::macros::tests::it_creates_201_response_with_headers ... ok
[INFO] [stdout] test http::response::into_response::tests::it_turns_an_err_into_an_error_rather_than_a_response ... ok
[INFO] [stdout] test http::response::macros::tests::it_creates_201_response_with_interpolated_text ... ok
[INFO] [stdout] test http::response::macros::tests::it_creates_201_response_with_text ... ok
[INFO] [stdout] test http::response::macros::tests::it_creates_201_with_fmt_prefixed_args_and_headers ... ok
[INFO] [stdout] test http::response::macros::tests::it_creates_201_with_json_prefixed_response_and_headers ... ok
[INFO] [stdout] test http::response::macros::tests::it_creates_201_with_json_response ... ok
[INFO] [stdout] test http::response::macros::tests::it_creates_201_with_text_prefixed_response ... ok
[INFO] [stdout] test http::response::macros::tests::it_creates_202_response ... ok
[INFO] [stdout] test http::response::macros::tests::it_creates_202_response_with_fmt_formatted_text ... ok
[INFO] [stdout] test http::response::macros::tests::it_creates_202_response_with_fmt_interpolated_text ... ok
[INFO] [stdout] test http::response::macros::tests::it_creates_202_response_with_fmt_text ... ok
[INFO] [stdout] test http::response::macros::tests::it_creates_202_response_with_formatted_text ... ok
[INFO] [stdout] test http::response::macros::tests::it_creates_202_response_with_headers ... ok
[INFO] [stdout] test http::response::macros::tests::it_creates_202_response_with_text ... ok
[INFO] [stdout] test http::response::macros::tests::it_creates_202_response_with_interpolated_text ... ok
[INFO] [stdout] test http::response::macros::tests::it_creates_202_response_with_text_text ... ok
[INFO] [stdout] test http::response::macros::tests::it_creates_202_with_fmt_prefixed_capture_and_headers ... ok
[INFO] [stdout] test http::response::macros::tests::it_creates_202_with_json_prefixed_response ... ok
[INFO] [stdout] test http::response::macros::tests::it_creates_202_with_json_prefixed_response_and_headers ... ok
[INFO] [stdout] test http::response::macros::tests::it_creates_202_with_json_response ... ok
[INFO] [stdout] test http::response::macros::tests::it_creates_400_response ... ok
[INFO] [stdout] test http::response::macros::tests::it_creates_400_with_fmt_prefixed_args ... ok
[INFO] [stdout] test http::response::macros::tests::it_creates_400_with_fmt_prefixed_args_and_headers ... ok
[INFO] [stdout] test http::response::macros::tests::it_creates_400_with_fmt_prefixed_capture ... ok
[INFO] [stdout] test http::response::macros::tests::it_creates_400_with_formatted_text_response ... ok
[INFO] [stdout] test http::response::macros::tests::it_creates_400_with_interpolated_text_response ... ok
[INFO] [stdout] test http::response::macros::tests::it_creates_400_with_json_response ... ok
[INFO] [stdout] test http::response::macros::tests::it_creates_400_with_text_prefixed_response_and_headers ... ok
[INFO] [stdout] test http::response::macros::tests::it_creates_400_with_text_prefixed_response ... ok
[INFO] [stdout] test http::response::macros::tests::it_creates_400_with_text_response ... ok
[INFO] [stdout] test http::response::macros::tests::it_creates_404_response_with_formatted_text ... ok
[INFO] [stdout] test http::response::macros::tests::it_creates_404_response ... ok
[INFO] [stdout] test http::response::macros::tests::it_creates_404_response_with_text ... ok
[INFO] [stdout] test http::response::macros::tests::it_creates_404_with_fmt_prefixed_args ... ok
[INFO] [stdout] test http::response::macros::tests::it_creates_404_response_with_headers ... ok
[INFO] [stdout] test http::response::macros::tests::it_creates_404_response_with_interpolated_text ... ok
[INFO] [stdout] test http::response::macros::tests::it_creates_404_with_fmt_prefixed_capture_and_headers ... ok
[INFO] [stdout] test http::response::macros::tests::it_creates_404_with_json_prefixed_response_and_headers ... ok
[INFO] [stdout] test http::response::macros::tests::it_creates_404_with_json_response ... ok
[INFO] [stdout] test http::response::macros::tests::it_creates_404_with_text_prefixed_response ... ok
[INFO] [stdout] test http::response::macros::tests::it_creates_anonymous_type_201_with_json_body_and_headers_via_braces ... ok
[INFO] [stdout] test http::response::macros::tests::it_creates_anonymous_type_202_response_with_json_body_and_headers ... ok
[INFO] [stdout] test http::response::macros::tests::it_creates_anonymous_type_202_response_with_json_body ... ok
[INFO] [stdout] test http::response::macros::tests::it_creates_anonymous_type_201_response_with_json_body_and_headers ... ok
[INFO] [stdout] test http::response::macros::tests::it_creates_anonymous_type_404_response_with_json_body ... ok
[INFO] [stdout] test http::response::ok::tests::it_creates_array_ok_response ... ok
[INFO] [stdout] test http::response::macros::tests::it_creates_anonymous_type_404_response_with_json_body_and_headers ... ok
[INFO] [stdout] test http::response::ok::tests::it_creates_anonymous_type_json_ok_variant_2_response ... ok
[INFO] [stdout] test http::response::ok::tests::it_creates_anonymous_type_json_ok_variant_1_response ... ok
[INFO] [stdout] test http::response::macros::tests::it_creates_anonymous_type_400_response_with_json_body ... ok
[INFO] [stdout] test http::response::ok::tests::it_creates_boolean_ok_response ... ok
[INFO] [stdout] test http::response::macros::tests::it_creates_anonymous_type_201_response_with_json_body ... ok
[INFO] [stdout] test http::response::ok::tests::it_creates_anonymous_json_response_with_custom_headers ... ok
[INFO] [stdout] test http::response::ok::tests::it_creates_empty_ok_response ... ok
[INFO] [stdout] test http::response::ok::tests::it_creates_char_ok_response ... ok
[INFO] [stdout] test http::response::ok::tests::it_creates_empty_ok_response_with_headers ... ok
[INFO] [stdout] test http::response::macros::tests::it_creates_anonymous_type_400_response_with_json_body_and_headers ... ok
[INFO] [stdout] test http::response::ok::tests::it_creates_explicit_json_ok_response ... ok
[INFO] [stdout] test http::response::ok::tests::it_creates_empty_ok_response_with_raw_headers ... ok
[INFO] [stdout] test http::response::macros::tests::it_creates_anonymous_type_400_with_json_body_and_headers_via_braces ... ok
[INFO] [stdout] test http::response::ok::tests::it_creates_explicit_json_string_ok_response ... ok
[INFO] [stdout] test http::response::ok::tests::it_creates_expr_ok_response ... ok
[INFO] [stdout] test http::response::ok::tests::it_creates_formatted_text_ok_response ... ok
[INFO] [stdout] test http::response::ok::tests::it_creates_interpolated_text_ok_response ... ok
[INFO] [stdout] test http::response::ok::tests::it_creates_json_ok_response ... ok
[INFO] [stdout] test http::response::ok::tests::it_creates_json_from_inline_struct_ok_response ... ok
[INFO] [stdout] test http::response::ok::tests::it_creates_json_response_with_custom_headers ... ok
[INFO] [stdout] test http::response::ok::tests::it_creates_literal_text_ok_response ... ok
[INFO] [stdout] test http::response::ok::tests::it_creates_text_ok_response ... ok
[INFO] [stdout] test http::response::ok::tests::it_creates_text_prefixed_char_ok_response ... ok
[INFO] [stdout] test http::response::ok::tests::it_creates_text_prefixed_formatted_response_with_custom_headers ... ok
[INFO] [stdout] test http::response::ok::tests::it_creates_text_prefixed_number_ok_response ... ok
[INFO] [stdout] test http::response::ok::tests::it_creates_number_ok_response ... ok
[INFO] [stdout] test http::response::ok::tests::it_creates_explicit_json_response_with_custom_headers ... ok
[INFO] [stdout] test http::response::ok::tests::it_creates_text_prefixed_response_with_headers ... ok
[INFO] [stdout] test http::response::ok::tests::it_creates_text_prefixed_response_with_custom_headers ... ok
[INFO] [stdout] test http::response::ok::tests::it_creates_text_prefixed_string_ok_response ... ok
[INFO] [stdout] test http::response::ok::tests::it_creates_text_response_with_custom_headers ... ok
[INFO] [stdout] test http::response::redirect::tests::it_creates_found_redirect_response_with_custom_headers ... ok
[INFO] [stdout] test http::response::redirect::tests::it_creates_permanent_redirect_response ... ok
[INFO] [stdout] test http::response::ok::tests::it_creates_text_response_with_empty_custom_headers ... FAILED
[INFO] [stdout] test http::response::redirect::tests::it_creates_redirect_response_with_custom_headers ... ok
[INFO] [stdout] test http::response::redirect::tests::it_creates_redirect_response ... ok
[INFO] [stdout] test http::response::redirect::tests::it_creates_redirect_temporary_response_with_custom_headers ... ok
[INFO] [stdout] test http::response::sse::tests::it_creates_sse_response_with_headers ... ok
[INFO] [stdout] test http::response::redirect::tests::it_creates_see_other_redirect_response_with_custom_headers ... ok
[INFO] [stdout] test http::response::redirect::tests::it_creates_see_other_redirect_response ... ok
[INFO] [stdout] test http::response::redirect::tests::it_creates_temporary_redirect_response ... ok
[INFO] [stdout] test http::response::redirect::tests::it_creates_permanent_redirect_response_with_custom_headers ... ok
[INFO] [stdout] test http::response::redirect::tests::it_creates_found_redirect_response ... ok
[INFO] [stdout] test http::response::status::tests::it_creates_200_with_text_response ... ok
[INFO] [stdout] test http::response::status::tests::it_creates_401_response_with_formatted_text_body ... ok
[INFO] [stdout] test http::response::status::tests::it_creates_401_response_with_interpolated_text_body ... ok
[INFO] [stdout] test http::response::status::tests::it_creates_200_with_json_response ... ok
[INFO] [stdout] test http::response::status::tests::it_creates_401_response_with_json_body ... ok
[INFO] [stdout] test http::response::status::tests::it_creates_200_response ... ok
[INFO] [stdout] test http::response::status::tests::it_creates_403_response_with_json_body ... ok
[INFO] [stdout] test http::response::status::tests::it_creates_403_response_with_text_body ... ok
[INFO] [stdout] test http::response::status::tests::it_creates_anonymous_type_200_response_with_json_body ... ok
[INFO] [stdout] test http::response::status::tests::it_creates_401_response_with_text_body ... ok
[INFO] [stdout] test http::response::sse::tests::it_creates_sse_response ... ok
[INFO] [stdout] test http::response::status::tests::it_creates_empty_403_response ... ok
[INFO] [stdout] test http::response::status::tests::it_creates_anonymous_type_401_response_with_json_body ... ok
[INFO] [stdout] test http::response::status::tests::it_creates_anonymous_type_403_response_with_json_body ... ok
[INFO] [stdout] test http::response::status::tests::it_creates_empty_401_response ... ok
[INFO] [stdout] test http::response::status::tests::it_creates_empty_response_with_headers_using_semicolon_separator ... ok
[INFO] [stdout] test http::response::status::tests::it_creates_explicit_json_mode_response ... ok
[INFO] [stdout] test http::response::status::tests::it_creates_empty_status_response_with_body_and_headers ... ok
[INFO] [stdout] test http::response::status::tests::it_creates_empty_status_response_with_headers ... ok
[INFO] [stdout] test http::response::status::tests::it_creates_explicit_json_string_mode_response ... ok
[INFO] [stdout] test http::response::status::tests::it_creates_fmt_interpolated_response ... ok
[INFO] [stdout] test http::response::status::tests::it_creates_fmt_with_headers_using_semicolon_separator ... ok
[INFO] [stdout] test http::response::status::tests::it_creates_json_inline_object_with_headers_using_semicolon_separator ... ok
[INFO] [stdout] test http::response::status::tests::it_creates_fmt_formatted_response ... ok
[INFO] [stdout] test http::response::status::tests::it_creates_text_prefix_number_response ... ok
[INFO] [stdout] test http::response::status::tests::it_creates_text_prefix_to_string_response ... ok
[INFO] [stdout] test http::response::status::tests::it_creates_text_prefix_with_headers_using_semicolon_separator ... ok
[INFO] [stdout] test http::response::status::tests::it_sets_content_type_for_json_inline_object ... ok
[INFO] [stdout] test http::response::status::tests::it_sets_content_type_for_json_typed ... ok
[INFO] [stdout] test http::response::status::tests::it_sets_content_type_for_text_sugar ... ok
[INFO] [stdout] test http::response::tests::it_appends_header ... ok
[INFO] [stdout] test http::response::tests::it_appends_raw_header ... ok
[INFO] [stdout] test http::response::tests::it_creates_custom_response ... ok
[INFO] [stdout] test http::response::tests::it_creates_empty_custom_response ... ok
[INFO] [stdout] test http::response::tests::it_creates_empty_not_found_response ... ok
[INFO] [stdout] test http::response::stream::tests::it_creates_stream_response ... ok
[INFO] [stdout] test http::response::stream::tests::it_creates_stream_response_with_custom_headers ... ok
[INFO] [stdout] test http::response::tests::it_creates_json_response_with_custom_headers ... ok
[INFO] [stdout] test http::response::tests::it_creates_file_response_with_custom_headers ... ok
[INFO] [stdout] test http::response::tests::it_creates_str_text_response_with_custom_headers ... ok
[INFO] [stdout] test http::response::tests::it_creates_text_response_with_custom_headers ... ok
[INFO] [stdout] test http::response::tests::it_inserts_header ... ok
[INFO] [stdout] test http::response::tests::it_inserts_raw_header ... ok
[INFO] [stdout] test http::response::tests::it_creates_stream_response ... ok
[INFO] [stdout] test http::response::tests::it_removes_header ... ok
[INFO] [stdout] test http::response::tests::it_tries_append_header ... ok
[INFO] [stdout] test http::response::tests::it_tries_appends_raw_header ... ok
[INFO] [stdout] test http::response::tests::it_tries_insert_header ... ok
[INFO] [stdout] test http::response::tests::it_tries_insert_raw_header ... ok
[INFO] [stdout] test http::response::tests::it_tries_remove_header ... ok
[INFO] [stdout] test limits::tests::it_returns_false_for_limited_when_checks_is_unlimited ... ok
[INFO] [stdout] test limits::tests::it_returns_false_for_unlimited_when_checks_is_limited ... ok
[INFO] [stdout] test limits::tests::it_returns_true_for_limited_when_checks_is_limited ... ok
[INFO] [stdout] test limits::tests::it_returns_true_for_unlimited_when_checks_is_unlimited ... ok
[INFO] [stdout] test server::linger::tests::it_closes_at_once_once_the_client_has_closed ... ok
[INFO] [stdout] test server::linger::tests::it_hands_the_socket_back_if_the_client_has_not_closed ... ok
[INFO] [stdout] test server::linger::tests::it_reads_until_the_client_closes ... ok
[INFO] [stdout] test test::server::tests::it_starts_server_and_shuts_down ... ok
[INFO] [stdout] test utils::str::tests::it_splits_empty_str ... ok
[INFO] [stdout] test test::server::tests::it_drops_server_gracefully ... ok
[INFO] [stdout] test utils::str::tests::it_splits_non_empty_empty_str ... ok
[INFO] [stdout] test utils::str::tests::it_splits_non_empty_str_around_multibyte_characters ... ok
[INFO] [stdout] test utils::str::tests::it_splits_non_empty_str ... ok
[INFO] [stdout] test utils::str::tests::it_splits_str ... ok
[INFO] [stdout] test validation::rules::tests::it_measures_strings_in_characters ... ok
[INFO] [stdout] test validation::rules::tests::it_merges_nested_failures ... ok
[INFO] [stdout] test validation::rules::tests::it_merges_nested_failures_of_every_element ... ok
[INFO] [stdout] test validation::tests::it_collects_failures ... ok
[INFO] [stdout] test validation::tests::it_creates_single_entry_errors ... ok
[INFO] [stdout] test validation::rules::tests::it_measures_collections_in_elements ... ok
[INFO] [stdout] test validation::rules::tests::it_merges_flattened_failures_without_naming_a_field ... ok
[INFO] [stdout] test validation::tests::it_responds_with_bad_request_by_default ... ok
[INFO] [stdout] test validation::tests::it_overrides_the_status ... ok
[INFO] [stdout] test validation::valid::tests::it_extracts_valid_payload ... ok
[INFO] [stdout] test validation::valid::tests::it_rejects_invalid_query ... ok
[INFO] [stdout] test validation::valid::tests::it_validates_query ... ok
[INFO] [stdout] test validation::valid::tests::it_forwards_the_source_of_the_inner_extractor ... ok
[INFO] [stdout] test validation::valid::tests::it_validates_when_extracted_from_request_ref ... ok
[INFO] [stdout] test validation::valid::tests::it_validates_when_extracted_from_parts ... ok
[INFO] [stdout] test validation::valid::tests::it_returns_extractor_error_without_validating ... ok
[INFO] [stdout] test validation::valid::tests::it_derefs_to_the_wrapped_extractor ... ok
[INFO] [stdout] test validation::tests::it_wraps_a_foreign_error ... ok
[INFO] [stdout] test validation::valid::tests::it_rejects_invalid_payload ... ok
[INFO] [stdout] test server::linger::tests::it_stops_lingering_once_the_client_goes_quiet ... ok
[INFO] [stdout] test server::linger::tests::it_stops_lingering_after_the_timeout_while_the_client_keeps_sending ... ok
[INFO] [stdout] test test::server::tests::it_binds_server_to_free_port ... ok
[INFO] [stdout] test server::linger::tests::it_keeps_lingering_while_the_client_sends_with_pauses ... ok
[INFO] [stdout] 
[INFO] [stdout] failures:
[INFO] [stdout] 
[INFO] [stdout] ---- http::endpoints::args::file::tests::it_reads_from_payload stdout ----
[INFO] [stdout] 
[INFO] [stdout] thread 'http::endpoints::args::file::tests::it_reads_from_payload' (5750) panicked at src/http/endpoints/args/file.rs:216:42:
[INFO] [stdout] called `Result::unwrap()` on an `Err` value: Error { status: 500, instance: None, inner: Os { code: 30, kind: ReadOnlyFilesystem, message: "Read-only file system" }, response: None }
[INFO] [stdout] stack backtrace:
[INFO] [stdout]    0:     0x6470f57cedf1 - <<std[70759c8f55707aa4]::sys::backtrace::BacktraceLock>::print::DisplayBacktrace as core[df12db4294e9bfd3]::fmt::Display>::fmt
[INFO] [stdout]    1:     0x6470f57e7c4a - core[df12db4294e9bfd3]::fmt::write
[INFO] [stdout]    2:     0x6470f57d42ec - <alloc[2182bb758b4b3781]::vec::Vec<u8> as core[df12db4294e9bfd3]::io::write::Write>::write_fmt
[INFO] [stdout]    3:     0x6470f57a7f16 - std[70759c8f55707aa4]::panicking::default_hook::{closure#0}
[INFO] [stdout]    4:     0x6470f57c5b79 - std[70759c8f55707aa4]::panicking::default_hook
[INFO] [stdout]    5:     0x6470f56bb6b0 - test[9d35eded1c95d3be]::test_main_inner::<test[9d35eded1c95d3be]::test_main_static::{closure#0}>::{closure#0}
[INFO] [stdout]    6:     0x6470f57c5ea2 - std[70759c8f55707aa4]::panicking::panic_with_hook
[INFO] [stdout]    7:     0x6470f57a7fc2 - std[70759c8f55707aa4]::panicking::panic_handler::{closure#0}
[INFO] [stdout]    8:     0x6470f57a0aa9 - std[70759c8f55707aa4]::sys::backtrace::__rust_end_short_backtrace::<std[70759c8f55707aa4]::panicking::panic_handler::{closure#0}, !>
[INFO] [stdout]    9:     0x6470f57a8dad - __rustc[8fa7c3cbc660c2b3]::rust_begin_unwind
[INFO] [stdout]   10:     0x6470f57e83ac - core[df12db4294e9bfd3]::panicking::panic_fmt
[INFO] [stdout]   11:     0x6470f57e8182 - core[df12db4294e9bfd3]::result::unwrap_failed
[INFO] [stdout]   12:     0x6470f5317dab - volga[54dabf901e915c62]::http::endpoints::args::file::tests::it_reads_from_payload::{closure#0}
[INFO] [stdout]   13:     0x6470f52ed9b3 - <tokio[b58199f992f18477]::runtime::scheduler::current_thread::Context>::enter::<core[df12db4294e9bfd3]::task::poll::Poll<()>, <tokio[b58199f992f18477]::runtime::scheduler::current_thread::CoreGuard>::block_on<core[df12db4294e9bfd3]::pin::Pin<&mut core[df12db4294e9bfd3]::pin::Pin<&mut dyn core[df12db4294e9bfd3]::future::future::Future<Output = ()>>>>::{closure#0}::{closure#0}>
[INFO] [stdout]   14:     0x6470f5306ed9 - <std[70759c8f55707aa4]::thread::local::LocalKey<tokio[b58199f992f18477]::runtime::context::Context>>::with::<tokio[b58199f992f18477]::runtime::context::set_scheduler<(alloc[2182bb758b4b3781]::boxed::Box<tokio[b58199f992f18477]::runtime::scheduler::current_thread::Core>, core[df12db4294e9bfd3]::option::Option<()>), <tokio[b58199f992f18477]::runtime::scheduler::current_thread::CoreGuard>::enter<<tokio[b58199f992f18477]::runtime::scheduler::current_thread::CoreGuard>::block_on<core[df12db4294e9bfd3]::pin::Pin<&mut core[df12db4294e9bfd3]::pin::Pin<&mut dyn core[df12db4294e9bfd3]::future::future::Future<Output = ()>>>>::{closure#0}, core[df12db4294e9bfd3]::option::Option<()>>::{closure#0}>::{closure#0}, (alloc[2182bb758b4b3781]::boxed::Box<tokio[b58199f992f18477]::runtime::scheduler::current_thread::Core>, core[df12db4294e9bfd3]::option::Option<()>)>
[INFO] [stdout]   15:     0x6470f52f2727 - <tokio[b58199f992f18477]::runtime::scheduler::current_thread::CoreGuard>::block_on::<core[df12db4294e9bfd3]::pin::Pin<&mut core[df12db4294e9bfd3]::pin::Pin<&mut dyn core[df12db4294e9bfd3]::future::future::Future<Output = ()>>>>
[INFO] [stdout]   16:     0x6470f530dbbd - tokio[b58199f992f18477]::runtime::context::runtime::enter_runtime::<<tokio[b58199f992f18477]::runtime::scheduler::current_thread::CurrentThread>::block_on<core[df12db4294e9bfd3]::pin::Pin<&mut dyn core[df12db4294e9bfd3]::future::future::Future<Output = ()>>>::{closure#0}, ()>
[INFO] [stdout]   17:     0x6470f52ece55 - <tokio[b58199f992f18477]::runtime::runtime::Runtime>::block_on::<core[df12db4294e9bfd3]::pin::Pin<&mut dyn core[df12db4294e9bfd3]::future::future::Future<Output = ()>>>
[INFO] [stdout]   18:     0x6470f5320dfb - volga[54dabf901e915c62]::http::endpoints::args::file::tests::it_reads_from_payload
[INFO] [stdout]   19:     0x6470f51a36b9 - <volga[54dabf901e915c62]::http::endpoints::args::file::tests::it_reads_from_payload::{closure#0} as core[df12db4294e9bfd3]::ops::function::FnOnce<()>>::call_once
[INFO] [stdout]   20:     0x6470f56ae99b - test[9d35eded1c95d3be]::__rust_begin_short_backtrace::<core[df12db4294e9bfd3]::result::Result<(), alloc[2182bb758b4b3781]::string::String>, fn() -> core[df12db4294e9bfd3]::result::Result<(), alloc[2182bb758b4b3781]::string::String>>
[INFO] [stdout]   21:     0x6470f56bc005 - test[9d35eded1c95d3be]::run_test::{closure#0}
[INFO] [stdout]   22:     0x6470f56b58c4 - std[70759c8f55707aa4]::sys::backtrace::__rust_begin_short_backtrace::<test[9d35eded1c95d3be]::run_test::{closure#1}, ()>
[INFO] [stdout]   23:     0x6470f56bf162 - <std[70759c8f55707aa4]::thread::lifecycle::spawn_unchecked<test[9d35eded1c95d3be]::run_test::{closure#1}, ()>::{closure#1} as core[df12db4294e9bfd3]::ops::function::FnOnce<()>>::call_once::{shim:vtable#0}
[INFO] [stdout]   24:     0x6470f57ce0c9 - <std[70759c8f55707aa4]::sys::thread::unix::Thread>::new::thread_start
[INFO] [stdout]   25:     0x7ac1affeedfa - <unknown>
[INFO] [stdout]   26:     0x7ac1b00823d4 - clone
[INFO] [stdout]   27:                0x0 - <unknown>
[INFO] [stdout] 
[INFO] [stdout] ---- http::endpoints::args::file::tests::it_saves_request_body_to_file stdout ----
[INFO] [stdout] 
[INFO] [stdout] thread 'http::endpoints::args::file::tests::it_saves_request_body_to_file' (5751) panicked at src/http/endpoints/args/file.rs:237:42:
[INFO] [stdout] called `Result::unwrap()` on an `Err` value: Error { status: 500, instance: None, inner: Os { code: 30, kind: ReadOnlyFilesystem, message: "Read-only file system" }, response: None }
[INFO] [stdout] stack backtrace:
[INFO] [stdout]    0:     0x6470f57cedf1 - <<std[70759c8f55707aa4]::sys::backtrace::BacktraceLock>::print::DisplayBacktrace as core[df12db4294e9bfd3]::fmt::Display>::fmt
[INFO] [stdout]    1:     0x6470f57e7c4a - core[df12db4294e9bfd3]::fmt::write
[INFO] [stdout]    2:     0x6470f57d42ec - <alloc[2182bb758b4b3781]::vec::Vec<u8> as core[df12db4294e9bfd3]::io::write::Write>::write_fmt
[INFO] [stdout]    3:     0x6470f57a7f16 - std[70759c8f55707aa4]::panicking::default_hook::{closure#0}
[INFO] [stdout]    4:     0x6470f57c5b79 - std[70759c8f55707aa4]::panicking::default_hook
[INFO] [stdout]    5:     0x6470f56bb6b0 - test[9d35eded1c95d3be]::test_main_inner::<test[9d35eded1c95d3be]::test_main_static::{closure#0}>::{closure#0}
[INFO] [stdout]    6:     0x6470f57c5ea2 - std[70759c8f55707aa4]::panicking::panic_with_hook
[INFO] [stdout]    7:     0x6470f57a7fc2 - std[70759c8f55707aa4]::panicking::panic_handler::{closure#0}
[INFO] [stdout]    8:     0x6470f57a0aa9 - std[70759c8f55707aa4]::sys::backtrace::__rust_end_short_backtrace::<std[70759c8f55707aa4]::panicking::panic_handler::{closure#0}, !>
[INFO] [stdout]    9:     0x6470f57a8dad - __rustc[8fa7c3cbc660c2b3]::rust_begin_unwind
[INFO] [stdout]   10:     0x6470f57e83ac - core[df12db4294e9bfd3]::panicking::panic_fmt
[INFO] [stdout]   11:     0x6470f57e8182 - core[df12db4294e9bfd3]::result::unwrap_failed
[INFO] [stdout]   12:     0x6470f531873f - volga[54dabf901e915c62]::http::endpoints::args::file::tests::it_saves_request_body_to_file::{closure#0}
[INFO] [stdout]   13:     0x6470f52ed9b3 - <tokio[b58199f992f18477]::runtime::scheduler::current_thread::Context>::enter::<core[df12db4294e9bfd3]::task::poll::Poll<()>, <tokio[b58199f992f18477]::runtime::scheduler::current_thread::CoreGuard>::block_on<core[df12db4294e9bfd3]::pin::Pin<&mut core[df12db4294e9bfd3]::pin::Pin<&mut dyn core[df12db4294e9bfd3]::future::future::Future<Output = ()>>>>::{closure#0}::{closure#0}>
[INFO] [stdout]   14:     0x6470f5306ed9 - <std[70759c8f55707aa4]::thread::local::LocalKey<tokio[b58199f992f18477]::runtime::context::Context>>::with::<tokio[b58199f992f18477]::runtime::context::set_scheduler<(alloc[2182bb758b4b3781]::boxed::Box<tokio[b58199f992f18477]::runtime::scheduler::current_thread::Core>, core[df12db4294e9bfd3]::option::Option<()>), <tokio[b58199f992f18477]::runtime::scheduler::current_thread::CoreGuard>::enter<<tokio[b58199f992f18477]::runtime::scheduler::current_thread::CoreGuard>::block_on<core[df12db4294e9bfd3]::pin::Pin<&mut core[df12db4294e9bfd3]::pin::Pin<&mut dyn core[df12db4294e9bfd3]::future::future::Future<Output = ()>>>>::{closure#0}, core[df12db4294e9bfd3]::option::Option<()>>::{closure#0}>::{closure#0}, (alloc[2182bb758b4b3781]::boxed::Box<tokio[b58199f992f18477]::runtime::scheduler::current_thread::Core>, core[df12db4294e9bfd3]::option::Option<()>)>
[INFO] [stdout]   15:     0x6470f52f2727 - <tokio[b58199f992f18477]::runtime::scheduler::current_thread::CoreGuard>::block_on::<core[df12db4294e9bfd3]::pin::Pin<&mut core[df12db4294e9bfd3]::pin::Pin<&mut dyn core[df12db4294e9bfd3]::future::future::Future<Output = ()>>>>
[INFO] [stdout]   16:     0x6470f530dbbd - tokio[b58199f992f18477]::runtime::context::runtime::enter_runtime::<<tokio[b58199f992f18477]::runtime::scheduler::current_thread::CurrentThread>::block_on<core[df12db4294e9bfd3]::pin::Pin<&mut dyn core[df12db4294e9bfd3]::future::future::Future<Output = ()>>>::{closure#0}, ()>
[INFO] [stdout]   17:     0x6470f52ece55 - <tokio[b58199f992f18477]::runtime::runtime::Runtime>::block_on::<core[df12db4294e9bfd3]::pin::Pin<&mut dyn core[df12db4294e9bfd3]::future::future::Future<Output = ()>>>
[INFO] [stdout]   18:     0x6470f5320f4b - volga[54dabf901e915c62]::http::endpoints::args::file::tests::it_saves_request_body_to_file
[INFO] [stdout]   19:     0x6470f51a36d9 - <volga[54dabf901e915c62]::http::endpoints::args::file::tests::it_saves_request_body_to_file::{closure#0} as core[df12db4294e9bfd3]::ops::function::FnOnce<()>>::call_once
[INFO] [stdout]   20:     0x6470f56ae99b - test[9d35eded1c95d3be]::__rust_begin_short_backtrace::<core[df12db4294e9bfd3]::result::Result<(), alloc[2182bb758b4b3781]::string::String>, fn() -> core[df12db4294e9bfd3]::result::Result<(), alloc[2182bb758b4b3781]::string::String>>
[INFO] [stdout]   21:     0x6470f56bc005 - test[9d35eded1c95d3be]::run_test::{closure#0}
[INFO] [stdout]   22:     0x6470f56b58c4 - std[70759c8f55707aa4]::sys::backtrace::__rust_begin_short_backtrace::<test[9d35eded1c95d3be]::run_test::{closure#1}, ()>
[INFO] [stdout]   23:     0x6470f56bf162 - <std[70759c8f55707aa4]::thread::lifecycle::spawn_unchecked<test[9d35eded1c95d3be]::run_test::{closure#1}, ()>::{closure#1} as core[df12db4294e9bfd3]::ops::function::FnOnce<()>>::call_once::{shim:vtable#0}
[INFO] [stdout]   24:     0x6470f57ce0c9 - <std[70759c8f55707aa4]::sys::thread::unix::Thread>::new::thread_start
[INFO] [stdout]   25:     0x7ac1affeedfa - <unknown>
[INFO] [stdout]   26:     0x7ac1b00823d4 - clone
[INFO] [stdout]   27:                0x0 - <unknown>
[INFO] [stdout] 
[INFO] [stdout] ---- http::response::ok::tests::it_creates_text_response_with_empty_custom_headers stdout ----
[INFO] [stdout] 
[INFO] [stdout] thread 'http::response::ok::tests::it_creates_text_response_with_empty_custom_headers' (6189) panicked at src/http/response/ok.rs:676:9:
[INFO] [stdout] assertion `left == right` failed
[INFO] [stdout]   left: 1
[INFO] [stdout]  right: 2
[INFO] [stdout] stack backtrace:
[INFO] [stdout]    0:     0x6470f57cedf1 - <<std[70759c8f55707aa4]::sys::backtrace::BacktraceLock>::print::DisplayBacktrace as core[df12db4294e9bfd3]::fmt::Display>::fmt
[INFO] [stdout]    1:     0x6470f57e7c4a - core[df12db4294e9bfd3]::fmt::write
[INFO] [stdout]    2:     0x6470f57d42ec - <alloc[2182bb758b4b3781]::vec::Vec<u8> as core[df12db4294e9bfd3]::io::write::Write>::write_fmt
[INFO] [stdout]    3:     0x6470f57a7f16 - std[70759c8f55707aa4]::panicking::default_hook::{closure#0}
[INFO] [stdout]    4:     0x6470f57c5b79 - std[70759c8f55707aa4]::panicking::default_hook
[INFO] [stdout]    5:     0x6470f56bb6b0 - test[9d35eded1c95d3be]::test_main_inner::<test[9d35eded1c95d3be]::test_main_static::{closure#0}>::{closure#0}
[INFO] [stdout]    6:     0x6470f57c5ea2 - std[70759c8f55707aa4]::panicking::panic_with_hook
[INFO] [stdout]    7:     0x6470f57a7fc2 - std[70759c8f55707aa4]::panicking::panic_handler::{closure#0}
[INFO] [stdout]    8:     0x6470f57a0aa9 - std[70759c8f55707aa4]::sys::backtrace::__rust_end_short_backtrace::<std[70759c8f55707aa4]::panicking::panic_handler::{closure#0}, !>
[INFO] [stdout]    9:     0x6470f57a8dad - __rustc[8fa7c3cbc660c2b3]::rust_begin_unwind
[INFO] [stdout]   10:     0x6470f57e83ac - core[df12db4294e9bfd3]::panicking::panic_fmt
[INFO] [stdout]   11:     0x6470f57e82c3 - core[df12db4294e9bfd3]::panicking::assert_failed_inner
[INFO] [stdout]   12:     0x6470f57e1ac8 - core[df12db4294e9bfd3]::panicking::assert_failed::<usize, usize>
[INFO] [stdout]   13:     0x6470f51f2316 - volga[54dabf901e915c62]::http::response::ok::tests::it_creates_text_response_with_empty_custom_headers::{closure#0}
[INFO] [stdout]   14:     0x6470f52ed9b3 - <tokio[b58199f992f18477]::runtime::scheduler::current_thread::Context>::enter::<core[df12db4294e9bfd3]::task::poll::Poll<()>, <tokio[b58199f992f18477]::runtime::scheduler::current_thread::CoreGuard>::block_on<core[df12db4294e9bfd3]::pin::Pin<&mut core[df12db4294e9bfd3]::pin::Pin<&mut dyn core[df12db4294e9bfd3]::future::future::Future<Output = ()>>>>::{closure#0}::{closure#0}>
[INFO] [stdout]   15:     0x6470f5306ed9 - <std[70759c8f55707aa4]::thread::local::LocalKey<tokio[b58199f992f18477]::runtime::context::Context>>::with::<tokio[b58199f992f18477]::runtime::context::set_scheduler<(alloc[2182bb758b4b3781]::boxed::Box<tokio[b58199f992f18477]::runtime::scheduler::current_thread::Core>, core[df12db4294e9bfd3]::option::Option<()>), <tokio[b58199f992f18477]::runtime::scheduler::current_thread::CoreGuard>::enter<<tokio[b58199f992f18477]::runtime::scheduler::current_thread::CoreGuard>::block_on<core[df12db4294e9bfd3]::pin::Pin<&mut core[df12db4294e9bfd3]::pin::Pin<&mut dyn core[df12db4294e9bfd3]::future::future::Future<Output = ()>>>>::{closure#0}, core[df12db4294e9bfd3]::option::Option<()>>::{closure#0}>::{closure#0}, (alloc[2182bb758b4b3781]::boxed::Box<tokio[b58199f992f18477]::runtime::scheduler::current_thread::Core>, core[df12db4294e9bfd3]::option::Option<()>)>
[INFO] [stdout]   16:     0x6470f52f2727 - <tokio[b58199f992f18477]::runtime::scheduler::current_thread::CoreGuard>::block_on::<core[df12db4294e9bfd3]::pin::Pin<&mut core[df12db4294e9bfd3]::pin::Pin<&mut dyn core[df12db4294e9bfd3]::future::future::Future<Output = ()>>>>
[INFO] [stdout]   17:     0x6470f530dbbd - tokio[b58199f992f18477]::runtime::context::runtime::enter_runtime::<<tokio[b58199f992f18477]::runtime::scheduler::current_thread::CurrentThread>::block_on<core[df12db4294e9bfd3]::pin::Pin<&mut dyn core[df12db4294e9bfd3]::future::future::Future<Output = ()>>>::{closure#0}, ()>
[INFO] [stdout]   18:     0x6470f52ece55 - <tokio[b58199f992f18477]::runtime::runtime::Runtime>::block_on::<core[df12db4294e9bfd3]::pin::Pin<&mut dyn core[df12db4294e9bfd3]::future::future::Future<Output = ()>>>
[INFO] [stdout]   19:     0x6470f51ff18b - volga[54dabf901e915c62]::http::response::ok::tests::it_creates_text_response_with_empty_custom_headers
[INFO] [stdout]   20:     0x6470f519e829 - <volga[54dabf901e915c62]::http::response::ok::tests::it_creates_text_response_with_empty_custom_headers::{closure#0} as core[df12db4294e9bfd3]::ops::function::FnOnce<()>>::call_once
[INFO] [stdout]   21:     0x6470f56ae99b - test[9d35eded1c95d3be]::__rust_begin_short_backtrace::<core[df12db4294e9bfd3]::result::Result<(), alloc[2182bb758b4b3781]::string::String>, fn() -> core[df12db4294e9bfd3]::result::Result<(), alloc[2182bb758b4b3781]::string::String>>
[INFO] [stdout]   22:     0x6470f56bc005 - test[9d35eded1c95d3be]::run_test::{closure#0}
[INFO] [stdout]   23:     0x6470f56b58c4 - std[70759c8f55707aa4]::sys::backtrace::__rust_begin_short_backtrace::<test[9d35eded1c95d3be]::run_test::{closure#1}, ()>
[INFO] [stdout]   24:     0x6470f56bf162 - <std[70759c8f55707aa4]::thread::lifecycle::spawn_unchecked<test[9d35eded1c95d3be]::run_test::{closure#1}, ()>::{closure#1} as core[df12db4294e9bfd3]::ops::function::FnOnce<()>>::call_once::{shim:vtable#0}
[INFO] [stdout]   25:     0x6470f57ce0c9 - <std[70759c8f55707aa4]::sys::thread::unix::Thread>::new::thread_start
[INFO] [stdout]   26:     0x7ac1affeedfa - <unknown>
[INFO] [stdout]   27:     0x7ac1b00823d4 - clone
[INFO] [stdout]   28:                0x0 - <unknown>
[INFO] [stdout] 
[INFO] [stdout] 
[INFO] [stdout] failures:
[INFO] [stdout]     http::endpoints::args::file::tests::it_reads_from_payload
[INFO] [stdout]     http::endpoints::args::file::tests::it_saves_request_body_to_file
[INFO] [stdout]     http::response::ok::tests::it_creates_text_response_with_empty_custom_headers
[INFO] [stdout] 
[INFO] [stdout] test result: FAILED. 835 passed; 3 failed; 0 ignored; 0 measured; 0 filtered out; finished in 0.38s
[INFO] [stdout] 
[INFO] [stderr] error: test failed, to rerun pass `--lib`
[INFO] running `Command { std: "docker" "inspect" "90c878826d83e5f193e79ab6c027ce50ee2ddc1780ffebba3aea7b3a020d8469", kill_on_drop: false }`
[INFO] running `Command { std: "docker" "rm" "-f" "90c878826d83e5f193e79ab6c027ce50ee2ddc1780ffebba3aea7b3a020d8469", kill_on_drop: false }`
[INFO] [stdout] 90c878826d83e5f193e79ab6c027ce50ee2ddc1780ffebba3aea7b3a020d8469
