[INFO] fetching crate vndb 0.16.1...
[INFO] testing vndb-0.16.1 against 1.100.0-beta.1+cargoflags=--release for beta-release-1.100-2
[INFO] extracting crate vndb 0.16.1 into /workspace/builds/worker-0-tc2/source
[INFO] started tweaking crates.io crate vndb 0.16.1
[INFO] removed 0 missing tests
[INFO] finished tweaking crates.io crate vndb 0.16.1
[INFO] tweaked toml for crates.io crate vndb 0.16.1 written to /workspace/builds/worker-0-tc2/source/Cargo.toml
[INFO] validating manifest of crates.io crate vndb 0.16.1 on toolchain 1.100.0-beta.1
[INFO] running `Command { std: CARGO_HOME="/workspace/cargo-home" RUSTUP_HOME="/workspace/rustup-home" "/workspace/cargo-home/bin/cargo" "+1.100.0-beta.1" "metadata" "--manifest-path" "Cargo.toml" "--no-deps", kill_on_drop: false }`
[INFO] crate crates.io crate vndb 0.16.1 already has a lockfile, it will not be regenerated
[INFO] running `Command { std: CARGO_HOME="/workspace/cargo-home" RUSTUP_HOME="/workspace/rustup-home" "/workspace/cargo-home/bin/cargo" "+1.100.0-beta.1" "fetch" "--manifest-path" "Cargo.toml", kill_on_drop: false }`
[INFO] running `Command { std: "docker" "create" "-v" "/var/lib/crater-agent-workspace/builds/worker-0-tc2/source:/opt/rustwide/workdir:ro,Z" "-v" "/var/lib/crater-agent-workspace/builds/worker-0-tc2/target:/opt/rustwide/target:rw,Z" "-v" "/var/lib/crater-agent-workspace/cargo-home:/opt/rustwide/cargo-home:ro,Z" "-v" "/var/lib/crater-agent-workspace/rustup-home:/opt/rustwide/rustup-home:ro,Z" "-m" "1610612736" "--network" "none" "ghcr.io/rust-lang/crates-build-env/linux@sha256:77db811e55d90add9212f6832c23229e3de5f1c1f9905e8cb07319ea15df73ac" "sleep" "infinity", kill_on_drop: false }`
[INFO] [stdout] 960579aa432c4f4b97111f95d5c84c5b79fdf4de0265d4769419cb833bfe6bff
[INFO] running `Command { std: "docker" "start" "960579aa432c4f4b97111f95d5c84c5b79fdf4de0265d4769419cb833bfe6bff", kill_on_drop: false }`
[INFO] running `Command { std: "docker" "inspect" "960579aa432c4f4b97111f95d5c84c5b79fdf4de0265d4769419cb833bfe6bff", kill_on_drop: false }`
[INFO] running `Command { std: "docker" "exec" "-e" "SOURCE_DIR=/opt/rustwide/workdir" "-e" "CARGO_HOME=/opt/rustwide/cargo-home" "-e" "RUSTUP_HOME=/opt/rustwide/rustup-home" "-e" "CARGO_TARGET_DIR=/opt/rustwide/target" "-w" "/opt/rustwide/workdir" "--user" "0:0" "960579aa432c4f4b97111f95d5c84c5b79fdf4de0265d4769419cb833bfe6bff" "/opt/rustwide/cargo-home/bin/cargo" "+1.100.0-beta.1" "metadata" "--no-deps" "--format-version=1", kill_on_drop: false }`
[INFO] running `Command { std: "docker" "inspect" "960579aa432c4f4b97111f95d5c84c5b79fdf4de0265d4769419cb833bfe6bff", kill_on_drop: false }`
[INFO] running `Command { std: "docker" "exec" "-e" "SOURCE_DIR=/opt/rustwide/workdir" "-e" "CARGO_HOME=/opt/rustwide/cargo-home" "-e" "RUSTUP_HOME=/opt/rustwide/rustup-home" "-e" "CARGO_TARGET_DIR=/opt/rustwide/target" "-e" "CARGO_INCREMENTAL=0" "-e" "RUST_BACKTRACE=full" "-e" "RUSTFLAGS=--cap-lints=warn" "-e" "RUSTDOCFLAGS=--cap-lints=warn" "-w" "/opt/rustwide/workdir" "--user" "0:0" "960579aa432c4f4b97111f95d5c84c5b79fdf4de0265d4769419cb833bfe6bff" "/opt/rustwide/cargo-home/bin/cargo" "+1.100.0-beta.1" "build" "--frozen" "--message-format=json" "--release", kill_on_drop: false }`
[INFO] [stderr]    Compiling proc-macro2 v1.0.95
[INFO] [stderr]    Compiling unicode-ident v1.0.18
[INFO] [stderr]    Compiling serde v1.0.219
[INFO] [stderr]    Compiling serde_json v1.0.140
[INFO] [stderr]    Compiling ryu v1.0.20
[INFO] [stderr]    Compiling itoa v1.0.15
[INFO] [stderr]    Compiling memchr v2.7.5
[INFO] [stderr]    Compiling quote v1.0.40
[INFO] [stderr]    Compiling syn v2.0.104
[INFO] [stderr]    Compiling serde_derive v1.0.219
[INFO] [stderr]    Compiling vndb v0.16.1 (/opt/rustwide/workdir)
[INFO] [stdout] warning: trait `AsPin` is never used
[INFO] [stdout]  --> src/utils.rs:1:18
[INFO] [stdout]   |
[INFO] [stdout] 1 | pub(crate) trait AsPin {
[INFO] [stdout]   |                  ^^^^^
[INFO] [stdout]   |
[INFO] [stdout]   = note: `#[warn(dead_code)]` (part of `#[warn(unused)]`) on by default
[INFO] [stdout] 
[INFO] [stdout] 
[INFO] [stderr]     Finished `release` profile [optimized] target(s) in 15.26s
[INFO] running `Command { std: "docker" "inspect" "960579aa432c4f4b97111f95d5c84c5b79fdf4de0265d4769419cb833bfe6bff", kill_on_drop: false }`
[INFO] running `Command { std: "docker" "exec" "-e" "SOURCE_DIR=/opt/rustwide/workdir" "-e" "CARGO_HOME=/opt/rustwide/cargo-home" "-e" "RUSTUP_HOME=/opt/rustwide/rustup-home" "-e" "CARGO_TARGET_DIR=/opt/rustwide/target" "-e" "CARGO_INCREMENTAL=0" "-e" "RUST_BACKTRACE=full" "-e" "RUSTFLAGS=--cap-lints=warn" "-e" "RUSTDOCFLAGS=--cap-lints=warn" "-w" "/opt/rustwide/workdir" "--user" "0:0" "960579aa432c4f4b97111f95d5c84c5b79fdf4de0265d4769419cb833bfe6bff" "/opt/rustwide/cargo-home/bin/cargo" "+1.100.0-beta.1" "test" "--frozen" "--no-run" "--message-format=json" "--release", kill_on_drop: false }`
[INFO] [stderr]    Compiling cc v1.2.29
[INFO] [stderr]    Compiling libc v0.2.174
[INFO] [stderr]    Compiling cfg-if v1.0.1
[INFO] [stderr]    Compiling zeroize v1.8.1
[INFO] [stderr]    Compiling rustls v0.23.29
[INFO] [stderr]    Compiling tokio-macros v2.5.0
[INFO] [stdout] warning: trait `AsPin` is never used
[INFO] [stdout]  --> src/utils.rs:1:18
[INFO] [stdout]   |
[INFO] [stdout] 1 | pub(crate) trait AsPin {
[INFO] [stdout]   |                  ^^^^^
[INFO] [stdout]   |
[INFO] [stdout]   = note: `#[warn(dead_code)]` (part of `#[warn(unused)]`) on by default
[INFO] [stdout] 
[INFO] [stdout] 
[INFO] [stderr]    Compiling rustls-pki-types v1.12.0
[INFO] [stderr]    Compiling tokio v1.46.1
[INFO] [stderr]    Compiling getrandom v0.2.16
[INFO] [stderr]    Compiling ring v0.17.14
[INFO] [stderr]    Compiling rustls-webpki v0.103.4
[INFO] [stderr]    Compiling vndb v0.16.1 (/opt/rustwide/workdir)
[INFO] [stdout] warning: unused import: `vndb::protocol::message`
[INFO] [stdout]  --> tests/tokio.rs:1:5
[INFO] [stdout]   |
[INFO] [stdout] 1 | use vndb::protocol::message;
[INFO] [stdout]   |     ^^^^^^^^^^^^^^^^^^^^^^^
[INFO] [stdout]   |
[INFO] [stdout]   = note: `#[warn(unused_imports)]` (part of `#[warn(unused)]`) on by default
[INFO] [stdout] 
[INFO] [stdout] 
[INFO] [stdout] warning: trait `AsPin` is never used
[INFO] [stdout]  --> src/utils.rs:1:18
[INFO] [stdout]   |
[INFO] [stdout] 1 | pub(crate) trait AsPin {
[INFO] [stdout]   |                  ^^^^^
[INFO] [stdout]   |
[INFO] [stdout]   = note: `#[warn(dead_code)]` (part of `#[warn(unused)]`) on by default
[INFO] [stdout] 
[INFO] [stdout] 
[INFO] [stderr]     Finished `release` profile [optimized] target(s) in 34.94s
[INFO] running `Command { std: "docker" "inspect" "960579aa432c4f4b97111f95d5c84c5b79fdf4de0265d4769419cb833bfe6bff", kill_on_drop: false }`
[INFO] running `Command { std: "docker" "exec" "-e" "SOURCE_DIR=/opt/rustwide/workdir" "-e" "CARGO_HOME=/opt/rustwide/cargo-home" "-e" "RUSTUP_HOME=/opt/rustwide/rustup-home" "-e" "CARGO_TARGET_DIR=/opt/rustwide/target" "-e" "CARGO_INCREMENTAL=0" "-e" "RUST_BACKTRACE=full" "-e" "RUSTFLAGS=--cap-lints=warn" "-e" "RUSTDOCFLAGS=--cap-lints=warn" "-w" "/opt/rustwide/workdir" "--user" "0:0" "960579aa432c4f4b97111f95d5c84c5b79fdf4de0265d4769419cb833bfe6bff" "/opt/rustwide/cargo-home/bin/cargo" "+1.100.0-beta.1" "test" "--frozen" "--release", kill_on_drop: false }`
[INFO] [stderr] warning: trait `AsPin` is never used
[INFO] [stderr]  --> src/utils.rs:1:18
[INFO] [stderr]   |
[INFO] [stderr] 1 | pub(crate) trait AsPin {
[INFO] [stderr]   |                  ^^^^^
[INFO] [stderr]   |
[INFO] [stderr]   = note: `#[warn(dead_code)]` (part of `#[warn(unused)]`) on by default
[INFO] [stderr] 
[INFO] [stderr] warning: `vndb` (lib) generated 1 warning
[INFO] [stderr] warning: unused import: `vndb::protocol::message`
[INFO] [stderr]  --> tests/tokio.rs:1:5
[INFO] [stderr]   |
[INFO] [stderr] 1 | use vndb::protocol::message;
[INFO] [stderr]   |     ^^^^^^^^^^^^^^^^^^^^^^^
[INFO] [stderr]   |
[INFO] [stderr]   = note: `#[warn(unused_imports)]` (part of `#[warn(unused)]`) on by default
[INFO] [stderr] 
[INFO] [stderr] warning: `vndb` (lib test) generated 1 warning (1 duplicate)
[INFO] [stderr] warning: `vndb` (test "tokio") generated 1 warning (run `cargo fix --test "tokio" -p vndb` to apply 1 suggestion)
[INFO] [stderr]     Finished `release` profile [optimized] target(s) in 0.12s
[INFO] [stderr]      Running unittests src/lib.rs (/opt/rustwide/target/release/build/vndb/ba68dc324da3a791/out/vndb-ba68dc324da3a791)
[INFO] [stdout] 
[INFO] [stderr]      Running tests/protocol.rs (/opt/rustwide/target/release/build/vndb/ae9528b3d19f32be/out/protocol-ae9528b3d19f32be)
[INFO] [stdout] running 0 tests
[INFO] [stdout] 
[INFO] [stdout] test result: ok. 0 passed; 0 failed; 0 ignored; 0 measured; 0 filtered out; finished in 0.00s
[INFO] [stdout] 
[INFO] [stdout] 
[INFO] [stdout] running 10 tests
[INFO] [stdout] test parse_response_dbstats ... ok
[INFO] [stdout] test parse_response_results ... ok
[INFO] [stdout] test format_request_get_without_options ... ok
[INFO] [stdout] test format_request_login_with_auth ... ok
[INFO] [stdout] test format_request_dbstats ... ok
[INFO] [stdout] test parse_response_error ... ok
[INFO] [stdout] test format_request_get_wit_options ... ok
[INFO] [stdout] test get_type_short ... ok
[INFO] [stdout] test format_request_login_without_auth ... ok
[INFO] [stdout] test parse_response_ok ... ok
[INFO] [stdout] 
[INFO] [stdout] test result: ok. 10 passed; 0 failed; 0 ignored; 0 measured; 0 filtered out; finished in 0.01s
[INFO] [stdout] 
[INFO] [stderr]      Running tests/simple.rs (/opt/rustwide/target/release/build/vndb/5bee7433db126eb3/out/simple-5bee7433db126eb3)
[INFO] [stdout] 
[INFO] [stdout] running 1 test
[INFO] [stderr] error: test failed, to rerun pass `--test simple`
[INFO] [stdout] test simple_client_should_send_message_over_tcp ... FAILED
[INFO] [stdout] 
[INFO] [stdout] failures:
[INFO] [stdout] 
[INFO] [stdout] ---- simple_client_should_send_message_over_tcp stdout ----
[INFO] [stdout] 
[INFO] [stdout] thread 'simple_client_should_send_message_over_tcp' (905) panicked at tests/simple.rs:17:62:
[INFO] [stdout] To connect: Custom { kind: Uncategorized, error: "failed to lookup address information: Temporary failure in name resolution" }
[INFO] [stdout] stack backtrace:
[INFO] [stdout]    0:     0x5aa92f3c0551 - <<std[617be2ca0a6fd877]::sys::backtrace::BacktraceLock>::print::DisplayBacktrace as core[a373ad73a504971]::fmt::Display>::fmt
[INFO] [stdout]    1:     0x5aa92f3d5f1a - core[a373ad73a504971]::fmt::write
[INFO] [stdout]    2:     0x5aa92f3c4a2c - <alloc[2e1b2a31b91974c5]::vec::Vec<u8> as core[a373ad73a504971]::io::write::Write>::write_fmt
[INFO] [stdout]    3:     0x5aa92f39c1c6 - std[617be2ca0a6fd877]::panicking::default_hook::{closure#0}
[INFO] [stdout]    4:     0x5aa92f3b86c9 - std[617be2ca0a6fd877]::panicking::default_hook
[INFO] [stdout]    5:     0x5aa92f346a90 - test[aada8e7e76ba119b]::test_main_inner::{closure#0}
[INFO] [stdout]    6:     0x5aa92f3b8882 - std[617be2ca0a6fd877]::panicking::panic_with_hook
[INFO] [stdout]    7:     0x5aa92f39c272 - std[617be2ca0a6fd877]::panicking::panic_handler::{closure#0}
[INFO] [stdout]    8:     0x5aa92f394ed9 - std[617be2ca0a6fd877]::sys::backtrace::__rust_end_short_backtrace::<std[617be2ca0a6fd877]::panicking::panic_handler::{closure#0}, !>
[INFO] [stdout]    9:     0x5aa92f39d06d - __rustc[ea4f61d10b84890b]::rust_begin_unwind
[INFO] [stdout]   10:     0x5aa92f3d664c - core[a373ad73a504971]::panicking::panic_fmt
[INFO] [stdout]   11:     0x5aa92f3d6422 - core[a373ad73a504971]::result::unwrap_failed
[INFO] [stdout]   12:     0x5aa92f33744d - <simple[e1e761efed79c705]::simple_client_should_send_message_over_tcp::{closure#0} as core[a373ad73a504971]::ops::function::FnOnce<()>>::call_once
[INFO] [stdout]   13:     0x5aa92f339edb - test[aada8e7e76ba119b]::__rust_begin_short_backtrace::<core[a373ad73a504971]::result::Result<(), alloc[2e1b2a31b91974c5]::string::String>, fn() -> core[a373ad73a504971]::result::Result<(), alloc[2e1b2a31b91974c5]::string::String>>
[INFO] [stdout]   14:     0x5aa92f3470b5 - test[aada8e7e76ba119b]::run_test::{closure#0}
[INFO] [stdout]   15:     0x5aa92f3409a4 - std[617be2ca0a6fd877]::sys::backtrace::__rust_begin_short_backtrace::<test[aada8e7e76ba119b]::run_test::{closure#1}, ()>
[INFO] [stdout]   16:     0x5aa92f34a142 - <std[617be2ca0a6fd877]::thread::lifecycle::spawn_unchecked<test[aada8e7e76ba119b]::run_test::{closure#1}, ()>::{closure#1} as core[a373ad73a504971]::ops::function::FnOnce<()>>::call_once::{shim:vtable#0}
[INFO] [stdout]   17:     0x5aa92f3bf88f - <std[617be2ca0a6fd877]::sys::thread::unix::Thread>::new::thread_start
[INFO] [stdout]   18:     0x7076fc80fdfa - <unknown>
[INFO] [stdout]   19:     0x7076fc8a33d4 - clone
[INFO] [stdout]   20:                0x0 - <unknown>
[INFO] [stdout] 
[INFO] [stdout] 
[INFO] [stdout] failures:
[INFO] [stdout]     simple_client_should_send_message_over_tcp
[INFO] [stdout] 
[INFO] [stdout] test result: FAILED. 0 passed; 1 failed; 0 ignored; 0 measured; 0 filtered out; finished in 0.01s
[INFO] [stdout] 
[INFO] running `Command { std: "docker" "inspect" "960579aa432c4f4b97111f95d5c84c5b79fdf4de0265d4769419cb833bfe6bff", kill_on_drop: false }`
[INFO] running `Command { std: "docker" "rm" "-f" "960579aa432c4f4b97111f95d5c84c5b79fdf4de0265d4769419cb833bfe6bff", kill_on_drop: false }`
[INFO] [stdout] 960579aa432c4f4b97111f95d5c84c5b79fdf4de0265d4769419cb833bfe6bff
