[INFO] fetching crate vmi-os-windows 0.11.0...
[INFO] testing vmi-os-windows-0.11.0 against 1.99.0-beta.8+cargoflags=--release for beta-release-1.100-2
[INFO] extracting crate vmi-os-windows 0.11.0 into /workspace/builds/worker-2-tc1/source
[INFO] started tweaking crates.io crate vmi-os-windows 0.11.0
[INFO] finished tweaking crates.io crate vmi-os-windows 0.11.0
[INFO] tweaked toml for crates.io crate vmi-os-windows 0.11.0 written to /workspace/builds/worker-2-tc1/source/Cargo.toml
[INFO] validating manifest of crates.io crate vmi-os-windows 0.11.0 on toolchain 1.99.0-beta.8
[INFO] running `Command { std: CARGO_HOME="/workspace/cargo-home" RUSTUP_HOME="/workspace/rustup-home" "/workspace/cargo-home/bin/cargo" "+1.99.0-beta.8" "metadata" "--manifest-path" "Cargo.toml" "--no-deps", kill_on_drop: false }`
[INFO] crate crates.io crate vmi-os-windows 0.11.0 already has a lockfile, it will not be regenerated
[INFO] running `Command { std: CARGO_HOME="/workspace/cargo-home" RUSTUP_HOME="/workspace/rustup-home" "/workspace/cargo-home/bin/cargo" "+1.99.0-beta.8" "fetch" "--manifest-path" "Cargo.toml", kill_on_drop: false }`
[INFO] [stderr]     Updating crates.io index
[INFO] [stderr]  Downloading crates ...
[INFO] [stderr]   Downloaded zerocopy-derive v0.8.60
[INFO] [stderr]   Downloaded lru v0.18.5
[INFO] [stderr]   Downloaded ptr_meta_derive v0.3.2
[INFO] [stderr]   Downloaded isr-macros v0.8.0
[INFO] [stderr]   Downloaded bytecheck v0.8.3
[INFO] [stderr]   Downloaded isr-pdb v0.8.0
[INFO] [stderr]   Downloaded vmi-macros v0.11.0
[INFO] [stderr]   Downloaded bytecheck_derive v0.8.3
[INFO] [stderr]   Downloaded isr-core v0.8.0
[INFO] [stderr]   Downloaded rancor v0.1.3
[INFO] [stderr]   Downloaded ptr_meta v0.3.2
[INFO] [stderr]   Downloaded scroll v0.11.0
[INFO] [stderr]   Downloaded rend v0.5.4
[INFO] [stderr]   Downloaded isr-cache v0.8.0
[INFO] [stderr]   Downloaded isr-dl-windows v0.8.0
[INFO] [stderr]   Downloaded vmi-core v0.11.0
[INFO] [stderr]   Downloaded memmap2 v0.9.11
[INFO] [stderr]   Downloaded vmi-arch-amd64 v0.11.0
[INFO] [stderr]   Downloaded twox-hash v2.1.5
[INFO] [stderr]   Downloaded isr-dl v0.8.0
[INFO] [stderr]   Downloaded uuid v1.27.0
[INFO] [stderr]   Downloaded isr v0.8.0
[INFO] [stderr]   Downloaded bon v3.10.2
[INFO] [stderr]   Downloaded pdb v0.8.0
[INFO] [stderr]   Downloaded cc v1.6.0
[INFO] [stderr]   Downloaded prettyplease v0.3.0
[INFO] [stderr]   Downloaded ruzstd v0.9.0
[INFO] [stderr]   Downloaded zerocopy v0.8.60
[INFO] [stderr]   Downloaded bon-macros v3.10.2
[INFO] [stderr]   Downloaded object v0.40.0
[INFO] [stderr]   Downloaded libc v0.2.190
[INFO] [stderr]   Downloaded tokio v1.53.2
[INFO] running `Command { std: "docker" "create" "-v" "/var/lib/crater-agent-workspace/builds/worker-2-tc1/source:/opt/rustwide/workdir:ro,Z" "-v" "/var/lib/crater-agent-workspace/builds/worker-2-tc1/target:/opt/rustwide/target:rw,Z" "-v" "/var/lib/crater-agent-workspace/cargo-home:/opt/rustwide/cargo-home:ro,Z" "-v" "/var/lib/crater-agent-workspace/rustup-home:/opt/rustwide/rustup-home:ro,Z" "-m" "1610612736" "--network" "none" "ghcr.io/rust-lang/crates-build-env/linux@sha256:77db811e55d90add9212f6832c23229e3de5f1c1f9905e8cb07319ea15df73ac" "sleep" "infinity", kill_on_drop: false }`
[INFO] [stdout] 6a646a32bae860e3caa8aa733425e541afba28e4490114644129ce44c132c845
[INFO] running `Command { std: "docker" "start" "6a646a32bae860e3caa8aa733425e541afba28e4490114644129ce44c132c845", kill_on_drop: false }`
[INFO] running `Command { std: "docker" "inspect" "6a646a32bae860e3caa8aa733425e541afba28e4490114644129ce44c132c845", kill_on_drop: false }`
[INFO] running `Command { std: "docker" "exec" "-e" "SOURCE_DIR=/opt/rustwide/workdir" "-e" "CARGO_HOME=/opt/rustwide/cargo-home" "-e" "RUSTUP_HOME=/opt/rustwide/rustup-home" "-e" "CARGO_TARGET_DIR=/opt/rustwide/target" "-w" "/opt/rustwide/workdir" "--user" "0:0" "6a646a32bae860e3caa8aa733425e541afba28e4490114644129ce44c132c845" "/opt/rustwide/cargo-home/bin/cargo" "+1.99.0-beta.8" "metadata" "--no-deps" "--format-version=1", kill_on_drop: false }`
[INFO] running `Command { std: "docker" "inspect" "6a646a32bae860e3caa8aa733425e541afba28e4490114644129ce44c132c845", kill_on_drop: false }`
[INFO] running `Command { std: "docker" "exec" "-e" "SOURCE_DIR=/opt/rustwide/workdir" "-e" "CARGO_HOME=/opt/rustwide/cargo-home" "-e" "RUSTUP_HOME=/opt/rustwide/rustup-home" "-e" "CARGO_TARGET_DIR=/opt/rustwide/target" "-e" "CARGO_INCREMENTAL=0" "-e" "RUST_BACKTRACE=full" "-e" "RUSTFLAGS=--cap-lints=warn" "-e" "RUSTDOCFLAGS=--cap-lints=warn" "-w" "/opt/rustwide/workdir" "--user" "0:0" "6a646a32bae860e3caa8aa733425e541afba28e4490114644129ce44c132c845" "/opt/rustwide/cargo-home/bin/cargo" "+1.99.0-beta.8" "build" "--frozen" "--message-format=json" "--release", kill_on_drop: false }`
[INFO] [stderr]    Compiling unicode-ident v1.0.26
[INFO] [stderr]    Compiling libc v0.2.190
[INFO] [stderr]    Compiling smallvec v1.16.2
[INFO] [stderr]    Compiling pkg-config v0.3.34
[INFO] [stderr]    Compiling hashbrown v0.17.1
[INFO] [stderr]    Compiling dunce v1.0.5
[INFO] [stderr]    Compiling fs_extra v1.3.0
[INFO] [stderr]    Compiling simdutf8 v0.1.5
[INFO] [stderr]    Compiling aws-lc-rs v1.18.1
[INFO] [stderr]    Compiling form_urlencoded v1.2.2
[INFO] [stderr]    Compiling thiserror v2.0.21
[INFO] [stderr]    Compiling memchr v2.8.3
[INFO] [stderr]    Compiling rustversion v1.0.23
[INFO] [stderr]    Compiling futures-io v0.3.34
[INFO] [stderr]    Compiling rustls v0.23.45
[INFO] [stderr]    Compiling strsim v0.11.1
[INFO] [stderr]    Compiling ident_case v1.0.1
[INFO] [stderr]    Compiling cfg-if v1.0.5
[INFO] [stderr]    Compiling want v0.3.2
[INFO] [stderr]    Compiling bitflags v2.13.2
[INFO] [stderr]    Compiling proc-macro2 v1.0.107
[INFO] [stderr]    Compiling futures-channel v0.3.34
[INFO] [stderr]    Compiling crc32fast v1.5.2
[INFO] [stderr]    Compiling prettyplease v0.3.0
[INFO] [stderr]    Compiling simd-adler32 v0.3.10
[INFO] [stderr]    Compiling ipnet v2.12.2
[INFO] [stderr]    Compiling zerocopy v0.8.60
[INFO] [stderr]    Compiling base64 v0.23.1
[INFO] [stderr]    Compiling quote v1.0.47
[INFO] [stderr]    Compiling rustls-native-certs v0.8.4
[INFO] [stderr]    Compiling miniz_oxide v0.9.1
[INFO] [stderr]    Compiling core_detect v1.0.0
[INFO] [stderr]    Compiling multiversion_no_op v1.0.0
[INFO] [stderr]    Compiling syn v3.0.6
[INFO] [stderr]    Compiling syn v2.0.119
[INFO] [stderr]    Compiling futures-util v0.3.34
[INFO] [stderr]    Compiling twox-hash v2.1.5
[INFO] [stderr]    Compiling ruzstd v0.9.0
[INFO] [stderr]    Compiling encoding_rs v0.8.42
[INFO] [stderr]    Compiling indexmap v2.14.2
[INFO] [stderr]    Compiling lru v0.18.5
[INFO] [stderr]    Compiling flate2 v1.1.10
[INFO] [stderr]    Compiling mio v1.2.4
[INFO] [stderr]    Compiling socket2 v0.6.5
[INFO] [stderr]    Compiling memmap2 v0.9.11
[INFO] [stderr]    Compiling jobserver v0.1.35
[INFO] [stderr]    Compiling object v0.40.0
[INFO] [stderr]    Compiling cc v1.6.0
[INFO] [stderr]    Compiling tokio v1.53.2
[INFO] [stderr]    Compiling cmake v0.1.58
[INFO] [stderr]    Compiling aws-lc-sys v0.45.0
[INFO] [stderr]    Compiling synstructure v0.14.0
[INFO] [stderr]    Compiling darling_core v0.24.1
[INFO] [stderr]    Compiling zerofrom-derive v0.1.8
[INFO] [stderr]    Compiling yoke-derive v0.8.4
[INFO] [stderr]    Compiling zerovec-derive v0.11.6
[INFO] [stderr]    Compiling displaydoc v0.2.7
[INFO] [stderr]    Compiling ptr_meta_derive v0.3.2
[INFO] [stderr]    Compiling bytecheck_derive v0.8.3
[INFO] [stderr]    Compiling thiserror-impl v2.0.21
[INFO] [stderr]    Compiling rkyv_derive v0.8.18
[INFO] [stderr]    Compiling serde_derive v1.0.229
[INFO] [stderr]    Compiling ptr_meta v0.3.2
[INFO] [stderr]    Compiling rancor v0.1.3
[INFO] [stderr]    Compiling bytecheck v0.8.3
[INFO] [stderr]    Compiling zerofrom v0.1.8
[INFO] [stderr]    Compiling rend v0.5.4
[INFO] [stderr]    Compiling yoke v0.8.3
[INFO] [stderr]    Compiling tracing-attributes v0.1.31
[INFO] [stderr]    Compiling munge_macro v0.4.7
[INFO] [stderr]    Compiling zerocopy-derive v0.8.60
[INFO] [stderr]    Compiling vmi-macros v0.11.0
[INFO] [stderr]    Compiling zerovec v0.11.8
[INFO] [stderr]    Compiling zerotrie v0.2.5
[INFO] [stderr]    Compiling darling_macro v0.24.1
[INFO] [stderr]    Compiling munge v0.4.7
[INFO] [stderr]    Compiling tinystr v0.8.4
[INFO] [stderr]    Compiling potential_utf v0.1.6
[INFO] [stderr]    Compiling icu_collections v2.3.0
[INFO] [stderr]    Compiling darling v0.24.1
[INFO] [stderr]    Compiling tracing v0.1.44
[INFO] [stderr]    Compiling bon-macros v3.10.2
[INFO] [stderr]    Compiling icu_locale_core v2.3.0
[INFO] [stderr]    Compiling tokio-util v0.7.19
[INFO] [stderr]    Compiling tower v0.5.3
[INFO] [stderr]    Compiling serde v1.0.229
[INFO] [stderr]    Compiling icu_provider v2.3.1
[INFO] [stderr]    Compiling h2 v0.4.19
[INFO] [stderr]    Compiling icu_properties v2.3.0
[INFO] [stderr]    Compiling icu_normalizer v2.3.0
[INFO] [stderr]    Compiling idna_adapter v1.2.2
[INFO] [stderr]    Compiling idna v1.1.0
[INFO] [stderr]    Compiling url v2.5.8
[INFO] [stderr]    Compiling rkyv v0.8.18
[INFO] [stderr]    Compiling bon v3.10.2
[INFO] [stderr]    Compiling isr-dl v0.8.0
[INFO] [stderr]    Compiling tower-http v0.6.11
[INFO] [stderr]    Compiling hyper v1.11.1
[INFO] [stderr]    Compiling hyper-util v0.1.21
[INFO] [stderr]    Compiling isr-core v0.8.0
[INFO] [stderr]    Compiling isr-cache v0.8.0
[INFO] [stderr]    Compiling isr-macros v0.8.0
[INFO] [stderr]    Compiling vmi-core v0.11.0
[INFO] [stderr]    Compiling vmi-arch-amd64 v0.11.0
[INFO] [stderr]    Compiling rustls-webpki v0.103.15
[INFO] [stderr]    Compiling tokio-rustls v0.26.6
[INFO] [stderr]    Compiling rustls-platform-verifier v0.7.1
[INFO] [stderr]    Compiling hyper-rustls v0.27.10
[INFO] [stderr]    Compiling reqwest v0.13.5
[INFO] [stderr]    Compiling isr-dl-windows v0.8.0
[INFO] [stderr]    Compiling vmi-os-windows v0.11.0 (/opt/rustwide/workdir)
[INFO] [stderr]     Finished `release` profile [optimized] target(s) in 2m 14s
[INFO] running `Command { std: "docker" "inspect" "6a646a32bae860e3caa8aa733425e541afba28e4490114644129ce44c132c845", kill_on_drop: false }`
[INFO] running `Command { std: "docker" "exec" "-e" "SOURCE_DIR=/opt/rustwide/workdir" "-e" "CARGO_HOME=/opt/rustwide/cargo-home" "-e" "RUSTUP_HOME=/opt/rustwide/rustup-home" "-e" "CARGO_TARGET_DIR=/opt/rustwide/target" "-e" "CARGO_INCREMENTAL=0" "-e" "RUST_BACKTRACE=full" "-e" "RUSTFLAGS=--cap-lints=warn" "-e" "RUSTDOCFLAGS=--cap-lints=warn" "-w" "/opt/rustwide/workdir" "--user" "0:0" "6a646a32bae860e3caa8aa733425e541afba28e4490114644129ce44c132c845" "/opt/rustwide/cargo-home/bin/cargo" "+1.99.0-beta.8" "test" "--frozen" "--no-run" "--message-format=json" "--release", kill_on_drop: false }`
[INFO] [stderr]    Compiling isr-core v0.8.0
[INFO] [stderr]    Compiling uuid v1.27.0
[INFO] [stderr]    Compiling fallible-iterator v0.2.0
[INFO] [stderr]    Compiling scroll v0.11.0
[INFO] [stderr]    Compiling serde_json v1.0.151
[INFO] [stderr]    Compiling pdb v0.8.0
[INFO] [stderr]    Compiling isr-macros v0.8.0
[INFO] [stderr]    Compiling isr-pdb v0.8.0
[INFO] [stderr]    Compiling isr-cache v0.8.0
[INFO] [stderr]    Compiling vmi-core v0.11.0
[INFO] [stderr]    Compiling isr v0.8.0
[INFO] [stderr]    Compiling vmi-arch-amd64 v0.11.0
[INFO] [stderr]    Compiling vmi-os-windows v0.11.0 (/opt/rustwide/workdir)
[INFO] [stderr]     Finished `release` profile [optimized] target(s) in 22.19s
[INFO] running `Command { std: "docker" "inspect" "6a646a32bae860e3caa8aa733425e541afba28e4490114644129ce44c132c845", kill_on_drop: false }`
[INFO] running `Command { std: "docker" "exec" "-e" "SOURCE_DIR=/opt/rustwide/workdir" "-e" "CARGO_HOME=/opt/rustwide/cargo-home" "-e" "RUSTUP_HOME=/opt/rustwide/rustup-home" "-e" "CARGO_TARGET_DIR=/opt/rustwide/target" "-e" "CARGO_INCREMENTAL=0" "-e" "RUST_BACKTRACE=full" "-e" "RUSTFLAGS=--cap-lints=warn" "-e" "RUSTDOCFLAGS=--cap-lints=warn" "-w" "/opt/rustwide/workdir" "--user" "0:0" "6a646a32bae860e3caa8aa733425e541afba28e4490114644129ce44c132c845" "/opt/rustwide/cargo-home/bin/cargo" "+1.99.0-beta.8" "test" "--frozen" "--release", kill_on_drop: false }`
[INFO] [stderr]     Finished `release` profile [optimized] target(s) in 0.20s
[INFO] [stderr]      Running unittests src/lib.rs (/opt/rustwide/target/release/deps/vmi_os_windows-a4d474f72b794830)
[INFO] [stderr]    Doc-tests vmi_os_windows
[INFO] [stdout] 
[INFO] [stdout] running 0 tests
[INFO] [stdout] 
[INFO] [stdout] test result: ok. 0 passed; 0 failed; 0 ignored; 0 measured; 0 filtered out; finished in 0.00s
[INFO] [stdout] 
[INFO] [stdout] 
[INFO] [stdout] running 6 tests
[INFO] [stdout] test src/pe/headers.rs - pe::headers::impl_struct (line 125) ... ignored
[INFO] [stdout] test src/comps/object/process.rs - comps::object::process::WindowsProcess<'a,Driver>::lookup_object (line 248) - compile ... FAILED
[INFO] [stdout] test src/lib.rs - WindowsOs (line 211) - compile ... FAILED
[INFO] [stdout] test src/lib.rs - WindowsOs (line 133) - compile ... FAILED
[INFO] [stdout] test src/lib.rs - WindowsOs (line 187) - compile ... FAILED
[INFO] [stdout] test src/lib.rs - (line 28) - compile ... FAILED
[INFO] [stdout] 
[INFO] [stdout] failures:
[INFO] [stdout] 
[INFO] [stdout] ---- src/comps/object/process.rs - comps::object::process::WindowsProcess<'a,Driver>::lookup_object (line 248) stdout ----
[INFO] [stdout] error[E0433]: cannot find module or crate `vmi` in this scope
[INFO] [stdout]    --> src/comps/object/process.rs:249:5
[INFO] [stdout]     |
[INFO] [stdout] 249 | use vmi::{
[INFO] [stdout]     |     ^^^ use of unresolved module or unlinked crate `vmi`
[INFO] [stdout]     |
[INFO] [stdout]     = help: if you wanted to use a crate named `vmi`, use `cargo add vmi` to add it to your `Cargo.toml`
[INFO] [stdout] 
[INFO] [stdout] error[E0432]: unresolved import `vmi`
[INFO] [stdout]    --> src/comps/object/process.rs:249:5
[INFO] [stdout]     |
[INFO] [stdout] 249 | use vmi::{
[INFO] [stdout]     |     ^^^ use of unresolved module or unlinked crate `vmi`
[INFO] [stdout]     |
[INFO] [stdout]     = help: if you wanted to use a crate named `vmi`, use `cargo add vmi` to add it to your `Cargo.toml`
[INFO] [stdout] 
[INFO] [stdout] error: aborting due to 2 previous errors
[INFO] [stdout] 
[INFO] [stdout] Some errors have detailed explanations: E0432, E0433.
[INFO] [stdout] For more information about an error, try `rustc --explain E0432`.
[INFO] [stdout] Couldn't compile the test.
[INFO] [stdout] ---- src/lib.rs - WindowsOs (line 211) stdout ----
[INFO] [stdout] error[E0433]: cannot find module or crate `vmi` in this scope
[INFO] [stdout]    --> src/lib.rs:212:5
[INFO] [stdout]     |
[INFO] [stdout] 212 | use vmi::{
[INFO] [stdout]     |     ^^^ use of unresolved module or unlinked crate `vmi`
[INFO] [stdout]     |
[INFO] [stdout]     = help: if you wanted to use a crate named `vmi`, use `cargo add vmi` to add it to your `Cargo.toml`
[INFO] [stdout] 
[INFO] [stdout] error[E0432]: unresolved import `vmi`
[INFO] [stdout]    --> src/lib.rs:212:5
[INFO] [stdout]     |
[INFO] [stdout] 212 | use vmi::{
[INFO] [stdout]     |     ^^^ use of unresolved module or unlinked crate `vmi`
[INFO] [stdout]     |
[INFO] [stdout]     = help: if you wanted to use a crate named `vmi`, use `cargo add vmi` to add it to your `Cargo.toml`
[INFO] [stdout] 
[INFO] [stdout] error: aborting due to 2 previous errors
[INFO] [stdout] 
[INFO] [stdout] Some errors have detailed explanations: E0432, E0433.
[INFO] [stdout] For more information about an error, try `rustc --explain E0432`.
[INFO] [stdout] Couldn't compile the test.
[INFO] [stdout] ---- src/lib.rs - WindowsOs (line 133) stdout ----
[INFO] [stdout] error[E0433]: cannot find module or crate `vmi` in this scope
[INFO] [stdout]    --> src/lib.rs:135:5
[INFO] [stdout]     |
[INFO] [stdout] 135 | use vmi::{
[INFO] [stdout]     |     ^^^ use of unresolved module or unlinked crate `vmi`
[INFO] [stdout]     |
[INFO] [stdout]     = help: if you wanted to use a crate named `vmi`, use `cargo add vmi` to add it to your `Cargo.toml`
[INFO] [stdout] 
[INFO] [stdout] error[E0432]: unresolved import `vmi`
[INFO] [stdout]    --> src/lib.rs:135:5
[INFO] [stdout]     |
[INFO] [stdout] 135 | use vmi::{
[INFO] [stdout]     |     ^^^ use of unresolved module or unlinked crate `vmi`
[INFO] [stdout]     |
[INFO] [stdout]     = help: if you wanted to use a crate named `vmi`, use `cargo add vmi` to add it to your `Cargo.toml`
[INFO] [stdout] 
[INFO] [stdout] error: aborting due to 2 previous errors
[INFO] [stdout] 
[INFO] [stdout] Some errors have detailed explanations: E0432, E0433.
[INFO] [stdout] For more information about an error, try `rustc --explain E0432`.
[INFO] [stdout] Couldn't compile the test.
[INFO] [stdout] ---- src/lib.rs - WindowsOs (line 187) stdout ----
[INFO] [stdout] error[E0433]: cannot find module or crate `vmi` in this scope
[INFO] [stdout]    --> src/lib.rs:188:5
[INFO] [stdout]     |
[INFO] [stdout] 188 | use vmi::{
[INFO] [stdout]     |     ^^^ use of unresolved module or unlinked crate `vmi`
[INFO] [stdout]     |
[INFO] [stdout]     = help: if you wanted to use a crate named `vmi`, use `cargo add vmi` to add it to your `Cargo.toml`
[INFO] [stdout] 
[INFO] [stdout] error[E0432]: unresolved import `vmi`
[INFO] [stdout]    --> src/lib.rs:188:5
[INFO] [stdout]     |
[INFO] [stdout] 188 | use vmi::{
[INFO] [stdout]     |     ^^^ use of unresolved module or unlinked crate `vmi`
[INFO] [stdout]     |
[INFO] [stdout]     = help: if you wanted to use a crate named `vmi`, use `cargo add vmi` to add it to your `Cargo.toml`
[INFO] [stdout] 
[INFO] [stdout] error: aborting due to 2 previous errors
[INFO] [stdout] 
[INFO] [stdout] Some errors have detailed explanations: E0432, E0433.
[INFO] [stdout] For more information about an error, try `rustc --explain E0432`.
[INFO] [stdout] Couldn't compile the test.
[INFO] [stdout] ---- src/lib.rs - (line 28) stdout ----
[INFO] [stdout] error[E0433]: cannot find module or crate `vmi` in this scope
[INFO] [stdout]   --> src/lib.rs:29:5
[INFO] [stdout]    |
[INFO] [stdout] 29 | use vmi::{
[INFO] [stdout]    |     ^^^ use of unresolved module or unlinked crate `vmi`
[INFO] [stdout]    |
[INFO] [stdout]    = help: if you wanted to use a crate named `vmi`, use `cargo add vmi` to add it to your `Cargo.toml`
[INFO] [stdout] 
[INFO] [stdout] error[E0432]: unresolved import `vmi`
[INFO] [stdout]   --> src/lib.rs:29:5
[INFO] [stdout]    |
[INFO] [stdout] 29 | use vmi::{
[INFO] [stdout]    |     ^^^ use of unresolved module or unlinked crate `vmi`
[INFO] [stdout]    |
[INFO] [stdout]    = help: if you wanted to use a crate named `vmi`, use `cargo add vmi` to add it to your `Cargo.toml`
[INFO] [stdout] 
[INFO] [stdout] error: aborting due to 2 previous errors
[INFO] [stdout] 
[INFO] [stdout] Some errors have detailed explanations: E0432, E0433.
[INFO] [stdout] For more information about an error, try `rustc --explain E0432`.
[INFO] [stdout] Couldn't compile the test.
[INFO] [stdout] 
[INFO] [stdout] failures:
[INFO] [stdout]     src/comps/object/process.rs - comps::object::process::WindowsProcess<'a,Driver>::lookup_object (line 248)
[INFO] [stdout]     src/lib.rs - (line 28)
[INFO] [stdout]     src/lib.rs - WindowsOs (line 133)
[INFO] [stdout]     src/lib.rs - WindowsOs (line 187)
[INFO] [stdout]     src/lib.rs - WindowsOs (line 211)
[INFO] [stdout] 
[INFO] [stdout] test result: FAILED. 0 passed; 5 failed; 1 ignored; 0 measured; 0 filtered out; finished in 0.19s
[INFO] [stdout] 
[INFO] [stdout] all doctests ran in 0.27s; merged doctests compilation took 0.08s
[INFO] [stderr] error: doctest failed, to rerun pass `--doc`
[INFO] running `Command { std: "docker" "inspect" "6a646a32bae860e3caa8aa733425e541afba28e4490114644129ce44c132c845", kill_on_drop: false }`
[INFO] running `Command { std: "docker" "rm" "-f" "6a646a32bae860e3caa8aa733425e541afba28e4490114644129ce44c132c845", kill_on_drop: false }`
[INFO] [stdout] 6a646a32bae860e3caa8aa733425e541afba28e4490114644129ce44c132c845
