[INFO] fetching crate vmdk-cli 0.8.4...
[INFO] testing vmdk-cli-0.8.4 against 1.100.0-beta.1+cargoflags=--release for beta-release-1.100-2
[INFO] extracting crate vmdk-cli 0.8.4 into /workspace/builds/worker-5-tc2/source
[INFO] started tweaking crates.io crate vmdk-cli 0.8.4
[INFO] removed 0 missing tests
[INFO] finished tweaking crates.io crate vmdk-cli 0.8.4
[INFO] tweaked toml for crates.io crate vmdk-cli 0.8.4 written to /workspace/builds/worker-5-tc2/source/Cargo.toml
[INFO] validating manifest of crates.io crate vmdk-cli 0.8.4 on toolchain 1.100.0-beta.1
[INFO] running `Command { std: CARGO_HOME="/workspace/cargo-home" RUSTUP_HOME="/workspace/rustup-home" "/workspace/cargo-home/bin/cargo" "+1.100.0-beta.1" "metadata" "--manifest-path" "Cargo.toml" "--no-deps", kill_on_drop: false }`
[INFO] crate crates.io crate vmdk-cli 0.8.4 already has a lockfile, it will not be regenerated
[INFO] running `Command { std: CARGO_HOME="/workspace/cargo-home" RUSTUP_HOME="/workspace/rustup-home" "/workspace/cargo-home/bin/cargo" "+1.100.0-beta.1" "fetch" "--manifest-path" "Cargo.toml", kill_on_drop: false }`
[INFO] running `Command { std: "docker" "create" "-v" "/var/lib/crater-agent-workspace/builds/worker-5-tc2/source:/opt/rustwide/workdir:ro,Z" "-v" "/var/lib/crater-agent-workspace/builds/worker-5-tc2/target:/opt/rustwide/target:rw,Z" "-v" "/var/lib/crater-agent-workspace/cargo-home:/opt/rustwide/cargo-home:ro,Z" "-v" "/var/lib/crater-agent-workspace/rustup-home:/opt/rustwide/rustup-home:ro,Z" "-m" "1610612736" "--network" "none" "ghcr.io/rust-lang/crates-build-env/linux@sha256:77db811e55d90add9212f6832c23229e3de5f1c1f9905e8cb07319ea15df73ac" "sleep" "infinity", kill_on_drop: false }`
[INFO] [stdout] 5a6dc1dab6e35ee91f06c55f116670648a147e7919b6021f82c052b794bee22d
[INFO] running `Command { std: "docker" "start" "5a6dc1dab6e35ee91f06c55f116670648a147e7919b6021f82c052b794bee22d", kill_on_drop: false }`
[INFO] running `Command { std: "docker" "inspect" "5a6dc1dab6e35ee91f06c55f116670648a147e7919b6021f82c052b794bee22d", kill_on_drop: false }`
[INFO] running `Command { std: "docker" "exec" "-e" "SOURCE_DIR=/opt/rustwide/workdir" "-e" "CARGO_HOME=/opt/rustwide/cargo-home" "-e" "RUSTUP_HOME=/opt/rustwide/rustup-home" "-e" "CARGO_TARGET_DIR=/opt/rustwide/target" "-w" "/opt/rustwide/workdir" "--user" "0:0" "5a6dc1dab6e35ee91f06c55f116670648a147e7919b6021f82c052b794bee22d" "/opt/rustwide/cargo-home/bin/cargo" "+1.100.0-beta.1" "metadata" "--no-deps" "--format-version=1", kill_on_drop: false }`
[INFO] running `Command { std: "docker" "inspect" "5a6dc1dab6e35ee91f06c55f116670648a147e7919b6021f82c052b794bee22d", kill_on_drop: false }`
[INFO] running `Command { std: "docker" "exec" "-e" "SOURCE_DIR=/opt/rustwide/workdir" "-e" "CARGO_HOME=/opt/rustwide/cargo-home" "-e" "RUSTUP_HOME=/opt/rustwide/rustup-home" "-e" "CARGO_TARGET_DIR=/opt/rustwide/target" "-e" "CARGO_INCREMENTAL=0" "-e" "RUST_BACKTRACE=full" "-e" "RUSTFLAGS=--cap-lints=warn" "-e" "RUSTDOCFLAGS=--cap-lints=warn" "-w" "/opt/rustwide/workdir" "--user" "0:0" "5a6dc1dab6e35ee91f06c55f116670648a147e7919b6021f82c052b794bee22d" "/opt/rustwide/cargo-home/bin/cargo" "+1.100.0-beta.1" "build" "--frozen" "--message-format=json" "--release", kill_on_drop: false }`
[INFO] [stderr]    Compiling safe-read v0.2.1
[INFO] [stderr]    Compiling clap_derive v4.6.1
[INFO] [stderr]    Compiling serde_json v1.0.150
[INFO] [stderr]    Compiling forensicnomicon-core v1.2.0
[INFO] [stderr]    Compiling md-5 v0.10.6
[INFO] [stderr]    Compiling vmdk-core v0.8.4
[INFO] [stderr]    Compiling forensicnomicon-data v1.0.0
[INFO] [stderr]    Compiling clap v4.6.1
[INFO] [stderr]    Compiling forensicnomicon v1.0.0
[INFO] [stderr]    Compiling vmdk-forensic v0.8.4
[INFO] [stderr]    Compiling vmdk-cli v0.8.4 (/opt/rustwide/workdir)
[INFO] [stderr]     Finished `release` profile [optimized] target(s) in 22.77s
[INFO] running `Command { std: "docker" "inspect" "5a6dc1dab6e35ee91f06c55f116670648a147e7919b6021f82c052b794bee22d", kill_on_drop: false }`
[INFO] running `Command { std: "docker" "exec" "-e" "SOURCE_DIR=/opt/rustwide/workdir" "-e" "CARGO_HOME=/opt/rustwide/cargo-home" "-e" "RUSTUP_HOME=/opt/rustwide/rustup-home" "-e" "CARGO_TARGET_DIR=/opt/rustwide/target" "-e" "CARGO_INCREMENTAL=0" "-e" "RUST_BACKTRACE=full" "-e" "RUSTFLAGS=--cap-lints=warn" "-e" "RUSTDOCFLAGS=--cap-lints=warn" "-w" "/opt/rustwide/workdir" "--user" "0:0" "5a6dc1dab6e35ee91f06c55f116670648a147e7919b6021f82c052b794bee22d" "/opt/rustwide/cargo-home/bin/cargo" "+1.100.0-beta.1" "test" "--frozen" "--no-run" "--message-format=json" "--release", kill_on_drop: false }`
[INFO] [stderr]    Compiling libc v0.2.186
[INFO] [stderr]    Compiling rustix v1.1.4
[INFO] [stderr]    Compiling once_cell v1.21.4
[INFO] [stderr]    Compiling vmdk-core v0.8.4
[INFO] [stderr]    Compiling vmdk-forensic v0.8.4
[INFO] [stderr]    Compiling getrandom v0.4.2
[INFO] [stderr]    Compiling vmdk-cli v0.8.4 (/opt/rustwide/workdir)
[INFO] [stderr]    Compiling tempfile v3.27.0
[INFO] [stderr]     Finished `release` profile [optimized] target(s) in 12.18s
[INFO] running `Command { std: "docker" "inspect" "5a6dc1dab6e35ee91f06c55f116670648a147e7919b6021f82c052b794bee22d", kill_on_drop: false }`
[INFO] running `Command { std: "docker" "exec" "-e" "SOURCE_DIR=/opt/rustwide/workdir" "-e" "CARGO_HOME=/opt/rustwide/cargo-home" "-e" "RUSTUP_HOME=/opt/rustwide/rustup-home" "-e" "CARGO_TARGET_DIR=/opt/rustwide/target" "-e" "CARGO_INCREMENTAL=0" "-e" "RUST_BACKTRACE=full" "-e" "RUSTFLAGS=--cap-lints=warn" "-e" "RUSTDOCFLAGS=--cap-lints=warn" "-w" "/opt/rustwide/workdir" "--user" "0:0" "5a6dc1dab6e35ee91f06c55f116670648a147e7919b6021f82c052b794bee22d" "/opt/rustwide/cargo-home/bin/cargo" "+1.100.0-beta.1" "test" "--frozen" "--release", kill_on_drop: false }`
[INFO] [stderr]     Finished `release` profile [optimized] target(s) in 0.09s
[INFO] [stderr]      Running unittests src/main.rs (/opt/rustwide/target/release/build/vmdk-cli/def5b928e097ccce/out/vmdk-def5b928e097ccce)
[INFO] [stdout] 
[INFO] [stdout] running 37 tests
[INFO] [stdout] test tests::commands_fail_on_missing_or_garbage_paths ... ok
[INFO] [stdout] test tests::chain_command_on_base_and_delta ... ok
[INFO] [stdout] test tests::copy_n_propagates_writer_error ... ok
[INFO] [stdout] test tests::cmd_examine_exit_code_tracks_verdict ... 00000000  09 08 07                                          |...|
[INFO] [stdout] FAILED
[INFO] [stdout] test tests::each_command_succeeds_on_a_real_image ... FAILED
[INFO] [stdout] test tests::dump_allocated_only_writes_sparse_full_size_image ... FAILED
[INFO] [stdout] test tests::copy_n_and_dump_hex_stop_at_short_read ... ok
[INFO] [stdout] test tests::diff_second_open_failure ... ok
[INFO] [stdout] test tests::descriptor_absent_fails ... ok00000000  ab ab ab ab ab ab ab ab  ab ab ab ab ab ab ab ab  |................|
[INFO] [stdout] 00000010  ab ab ab ab ab ab ab ab  ab ab ab ab ab ab ab ab  |................|
[INFO] [stdout] 00000020  ab ab ab ab ab ab ab ab  ab ab ab ab ab ab ab ab  |................|
[INFO] [stdout] 00000030  ab ab ab ab ab ab ab ab  ab ab ab ab ab ab ab ab  |................|
[INFO] [stdout] 00000040  ab ab ab ab ab ab ab ab  ab ab ab ab ab ab ab ab  |................|
[INFO] [stdout] 00000050  ab ab ab ab ab ab ab ab  ab ab ab ab ab ab ab ab  |................|
[INFO] [stdout] 00000060  ab ab ab ab ab ab ab ab  ab ab ab ab ab ab ab ab  |................|
[INFO] [stdout] 00000070  ab ab ab ab ab ab ab ab  ab ab ab ab ab ab ab ab  |................|
[INFO] [stdout] 00000080  ab ab ab ab ab ab ab ab  ab ab ab ab ab ab ab ab  |................|
[INFO] [stdout] 00000090  ab ab ab ab ab ab ab ab  ab ab ab ab ab ab ab ab  |................|
[INFO] [stdout] 000000a0  ab ab ab ab ab ab ab ab  ab ab ab ab ab ab ab ab  |................|
[INFO] [stdout] 000000b0  ab ab ab ab ab ab ab ab  ab ab ab ab ab ab ab ab  |................|
[INFO] [stdout] 000000c0  ab ab ab ab ab ab ab ab  ab ab ab ab ab ab ab ab  |................|
[INFO] [stdout] 000000d0  ab ab ab ab ab ab ab ab  ab ab ab ab ab ab ab ab  |................|
[INFO] [stdout] 000000e0  ab ab ab ab ab ab ab ab  ab ab ab ab ab ab ab ab  |................|
[INFO] [stdout] 000000f0  ab ab ab ab ab ab ab ab  ab ab ab ab ab ab ab ab  |................|
[INFO] [stdout] 00000100  ab ab ab ab ab ab ab ab  ab ab ab ab ab ab ab ab  |................|
[INFO] [stdout] 00000110  ab ab ab ab ab ab ab ab  ab ab ab ab ab ab ab ab  |................|
[INFO] [stdout] 00000120  ab ab ab ab ab ab ab ab  ab ab ab ab ab ab ab ab  |................|
[INFO] [stdout] 00000130  ab ab ab ab ab ab ab ab  ab ab ab ab ab ab ab ab  |................|
[INFO] [stdout] 00000140  ab ab ab ab ab ab ab ab  ab ab ab ab ab ab ab ab  |................|
[INFO] [stdout] 00000150  ab ab ab ab ab ab ab ab  ab ab ab ab ab ab ab ab  |................|
[INFO] [stdout] 00000160  ab ab ab ab ab ab ab ab  ab ab ab ab ab ab ab ab  |................|
[INFO] [stdout] 00000170  ab ab ab ab ab ab ab ab  ab ab ab ab ab ab ab ab  |................|
[INFO] [stdout] 00000180  ab ab ab ab ab ab ab ab  ab ab ab ab ab ab ab ab  |................|
[INFO] [stdout] 00000190  ab ab ab ab ab ab ab ab  ab ab ab ab ab ab ab ab  |................|
[INFO] [stdout] 000001a0  ab ab ab ab ab ab ab ab  ab ab ab ab ab ab ab ab  |................|
[INFO] [stdout] 000001b0  ab ab ab ab ab ab ab ab  ab ab ab ab ab ab ab ab  |................|
[INFO] [stdout] 000001c0  ab ab ab ab ab ab ab ab  ab ab ab ab ab ab ab ab  |................|
[INFO] [stdout] 000001d0  ab ab ab ab ab ab ab ab  ab ab ab ab ab ab ab ab  |................|
[INFO] [stdout] 000001e0  ab ab ab ab ab ab ab ab  ab ab ab ab ab ab ab ab  |................|
[INFO] [stdout] 000001f0  ab ab ab ab ab ab ab ab  ab ab ab ab ab ab ab ab  |................|
[INFO] [stdout] 
[INFO] [stdout] test tests::diff_reports_size_and_content_differences ... FAILED
[INFO] [stdout] test tests::examine_fingerprint_recover_completes_on_damaged_primary_gd ... ok
[INFO] [stdout] test tests::examine_clean_image_shows_identity_and_passes ... FAILED
[INFO] [stdout] test tests::examine_errors_on_unopenable_path ... ok
[INFO] [stdout] test tests::examine_json_includes_fingerprint_when_requested ... FAILED
[INFO] [stdout] test tests::examine_json_is_valid_and_structured ... FAILED
[INFO] [stdout] test tests::dump_to_file_and_unwritable_path ... FAILED
[INFO] [stdout] test tests::examine_fails_and_names_finding_on_high_severity_anomaly ... ok
[INFO] [stdout] test tests::dump_recover_reads_through_damaged_primary_gd ... ok
[INFO] [stdout] test tests::examine_lists_companion_files ... FAILED
[INFO] [stdout] test tests::dump_hex_recover_prints_note_on_recoverable_image ... ok
[INFO] [stdout] test tests::examine_surfaces_provenance ... FAILED
[INFO] [stdout] test tests::info_prints_companion_files_for_multifile_vmdk ... FAILED
[INFO] [stdout] test tests::fmt_commas_groups_thousands ... ok
[INFO] [stdout] test tests::map_all_sparse_succeeds ... FAILED
[INFO] [stdout] test tests::map_and_verify_fail_when_metadata_dangles ... ok
[INFO] [stdout] test tests::hash_recover_succeeds_on_damaged_primary_gd ... ok
[INFO] [stdout] test tests::map_recover_lists_grains_through_damaged_primary_gd ... ok
[INFO] [stdout] test tests::recovery_note_none_when_zero ... ok
[INFO] [stdout] test tests::recovery_note_reports_count ... ok
[INFO] [stdout] test tests::rgd_status_absent_when_no_rgd ... ok
[INFO] [stdout] test tests::examine_fingerprint_flag_appends_labelled_hashes ... FAILED
[INFO] [stdout] test tests::rgd_status_benign_divergence_when_primary_intact ... ok
[INFO] [stdout] test tests::rgd_status_ok_when_matches ... ok
[INFO] [stdout] test tests::rgd_status_reports_recoverable_damage ... ok
[INFO] [stdout] test tests::superseded_commands_hidden_others_visible ... ok
[INFO] [stdout] test tests::verify_fails_on_truncated_image ... FAILED
[INFO] [stdout] test tests::verify_recover_passes_on_recoverable_image ... ok
[INFO] [stdout] 
[INFO] [stdout] failures:
[INFO] [stdout] 
[INFO] [stdout] ---- tests::cmd_examine_exit_code_tracks_verdict stdout ----
[INFO] [stdout] error: I/O error: No such file or directory (os error 2)
[INFO] [stdout] 
[INFO] [stdout] thread 'tests::cmd_examine_exit_code_tracks_verdict' (667) panicked at src/main.rs:1690:9:
[INFO] [stdout] assertion failed: is_success(cmd_examine(&data("dfvfs_ext2.vmdk"), ExamineOpts::default()))
[INFO] [stdout] stack backtrace:
[INFO] [stdout]    0:     0x6066967642c1 - <<std[617be2ca0a6fd877]::sys::backtrace::BacktraceLock>::print::DisplayBacktrace as core[a373ad73a504971]::fmt::Display>::fmt
[INFO] [stdout]    1:     0x60669677a5ca - core[a373ad73a504971]::fmt::write
[INFO] [stdout]    2:     0x60669676893c - <alloc[2e1b2a31b91974c5]::vec::Vec<u8> as core[a373ad73a504971]::io::write::Write>::write_fmt
[INFO] [stdout]    3:     0x60669673e996 - std[617be2ca0a6fd877]::panicking::default_hook::{closure#0}
[INFO] [stdout]    4:     0x60669675b9e9 - std[617be2ca0a6fd877]::panicking::default_hook
[INFO] [stdout]    5:     0x6066966bba60 - test[aada8e7e76ba119b]::test_main_inner::{closure#0}
[INFO] [stdout]    6:     0x60669675bba2 - std[617be2ca0a6fd877]::panicking::panic_with_hook
[INFO] [stdout]    7:     0x60669673ea74 - std[617be2ca0a6fd877]::panicking::panic_handler::{closure#0}
[INFO] [stdout]    8:     0x6066967374a9 - std[617be2ca0a6fd877]::sys::backtrace::__rust_end_short_backtrace::<std[617be2ca0a6fd877]::panicking::panic_handler::{closure#0}, !>
[INFO] [stdout]    9:     0x60669673f64d - __rustc[ea4f61d10b84890b]::rust_begin_unwind
[INFO] [stdout]   10:     0x60669677acfc - core[a373ad73a504971]::panicking::panic_fmt
[INFO] [stdout]   11:     0x60669677acc2 - core[a373ad73a504971]::panicking::panic
[INFO] [stdout]   12:     0x60669668c637 - <vmdk[c005d5b0c821337a]::tests::cmd_examine_exit_code_tracks_verdict::{closure#0} as core[a373ad73a504971]::ops::function::FnOnce<()>>::call_once
[INFO] [stdout]   13:     0x6066966aeeab - test[aada8e7e76ba119b]::__rust_begin_short_backtrace::<core[a373ad73a504971]::result::Result<(), alloc[2e1b2a31b91974c5]::string::String>, fn() -> core[a373ad73a504971]::result::Result<(), alloc[2e1b2a31b91974c5]::string::String>>
[INFO] [stdout]   14:     0x6066966bc085 - test[aada8e7e76ba119b]::run_test::{closure#0}
[INFO] [stdout]   15:     0x6066966b5974 - std[617be2ca0a6fd877]::sys::backtrace::__rust_begin_short_backtrace::<test[aada8e7e76ba119b]::run_test::{closure#1}, ()>
[INFO] [stdout]   16:     0x6066966bf112 - <std[617be2ca0a6fd877]::thread::lifecycle::spawn_unchecked<test[aada8e7e76ba119b]::run_test::{closure#1}, ()>::{closure#1} as core[a373ad73a504971]::ops::function::FnOnce<()>>::call_once::{shim:vtable#0}
[INFO] [stdout]   17:     0x6066967632cf - <std[617be2ca0a6fd877]::sys::thread::unix::Thread>::new::thread_start
[INFO] [stdout]   18:     0x750b19ceddfa - <unknown>
[INFO] [stdout]   19:     0x750b19d813d4 - clone
[INFO] [stdout]   20:                0x0 - <unknown>
[INFO] [stdout] 
[INFO] [stdout] ---- tests::each_command_succeeds_on_a_real_image stdout ----
[INFO] [stdout] error: I/O error: No such file or directory (os error 2)
[INFO] [stdout] 
[INFO] [stdout] thread 'tests::each_command_succeeds_on_a_real_image' (678) panicked at src/main.rs:1154:9:
[INFO] [stdout] assertion failed: is_success(cmd_info(&p, false, false))
[INFO] [stdout] stack backtrace:
[INFO] [stdout]    0:     0x6066967642c1 - <<std[617be2ca0a6fd877]::sys::backtrace::BacktraceLock>::print::DisplayBacktrace as core[a373ad73a504971]::fmt::Display>::fmt
[INFO] [stdout]    1:     0x60669677a5ca - core[a373ad73a504971]::fmt::write
[INFO] [stdout]    2:     0x60669676893c - <alloc[2e1b2a31b91974c5]::vec::Vec<u8> as core[a373ad73a504971]::io::write::Write>::write_fmt
[INFO] [stdout]    3:     0x60669673e996 - std[617be2ca0a6fd877]::panicking::default_hook::{closure#0}
[INFO] [stdout]    4:     0x60669675b9e9 - std[617be2ca0a6fd877]::panicking::default_hook
[INFO] [stdout]    5:     0x6066966bba60 - test[aada8e7e76ba119b]::test_main_inner::{closure#0}
[INFO] [stdout]    6:     0x60669675bba2 - std[617be2ca0a6fd877]::panicking::panic_with_hook
[INFO] [stdout]    7:     0x60669673ea74 - std[617be2ca0a6fd877]::panicking::panic_handler::{closure#0}
[INFO] [stdout]    8:     0x6066967374a9 - std[617be2ca0a6fd877]::sys::backtrace::__rust_end_short_backtrace::<std[617be2ca0a6fd877]::panicking::panic_handler::{closure#0}, !>
[INFO] [stdout]    9:     0x60669673f64d - __rustc[ea4f61d10b84890b]::rust_begin_unwind
[INFO] [stdout]   10:     0x60669677acfc - core[a373ad73a504971]::panicking::panic_fmt
[INFO] [stdout]   11:     0x60669677acc2 - core[a373ad73a504971]::panicking::panic
[INFO] [stdout]   12:     0x60669668ccfb - <vmdk[c005d5b0c821337a]::tests::each_command_succeeds_on_a_real_image::{closure#0} as core[a373ad73a504971]::ops::function::FnOnce<()>>::call_once
[INFO] [stdout]   13:     0x6066966aeeab - test[aada8e7e76ba119b]::__rust_begin_short_backtrace::<core[a373ad73a504971]::result::Result<(), alloc[2e1b2a31b91974c5]::string::String>, fn() -> core[a373ad73a504971]::result::Result<(), alloc[2e1b2a31b91974c5]::string::String>>
[INFO] [stdout]   14:     0x6066966bc085 - test[aada8e7e76ba119b]::run_test::{closure#0}
[INFO] [stdout]   15:     0x6066966b5974 - std[617be2ca0a6fd877]::sys::backtrace::__rust_begin_short_backtrace::<test[aada8e7e76ba119b]::run_test::{closure#1}, ()>
[INFO] [stdout]   16:     0x6066966bf112 - <std[617be2ca0a6fd877]::thread::lifecycle::spawn_unchecked<test[aada8e7e76ba119b]::run_test::{closure#1}, ()>::{closure#1} as core[a373ad73a504971]::ops::function::FnOnce<()>>::call_once::{shim:vtable#0}
[INFO] [stdout]   17:     0x6066967632cf - <std[617be2ca0a6fd877]::sys::thread::unix::Thread>::new::thread_start
[INFO] [stdout]   18:     0x750b19ceddfa - <unknown>
[INFO] [stdout]   19:     0x750b19d813d4 - clone
[INFO] [stdout]   20:                0x0 - <unknown>
[INFO] [stdout] 
[INFO] [stdout] ---- tests::dump_allocated_only_writes_sparse_full_size_image stdout ----
[INFO] [stdout] error: I/O error: No such file or directory (os error 2)
[INFO] [stdout] 
[INFO] [stdout] thread 'tests::dump_allocated_only_writes_sparse_full_size_image' (674) panicked at src/main.rs:1217:9:
[INFO] [stdout] assertion failed: is_success(cmd_dump(&data("minimal.vmdk"), Some(&out), 0, None, false, false,
[INFO] [stdout]         true))
[INFO] [stdout] stack backtrace:
[INFO] [stdout]    0:     0x6066967642c1 - <<std[617be2ca0a6fd877]::sys::backtrace::BacktraceLock>::print::DisplayBacktrace as core[a373ad73a504971]::fmt::Display>::fmt
[INFO] [stdout]    1:     0x60669677a5ca - core[a373ad73a504971]::fmt::write
[INFO] [stdout]    2:     0x60669676893c - <alloc[2e1b2a31b91974c5]::vec::Vec<u8> as core[a373ad73a504971]::io::write::Write>::write_fmt
[INFO] [stdout]    3:     0x60669673e996 - std[617be2ca0a6fd877]::panicking::default_hook::{closure#0}
[INFO] [stdout]    4:     0x60669675b9e9 - std[617be2ca0a6fd877]::panicking::default_hook
[INFO] [stdout]    5:     0x6066966bba60 - test[aada8e7e76ba119b]::test_main_inner::{closure#0}
[INFO] [stdout]    6:     0x60669675bba2 - std[617be2ca0a6fd877]::panicking::panic_with_hook
[INFO] [stdout]    7:     0x60669673ea74 - std[617be2ca0a6fd877]::panicking::panic_handler::{closure#0}
[INFO] [stdout]    8:     0x6066967374a9 - std[617be2ca0a6fd877]::sys::backtrace::__rust_end_short_backtrace::<std[617be2ca0a6fd877]::panicking::panic_handler::{closure#0}, !>
[INFO] [stdout]    9:     0x60669673f64d - __rustc[ea4f61d10b84890b]::rust_begin_unwind
[INFO] [stdout]   10:     0x60669677acfc - core[a373ad73a504971]::panicking::panic_fmt
[INFO] [stdout]   11:     0x60669677acc2 - core[a373ad73a504971]::panicking::panic
[INFO] [stdout]   12:     0x60669668fbea - <vmdk[c005d5b0c821337a]::tests::dump_allocated_only_writes_sparse_full_size_image::{closure#0} as core[a373ad73a504971]::ops::function::FnOnce<()>>::call_once
[INFO] [stdout]   13:     0x6066966aeeab - test[aada8e7e76ba119b]::__rust_begin_short_backtrace::<core[a373ad73a504971]::result::Result<(), alloc[2e1b2a31b91974c5]::string::String>, fn() -> core[a373ad73a504971]::result::Result<(), alloc[2e1b2a31b91974c5]::string::String>>
[INFO] [stdout]   14:     0x6066966bc085 - test[aada8e7e76ba119b]::run_test::{closure#0}
[INFO] [stdout]   15:     0x6066966b5974 - std[617be2ca0a6fd877]::sys::backtrace::__rust_begin_short_backtrace::<test[aada8e7e76ba119b]::run_test::{closure#1}, ()>
[INFO] [stdout]   16:     0x6066966bf112 - <std[617be2ca0a6fd877]::thread::lifecycle::spawn_unchecked<test[aada8e7e76ba119b]::run_test::{closure#1}, ()>::{closure#1} as core[a373ad73a504971]::ops::function::FnOnce<()>>::call_once::{shim:vtable#0}
[INFO] [stdout]   17:     0x6066967632cf - <std[617be2ca0a6fd877]::sys::thread::unix::Thread>::new::thread_start
[INFO] [stdout]   18:     0x750b19ceddfa - <unknown>
[INFO] [stdout]   19:     0x750b19d813d4 - clone
[INFO] [stdout]   20:                0x0 - <unknown>
[INFO] [stdout] 
[INFO] [stdout] ---- tests::diff_reports_size_and_content_differences stdout ----
[INFO] [stdout] 
[INFO] [stdout] thread 'tests::diff_reports_size_and_content_differences' (672) panicked at src/main.rs:1428:64:
[INFO] [stdout] called `Result::unwrap()` on an `Err` value: Os { code: 2, kind: NotFound, message: "No such file or directory" }
[INFO] [stdout] stack backtrace:
[INFO] [stdout]    0:     0x6066967642c1 - <<std[617be2ca0a6fd877]::sys::backtrace::BacktraceLock>::print::DisplayBacktrace as core[a373ad73a504971]::fmt::Display>::fmt
[INFO] [stdout]    1:     0x60669677a5ca - core[a373ad73a504971]::fmt::write
[INFO] [stdout]    2:     0x60669676893c - <alloc[2e1b2a31b91974c5]::vec::Vec<u8> as core[a373ad73a504971]::io::write::Write>::write_fmt
[INFO] [stdout]    3:     0x60669673e996 - std[617be2ca0a6fd877]::panicking::default_hook::{closure#0}
[INFO] [stdout]    4:     0x60669675b9e9 - std[617be2ca0a6fd877]::panicking::default_hook
[INFO] [stdout]    5:     0x6066966bba60 - test[aada8e7e76ba119b]::test_main_inner::{closure#0}
[INFO] [stdout]    6:     0x60669675bba2 - std[617be2ca0a6fd877]::panicking::panic_with_hook
[INFO] [stdout]    7:     0x60669673ea42 - std[617be2ca0a6fd877]::panicking::panic_handler::{closure#0}
[INFO] [stdout]    8:     0x6066967374a9 - std[617be2ca0a6fd877]::sys::backtrace::__rust_end_short_backtrace::<std[617be2ca0a6fd877]::panicking::panic_handler::{closure#0}, !>
[INFO] [stdout]    9:     0x60669673f64d - __rustc[ea4f61d10b84890b]::rust_begin_unwind
[INFO] [stdout]   10:     0x60669677acfc - core[a373ad73a504971]::panicking::panic_fmt
[INFO] [stdout]   11:     0x60669677aad2 - core[a373ad73a504971]::result::unwrap_failed
[INFO] [stdout]   12:     0x60669668d8fe - <vmdk[c005d5b0c821337a]::tests::diff_reports_size_and_content_differences::{closure#0} as core[a373ad73a504971]::ops::function::FnOnce<()>>::call_once
[INFO] [stdout]   13:     0x6066966aeeab - test[aada8e7e76ba119b]::__rust_begin_short_backtrace::<core[a373ad73a504971]::result::Result<(), alloc[2e1b2a31b91974c5]::string::String>, fn() -> core[a373ad73a504971]::result::Result<(), alloc[2e1b2a31b91974c5]::string::String>>
[INFO] [stdout]   14:     0x6066966bc085 - test[aada8e7e76ba119b]::run_test::{closure#0}
[INFO] [stdout]   15:     0x6066966b5974 - std[617be2ca0a6fd877]::sys::backtrace::__rust_begin_short_backtrace::<test[aada8e7e76ba119b]::run_test::{closure#1}, ()>
[INFO] [stdout]   16:     0x6066966bf112 - <std[617be2ca0a6fd877]::thread::lifecycle::spawn_unchecked<test[aada8e7e76ba119b]::run_test::{closure#1}, ()>::{closure#1} as core[a373ad73a504971]::ops::function::FnOnce<()>>::call_once::{shim:vtable#0}
[INFO] [stdout]   17:     0x6066967632cf - <std[617be2ca0a6fd877]::sys::thread::unix::Thread>::new::thread_start
[INFO] [stdout]   18:     0x750b19ceddfa - <unknown>
[INFO] [stdout]   19:     0x750b19d813d4 - clone
[INFO] [stdout]   20:                0x0 - <unknown>
[INFO] [stdout] 
[INFO] [stdout] ---- tests::examine_clean_image_shows_identity_and_passes stdout ----
[INFO] [stdout] 
[INFO] [stdout] thread 'tests::examine_clean_image_shows_identity_and_passes' (679) panicked at src/main.rs:1506:14:
[INFO] [stdout] examine a clean image: "error: I/O error: No such file or directory (os error 2)"
[INFO] [stdout] stack backtrace:
[INFO] [stdout]    0:     0x6066967642c1 - <<std[617be2ca0a6fd877]::sys::backtrace::BacktraceLock>::print::DisplayBacktrace as core[a373ad73a504971]::fmt::Display>::fmt
[INFO] [stdout]    1:     0x60669677a5ca - core[a373ad73a504971]::fmt::write
[INFO] [stdout]    2:     0x60669676893c - <alloc[2e1b2a31b91974c5]::vec::Vec<u8> as core[a373ad73a504971]::io::write::Write>::write_fmt
[INFO] [stdout]    3:     0x60669673e996 - std[617be2ca0a6fd877]::panicking::default_hook::{closure#0}
[INFO] [stdout]    4:     0x60669675b9e9 - std[617be2ca0a6fd877]::panicking::default_hook
[INFO] [stdout]    5:     0x6066966bba60 - test[aada8e7e76ba119b]::test_main_inner::{closure#0}
[INFO] [stdout]    6:     0x60669675bba2 - std[617be2ca0a6fd877]::panicking::panic_with_hook
[INFO] [stdout]    7:     0x60669673ea42 - std[617be2ca0a6fd877]::panicking::panic_handler::{closure#0}
[INFO] [stdout]    8:     0x6066967374a9 - std[617be2ca0a6fd877]::sys::backtrace::__rust_end_short_backtrace::<std[617be2ca0a6fd877]::panicking::panic_handler::{closure#0}, !>
[INFO] [stdout]    9:     0x60669673f64d - __rustc[ea4f61d10b84890b]::rust_begin_unwind
[INFO] [stdout]   10:     0x60669677acfc - core[a373ad73a504971]::panicking::panic_fmt
[INFO] [stdout]   11:     0x60669677aad2 - core[a373ad73a504971]::result::unwrap_failed
[INFO] [stdout]   12:     0x60669668ee89 - <vmdk[c005d5b0c821337a]::tests::examine_clean_image_shows_identity_and_passes::{closure#0} as core[a373ad73a504971]::ops::function::FnOnce<()>>::call_once
[INFO] [stdout]   13:     0x6066966aeeab - test[aada8e7e76ba119b]::__rust_begin_short_backtrace::<core[a373ad73a504971]::result::Result<(), alloc[2e1b2a31b91974c5]::string::String>, fn() -> core[a373ad73a504971]::result::Result<(), alloc[2e1b2a31b91974c5]::string::String>>
[INFO] [stdout]   14:     0x6066966bc085 - test[aada8e7e76ba119b]::run_test::{closure#0}
[INFO] [stdout]   15:     0x6066966b5974 - std[617be2ca0a6fd877]::sys::backtrace::__rust_begin_short_backtrace::<test[aada8e7e76ba119b]::run_test::{closure#1}, ()>
[INFO] [stdout]   16:     0x6066966bf112 - <std[617be2ca0a6fd877]::thread::lifecycle::spawn_unchecked<test[aada8e7e76ba119b]::run_test::{closure#1}, ()>::{closure#1} as core[a373ad73a504971]::ops::function::FnOnce<()>>::call_once::{shim:vtable#0}
[INFO] [stdout]   17:     0x6066967632cf - <std[617be2ca0a6fd877]::sys::thread::unix::Thread>::new::thread_start
[INFO] [stdout]   18:     0x750b19ceddfa - <unknown>
[INFO] [stdout]   19:     0x750b19d813d4 - clone
[INFO] [stdout]   20:                0x0 - <unknown>
[INFO] [stdout] 
[INFO] [stdout] ---- tests::examine_json_includes_fingerprint_when_requested stdout ----
[INFO] [stdout] 
[INFO] [stdout] thread 'tests::examine_json_includes_fingerprint_when_requested' (684) panicked at src/main.rs:1572:10:
[INFO] [stdout] examine --json --fp: "error: I/O error: No such file or directory (os error 2)"
[INFO] [stdout] stack backtrace:
[INFO] [stdout]    0:     0x6066967642c1 - <<std[617be2ca0a6fd877]::sys::backtrace::BacktraceLock>::print::DisplayBacktrace as core[a373ad73a504971]::fmt::Display>::fmt
[INFO] [stdout]    1:     0x60669677a5ca - core[a373ad73a504971]::fmt::write
[INFO] [stdout]    2:     0x60669676893c - <alloc[2e1b2a31b91974c5]::vec::Vec<u8> as core[a373ad73a504971]::io::write::Write>::write_fmt
[INFO] [stdout]    3:     0x60669673e996 - std[617be2ca0a6fd877]::panicking::default_hook::{closure#0}
[INFO] [stdout]    4:     0x60669675b9e9 - std[617be2ca0a6fd877]::panicking::default_hook
[INFO] [stdout]    5:     0x6066966bba60 - test[aada8e7e76ba119b]::test_main_inner::{closure#0}
[INFO] [stdout]    6:     0x60669675bba2 - std[617be2ca0a6fd877]::panicking::panic_with_hook
[INFO] [stdout]    7:     0x60669673ea42 - std[617be2ca0a6fd877]::panicking::panic_handler::{closure#0}
[INFO] [stdout]    8:     0x6066967374a9 - std[617be2ca0a6fd877]::sys::backtrace::__rust_end_short_backtrace::<std[617be2ca0a6fd877]::panicking::panic_handler::{closure#0}, !>
[INFO] [stdout]    9:     0x60669673f64d - __rustc[ea4f61d10b84890b]::rust_begin_unwind
[INFO] [stdout]   10:     0x60669677acfc - core[a373ad73a504971]::panicking::panic_fmt
[INFO] [stdout]   11:     0x60669677aad2 - core[a373ad73a504971]::result::unwrap_failed
[INFO] [stdout]   12:     0x60669668f518 - <vmdk[c005d5b0c821337a]::tests::examine_json_includes_fingerprint_when_requested::{closure#0} as core[a373ad73a504971]::ops::function::FnOnce<()>>::call_once
[INFO] [stdout]   13:     0x6066966aeeab - test[aada8e7e76ba119b]::__rust_begin_short_backtrace::<core[a373ad73a504971]::result::Result<(), alloc[2e1b2a31b91974c5]::string::String>, fn() -> core[a373ad73a504971]::result::Result<(), alloc[2e1b2a31b91974c5]::string::String>>
[INFO] [stdout]   14:     0x6066966bc085 - test[aada8e7e76ba119b]::run_test::{closure#0}
[INFO] [stdout]   15:     0x6066966b5974 - std[617be2ca0a6fd877]::sys::backtrace::__rust_begin_short_backtrace::<test[aada8e7e76ba119b]::run_test::{closure#1}, ()>
[INFO] [stdout]   16:     0x6066966bf112 - <std[617be2ca0a6fd877]::thread::lifecycle::spawn_unchecked<test[aada8e7e76ba119b]::run_test::{closure#1}, ()>::{closure#1} as core[a373ad73a504971]::ops::function::FnOnce<()>>::call_once::{shim:vtable#0}
[INFO] [stdout]   17:     0x6066967632cf - <std[617be2ca0a6fd877]::sys::thread::unix::Thread>::new::thread_start
[INFO] [stdout]   18:     0x750b19ceddfa - <unknown>
[INFO] [stdout]   19:     0x750b19d813d4 - clone
[INFO] [stdout]   20:                0x0 - <unknown>
[INFO] [stdout] 
[INFO] [stdout] ---- tests::examine_json_is_valid_and_structured stdout ----
[INFO] [stdout] 
[INFO] [stdout] thread 'tests::examine_json_is_valid_and_structured' (685) panicked at src/main.rs:1551:10:
[INFO] [stdout] examine --json: "error: I/O error: No such file or directory (os error 2)"
[INFO] [stdout] stack backtrace:
[INFO] [stdout]    0:     0x6066967642c1 - <<std[617be2ca0a6fd877]::sys::backtrace::BacktraceLock>::print::DisplayBacktrace as core[a373ad73a504971]::fmt::Display>::fmt
[INFO] [stdout]    1:     0x60669677a5ca - core[a373ad73a504971]::fmt::write
[INFO] [stdout]    2:     0x60669676893c - <alloc[2e1b2a31b91974c5]::vec::Vec<u8> as core[a373ad73a504971]::io::write::Write>::write_fmt
[INFO] [stdout]    3:     0x60669673e996 - std[617be2ca0a6fd877]::panicking::default_hook::{closure#0}
[INFO] [stdout]    4:     0x60669675b9e9 - std[617be2ca0a6fd877]::panicking::default_hook
[INFO] [stdout]    5:     0x6066966bba60 - test[aada8e7e76ba119b]::test_main_inner::{closure#0}
[INFO] [stdout]    6:     0x60669675bba2 - std[617be2ca0a6fd877]::panicking::panic_with_hook
[INFO] [stdout]    7:     0x60669673ea42 - std[617be2ca0a6fd877]::panicking::panic_handler::{closure#0}
[INFO] [stdout]    8:     0x6066967374a9 - std[617be2ca0a6fd877]::sys::backtrace::__rust_end_short_backtrace::<std[617be2ca0a6fd877]::panicking::panic_handler::{closure#0}, !>
[INFO] [stdout]    9:     0x60669673f64d - __rustc[ea4f61d10b84890b]::rust_begin_unwind
[INFO] [stdout]   10:     0x60669677acfc - core[a373ad73a504971]::panicking::panic_fmt
[INFO] [stdout]   11:     0x60669677aad2 - core[a373ad73a504971]::result::unwrap_failed
[INFO] [stdout]   12:     0x60669668c98a - <vmdk[c005d5b0c821337a]::tests::examine_json_is_valid_and_structured::{closure#0} as core[a373ad73a504971]::ops::function::FnOnce<()>>::call_once
[INFO] [stdout]   13:     0x6066966aeeab - test[aada8e7e76ba119b]::__rust_begin_short_backtrace::<core[a373ad73a504971]::result::Result<(), alloc[2e1b2a31b91974c5]::string::String>, fn() -> core[a373ad73a504971]::result::Result<(), alloc[2e1b2a31b91974c5]::string::String>>
[INFO] [stdout]   14:     0x6066966bc085 - test[aada8e7e76ba119b]::run_test::{closure#0}
[INFO] [stdout]   15:     0x6066966b5974 - std[617be2ca0a6fd877]::sys::backtrace::__rust_begin_short_backtrace::<test[aada8e7e76ba119b]::run_test::{closure#1}, ()>
[INFO] [stdout]   16:     0x6066966bf112 - <std[617be2ca0a6fd877]::thread::lifecycle::spawn_unchecked<test[aada8e7e76ba119b]::run_test::{closure#1}, ()>::{closure#1} as core[a373ad73a504971]::ops::function::FnOnce<()>>::call_once::{shim:vtable#0}
[INFO] [stdout]   17:     0x6066967632cf - <std[617be2ca0a6fd877]::sys::thread::unix::Thread>::new::thread_start
[INFO] [stdout]   18:     0x750b19ceddfa - <unknown>
[INFO] [stdout]   19:     0x750b19d813d4 - clone
[INFO] [stdout]   20:                0x0 - <unknown>
[INFO] [stdout] 
[INFO] [stdout] ---- tests::dump_to_file_and_unwritable_path stdout ----
[INFO] [stdout] error: I/O error: No such file or directory (os error 2)
[INFO] [stdout] 
[INFO] [stdout] thread 'tests::dump_to_file_and_unwritable_path' (677) panicked at src/main.rs:1264:9:
[INFO] [stdout] assertion failed: is_success(cmd_dump(&data("minimal.vmdk"), Some(&ok), 0, None, false, false,
[INFO] [stdout]         false))
[INFO] [stdout] stack backtrace:
[INFO] [stdout]    0:     0x6066967642c1 - <<std[617be2ca0a6fd877]::sys::backtrace::BacktraceLock>::print::DisplayBacktrace as core[a373ad73a504971]::fmt::Display>::fmt
[INFO] [stdout]    1:     0x60669677a5ca - core[a373ad73a504971]::fmt::write
[INFO] [stdout]    2:     0x60669676893c - <alloc[2e1b2a31b91974c5]::vec::Vec<u8> as core[a373ad73a504971]::io::write::Write>::write_fmt
[INFO] [stdout]    3:     0x60669673e996 - std[617be2ca0a6fd877]::panicking::default_hook::{closure#0}
[INFO] [stdout]    4:     0x60669675b9e9 - std[617be2ca0a6fd877]::panicking::default_hook
[INFO] [stdout]    5:     0x6066966bba60 - test[aada8e7e76ba119b]::test_main_inner::{closure#0}
[INFO] [stdout]    6:     0x60669675bba2 - std[617be2ca0a6fd877]::panicking::panic_with_hook
[INFO] [stdout]    7:     0x60669673ea74 - std[617be2ca0a6fd877]::panicking::panic_handler::{closure#0}
[INFO] [stdout]    8:     0x6066967374a9 - std[617be2ca0a6fd877]::sys::backtrace::__rust_end_short_backtrace::<std[617be2ca0a6fd877]::panicking::panic_handler::{closure#0}, !>
[INFO] [stdout]    9:     0x60669673f64d - __rustc[ea4f61d10b84890b]::rust_begin_unwind
[INFO] [stdout]   10:     0x60669677acfc - core[a373ad73a504971]::panicking::panic_fmt
[INFO] [stdout]   11:     0x60669677acc2 - core[a373ad73a504971]::panicking::panic
[INFO] [stdout]   12:     0x60669668c105 - <vmdk[c005d5b0c821337a]::tests::dump_to_file_and_unwritable_path::{closure#0} as core[a373ad73a504971]::ops::function::FnOnce<()>>::call_once
[INFO] [stdout]   13:     0x6066966aeeab - test[aada8e7e76ba119b]::__rust_begin_short_backtrace::<core[a373ad73a504971]::result::Result<(), alloc[2e1b2a31b91974c5]::string::String>, fn() -> core[a373ad73a504971]::result::Result<(), alloc[2e1b2a31b91974c5]::string::String>>
[INFO] [stdout]   14:     0x6066966bc085 - test[aada8e7e76ba119b]::run_test::{closure#0}
[INFO] [stdout]   15:     0x6066966b5974 - std[617be2ca0a6fd877]::sys::backtrace::__rust_begin_short_backtrace::<test[aada8e7e76ba119b]::run_test::{closure#1}, ()>
[INFO] [stdout]   16:     0x6066966bf112 - <std[617be2ca0a6fd877]::thread::lifecycle::spawn_unchecked<test[aada8e7e76ba119b]::run_test::{closure#1}, ()>::{closure#1} as core[a373ad73a504971]::ops::function::FnOnce<()>>::call_once::{shim:vtable#0}
[INFO] [stdout]   17:     0x6066967632cf - <std[617be2ca0a6fd877]::sys::thread::unix::Thread>::new::thread_start
[INFO] [stdout]   18:     0x750b19ceddfa - <unknown>
[INFO] [stdout]   19:     0x750b19d813d4 - clone
[INFO] [stdout]   20:                0x0 - <unknown>
[INFO] [stdout] 
[INFO] [stdout] ---- tests::examine_lists_companion_files stdout ----
[INFO] [stdout] 
[INFO] [stdout] thread 'tests::examine_lists_companion_files' (686) panicked at src/main.rs:1674:72:
[INFO] [stdout] examine multi-file: "error: I/O error: No such file or directory (os error 2)"
[INFO] [stdout] stack backtrace:
[INFO] [stdout]    0:     0x6066967642c1 - <<std[617be2ca0a6fd877]::sys::backtrace::BacktraceLock>::print::DisplayBacktrace as core[a373ad73a504971]::fmt::Display>::fmt
[INFO] [stdout]    1:     0x60669677a5ca - core[a373ad73a504971]::fmt::write
[INFO] [stdout]    2:     0x60669676893c - <alloc[2e1b2a31b91974c5]::vec::Vec<u8> as core[a373ad73a504971]::io::write::Write>::write_fmt
[INFO] [stdout]    3:     0x60669673e996 - std[617be2ca0a6fd877]::panicking::default_hook::{closure#0}
[INFO] [stdout]    4:     0x60669675b9e9 - std[617be2ca0a6fd877]::panicking::default_hook
[INFO] [stdout]    5:     0x6066966bba60 - test[aada8e7e76ba119b]::test_main_inner::{closure#0}
[INFO] [stdout]    6:     0x60669675bba2 - std[617be2ca0a6fd877]::panicking::panic_with_hook
[INFO] [stdout]    7:     0x60669673ea42 - std[617be2ca0a6fd877]::panicking::panic_handler::{closure#0}
[INFO] [stdout]    8:     0x6066967374a9 - std[617be2ca0a6fd877]::sys::backtrace::__rust_end_short_backtrace::<std[617be2ca0a6fd877]::panicking::panic_handler::{closure#0}, !>
[INFO] [stdout]    9:     0x60669673f64d - __rustc[ea4f61d10b84890b]::rust_begin_unwind
[INFO] [stdout]   10:     0x60669677acfc - core[a373ad73a504971]::panicking::panic_fmt
[INFO] [stdout]   11:     0x60669677aad2 - core[a373ad73a504971]::result::unwrap_failed
[INFO] [stdout]   12:     0x60669668b6c2 - <vmdk[c005d5b0c821337a]::tests::examine_lists_companion_files::{closure#0} as core[a373ad73a504971]::ops::function::FnOnce<()>>::call_once
[INFO] [stdout]   13:     0x6066966aeeab - test[aada8e7e76ba119b]::__rust_begin_short_backtrace::<core[a373ad73a504971]::result::Result<(), alloc[2e1b2a31b91974c5]::string::String>, fn() -> core[a373ad73a504971]::result::Result<(), alloc[2e1b2a31b91974c5]::string::String>>
[INFO] [stdout]   14:     0x6066966bc085 - test[aada8e7e76ba119b]::run_test::{closure#0}
[INFO] [stdout]   15:     0x6066966b5974 - std[617be2ca0a6fd877]::sys::backtrace::__rust_begin_short_backtrace::<test[aada8e7e76ba119b]::run_test::{closure#1}, ()>
[INFO] [stdout]   16:     0x6066966bf112 - <std[617be2ca0a6fd877]::thread::lifecycle::spawn_unchecked<test[aada8e7e76ba119b]::run_test::{closure#1}, ()>::{closure#1} as core[a373ad73a504971]::ops::function::FnOnce<()>>::call_once::{shim:vtable#0}
[INFO] [stdout]   17:     0x6066967632cf - <std[617be2ca0a6fd877]::sys::thread::unix::Thread>::new::thread_start
[INFO] [stdout]   18:     0x750b19ceddfa - <unknown>
[INFO] [stdout]   19:     0x750b19d813d4 - clone
[INFO] [stdout]   20:                0x0 - <unknown>
[INFO] [stdout] 
[INFO] [stdout] ---- tests::examine_surfaces_provenance stdout ----
[INFO] [stdout] 
[INFO] [stdout] thread 'tests::examine_surfaces_provenance' (687) panicked at src/main.rs:1656:82:
[INFO] [stdout] examine: "error: I/O error: No such file or directory (os error 2)"
[INFO] [stdout] stack backtrace:
[INFO] [stdout]    0:     0x6066967642c1 - <<std[617be2ca0a6fd877]::sys::backtrace::BacktraceLock>::print::DisplayBacktrace as core[a373ad73a504971]::fmt::Display>::fmt
[INFO] [stdout]    1:     0x60669677a5ca - core[a373ad73a504971]::fmt::write
[INFO] [stdout]    2:     0x60669676893c - <alloc[2e1b2a31b91974c5]::vec::Vec<u8> as core[a373ad73a504971]::io::write::Write>::write_fmt
[INFO] [stdout]    3:     0x60669673e996 - std[617be2ca0a6fd877]::panicking::default_hook::{closure#0}
[INFO] [stdout]    4:     0x60669675b9e9 - std[617be2ca0a6fd877]::panicking::default_hook
[INFO] [stdout]    5:     0x6066966bba60 - test[aada8e7e76ba119b]::test_main_inner::{closure#0}
[INFO] [stdout]    6:     0x60669675bba2 - std[617be2ca0a6fd877]::panicking::panic_with_hook
[INFO] [stdout]    7:     0x60669673ea42 - std[617be2ca0a6fd877]::panicking::panic_handler::{closure#0}
[INFO] [stdout]    8:     0x6066967374a9 - std[617be2ca0a6fd877]::sys::backtrace::__rust_end_short_backtrace::<std[617be2ca0a6fd877]::panicking::panic_handler::{closure#0}, !>
[INFO] [stdout]    9:     0x60669673f64d - __rustc[ea4f61d10b84890b]::rust_begin_unwind
[INFO] [stdout]   10:     0x60669677acfc - core[a373ad73a504971]::panicking::panic_fmt
[INFO] [stdout]   11:     0x60669677aad2 - core[a373ad73a504971]::result::unwrap_failed
[INFO] [stdout]   12:     0x60669668b17e - <vmdk[c005d5b0c821337a]::tests::examine_surfaces_provenance::{closure#0} as core[a373ad73a504971]::ops::function::FnOnce<()>>::call_once
[INFO] [stdout]   13:     0x6066966aeeab - test[aada8e7e76ba119b]::__rust_begin_short_backtrace::<core[a373ad73a504971]::result::Result<(), alloc[2e1b2a31b91974c5]::string::String>, fn() -> core[a373ad73a504971]::result::Result<(), alloc[2e1b2a31b91974c5]::string::String>>
[INFO] [stdout]   14:     0x6066966bc085 - test[aada8e7e76ba119b]::run_test::{closure#0}
[INFO] [stdout]   15:     0x6066966b5974 - std[617be2ca0a6fd877]::sys::backtrace::__rust_begin_short_backtrace::<test[aada8e7e76ba119b]::run_test::{closure#1}, ()>
[INFO] [stdout]   16:     0x6066966bf112 - <std[617be2ca0a6fd877]::thread::lifecycle::spawn_unchecked<test[aada8e7e76ba119b]::run_test::{closure#1}, ()>::{closure#1} as core[a373ad73a504971]::ops::function::FnOnce<()>>::call_once::{shim:vtable#0}
[INFO] [stdout]   17:     0x6066967632cf - <std[617be2ca0a6fd877]::sys::thread::unix::Thread>::new::thread_start
[INFO] [stdout]   18:     0x750b19ceddfa - <unknown>
[INFO] [stdout]   19:     0x750b19d813d4 - clone
[INFO] [stdout]   20:                0x0 - <unknown>
[INFO] [stdout] 
[INFO] [stdout] ---- tests::info_prints_companion_files_for_multifile_vmdk stdout ----
[INFO] [stdout] error: I/O error: No such file or directory (os error 2)
[INFO] [stdout] 
[INFO] [stdout] thread 'tests::info_prints_companion_files_for_multifile_vmdk' (690) panicked at src/main.rs:1189:9:
[INFO] [stdout] assertion failed: is_success(cmd_info(&data("flat.vmdk"), false, false))
[INFO] [stdout] stack backtrace:
[INFO] [stdout]    0:     0x6066967642c1 - <<std[617be2ca0a6fd877]::sys::backtrace::BacktraceLock>::print::DisplayBacktrace as core[a373ad73a504971]::fmt::Display>::fmt
[INFO] [stdout]    1:     0x60669677a5ca - core[a373ad73a504971]::fmt::write
[INFO] [stdout]    2:     0x60669676893c - <alloc[2e1b2a31b91974c5]::vec::Vec<u8> as core[a373ad73a504971]::io::write::Write>::write_fmt
[INFO] [stdout]    3:     0x60669673e996 - std[617be2ca0a6fd877]::panicking::default_hook::{closure#0}
[INFO] [stdout]    4:     0x60669675b9e9 - std[617be2ca0a6fd877]::panicking::default_hook
[INFO] [stdout]    5:     0x6066966bba60 - test[aada8e7e76ba119b]::test_main_inner::{closure#0}
[INFO] [stdout]    6:     0x60669675bba2 - std[617be2ca0a6fd877]::panicking::panic_with_hook
[INFO] [stdout]    7:     0x60669673ea74 - std[617be2ca0a6fd877]::panicking::panic_handler::{closure#0}
[INFO] [stdout]    8:     0x6066967374a9 - std[617be2ca0a6fd877]::sys::backtrace::__rust_end_short_backtrace::<std[617be2ca0a6fd877]::panicking::panic_handler::{closure#0}, !>
[INFO] [stdout]    9:     0x60669673f64d - __rustc[ea4f61d10b84890b]::rust_begin_unwind
[INFO] [stdout]   10:     0x60669677acfc - core[a373ad73a504971]::panicking::panic_fmt
[INFO] [stdout]   11:     0x60669677acc2 - core[a373ad73a504971]::panicking::panic
[INFO] [stdout]   12:     0x60669668f01e - <vmdk[c005d5b0c821337a]::tests::info_prints_companion_files_for_multifile_vmdk::{closure#0} as core[a373ad73a504971]::ops::function::FnOnce<()>>::call_once
[INFO] [stdout]   13:     0x6066966aeeab - test[aada8e7e76ba119b]::__rust_begin_short_backtrace::<core[a373ad73a504971]::result::Result<(), alloc[2e1b2a31b91974c5]::string::String>, fn() -> core[a373ad73a504971]::result::Result<(), alloc[2e1b2a31b91974c5]::string::String>>
[INFO] [stdout]   14:     0x6066966bc085 - test[aada8e7e76ba119b]::run_test::{closure#0}
[INFO] [stdout]   15:     0x6066966b5974 - std[617be2ca0a6fd877]::sys::backtrace::__rust_begin_short_backtrace::<test[aada8e7e76ba119b]::run_test::{closure#1}, ()>
[INFO] [stdout]   16:     0x6066966bf112 - <std[617be2ca0a6fd877]::thread::lifecycle::spawn_unchecked<test[aada8e7e76ba119b]::run_test::{closure#1}, ()>::{closure#1} as core[a373ad73a504971]::ops::function::FnOnce<()>>::call_once::{shim:vtable#0}
[INFO] [stdout]   17:     0x6066967632cf - <std[617be2ca0a6fd877]::sys::thread::unix::Thread>::new::thread_start
[INFO] [stdout]   18:     0x750b19ceddfa - <unknown>
[INFO] [stdout]   19:     0x750b19d813d4 - clone
[INFO] [stdout]   20:                0x0 - <unknown>
[INFO] [stdout] 
[INFO] [stdout] ---- tests::map_all_sparse_succeeds stdout ----
[INFO] [stdout] error: I/O error: No such file or directory (os error 2)
[INFO] [stdout] 
[INFO] [stdout] thread 'tests::map_all_sparse_succeeds' (691) panicked at src/main.rs:1183:9:
[INFO] [stdout] assertion failed: is_success(cmd_map(&data("minimal.vmdk"), false))
[INFO] [stdout] stack backtrace:
[INFO] [stdout]    0:     0x6066967642c1 - <<std[617be2ca0a6fd877]::sys::backtrace::BacktraceLock>::print::DisplayBacktrace as core[a373ad73a504971]::fmt::Display>::fmt
[INFO] [stdout]    1:     0x60669677a5ca - core[a373ad73a504971]::fmt::write
[INFO] [stdout]    2:     0x60669676893c - <alloc[2e1b2a31b91974c5]::vec::Vec<u8> as core[a373ad73a504971]::io::write::Write>::write_fmt
[INFO] [stdout]    3:     0x60669673e996 - std[617be2ca0a6fd877]::panicking::default_hook::{closure#0}
[INFO] [stdout]    4:     0x60669675b9e9 - std[617be2ca0a6fd877]::panicking::default_hook
[INFO] [stdout]    5:     0x6066966bba60 - test[aada8e7e76ba119b]::test_main_inner::{closure#0}
[INFO] [stdout]    6:     0x60669675bba2 - std[617be2ca0a6fd877]::panicking::panic_with_hook
[INFO] [stdout]    7:     0x60669673ea74 - std[617be2ca0a6fd877]::panicking::panic_handler::{closure#0}
[INFO] [stdout]    8:     0x6066967374a9 - std[617be2ca0a6fd877]::sys::backtrace::__rust_end_short_backtrace::<std[617be2ca0a6fd877]::panicking::panic_handler::{closure#0}, !>
[INFO] [stdout]    9:     0x60669673f64d - __rustc[ea4f61d10b84890b]::rust_begin_unwind
[INFO] [stdout]   10:     0x60669677acfc - core[a373ad73a504971]::panicking::panic_fmt
[INFO] [stdout]   11:     0x60669677acc2 - core[a373ad73a504971]::panicking::panic
[INFO] [stdout]   12:     0x60669668acdc - <vmdk[c005d5b0c821337a]::tests::map_all_sparse_succeeds::{closure#0} as core[a373ad73a504971]::ops::function::FnOnce<()>>::call_once
[INFO] [stdout]   13:     0x6066966aeeab - test[aada8e7e76ba119b]::__rust_begin_short_backtrace::<core[a373ad73a504971]::result::Result<(), alloc[2e1b2a31b91974c5]::string::String>, fn() -> core[a373ad73a504971]::result::Result<(), alloc[2e1b2a31b91974c5]::string::String>>
[INFO] [stdout]   14:     0x6066966bc085 - test[aada8e7e76ba119b]::run_test::{closure#0}
[INFO] [stdout]   15:     0x6066966b5974 - std[617be2ca0a6fd877]::sys::backtrace::__rust_begin_short_backtrace::<test[aada8e7e76ba119b]::run_test::{closure#1}, ()>
[INFO] [stdout]   16:     0x6066966bf112 - <std[617be2ca0a6fd877]::thread::lifecycle::spawn_unchecked<test[aada8e7e76ba119b]::run_test::{closure#1}, ()>::{closure#1} as core[a373ad73a504971]::ops::function::FnOnce<()>>::call_once::{shim:vtable#0}
[INFO] [stdout]   17:     0x6066967632cf - <std[617be2ca0a6fd877]::sys::thread::unix::Thread>::new::thread_start
[INFO] [stdout]   18:     0x750b19ceddfa - <unknown>
[INFO] [stdout]   19:     0x750b19d813d4 - clone
[INFO] [stdout]   20:                0x0 - <unknown>
[INFO] [stdout] 
[INFO] [stdout] ---- tests::examine_fingerprint_flag_appends_labelled_hashes stdout ----
[INFO] [stdout] 
[INFO] [stdout] thread 'tests::examine_fingerprint_flag_appends_labelled_hashes' (682) panicked at src/main.rs:1626:64:
[INFO] [stdout] examine: "error: I/O error: No such file or directory (os error 2)"
[INFO] [stdout] stack backtrace:
[INFO] [stdout]    0:     0x6066967642c1 - <<std[617be2ca0a6fd877]::sys::backtrace::BacktraceLock>::print::DisplayBacktrace as core[a373ad73a504971]::fmt::Display>::fmt
[INFO] [stdout]    1:     0x60669677a5ca - core[a373ad73a504971]::fmt::write
[INFO] [stdout]    2:     0x60669676893c - <alloc[2e1b2a31b91974c5]::vec::Vec<u8> as core[a373ad73a504971]::io::write::Write>::write_fmt
[INFO] [stdout]    3:     0x60669673e996 - std[617be2ca0a6fd877]::panicking::default_hook::{closure#0}
[INFO] [stdout]    4:     0x60669675b9e9 - std[617be2ca0a6fd877]::panicking::default_hook
[INFO] [stdout]    5:     0x6066966bba60 - test[aada8e7e76ba119b]::test_main_inner::{closure#0}
[INFO] [stdout]    6:     0x60669675bba2 - std[617be2ca0a6fd877]::panicking::panic_with_hook
[INFO] [stdout]    7:     0x60669673ea42 - std[617be2ca0a6fd877]::panicking::panic_handler::{closure#0}
[INFO] [stdout]    8:     0x6066967374a9 - std[617be2ca0a6fd877]::sys::backtrace::__rust_end_short_backtrace::<std[617be2ca0a6fd877]::panicking::panic_handler::{closure#0}, !>
[INFO] [stdout]    9:     0x60669673f64d - __rustc[ea4f61d10b84890b]::rust_begin_unwind
[INFO] [stdout]   10:     0x60669677acfc - core[a373ad73a504971]::panicking::panic_fmt
[INFO] [stdout]   11:     0x60669677aad2 - core[a373ad73a504971]::result::unwrap_failed
[INFO] [stdout]   12:     0x60669668f22a - <vmdk[c005d5b0c821337a]::tests::examine_fingerprint_flag_appends_labelled_hashes::{closure#0} as core[a373ad73a504971]::ops::function::FnOnce<()>>::call_once
[INFO] [stdout]   13:     0x6066966aeeab - test[aada8e7e76ba119b]::__rust_begin_short_backtrace::<core[a373ad73a504971]::result::Result<(), alloc[2e1b2a31b91974c5]::string::String>, fn() -> core[a373ad73a504971]::result::Result<(), alloc[2e1b2a31b91974c5]::string::String>>
[INFO] [stdout]   14:     0x6066966bc085 - test[aada8e7e76ba119b]::run_test::{closure#0}
[INFO] [stdout]   15:     0x6066966b5974 - std[617be2ca0a6fd877]::sys::backtrace::__rust_begin_short_backtrace::<test[aada8e7e76ba119b]::run_test::{closure#1}, ()>
[INFO] [stdout]   16:     0x6066966bf112 - <std[617be2ca0a6fd877]::thread::lifecycle::spawn_unchecked<test[aada8e7e76ba119b]::run_test::{closure#1}, ()>::{closure#1} as core[a373ad73a504971]::ops::function::FnOnce<()>>::call_once::{shim:vtable#0}
[INFO] [stdout]   17:     0x6066967632cf - <std[617be2ca0a6fd877]::sys::thread::unix::Thread>::new::thread_start
[INFO] [stdout]   18:     0x750b19ceddfa - <unknown>
[INFO] [stdout]   19:     0x750b19d813d4 - clone
[INFO] [stdout]   20:                0x0 - <unknown>
[INFO] [stdout] 
[INFO] [stdout] ---- tests::verify_fails_on_truncated_image stdout ----
[INFO] [stdout] 
[INFO] [stdout] thread 'tests::verify_fails_on_truncated_image' (701) panicked at src/main.rs:1302:60:
[INFO] [stdout] called `Result::unwrap()` on an `Err` value: Os { code: 2, kind: NotFound, message: "No such file or directory" }
[INFO] [stdout] stack backtrace:
[INFO] [stdout]    0:     0x6066967642c1 - <<std[617be2ca0a6fd877]::sys::backtrace::BacktraceLock>::print::DisplayBacktrace as core[a373ad73a504971]::fmt::Display>::fmt
[INFO] [stdout]    1:     0x60669677a5ca - core[a373ad73a504971]::fmt::write
[INFO] [stdout]    2:     0x60669676893c - <alloc[2e1b2a31b91974c5]::vec::Vec<u8> as core[a373ad73a504971]::io::write::Write>::write_fmt
[INFO] [stdout]    3:     0x60669673e996 - std[617be2ca0a6fd877]::panicking::default_hook::{closure#0}
[INFO] [stdout]    4:     0x60669675b9e9 - std[617be2ca0a6fd877]::panicking::default_hook
[INFO] [stdout]    5:     0x6066966bba60 - test[aada8e7e76ba119b]::test_main_inner::{closure#0}
[INFO] [stdout]    6:     0x60669675bba2 - std[617be2ca0a6fd877]::panicking::panic_with_hook
[INFO] [stdout]    7:     0x60669673ea42 - std[617be2ca0a6fd877]::panicking::panic_handler::{closure#0}
[INFO] [stdout]    8:     0x6066967374a9 - std[617be2ca0a6fd877]::sys::backtrace::__rust_end_short_backtrace::<std[617be2ca0a6fd877]::panicking::panic_handler::{closure#0}, !>
[INFO] [stdout]    9:     0x60669673f64d - __rustc[ea4f61d10b84890b]::rust_begin_unwind
[INFO] [stdout]   10:     0x60669677acfc - core[a373ad73a504971]::panicking::panic_fmt
[INFO] [stdout]   11:     0x60669677aad2 - core[a373ad73a504971]::result::unwrap_failed
[INFO] [stdout]   12:     0x60669668bd20 - <vmdk[c005d5b0c821337a]::tests::verify_fails_on_truncated_image::{closure#0} as core[a373ad73a504971]::ops::function::FnOnce<()>>::call_once
[INFO] [stdout]   13:     0x6066966aeeab - test[aada8e7e76ba119b]::__rust_begin_short_backtrace::<core[a373ad73a504971]::result::Result<(), alloc[2e1b2a31b91974c5]::string::String>, fn() -> core[a373ad73a504971]::result::Result<(), alloc[2e1b2a31b91974c5]::string::String>>
[INFO] [stdout]   14:     0x6066966bc085 - test[aada8e7e76ba119b]::run_test::{closure#0}
[INFO] [stdout]   15:     0x6066966b5974 - std[617be2ca0a6fd877]::sys::backtrace::__rust_begin_short_backtrace::<test[aada8e7e76ba119b]::run_test::{closure#1}, ()>
[INFO] [stdout]   16:     0x6066966bf112 - <std[617be2ca0a6fd877]::thread::lifecycle::spawn_unchecked<test[aada8e7e76ba119b]::run_test::{closure#1}, ()>::{closure#1} as core[a373ad73a504971]::ops::function::FnOnce<()>>::call_once::{shim:vtable#0}
[INFO] [stdout]   17:     0x6066967632cf - <std[617be2ca0a6fd877]::sys::thread::unix::Thread>::new::thread_start
[INFO] [stdout]   18:     0x750b19ceddfa - <unknown>
[INFO] [stdout]   19:     0x750b19d813d4 - clone
[INFO] [stdout]   20:                0x0 - <unknown>
[INFO] [stdout] 
[INFO] [stdout] 
[INFO] [stdout] failures:
[INFO] [stdout]     tests::cmd_examine_exit_code_tracks_verdict
[INFO] [stdout]     tests::diff_reports_size_and_content_differences
[INFO] [stdout]     tests::dump_allocated_only_writes_sparse_full_size_image
[INFO] [stdout]     tests::dump_to_file_and_unwritable_path
[INFO] [stdout]     tests::each_command_succeeds_on_a_real_image
[INFO] [stdout]     tests::examine_clean_image_shows_identity_and_passes
[INFO] [stdout]     tests::examine_fingerprint_flag_appends_labelled_hashes
[INFO] [stdout]     tests::examine_json_includes_fingerprint_when_requested
[INFO] [stdout]     tests::examine_json_is_valid_and_structured
[INFO] [stdout]     tests::examine_lists_companion_files
[INFO] [stdout]     tests::examine_surfaces_provenance
[INFO] [stdout]     tests::info_prints_companion_files_for_multifile_vmdk
[INFO] [stdout]     tests::map_all_sparse_succeeds
[INFO] [stdout]     tests::verify_fails_on_truncated_image
[INFO] [stdout] 
[INFO] [stdout] test result: FAILED. 23 passed; 14 failed; 0 ignored; 0 measured; 0 filtered out; finished in 0.02s
[INFO] [stdout] 
[INFO] [stderr] error: test failed, to rerun pass `--bin vmdk`
[INFO] running `Command { std: "docker" "inspect" "5a6dc1dab6e35ee91f06c55f116670648a147e7919b6021f82c052b794bee22d", kill_on_drop: false }`
[INFO] running `Command { std: "docker" "rm" "-f" "5a6dc1dab6e35ee91f06c55f116670648a147e7919b6021f82c052b794bee22d", kill_on_drop: false }`
[INFO] [stdout] 5a6dc1dab6e35ee91f06c55f116670648a147e7919b6021f82c052b794bee22d
