[INFO] fetching crate vmd-rs 0.2.1...
[INFO] testing vmd-rs-0.2.1 against 1.100.0-beta.1+cargoflags=--release for beta-release-1.100-2
[INFO] extracting crate vmd-rs 0.2.1 into /workspace/builds/worker-2-tc2/source
[INFO] started tweaking crates.io crate vmd-rs 0.2.1
[INFO] finished tweaking crates.io crate vmd-rs 0.2.1
[INFO] tweaked toml for crates.io crate vmd-rs 0.2.1 written to /workspace/builds/worker-2-tc2/source/Cargo.toml
[INFO] validating manifest of crates.io crate vmd-rs 0.2.1 on toolchain 1.100.0-beta.1
[INFO] running `Command { std: CARGO_HOME="/workspace/cargo-home" RUSTUP_HOME="/workspace/rustup-home" "/workspace/cargo-home/bin/cargo" "+1.100.0-beta.1" "metadata" "--manifest-path" "Cargo.toml" "--no-deps", kill_on_drop: false }`
[INFO] running `Command { std: CARGO_HOME="/workspace/cargo-home" RUSTUP_HOME="/workspace/rustup-home" "/workspace/cargo-home/bin/cargo" "+1.100.0-beta.1" "generate-lockfile" "--manifest-path" "Cargo.toml", kill_on_drop: false }`
[INFO] [stderr]     Updating crates.io index
[INFO] [stderr]      Locking 60 packages to highest compatible versions
[INFO] [stderr]       Adding ndarray v0.15.6 (available: v0.17.2)
[INFO] [stderr]       Adding ndarray-npy v0.8.1 (available: v0.10.0)
[INFO] [stderr]       Adding ndarray-rand v0.14.0 (available: v0.16.0)
[INFO] [stderr]       Adding ndarray-slice v0.2.4 (available: v0.6.0)
[INFO] [stderr]       Adding psm v0.1.24 (available: v0.1.32)
[INFO] [stderr]       Adding thiserror v1.0.69 (available: v2.0.21)
[INFO] running `Command { std: CARGO_HOME="/workspace/cargo-home" RUSTUP_HOME="/workspace/rustup-home" "/workspace/cargo-home/bin/cargo" "+1.100.0-beta.1" "fetch" "--manifest-path" "Cargo.toml", kill_on_drop: false }`
[INFO] running `Command { std: "docker" "create" "-v" "/var/lib/crater-agent-workspace/builds/worker-2-tc2/source:/opt/rustwide/workdir:ro,Z" "-v" "/var/lib/crater-agent-workspace/builds/worker-2-tc2/target:/opt/rustwide/target:rw,Z" "-v" "/var/lib/crater-agent-workspace/cargo-home:/opt/rustwide/cargo-home:ro,Z" "-v" "/var/lib/crater-agent-workspace/rustup-home:/opt/rustwide/rustup-home:ro,Z" "-m" "1610612736" "--network" "none" "ghcr.io/rust-lang/crates-build-env/linux@sha256:77db811e55d90add9212f6832c23229e3de5f1c1f9905e8cb07319ea15df73ac" "sleep" "infinity", kill_on_drop: false }`
[INFO] [stdout] 0fcbf059056ba4d25788b9e220a1e3e2642a1033d3b7020ecef8eacc08987da9
[INFO] running `Command { std: "docker" "start" "0fcbf059056ba4d25788b9e220a1e3e2642a1033d3b7020ecef8eacc08987da9", kill_on_drop: false }`
[INFO] running `Command { std: "docker" "inspect" "0fcbf059056ba4d25788b9e220a1e3e2642a1033d3b7020ecef8eacc08987da9", kill_on_drop: false }`
[INFO] running `Command { std: "docker" "exec" "-e" "SOURCE_DIR=/opt/rustwide/workdir" "-e" "CARGO_HOME=/opt/rustwide/cargo-home" "-e" "RUSTUP_HOME=/opt/rustwide/rustup-home" "-e" "CARGO_TARGET_DIR=/opt/rustwide/target" "-w" "/opt/rustwide/workdir" "--user" "0:0" "0fcbf059056ba4d25788b9e220a1e3e2642a1033d3b7020ecef8eacc08987da9" "/opt/rustwide/cargo-home/bin/cargo" "+1.100.0-beta.1" "metadata" "--no-deps" "--format-version=1", kill_on_drop: false }`
[INFO] running `Command { std: "docker" "inspect" "0fcbf059056ba4d25788b9e220a1e3e2642a1033d3b7020ecef8eacc08987da9", kill_on_drop: false }`
[INFO] running `Command { std: "docker" "exec" "-e" "SOURCE_DIR=/opt/rustwide/workdir" "-e" "CARGO_HOME=/opt/rustwide/cargo-home" "-e" "RUSTUP_HOME=/opt/rustwide/rustup-home" "-e" "CARGO_TARGET_DIR=/opt/rustwide/target" "-e" "CARGO_INCREMENTAL=0" "-e" "RUST_BACKTRACE=full" "-e" "RUSTFLAGS=--cap-lints=warn" "-e" "RUSTDOCFLAGS=--cap-lints=warn" "-w" "/opt/rustwide/workdir" "--user" "0:0" "0fcbf059056ba4d25788b9e220a1e3e2642a1033d3b7020ecef8eacc08987da9" "/opt/rustwide/cargo-home/bin/cargo" "+1.100.0-beta.1" "build" "--frozen" "--message-format=json" "--release", kill_on_drop: false }`
[INFO] [stderr]    Compiling matrixmultiply v0.3.11
[INFO] [stderr]    Compiling rawpointer v0.2.1
[INFO] [stderr]    Compiling getrandom v0.2.17
[INFO] [stderr]    Compiling num-integer v0.1.47
[INFO] [stderr]    Compiling num-complex v0.4.6
[INFO] [stderr]    Compiling rand_core v0.6.4
[INFO] [stderr]    Compiling transpose v0.2.3
[INFO] [stderr]    Compiling primal-check v0.3.4
[INFO] [stderr]    Compiling rand_chacha v0.3.1
[INFO] [stderr]    Compiling rustfft v6.4.1
[INFO] [stderr]    Compiling rand v0.8.8
[INFO] [stderr]    Compiling rand_distr v0.4.3
[INFO] [stderr]    Compiling ndarray v0.15.6
[INFO] [stderr]    Compiling ndarray-rand v0.14.0
[INFO] [stderr]    Compiling ndarray-slice v0.2.4
[INFO] [stderr]    Compiling vmd-rs v0.2.1 (/opt/rustwide/workdir)
[INFO] [stdout] warning: hiding a lifetime that's elided elsewhere is confusing
[INFO] [stdout]  --> src/utils/array.rs:4:13
[INFO] [stdout]   |
[INFO] [stdout] 4 |     fn flip(&self) -> ArrayView1<A>;
[INFO] [stdout]   |             ^^^^^     ^^^^^^^^^^^^^ the same lifetime is hidden here
[INFO] [stdout]   |             |
[INFO] [stdout]   |             the lifetime is elided here
[INFO] [stdout]   |
[INFO] [stdout]   = help: the same lifetime is referred to in inconsistent ways, making the signature confusing
[INFO] [stdout]   = note: `#[warn(mismatched_lifetime_syntaxes)]` on by default
[INFO] [stdout] help: use `'_` for type paths
[INFO] [stdout]   |
[INFO] [stdout] 4 |     fn flip(&self) -> ArrayView1<'_, A>;
[INFO] [stdout]   |                                  +++
[INFO] [stdout] 
[INFO] [stdout] 
[INFO] [stdout] warning: hiding a lifetime that's elided elsewhere is confusing
[INFO] [stdout]   --> src/utils/array.rs:12:13
[INFO] [stdout]    |
[INFO] [stdout] 12 |     fn flip(&self) -> ArrayView1<A>
[INFO] [stdout]    |             ^^^^^     ^^^^^^^^^^^^^ the same lifetime is hidden here
[INFO] [stdout]    |             |
[INFO] [stdout]    |             the lifetime is elided here
[INFO] [stdout]    |
[INFO] [stdout]    = help: the same lifetime is referred to in inconsistent ways, making the signature confusing
[INFO] [stdout] help: use `'_` for type paths
[INFO] [stdout]    |
[INFO] [stdout] 12 |     fn flip(&self) -> ArrayView1<'_, A>
[INFO] [stdout]    |                                  +++
[INFO] [stdout] 
[INFO] [stdout] 
[INFO] [stderr]     Finished `release` profile [optimized] target(s) in 20.47s
[INFO] running `Command { std: "docker" "inspect" "0fcbf059056ba4d25788b9e220a1e3e2642a1033d3b7020ecef8eacc08987da9", kill_on_drop: false }`
[INFO] running `Command { std: "docker" "exec" "-e" "SOURCE_DIR=/opt/rustwide/workdir" "-e" "CARGO_HOME=/opt/rustwide/cargo-home" "-e" "RUSTUP_HOME=/opt/rustwide/rustup-home" "-e" "CARGO_TARGET_DIR=/opt/rustwide/target" "-e" "CARGO_INCREMENTAL=0" "-e" "RUST_BACKTRACE=full" "-e" "RUSTFLAGS=--cap-lints=warn" "-e" "RUSTDOCFLAGS=--cap-lints=warn" "-w" "/opt/rustwide/workdir" "--user" "0:0" "0fcbf059056ba4d25788b9e220a1e3e2642a1033d3b7020ecef8eacc08987da9" "/opt/rustwide/cargo-home/bin/cargo" "+1.100.0-beta.1" "test" "--frozen" "--no-run" "--message-format=json" "--release", kill_on_drop: false }`
[INFO] [stderr]    Compiling num-integer v0.1.47
[INFO] [stderr]    Compiling approx v0.5.1
[INFO] [stderr]    Compiling flate2 v1.1.10
[INFO] [stderr]    Compiling rand v0.8.8
[INFO] [stderr]    Compiling pest_generator v2.9.4
[INFO] [stderr]    Compiling num-bigint v0.4.8
[INFO] [stderr]    Compiling primal-check v0.3.4
[INFO] [stderr]    Compiling transpose v0.2.3
[INFO] [stderr]    Compiling ndarray v0.15.6
[INFO] [stderr]    Compiling rustfft v6.4.1
[INFO] [stderr]    Compiling rand_distr v0.4.3
[INFO] [stderr]    Compiling zip v0.5.13
[INFO] [stderr]    Compiling pest_derive v2.9.4
[INFO] [stderr]    Compiling py_literal v0.4.0
[INFO] [stderr]    Compiling ndarray-slice v0.2.4
[INFO] [stderr]    Compiling ndarray-rand v0.14.0
[INFO] [stderr]    Compiling ndarray-npy v0.8.1
[INFO] [stderr]    Compiling vmd-rs v0.2.1 (/opt/rustwide/workdir)
[INFO] [stdout] warning: hiding a lifetime that's elided elsewhere is confusing
[INFO] [stdout]  --> src/utils/array.rs:4:13
[INFO] [stdout]   |
[INFO] [stdout] 4 |     fn flip(&self) -> ArrayView1<A>;
[INFO] [stdout]   |             ^^^^^     ^^^^^^^^^^^^^ the same lifetime is hidden here
[INFO] [stdout]   |             |
[INFO] [stdout]   |             the lifetime is elided here
[INFO] [stdout]   |
[INFO] [stdout]   = help: the same lifetime is referred to in inconsistent ways, making the signature confusing
[INFO] [stdout]   = note: `#[warn(mismatched_lifetime_syntaxes)]` on by default
[INFO] [stdout] help: use `'_` for type paths
[INFO] [stdout]   |
[INFO] [stdout] 4 |     fn flip(&self) -> ArrayView1<'_, A>;
[INFO] [stdout]   |                                  +++
[INFO] [stdout] 
[INFO] [stdout] 
[INFO] [stdout] warning: hiding a lifetime that's elided elsewhere is confusing
[INFO] [stdout]   --> src/utils/array.rs:12:13
[INFO] [stdout]    |
[INFO] [stdout] 12 |     fn flip(&self) -> ArrayView1<A>
[INFO] [stdout]    |             ^^^^^     ^^^^^^^^^^^^^ the same lifetime is hidden here
[INFO] [stdout]    |             |
[INFO] [stdout]    |             the lifetime is elided here
[INFO] [stdout]    |
[INFO] [stdout]    = help: the same lifetime is referred to in inconsistent ways, making the signature confusing
[INFO] [stdout] help: use `'_` for type paths
[INFO] [stdout]    |
[INFO] [stdout] 12 |     fn flip(&self) -> ArrayView1<'_, A>
[INFO] [stdout]    |                                  +++
[INFO] [stdout] 
[INFO] [stdout] 
[INFO] [stdout] warning: hiding a lifetime that's elided elsewhere is confusing
[INFO] [stdout]  --> src/utils/array.rs:4:13
[INFO] [stdout]   |
[INFO] [stdout] 4 |     fn flip(&self) -> ArrayView1<A>;
[INFO] [stdout]   |             ^^^^^     ^^^^^^^^^^^^^ the same lifetime is hidden here
[INFO] [stdout]   |             |
[INFO] [stdout]   |             the lifetime is elided here
[INFO] [stdout]   |
[INFO] [stdout]   = help: the same lifetime is referred to in inconsistent ways, making the signature confusing
[INFO] [stdout]   = note: `#[warn(mismatched_lifetime_syntaxes)]` on by default
[INFO] [stdout] help: use `'_` for type paths
[INFO] [stdout]   |
[INFO] [stdout] 4 |     fn flip(&self) -> ArrayView1<'_, A>;
[INFO] [stdout]   |                                  +++
[INFO] [stdout] 
[INFO] [stdout] 
[INFO] [stdout] warning: hiding a lifetime that's elided elsewhere is confusing
[INFO] [stdout]   --> src/utils/array.rs:12:13
[INFO] [stdout]    |
[INFO] [stdout] 12 |     fn flip(&self) -> ArrayView1<A>
[INFO] [stdout]    |             ^^^^^     ^^^^^^^^^^^^^ the same lifetime is hidden here
[INFO] [stdout]    |             |
[INFO] [stdout]    |             the lifetime is elided here
[INFO] [stdout]    |
[INFO] [stdout]    = help: the same lifetime is referred to in inconsistent ways, making the signature confusing
[INFO] [stdout] help: use `'_` for type paths
[INFO] [stdout]    |
[INFO] [stdout] 12 |     fn flip(&self) -> ArrayView1<'_, A>
[INFO] [stdout]    |                                  +++
[INFO] [stdout] 
[INFO] [stdout] 
[INFO] [stderr]     Finished `release` profile [optimized] target(s) in 26.30s
[INFO] running `Command { std: "docker" "inspect" "0fcbf059056ba4d25788b9e220a1e3e2642a1033d3b7020ecef8eacc08987da9", kill_on_drop: false }`
[INFO] running `Command { std: "docker" "exec" "-e" "SOURCE_DIR=/opt/rustwide/workdir" "-e" "CARGO_HOME=/opt/rustwide/cargo-home" "-e" "RUSTUP_HOME=/opt/rustwide/rustup-home" "-e" "CARGO_TARGET_DIR=/opt/rustwide/target" "-e" "CARGO_INCREMENTAL=0" "-e" "RUST_BACKTRACE=full" "-e" "RUSTFLAGS=--cap-lints=warn" "-e" "RUSTDOCFLAGS=--cap-lints=warn" "-w" "/opt/rustwide/workdir" "--user" "0:0" "0fcbf059056ba4d25788b9e220a1e3e2642a1033d3b7020ecef8eacc08987da9" "/opt/rustwide/cargo-home/bin/cargo" "+1.100.0-beta.1" "test" "--frozen" "--release", kill_on_drop: false }`
[INFO] [stderr] warning: hiding a lifetime that's elided elsewhere is confusing
[INFO] [stderr]  --> src/utils/array.rs:4:13
[INFO] [stderr]   |
[INFO] [stderr] 4 |     fn flip(&self) -> ArrayView1<A>;
[INFO] [stderr]   |             ^^^^^     ^^^^^^^^^^^^^ the same lifetime is hidden here
[INFO] [stderr]   |             |
[INFO] [stderr]   |             the lifetime is elided here
[INFO] [stderr]   |
[INFO] [stderr]   = help: the same lifetime is referred to in inconsistent ways, making the signature confusing
[INFO] [stderr]   = note: `#[warn(mismatched_lifetime_syntaxes)]` on by default
[INFO] [stderr] help: use `'_` for type paths
[INFO] [stderr]   |
[INFO] [stderr] 4 |     fn flip(&self) -> ArrayView1<'_, A>;
[INFO] [stderr]   |                                  +++
[INFO] [stderr] 
[INFO] [stderr] warning: hiding a lifetime that's elided elsewhere is confusing
[INFO] [stderr]   --> src/utils/array.rs:12:13
[INFO] [stderr]    |
[INFO] [stderr] 12 |     fn flip(&self) -> ArrayView1<A>
[INFO] [stderr]    |             ^^^^^     ^^^^^^^^^^^^^ the same lifetime is hidden here
[INFO] [stderr]    |             |
[INFO] [stderr]    |             the lifetime is elided here
[INFO] [stderr]    |
[INFO] [stderr]    = help: the same lifetime is referred to in inconsistent ways, making the signature confusing
[INFO] [stderr] help: use `'_` for type paths
[INFO] [stderr]    |
[INFO] [stderr] 12 |     fn flip(&self) -> ArrayView1<'_, A>
[INFO] [stderr]    |                                  +++
[INFO] [stderr] 
[INFO] [stderr] warning: `vmd-rs` (lib) generated 2 warnings (run `cargo fix --lib -p vmd-rs` to apply 2 suggestions)
[INFO] [stderr] warning: `vmd-rs` (lib test) generated 2 warnings (2 duplicates)
[INFO] [stderr]     Finished `release` profile [optimized] target(s) in 0.10s
[INFO] [stderr]      Running unittests src/lib.rs (/opt/rustwide/target/release/build/vmd-rs/deba5be19e173af3/out/vmd_rs-deba5be19e173af3)
[INFO] [stdout] 
[INFO] [stdout] running 5 tests
[INFO] [stdout] test utils::array::tests::test_fftshift_odd ... ok
[INFO] [stdout] test utils::array::tests::test_flip_ok ... ok
[INFO] [stdout] test utils::array::tests::test_ifftshift_odd ... ok
[INFO] [stdout] test utils::array::tests::test_ifftshift_even ... ok
[INFO] [stdout] test utils::array::tests::test_fftshift_even ... ok
[INFO] [stdout] 
[INFO] [stdout] test result: ok. 5 passed; 0 failed; 0 ignored; 0 measured; 0 filtered out; finished in 0.00s
[INFO] [stdout] 
[INFO] [stderr]      Running tests/vmd.rs (/opt/rustwide/target/release/build/vmd-rs/080d3c1ad5f1ca8f/out/vmd-080d3c1ad5f1ca8f)
[INFO] [stdout] 
[INFO] [stdout] running 1 test
[INFO] [stdout] test test_vmd_ok ... FAILED
[INFO] [stderr] error: test failed, to rerun pass `--test vmd`
[INFO] [stdout] 
[INFO] [stdout] failures:
[INFO] [stdout] 
[INFO] [stdout] ---- test_vmd_ok stdout ----
[INFO] [stdout] 
[INFO] [stdout] thread 'test_vmd_ok' (657) panicked at tests/vmd.rs:29:5:
[INFO] [stdout] assertion failed: uhat_eq
[INFO] [stdout] stack backtrace:
[INFO] [stdout]    0:     0x5c59d3bb2981 - <<std[617be2ca0a6fd877]::sys::backtrace::BacktraceLock>::print::DisplayBacktrace as core[a373ad73a504971]::fmt::Display>::fmt
[INFO] [stdout]    1:     0x5c59d3bc7f3a - core[a373ad73a504971]::fmt::write
[INFO] [stdout]    2:     0x5c59d3bb6c4c - <alloc[2e1b2a31b91974c5]::vec::Vec<u8> as core[a373ad73a504971]::io::write::Write>::write_fmt
[INFO] [stdout]    3:     0x5c59d3b8ede6 - std[617be2ca0a6fd877]::panicking::default_hook::{closure#0}
[INFO] [stdout]    4:     0x5c59d3bab019 - std[617be2ca0a6fd877]::panicking::default_hook
[INFO] [stdout]    5:     0x5c59d3a87930 - test[aada8e7e76ba119b]::test_main_inner::{closure#0}
[INFO] [stdout]    6:     0x5c59d3bab1d2 - std[617be2ca0a6fd877]::panicking::panic_with_hook
[INFO] [stdout]    7:     0x5c59d3b8eec4 - std[617be2ca0a6fd877]::panicking::panic_handler::{closure#0}
[INFO] [stdout]    8:     0x5c59d3b87b79 - std[617be2ca0a6fd877]::sys::backtrace::__rust_end_short_backtrace::<std[617be2ca0a6fd877]::panicking::panic_handler::{closure#0}, !>
[INFO] [stdout]    9:     0x5c59d3b8fa9d - __rustc[ea4f61d10b84890b]::rust_begin_unwind
[INFO] [stdout]   10:     0x5c59d3bc866c - core[a373ad73a504971]::panicking::panic_fmt
[INFO] [stdout]   11:     0x5c59d3bc8632 - core[a373ad73a504971]::panicking::panic
[INFO] [stdout]   12:     0x5c59d3a3807e - <vmd[b80e2971d8c5b989]::test_vmd_ok::{closure#0} as core[a373ad73a504971]::ops::function::FnOnce<()>>::call_once
[INFO] [stdout]   13:     0x5c59d3a7ad7b - test[aada8e7e76ba119b]::__rust_begin_short_backtrace::<core[a373ad73a504971]::result::Result<(), alloc[2e1b2a31b91974c5]::string::String>, fn() -> core[a373ad73a504971]::result::Result<(), alloc[2e1b2a31b91974c5]::string::String>>
[INFO] [stdout]   14:     0x5c59d3a87f55 - test[aada8e7e76ba119b]::run_test::{closure#0}
[INFO] [stdout]   15:     0x5c59d3a81844 - std[617be2ca0a6fd877]::sys::backtrace::__rust_begin_short_backtrace::<test[aada8e7e76ba119b]::run_test::{closure#1}, ()>
[INFO] [stdout]   16:     0x5c59d3a8afe2 - <std[617be2ca0a6fd877]::thread::lifecycle::spawn_unchecked<test[aada8e7e76ba119b]::run_test::{closure#1}, ()>::{closure#1} as core[a373ad73a504971]::ops::function::FnOnce<()>>::call_once::{shim:vtable#0}
[INFO] [stdout]   17:     0x5c59d3bb21df - <std[617be2ca0a6fd877]::sys::thread::unix::Thread>::new::thread_start
[INFO] [stdout]   18:     0x7dfb8ff88dfa - <unknown>
[INFO] [stdout]   19:     0x7dfb9001c3d4 - clone
[INFO] [stdout]   20:                0x0 - <unknown>
[INFO] [stdout] 
[INFO] [stdout] 
[INFO] [stdout] failures:
[INFO] [stdout]     test_vmd_ok
[INFO] [stdout] 
[INFO] [stdout] test result: FAILED. 0 passed; 1 failed; 0 ignored; 0 measured; 0 filtered out; finished in 0.00s
[INFO] [stdout] 
[INFO] running `Command { std: "docker" "inspect" "0fcbf059056ba4d25788b9e220a1e3e2642a1033d3b7020ecef8eacc08987da9", kill_on_drop: false }`
[INFO] running `Command { std: "docker" "rm" "-f" "0fcbf059056ba4d25788b9e220a1e3e2642a1033d3b7020ecef8eacc08987da9", kill_on_drop: false }`
[INFO] [stdout] 0fcbf059056ba4d25788b9e220a1e3e2642a1033d3b7020ecef8eacc08987da9
