[INFO] fetching crate vmbuild 0.1.2...
[INFO] testing vmbuild-0.1.2 against 1.99.0-beta.8+cargoflags=--release for beta-release-1.100-2
[INFO] extracting crate vmbuild 0.1.2 into /workspace/builds/worker-1-tc1/source
[INFO] started tweaking crates.io crate vmbuild 0.1.2
[INFO] removed 0 missing tests
[INFO] finished tweaking crates.io crate vmbuild 0.1.2
[INFO] tweaked toml for crates.io crate vmbuild 0.1.2 written to /workspace/builds/worker-1-tc1/source/Cargo.toml
[INFO] validating manifest of crates.io crate vmbuild 0.1.2 on toolchain 1.99.0-beta.8
[INFO] running `Command { std: CARGO_HOME="/workspace/cargo-home" RUSTUP_HOME="/workspace/rustup-home" "/workspace/cargo-home/bin/cargo" "+1.99.0-beta.8" "metadata" "--manifest-path" "Cargo.toml" "--no-deps", kill_on_drop: false }`
[INFO] crate crates.io crate vmbuild 0.1.2 already has a lockfile, it will not be regenerated
[INFO] running `Command { std: CARGO_HOME="/workspace/cargo-home" RUSTUP_HOME="/workspace/rustup-home" "/workspace/cargo-home/bin/cargo" "+1.99.0-beta.8" "fetch" "--manifest-path" "Cargo.toml", kill_on_drop: false }`
[INFO] [stderr]  Downloading crates ...
[INFO] [stderr]   Downloaded uuid v1.24.1
[INFO] running `Command { std: "docker" "create" "-v" "/var/lib/crater-agent-workspace/builds/worker-1-tc1/source:/opt/rustwide/workdir:ro,Z" "-v" "/var/lib/crater-agent-workspace/builds/worker-1-tc1/target:/opt/rustwide/target:rw,Z" "-v" "/var/lib/crater-agent-workspace/cargo-home:/opt/rustwide/cargo-home:ro,Z" "-v" "/var/lib/crater-agent-workspace/rustup-home:/opt/rustwide/rustup-home:ro,Z" "-m" "1610612736" "--network" "none" "ghcr.io/rust-lang/crates-build-env/linux@sha256:77db811e55d90add9212f6832c23229e3de5f1c1f9905e8cb07319ea15df73ac" "sleep" "infinity", kill_on_drop: false }`
[INFO] [stdout] be8967f7c21f97a731338b034c7319cf1cfbfb5d1c32a723f050bbcf286d71b7
[INFO] running `Command { std: "docker" "start" "be8967f7c21f97a731338b034c7319cf1cfbfb5d1c32a723f050bbcf286d71b7", kill_on_drop: false }`
[INFO] running `Command { std: "docker" "inspect" "be8967f7c21f97a731338b034c7319cf1cfbfb5d1c32a723f050bbcf286d71b7", kill_on_drop: false }`
[INFO] running `Command { std: "docker" "exec" "-e" "SOURCE_DIR=/opt/rustwide/workdir" "-e" "CARGO_HOME=/opt/rustwide/cargo-home" "-e" "RUSTUP_HOME=/opt/rustwide/rustup-home" "-e" "CARGO_TARGET_DIR=/opt/rustwide/target" "-w" "/opt/rustwide/workdir" "--user" "0:0" "be8967f7c21f97a731338b034c7319cf1cfbfb5d1c32a723f050bbcf286d71b7" "/opt/rustwide/cargo-home/bin/cargo" "+1.99.0-beta.8" "metadata" "--no-deps" "--format-version=1", kill_on_drop: false }`
[INFO] running `Command { std: "docker" "inspect" "be8967f7c21f97a731338b034c7319cf1cfbfb5d1c32a723f050bbcf286d71b7", kill_on_drop: false }`
[INFO] running `Command { std: "docker" "exec" "-e" "SOURCE_DIR=/opt/rustwide/workdir" "-e" "CARGO_HOME=/opt/rustwide/cargo-home" "-e" "RUSTUP_HOME=/opt/rustwide/rustup-home" "-e" "CARGO_TARGET_DIR=/opt/rustwide/target" "-e" "CARGO_INCREMENTAL=0" "-e" "RUST_BACKTRACE=full" "-e" "RUSTFLAGS=--cap-lints=warn" "-e" "RUSTDOCFLAGS=--cap-lints=warn" "-w" "/opt/rustwide/workdir" "--user" "0:0" "be8967f7c21f97a731338b034c7319cf1cfbfb5d1c32a723f050bbcf286d71b7" "/opt/rustwide/cargo-home/bin/cargo" "+1.99.0-beta.8" "build" "--frozen" "--message-format=json" "--release", kill_on_drop: false }`
[INFO] [stderr]    Compiling proc-macro2 v1.0.107
[INFO] [stderr]    Compiling quote v1.0.47
[INFO] [stderr]    Compiling unicode-ident v1.0.24
[INFO] [stderr]    Compiling cfg-if v1.0.4
[INFO] [stderr]    Compiling libc v0.2.189
[INFO] [stderr]    Compiling version_check v0.9.5
[INFO] [stderr]    Compiling rustix v1.1.4
[INFO] [stderr]    Compiling typenum v1.20.1
[INFO] [stderr]    Compiling serde_core v1.0.229
[INFO] [stderr]    Compiling bitflags v2.13.1
[INFO] [stderr]    Compiling utf8parse v0.2.2
[INFO] [stderr]    Compiling generic-array v0.14.7
[INFO] [stderr]    Compiling linux-raw-sys v0.12.1
[INFO] [stderr]    Compiling getrandom v0.4.3
[INFO] [stderr]    Compiling anstyle-parse v1.0.0
[INFO] [stderr]    Compiling is_terminal_polyfill v1.70.2
[INFO] [stderr]    Compiling colorchoice v1.0.5
[INFO] [stderr]    Compiling anstyle-query v1.1.5
[INFO] [stderr]    Compiling crc32fast v1.5.0
[INFO] [stderr]    Compiling anstyle v1.0.14
[INFO] [stderr]    Compiling zmij v1.0.23
[INFO] [stderr]    Compiling heck v0.5.0
[INFO] [stderr]    Compiling anstream v1.0.0
[INFO] [stderr]    Compiling serde_json v1.0.151
[INFO] [stderr]    Compiling syn v3.0.3
[INFO] [stderr]    Compiling strsim v0.11.1
[INFO] [stderr]    Compiling clap_lex v1.1.0
[INFO] [stderr]    Compiling serde v1.0.229
[INFO] [stderr]    Compiling simd-adler32 v0.3.10
[INFO] [stderr]    Compiling adler2 v2.0.1
[INFO] [stderr]    Compiling thiserror v2.0.20
[INFO] [stderr]    Compiling filetime v0.2.29
[INFO] [stderr]    Compiling miniz_oxide v0.8.9
[INFO] [stderr]    Compiling block-buffer v0.10.4
[INFO] [stderr]    Compiling crypto-common v0.1.7
[INFO] [stderr]    Compiling clap_builder v4.6.6
[INFO] [stderr]    Compiling digest v0.10.7
[INFO] [stderr]    Compiling once_cell v1.21.4
[INFO] [stderr]    Compiling fastrand v2.5.0
[INFO] [stderr]    Compiling itoa v1.0.18
[INFO] [stderr]    Compiling memchr v2.8.3
[INFO] [stderr]    Compiling cpufeatures v0.2.17
[INFO] [stderr]    Compiling flate2 v1.1.9
[INFO] [stderr]    Compiling sha2 v0.10.9
[INFO] [stderr]    Compiling xattr v1.6.1
[INFO] [stderr]    Compiling tar v0.4.46
[INFO] [stderr]    Compiling tempfile v3.27.0
[INFO] [stderr]    Compiling uuid v1.24.1
[INFO] [stderr]    Compiling fs2 v0.4.3
[INFO] [stderr]    Compiling clap_derive v4.6.4
[INFO] [stderr]    Compiling serde_derive v1.0.229
[INFO] [stderr]    Compiling thiserror-impl v2.0.20
[INFO] [stderr]    Compiling clap v4.6.6
[INFO] [stderr]    Compiling vmbuild v0.1.2 (/opt/rustwide/workdir)
[INFO] [stderr]     Finished `release` profile [optimized + debuginfo] target(s) in 1m 10s
[INFO] running `Command { std: "docker" "inspect" "be8967f7c21f97a731338b034c7319cf1cfbfb5d1c32a723f050bbcf286d71b7", kill_on_drop: false }`
[INFO] running `Command { std: "docker" "exec" "-e" "SOURCE_DIR=/opt/rustwide/workdir" "-e" "CARGO_HOME=/opt/rustwide/cargo-home" "-e" "RUSTUP_HOME=/opt/rustwide/rustup-home" "-e" "CARGO_TARGET_DIR=/opt/rustwide/target" "-e" "CARGO_INCREMENTAL=0" "-e" "RUST_BACKTRACE=full" "-e" "RUSTFLAGS=--cap-lints=warn" "-e" "RUSTDOCFLAGS=--cap-lints=warn" "-w" "/opt/rustwide/workdir" "--user" "0:0" "be8967f7c21f97a731338b034c7319cf1cfbfb5d1c32a723f050bbcf286d71b7" "/opt/rustwide/cargo-home/bin/cargo" "+1.99.0-beta.8" "test" "--frozen" "--no-run" "--message-format=json" "--release", kill_on_drop: false }`
[INFO] [stderr]    Compiling vmbuild v0.1.2 (/opt/rustwide/workdir)
[INFO] [stderr]     Finished `release` profile [optimized + debuginfo] target(s) in 16.89s
[INFO] running `Command { std: "docker" "inspect" "be8967f7c21f97a731338b034c7319cf1cfbfb5d1c32a723f050bbcf286d71b7", kill_on_drop: false }`
[INFO] running `Command { std: "docker" "exec" "-e" "SOURCE_DIR=/opt/rustwide/workdir" "-e" "CARGO_HOME=/opt/rustwide/cargo-home" "-e" "RUSTUP_HOME=/opt/rustwide/rustup-home" "-e" "CARGO_TARGET_DIR=/opt/rustwide/target" "-e" "CARGO_INCREMENTAL=0" "-e" "RUST_BACKTRACE=full" "-e" "RUSTFLAGS=--cap-lints=warn" "-e" "RUSTDOCFLAGS=--cap-lints=warn" "-w" "/opt/rustwide/workdir" "--user" "0:0" "be8967f7c21f97a731338b034c7319cf1cfbfb5d1c32a723f050bbcf286d71b7" "/opt/rustwide/cargo-home/bin/cargo" "+1.99.0-beta.8" "test" "--frozen" "--release", kill_on_drop: false }`
[INFO] [stderr]     Finished `release` profile [optimized + debuginfo] target(s) in 0.11s
[INFO] [stderr]      Running unittests src/lib.rs (/opt/rustwide/target/release/deps/vmbuild-7560d6fd57b9fc4c)
[INFO] [stdout] 
[INFO] [stdout] running 126 tests
[INFO] [stdout] test arcbox_ext4::dir::tests::test_finish_dir_entry_block_at_boundary ... ok
[INFO] [stdout] test arcbox_ext4::extent::tests::test_fill_extent_leaves_multiple ... ok
[INFO] [stdout] test arcbox_ext4::extent::tests::test_fill_extent_leaves_single ... ok
[INFO] [stdout] test arcbox_ext4::dir::tests::test_parse_empty_block ... ok
[INFO] [stdout] test arcbox_ext4::dir::tests::test_align_up ... ok
[INFO] [stdout] test arcbox_ext4::extent::tests::test_inline_extents_roundtrip ... ok
[INFO] [stdout] test arcbox_ext4::file_tree::tests::test_node_path ... ok
[INFO] [stdout] test arcbox_ext4::dir::tests::test_hard_link_entry ... ok
[INFO] [stdout] test arcbox_ext4::file_tree::tests::test_add_and_lookup ... ok
[INFO] [stdout] test arcbox_ext4::file_tree::tests::test_new_tree_has_root ... ok
[INFO] [stdout] test arcbox_ext4::extent::tests::test_zero_blocks_is_noop ... ok
[INFO] [stdout] test arcbox_ext4::file_tree::tests::test_remove_child ... ok
[INFO] [stdout] test arcbox_ext4::dir::tests::test_write_and_parse_dir_entries ... ok
[INFO] [stdout] test arcbox_ext4::formatter::tests::test_basename ... ok
[INFO] [stdout] test arcbox_ext4::formatter::tests::test_parent_of ... ok
[INFO] [stdout] test arcbox_ext4::formatter::tests::test_formatter_new_and_close ... ok
[INFO] [stdout] test arcbox_ext4::formatter::tests::test_unlink ... ok
[INFO] [stdout] test arcbox_ext4::formatter::tests::test_create_file_and_directory ... ok
[INFO] [stdout] test arcbox_ext4::reader::tests::test_block_size_calculation ... ok
[INFO] [stdout] test arcbox_ext4::formatter::tests::test_large_file ... ok
[INFO] [stdout] test arcbox_ext4::formatter::tests::test_hard_link ... ok
[INFO] [stdout] test arcbox_ext4::reader_io::tests::test_normalize_path_absolute ... ok
[INFO] [stdout] test arcbox_ext4::reader_io::tests::test_normalize_path_consecutive_slashes ... ok
[INFO] [stdout] test arcbox_ext4::formatter::tests::test_mkdir_p_idempotent ... ok
[INFO] [stdout] test arcbox_ext4::reader_io::tests::test_normalize_path_dots ... ok
[INFO] [stdout] test arcbox_ext4::reader_io::tests::test_normalize_path_relative ... ok
[INFO] [stdout] test arcbox_ext4::reader_io::tests::test_normalize_path_empty ... ok
[INFO] [stdout] test arcbox_ext4::reader_io::tests::test_normalize_path_root ... ok
[INFO] [stdout] test arcbox_ext4::reader_io::tests::test_normalize_path_trailing_slash ... ok
[INFO] [stdout] test arcbox_ext4::reader_io::tests::test_normalize_path_single_component ... ok
[INFO] [stdout] test arcbox_ext4::reader_io::tests::test_normalize_path_deeply_nested ... ok
[INFO] [stdout] test arcbox_ext4::types::tests::extent_index_roundtrip ... ok
[INFO] [stdout] test arcbox_ext4::types::tests::directory_entry_roundtrip ... ok
[INFO] [stdout] test arcbox_ext4::reader::tests::test_children_of_root_inode ... ok
[INFO] [stdout] test arcbox_ext4::reader::tests::test_superblock_fields_after_roundtrip ... ok
[INFO] [stdout] test arcbox_ext4::types::tests::extent_header_roundtrip ... ok
[INFO] [stdout] test arcbox_ext4::types::tests::extent_leaf_roundtrip ... ok
[INFO] [stdout] test arcbox_ext4::types::tests::root_inode_has_correct_fields ... ok
[INFO] [stdout] test arcbox_ext4::types::tests::group_descriptor_roundtrip ... ok
[INFO] [stdout] test arcbox_ext4::types::tests::inode_size_consistency ... ok
[INFO] [stdout] test arcbox_ext4::types::tests::extent_tail_roundtrip ... ok
[INFO] [stdout] test arcbox_ext4::types::tests::superblock_default_is_all_zeros ... ok
[INFO] [stdout] test arcbox_ext4::types::tests::timestamp_now_produces_sane_values ... ok
[INFO] [stdout] test arcbox_ext4::reader::tests::test_get_inode_root ... ok
[INFO] [stdout] test arcbox_ext4::types::tests::xattr_entry_roundtrip ... ok
[INFO] [stdout] test arcbox_ext4::unpack::tests::test_check_acyclic_cycle ... ok
[INFO] [stdout] test arcbox_ext4::unpack::tests::test_check_acyclic_empty ... ok
[INFO] [stdout] test arcbox_ext4::unpack::tests::test_check_acyclic_simple_chain ... ok
[INFO] [stdout] test arcbox_ext4::types::tests::superblock_roundtrip ... ok
[INFO] [stdout] test arcbox_ext4::unpack::tests::test_check_acyclic_three_node_cycle ... ok
[INFO] [stdout] test arcbox_ext4::unpack::tests::test_parent_str_deep ... ok
[INFO] [stdout] test arcbox_ext4::unpack::tests::test_parent_str_nested ... ok
[INFO] [stdout] test arcbox_ext4::unpack::tests::test_parent_str_top_level ... ok
[INFO] [stdout] test arcbox_ext4::unpack::tests::test_preprocess_path_bare_name ... ok
[INFO] [stdout] test arcbox_ext4::unpack::tests::test_preprocess_path_dot_only ... ok
[INFO] [stdout] test arcbox_ext4::unpack::tests::test_parent_str_trailing_slash ... ok
[INFO] [stdout] test arcbox_ext4::unpack::tests::test_preprocess_path_absolute ... ok
[INFO] [stdout] test arcbox_ext4::unpack::tests::test_preprocess_path_dot_prefix ... ok
[INFO] [stdout] test arcbox_ext4::unpack::tests::test_resolve_hardlink_chain ... ok
[INFO] [stdout] test arcbox_ext4::types::tests::inode_roundtrip ... ok
[INFO] [stdout] test arcbox_ext4::unpack::tests::test_parent_str_root ... ok
[INFO] [stdout] test arcbox_ext4::xattr::tests::test_compress_decompress_roundtrip ... ok
[INFO] [stdout] test arcbox_ext4::xattr::tests::test_compress_name_no_match ... ok
[INFO] [stdout] test arcbox_ext4::xattr::tests::test_compress_name_system_generic ... ok
[INFO] [stdout] test arcbox_ext4::xattr::tests::test_compress_name_security_prefix ... ok
[INFO] [stdout] test arcbox_ext4::xattr::tests::test_compress_name_system_posix_acl ... ok
[INFO] [stdout] test arcbox_ext4::xattr::tests::test_compress_name_user_prefix ... ok
[INFO] [stdout] test arcbox_ext4::xattr::tests::test_decompress_name ... ok
[INFO] [stdout] test arcbox_ext4::xattr::tests::test_entry_and_value_sizes ... ok
[INFO] [stdout] test arcbox_ext4::unpack::tests::test_preprocess_path_relative ... ok
[INFO] [stdout] test arcbox_ext4::unpack::tests::test_resolve_hardlink_cycle_returns_none ... ok
[INFO] [stdout] test arcbox_ext4::unpack::tests::test_resolve_hardlink_direct ... ok
[INFO] [stdout] test arcbox_ext4::xattr::tests::test_hash_different_values ... ok
[INFO] [stdout] test arcbox_ext4::xattr::tests::test_hash_deterministic ... ok
[INFO] [stdout] test arcbox_ext4::xattr::tests::test_hash_empty_value ... ok
[INFO] [stdout] test arcbox_ext4::xattr::tests::test_write_block_sorted_output ... ok
[INFO] [stdout] test arcbox_ext4::xattr::tests::test_hash_value_with_trailing_bytes ... ok
[INFO] [stdout] test arcbox_ext4::xattr::tests::test_value_size_alignment ... ok
[INFO] [stdout] test arcbox_ext4::unpack::tests::test_resolve_hardlink_not_found ... ok
[INFO] [stdout] test arcbox_ext4::xattr::tests::test_xattr_state_insufficient_space ... ok
[INFO] [stdout] test arcbox_ext4::xattr::tests::test_xattr_state_inline ... ok
[INFO] [stdout] test arcbox_ext4::xattr::tests::test_xattr_state_multiple_inline ... ok
[INFO] [stdout] test arcbox_ext4::xattr::tests::test_xattr_state_mixed_inline_and_block ... ok
[INFO] [stdout] test arcbox_ext4::xattr::tests::test_xattr_state_overflow_to_block ... ok
[INFO] [stdout] test build::tests::context_extraction_refuses_escapes ... ok
[INFO] [stdout] test buildkit::tests::text_dockerfile_is_written_outside_the_context ... ok
[INFO] [stdout] test build::tests::plain_context_extracts ... ok
[INFO] [stdout] test buildkit::tests::empty_dockerfile_text_is_rejected ... ok
[INFO] [stdout] test arcbox_ext4::xattr::tests::test_entry_size_alignment ... ok
[INFO] [stdout] test arcbox_ext4::xattr::tests::test_hash_different_names ... ok
[INFO] [stdout] test ext4::sizing::tests::fixed_is_verbatim ... ok
[INFO] [stdout] test ext4::sizing::tests::large_tars_scale_with_slack ... ok
[INFO] [stdout] test buildkit::tests::missing_dockerfile_path_is_rejected ... ok
[INFO] [stdout] test ext4::tests::normalize_rejects_escapes ... ok
[INFO] [stdout] test ext4::tests::normalize_maps_archive_root_to_none ... ok
[INFO] [stdout] test key::tests::every_field_changes_the_key ... ok
[INFO] [stdout] test key::tests::field_boundaries_are_unambiguous ... ok
[INFO] [stdout] test key::tests::layer_order_matters ... ok
[INFO] [stdout] test key::tests::stable_across_calls ... ok
[INFO] [stdout] test key::tests::uuid_follows_the_key ... ok
[INFO] [stdout] test ext4::sizing::tests::small_tars_hit_the_floor ... ok
[INFO] [stdout] test ext4::tests::normalize_strips_prefixes ... ok
[INFO] [stdout] test doctor::tests::probe_leaves_nothing_behind ... ok
[INFO] [stdout] test doctor::tests::reports_the_pair_it_tested ... ok
[INFO] [stdout] test doctor::tests::probe_is_honest_about_this_host ... ok
[INFO] [stdout] test store::tests::gc_dry_run_reports_without_deleting ... ok
[INFO] [stdout] test store::tests::gc_measures_live_size_rather_than_trusting_recorded_bytes ... ok
[INFO] [stdout] test store::tests::install_is_idempotent_and_leaves_no_staging_file ... ok
[INFO] [stdout] test store::tests::install_hardlinks_within_one_filesystem ... ok
[INFO] [stdout] test store::tests::gc_never_evicts_an_installed_entry ... ok
[INFO] [stdout] test store::tests::install_missing_key_errors ... ok
[INFO] [stdout] test store::tests::lock_is_exclusive_across_handles ... ok
[INFO] [stdout] test store::tests::install_leaves_no_part_file_behind ... ok
[INFO] [stdout] test store::tests::materialize_is_repeatable_and_missing_key_errors ... ok
[INFO] [stdout] test store::tests::materialize_yields_an_independent_writable_file ... ok
[INFO] [stdout] test store::tests::materialize_does_not_densify ... ok
[INFO] [stdout] test store::tests::put_then_get_roundtrips ... ok
[INFO] [stdout] test store::tests::stored_blobs_are_read_only ... ok
[INFO] [stdout] test store::tests::trait_impl_matches_inherent_behaviour ... ok
[INFO] [stdout] test store::tests::release_reclaims_a_materialization_and_is_idempotent ... ok
[INFO] [stdout] test store::tests::gc_keeps_metadata_when_the_blob_cannot_be_removed ... FAILED
[INFO] [stdout] test store::tests::sparse_copy_preserves_holes_and_reports_real_bytes ... ok
[INFO] [stdout] test store::tests::gc_age_policy ... ok
[INFO] [stdout] test store::tests::gc_respects_size_cap_and_evicts_oldest_first ... ok
[INFO] [stdout] test arcbox_ext4::extent::tests::test_depth1_extent_tree_uneven ... ok
[INFO] [stdout] test arcbox_ext4::extent::tests::test_depth1_extent_tree_roundtrip ... ok
[INFO] [stdout] 
[INFO] [stdout] failures:
[INFO] [stdout] 
[INFO] [stdout] ---- store::tests::gc_keeps_metadata_when_the_blob_cannot_be_removed stdout ----
[INFO] [stdout] 
[INFO] [stdout] thread 'store::tests::gc_keeps_metadata_when_the_blob_cannot_be_removed' (1396) panicked at src/store.rs:1009:9:
[INFO] [stdout] assertion `left == right` failed: report: GcReport { removed: ["stuck"], kept_linked: 0, kept_busy: [], freed_bytes: 8192, total_before: 8192, dry_run: false, stopped_early: None, last_free: Some(9933422592) }
[INFO] [stdout]   left: []
[INFO] [stdout]  right: ["stuck"]
[INFO] [stdout] stack backtrace:
[INFO] [stdout]    0:     0x59f8199f8281 - std[70759c8f55707aa4]::backtrace_rs::backtrace::libunwind::trace
[INFO] [stdout]                                at /rustc/dfb0accb7f508ae8be965d8629557221c889dd98/library/std/src/../../backtrace/src/backtrace/libunwind.rs:117:9
[INFO] [stdout]    1:     0x59f8199f8281 - std[70759c8f55707aa4]::backtrace_rs::backtrace::trace_unsynchronized::<std[70759c8f55707aa4]::sys::backtrace::_print_fmt::{closure#1}>
[INFO] [stdout]                                at /rustc/dfb0accb7f508ae8be965d8629557221c889dd98/library/std/src/../../backtrace/src/backtrace/mod.rs:66:14
[INFO] [stdout]    2:     0x59f8199f8281 - std[70759c8f55707aa4]::sys::backtrace::_print_fmt
[INFO] [stdout]                                at /rustc/dfb0accb7f508ae8be965d8629557221c889dd98/library/std/src/sys/backtrace.rs:74:9
[INFO] [stdout]    3:     0x59f8199f8281 - <<std[70759c8f55707aa4]::sys::backtrace::BacktraceLock>::print::DisplayBacktrace as core[df12db4294e9bfd3]::fmt::Display>::fmt
[INFO] [stdout]                                at /rustc/dfb0accb7f508ae8be965d8629557221c889dd98/library/std/src/sys/backtrace.rs:44:26
[INFO] [stdout]    4:     0x59f819a0da1a - <core[df12db4294e9bfd3]::fmt::rt::Argument>::fmt
[INFO] [stdout]                                at /rustc/dfb0accb7f508ae8be965d8629557221c889dd98/library/core/src/fmt/rt.rs:152:76
[INFO] [stdout]    5:     0x59f819a0da1a - core[df12db4294e9bfd3]::fmt::write
[INFO] [stdout]    6:     0x59f8199fcc0c - core[df12db4294e9bfd3]::io::write::default_write_fmt::<alloc[2182bb758b4b3781]::vec::Vec<u8>>
[INFO] [stdout]                                at /rustc/dfb0accb7f508ae8be965d8629557221c889dd98/library/core/src/io/write.rs:402:11
[INFO] [stdout]    7:     0x59f8199fcc0c - <alloc[2182bb758b4b3781]::vec::Vec<u8> as core[df12db4294e9bfd3]::io::write::Write>::write_fmt
[INFO] [stdout]                                at /rustc/dfb0accb7f508ae8be965d8629557221c889dd98/library/core/src/io/write.rs:335:13
[INFO] [stdout]    8:     0x59f8199d14c6 - <std[70759c8f55707aa4]::sys::backtrace::BacktraceLock>::print
[INFO] [stdout]                                at /rustc/dfb0accb7f508ae8be965d8629557221c889dd98/library/std/src/sys/backtrace.rs:47:9
[INFO] [stdout]    9:     0x59f8199d14c6 - std[70759c8f55707aa4]::panicking::default_hook::{closure#0}
[INFO] [stdout]                                at /rustc/dfb0accb7f508ae8be965d8629557221c889dd98/library/std/src/panicking.rs:292:27
[INFO] [stdout]   10:     0x59f8199eee69 - std[70759c8f55707aa4]::panicking::default_hook
[INFO] [stdout]                                at /rustc/dfb0accb7f508ae8be965d8629557221c889dd98/library/std/src/panicking.rs:316:9
[INFO] [stdout]   11:     0x59f8199858c0 - <alloc[2182bb758b4b3781]::boxed::Box<dyn for<'a, 'b> core[df12db4294e9bfd3]::ops::function::Fn<(&'a std[70759c8f55707aa4]::panic::PanicHookInfo<'b>,), Output = ()> + core[df12db4294e9bfd3]::marker::Send + core[df12db4294e9bfd3]::marker::Sync> as core[df12db4294e9bfd3]::ops::function::Fn<(&std[70759c8f55707aa4]::panic::PanicHookInfo,)>>::call
[INFO] [stdout]                                at /rustc/dfb0accb7f508ae8be965d8629557221c889dd98/library/alloc/src/boxed.rs:2334:9
[INFO] [stdout]   12:     0x59f8199858c0 - test[9d35eded1c95d3be]::test_main_inner::<test[9d35eded1c95d3be]::test_main_static::{closure#0}>::{closure#0}
[INFO] [stdout]                                at /rustc/dfb0accb7f508ae8be965d8629557221c889dd98/library/test/src/lib.rs:155:21
[INFO] [stdout]   13:     0x59f8199ef022 - <alloc[2182bb758b4b3781]::boxed::Box<dyn for<'a, 'b> core[df12db4294e9bfd3]::ops::function::Fn<(&'a std[70759c8f55707aa4]::panic::PanicHookInfo<'b>,), Output = ()> + core[df12db4294e9bfd3]::marker::Send + core[df12db4294e9bfd3]::marker::Sync> as core[df12db4294e9bfd3]::ops::function::Fn<(&std[70759c8f55707aa4]::panic::PanicHookInfo,)>>::call
[INFO] [stdout]                                at /rustc/dfb0accb7f508ae8be965d8629557221c889dd98/library/alloc/src/boxed.rs:2334:9
[INFO] [stdout]   14:     0x59f8199ef022 - std[70759c8f55707aa4]::panicking::panic_with_hook
[INFO] [stdout]                                at /rustc/dfb0accb7f508ae8be965d8629557221c889dd98/library/std/src/panicking.rs:823:13
[INFO] [stdout]   15:     0x59f8199d1572 - std[70759c8f55707aa4]::panicking::panic_handler::{closure#0}
[INFO] [stdout]                                at /rustc/dfb0accb7f508ae8be965d8629557221c889dd98/library/std/src/panicking.rs:688:13
[INFO] [stdout]   16:     0x59f8199c9e79 - std[70759c8f55707aa4]::sys::backtrace::__rust_end_short_backtrace::<std[70759c8f55707aa4]::panicking::panic_handler::{closure#0}, !>
[INFO] [stdout]                                at /rustc/dfb0accb7f508ae8be965d8629557221c889dd98/library/std/src/sys/backtrace.rs:182:18
[INFO] [stdout]   17:     0x59f8199d24fd - __rustc[8fa7c3cbc660c2b3]::rust_begin_unwind
[INFO] [stdout]                                at /rustc/dfb0accb7f508ae8be965d8629557221c889dd98/library/std/src/panicking.rs:679:5
[INFO] [stdout]   18:     0x59f819a0e14c - core[df12db4294e9bfd3]::panicking::panic_fmt
[INFO] [stdout]                                at /rustc/dfb0accb7f508ae8be965d8629557221c889dd98/library/core/src/panicking.rs:80:14
[INFO] [stdout]   19:     0x59f819a0e0c3 - core[df12db4294e9bfd3]::panicking::assert_failed_inner
[INFO] [stdout]                                at /rustc/dfb0accb7f508ae8be965d8629557221c889dd98/library/core/src/panicking.rs:447:23
[INFO] [stdout]   20:     0x59f8199580cf - core[df12db4294e9bfd3]::panicking::assert_failed::<alloc[2182bb758b4b3781]::vec::Vec<alloc[2182bb758b4b3781]::string::String>, alloc[2182bb758b4b3781]::vec::Vec<alloc[2182bb758b4b3781]::string::String>>
[INFO] [stdout]                                at /rustc/dfb0accb7f508ae8be965d8629557221c889dd98/library/core/src/panicking.rs:407:5
[INFO] [stdout]   21:     0x59f819955868 - vmbuild[f6151ec8d97bb490]::store::tests::gc_keeps_metadata_when_the_blob_cannot_be_removed
[INFO] [stdout]                                at /opt/rustwide/workdir/src/store.rs:1009:9
[INFO] [stdout]   22:     0x59f819928aa9 - vmbuild[f6151ec8d97bb490]::store::tests::gc_keeps_metadata_when_the_blob_cannot_be_removed::{closure#0}
[INFO] [stdout]                                at /opt/rustwide/workdir/src/store.rs:988:59
[INFO] [stdout]   23:     0x59f819928aa9 - <vmbuild[f6151ec8d97bb490]::store::tests::gc_keeps_metadata_when_the_blob_cannot_be_removed::{closure#0} as core[df12db4294e9bfd3]::ops::function::FnOnce<()>>::call_once
[INFO] [stdout]                                at /rustc/dfb0accb7f508ae8be965d8629557221c889dd98/library/core/src/ops/function.rs:250:5
[INFO] [stdout]   24:     0x59f819978bab - <fn() -> core[df12db4294e9bfd3]::result::Result<(), alloc[2182bb758b4b3781]::string::String> as core[df12db4294e9bfd3]::ops::function::FnOnce<()>>::call_once
[INFO] [stdout]                                at /rustc/dfb0accb7f508ae8be965d8629557221c889dd98/library/core/src/ops/function.rs:250:5
[INFO] [stdout]   25:     0x59f819978bab - test[9d35eded1c95d3be]::__rust_begin_short_backtrace::<core[df12db4294e9bfd3]::result::Result<(), alloc[2182bb758b4b3781]::string::String>, fn() -> core[df12db4294e9bfd3]::result::Result<(), alloc[2182bb758b4b3781]::string::String>>
[INFO] [stdout]                                at /rustc/dfb0accb7f508ae8be965d8629557221c889dd98/library/test/src/lib.rs:733:18
[INFO] [stdout]   26:     0x59f819986215 - test[9d35eded1c95d3be]::run_test_in_process::{closure#0}
[INFO] [stdout]                                at /rustc/dfb0accb7f508ae8be965d8629557221c889dd98/library/test/src/lib.rs:756:74
[INFO] [stdout]   27:     0x59f819986215 - <core[df12db4294e9bfd3]::panic::unwind_safe::AssertUnwindSafe<test[9d35eded1c95d3be]::run_test_in_process::{closure#0}> as core[df12db4294e9bfd3]::ops::function::FnOnce<()>>::call_once
[INFO] [stdout]                                at /rustc/dfb0accb7f508ae8be965d8629557221c889dd98/library/core/src/panic/unwind_safe.rs:275:9
[INFO] [stdout]   28:     0x59f819986215 - std[70759c8f55707aa4]::panicking::catch_unwind::do_call::<core[df12db4294e9bfd3]::panic::unwind_safe::AssertUnwindSafe<test[9d35eded1c95d3be]::run_test_in_process::{closure#0}>, core[df12db4294e9bfd3]::result::Result<(), alloc[2182bb758b4b3781]::string::String>>
[INFO] [stdout]                                at /rustc/dfb0accb7f508ae8be965d8629557221c889dd98/library/std/src/panicking.rs:576:43
[INFO] [stdout]   29:     0x59f819986215 - std[70759c8f55707aa4]::panicking::catch_unwind::<core[df12db4294e9bfd3]::result::Result<(), alloc[2182bb758b4b3781]::string::String>, core[df12db4294e9bfd3]::panic::unwind_safe::AssertUnwindSafe<test[9d35eded1c95d3be]::run_test_in_process::{closure#0}>>
[INFO] [stdout]                                at /rustc/dfb0accb7f508ae8be965d8629557221c889dd98/library/std/src/panicking.rs:544:19
[INFO] [stdout]   30:     0x59f819986215 - std[70759c8f55707aa4]::panic::catch_unwind::<core[df12db4294e9bfd3]::panic::unwind_safe::AssertUnwindSafe<test[9d35eded1c95d3be]::run_test_in_process::{closure#0}>, core[df12db4294e9bfd3]::result::Result<(), alloc[2182bb758b4b3781]::string::String>>
[INFO] [stdout]                                at /rustc/dfb0accb7f508ae8be965d8629557221c889dd98/library/std/src/panic.rs:359:14
[INFO] [stdout]   31:     0x59f819986215 - test[9d35eded1c95d3be]::run_test_in_process
[INFO] [stdout]                                at /rustc/dfb0accb7f508ae8be965d8629557221c889dd98/library/test/src/lib.rs:756:27
[INFO] [stdout]   32:     0x59f819986215 - test[9d35eded1c95d3be]::run_test::{closure#0}
[INFO] [stdout]                                at /rustc/dfb0accb7f508ae8be965d8629557221c889dd98/library/test/src/lib.rs:677:43
[INFO] [stdout]   33:     0x59f81997fad4 - test[9d35eded1c95d3be]::run_test::{closure#1}
[INFO] [stdout]                                at /rustc/dfb0accb7f508ae8be965d8629557221c889dd98/library/test/src/lib.rs:707:41
[INFO] [stdout]   34:     0x59f81997fad4 - std[70759c8f55707aa4]::sys::backtrace::__rust_begin_short_backtrace::<test[9d35eded1c95d3be]::run_test::{closure#1}, ()>
[INFO] [stdout]                                at /rustc/dfb0accb7f508ae8be965d8629557221c889dd98/library/std/src/sys/backtrace.rs:166:18
[INFO] [stdout]   35:     0x59f819989372 - std[70759c8f55707aa4]::thread::lifecycle::spawn_unchecked::<test[9d35eded1c95d3be]::run_test::{closure#1}, ()>::{closure#1}::{closure#0}
[INFO] [stdout]                                at /rustc/dfb0accb7f508ae8be965d8629557221c889dd98/library/std/src/thread/lifecycle.rs:70:13
[INFO] [stdout]   36:     0x59f819989372 - <core[df12db4294e9bfd3]::panic::unwind_safe::AssertUnwindSafe<std[70759c8f55707aa4]::thread::lifecycle::spawn_unchecked<test[9d35eded1c95d3be]::run_test::{closure#1}, ()>::{closure#1}::{closure#0}> as core[df12db4294e9bfd3]::ops::function::FnOnce<()>>::call_once
[INFO] [stdout]                                at /rustc/dfb0accb7f508ae8be965d8629557221c889dd98/library/core/src/panic/unwind_safe.rs:275:9
[INFO] [stdout]   37:     0x59f819989372 - std[70759c8f55707aa4]::panicking::catch_unwind::do_call::<core[df12db4294e9bfd3]::panic::unwind_safe::AssertUnwindSafe<std[70759c8f55707aa4]::thread::lifecycle::spawn_unchecked<test[9d35eded1c95d3be]::run_test::{closure#1}, ()>::{closure#1}::{closure#0}>, ()>
[INFO] [stdout]                                at /rustc/dfb0accb7f508ae8be965d8629557221c889dd98/library/std/src/panicking.rs:576:43
[INFO] [stdout]   38:     0x59f819989372 - std[70759c8f55707aa4]::panicking::catch_unwind::<(), core[df12db4294e9bfd3]::panic::unwind_safe::AssertUnwindSafe<std[70759c8f55707aa4]::thread::lifecycle::spawn_unchecked<test[9d35eded1c95d3be]::run_test::{closure#1}, ()>::{closure#1}::{closure#0}>>
[INFO] [stdout]                                at /rustc/dfb0accb7f508ae8be965d8629557221c889dd98/library/std/src/panicking.rs:544:19
[INFO] [stdout]   39:     0x59f819989372 - std[70759c8f55707aa4]::panic::catch_unwind::<core[df12db4294e9bfd3]::panic::unwind_safe::AssertUnwindSafe<std[70759c8f55707aa4]::thread::lifecycle::spawn_unchecked<test[9d35eded1c95d3be]::run_test::{closure#1}, ()>::{closure#1}::{closure#0}>, ()>
[INFO] [stdout]                                at /rustc/dfb0accb7f508ae8be965d8629557221c889dd98/library/std/src/panic.rs:359:14
[INFO] [stdout]   40:     0x59f819989372 - std[70759c8f55707aa4]::thread::lifecycle::spawn_unchecked::<test[9d35eded1c95d3be]::run_test::{closure#1}, ()>::{closure#1}
[INFO] [stdout]                                at /rustc/dfb0accb7f508ae8be965d8629557221c889dd98/library/std/src/thread/lifecycle.rs:68:26
[INFO] [stdout]   41:     0x59f819989372 - <std[70759c8f55707aa4]::thread::lifecycle::spawn_unchecked<test[9d35eded1c95d3be]::run_test::{closure#1}, ()>::{closure#1} as core[df12db4294e9bfd3]::ops::function::FnOnce<()>>::call_once::{shim:vtable#0}
[INFO] [stdout]                                at /rustc/dfb0accb7f508ae8be965d8629557221c889dd98/library/core/src/ops/function.rs:250:5
[INFO] [stdout]   42:     0x59f8199f72d9 - <alloc[2182bb758b4b3781]::boxed::Box<dyn core[df12db4294e9bfd3]::ops::function::FnOnce<(), Output = ()> + core[df12db4294e9bfd3]::marker::Send> as core[df12db4294e9bfd3]::ops::function::FnOnce<()>>::call_once
[INFO] [stdout]                                at /rustc/dfb0accb7f508ae8be965d8629557221c889dd98/library/alloc/src/boxed.rs:2320:9
[INFO] [stdout]   43:     0x59f8199f72d9 - <std[70759c8f55707aa4]::sys::thread::unix::Thread>::new::thread_start
[INFO] [stdout]                                at /rustc/dfb0accb7f508ae8be965d8629557221c889dd98/library/std/src/sys/thread/unix.rs:123:17
[INFO] [stdout]   44:     0x7f82c5ff3dfa - <unknown>
[INFO] [stdout]   45:     0x7f82c60873d4 - clone
[INFO] [stdout]   46:                0x0 - <unknown>
[INFO] [stdout] 
[INFO] [stdout] 
[INFO] [stdout] failures:
[INFO] [stdout]     store::tests::gc_keeps_metadata_when_the_blob_cannot_be_removed
[INFO] [stdout] 
[INFO] [stdout] test result: FAILED. 125 passed; 1 failed; 0 ignored; 0 measured; 0 filtered out; finished in 1.63s
[INFO] [stdout] 
[INFO] [stderr] error: test failed, to rerun pass `--lib`
[INFO] running `Command { std: "docker" "inspect" "be8967f7c21f97a731338b034c7319cf1cfbfb5d1c32a723f050bbcf286d71b7", kill_on_drop: false }`
[INFO] running `Command { std: "docker" "rm" "-f" "be8967f7c21f97a731338b034c7319cf1cfbfb5d1c32a723f050bbcf286d71b7", kill_on_drop: false }`
[INFO] [stdout] be8967f7c21f97a731338b034c7319cf1cfbfb5d1c32a723f050bbcf286d71b7
