[INFO] fetching crate vk-alloc 2.3.0...
[INFO] testing vk-alloc-2.3.0 against 1.99.0-beta.8+cargoflags=--release for beta-release-1.100-2
[INFO] extracting crate vk-alloc 2.3.0 into /workspace/builds/worker-3-tc1/source
[INFO] started tweaking crates.io crate vk-alloc 2.3.0
[INFO] finished tweaking crates.io crate vk-alloc 2.3.0
[INFO] tweaked toml for crates.io crate vk-alloc 2.3.0 written to /workspace/builds/worker-3-tc1/source/Cargo.toml
[INFO] validating manifest of crates.io crate vk-alloc 2.3.0 on toolchain 1.99.0-beta.8
[INFO] running `Command { std: CARGO_HOME="/workspace/cargo-home" RUSTUP_HOME="/workspace/rustup-home" "/workspace/cargo-home/bin/cargo" "+1.99.0-beta.8" "metadata" "--manifest-path" "Cargo.toml" "--no-deps", kill_on_drop: false }`
[INFO] running `Command { std: CARGO_HOME="/workspace/cargo-home" RUSTUP_HOME="/workspace/rustup-home" "/workspace/cargo-home/bin/cargo" "+1.99.0-beta.8" "generate-lockfile" "--manifest-path" "Cargo.toml", kill_on_drop: false }`
[INFO] [stderr]     Updating crates.io index
[INFO] [stderr]     Blocking waiting for file lock on package cache
[INFO] [stderr]      Locking 93 packages to highest compatible versions
[INFO] [stderr]       Adding erupt v0.22.0+204 (available: v0.23.0+213)
[INFO] [stderr]       Adding parking_lot v0.11.2 (available: v0.12.5)
[INFO] [stderr]       Adding romu v0.5.1 (available: v0.8.0)
[INFO] [stderr]       Adding tracing-subscriber v0.2.25 (available: v0.3.23)
[INFO] running `Command { std: CARGO_HOME="/workspace/cargo-home" RUSTUP_HOME="/workspace/rustup-home" "/workspace/cargo-home/bin/cargo" "+1.99.0-beta.8" "fetch" "--manifest-path" "Cargo.toml", kill_on_drop: false }`
[INFO] [stderr]     Blocking waiting for file lock on package cache
[INFO] [stderr]  Downloading crates ...
[INFO] [stderr]   Downloaded superluminal-perf v0.4.0
[INFO] [stderr]   Downloaded romu v0.5.1
[INFO] [stderr]   Downloaded tracy-client v0.18.5
[INFO] [stderr]   Downloaded generator v0.8.11
[INFO] [stderr]   Downloaded profiling-procmacros v1.0.18
[INFO] [stderr]   Downloaded raw-window-metal v0.2.0
[INFO] [stderr]   Downloaded raw-window-handle v0.4.3
[INFO] [stderr]   Downloaded cty v0.2.2
[INFO] [stderr]   Downloaded puffin v0.20.0
[INFO] [stderr]   Downloaded tracy-client-sys v0.29.0
[INFO] [stderr]   Downloaded erupt v0.22.0+204
[INFO] [stderr]   Downloaded optick v1.3.4
[INFO] [stderr]   Downloaded superluminal-perf-sys v0.4.0
[INFO] running `Command { std: "docker" "create" "-v" "/var/lib/crater-agent-workspace/builds/worker-3-tc1/source:/opt/rustwide/workdir:ro,Z" "-v" "/var/lib/crater-agent-workspace/builds/worker-3-tc1/target:/opt/rustwide/target:rw,Z" "-v" "/var/lib/crater-agent-workspace/cargo-home:/opt/rustwide/cargo-home:ro,Z" "-v" "/var/lib/crater-agent-workspace/rustup-home:/opt/rustwide/rustup-home:ro,Z" "-m" "1610612736" "--network" "none" "ghcr.io/rust-lang/crates-build-env/linux@sha256:77db811e55d90add9212f6832c23229e3de5f1c1f9905e8cb07319ea15df73ac" "sleep" "infinity", kill_on_drop: false }`
[INFO] [stdout] 3192333f264fd8c4879da6ca5eb122fa2ad88d6d827a4ae00fca79ac5d5ff06e
[INFO] running `Command { std: "docker" "start" "3192333f264fd8c4879da6ca5eb122fa2ad88d6d827a4ae00fca79ac5d5ff06e", kill_on_drop: false }`
[INFO] running `Command { std: "docker" "inspect" "3192333f264fd8c4879da6ca5eb122fa2ad88d6d827a4ae00fca79ac5d5ff06e", kill_on_drop: false }`
[INFO] running `Command { std: "docker" "exec" "-e" "SOURCE_DIR=/opt/rustwide/workdir" "-e" "CARGO_HOME=/opt/rustwide/cargo-home" "-e" "RUSTUP_HOME=/opt/rustwide/rustup-home" "-e" "CARGO_TARGET_DIR=/opt/rustwide/target" "-w" "/opt/rustwide/workdir" "--user" "0:0" "3192333f264fd8c4879da6ca5eb122fa2ad88d6d827a4ae00fca79ac5d5ff06e" "/opt/rustwide/cargo-home/bin/cargo" "+1.99.0-beta.8" "metadata" "--no-deps" "--format-version=1", kill_on_drop: false }`
[INFO] running `Command { std: "docker" "inspect" "3192333f264fd8c4879da6ca5eb122fa2ad88d6d827a4ae00fca79ac5d5ff06e", kill_on_drop: false }`
[INFO] running `Command { std: "docker" "exec" "-e" "SOURCE_DIR=/opt/rustwide/workdir" "-e" "CARGO_HOME=/opt/rustwide/cargo-home" "-e" "RUSTUP_HOME=/opt/rustwide/rustup-home" "-e" "CARGO_TARGET_DIR=/opt/rustwide/target" "-e" "CARGO_INCREMENTAL=0" "-e" "RUST_BACKTRACE=full" "-e" "RUSTFLAGS=--cap-lints=warn" "-e" "RUSTDOCFLAGS=--cap-lints=warn" "-w" "/opt/rustwide/workdir" "--user" "0:0" "3192333f264fd8c4879da6ca5eb122fa2ad88d6d827a4ae00fca79ac5d5ff06e" "/opt/rustwide/cargo-home/bin/cargo" "+1.99.0-beta.8" "build" "--frozen" "--message-format=json" "--release", kill_on_drop: false }`
[INFO] [stderr]    Compiling parking_lot_core v0.8.6
[INFO] [stderr]    Compiling instant v0.1.13
[INFO] [stderr]    Compiling cty v0.2.2
[INFO] [stderr]    Compiling libloading v0.7.4
[INFO] [stderr]    Compiling raw-window-handle v0.4.3
[INFO] [stderr]    Compiling erupt v0.22.0+204
[INFO] [stderr]    Compiling parking_lot v0.11.2
[INFO] [stderr]    Compiling vk-alloc v2.3.0 (/opt/rustwide/workdir)
[INFO] [stderr]     Finished `release` profile [optimized] target(s) in 19.44s
[INFO] running `Command { std: "docker" "inspect" "3192333f264fd8c4879da6ca5eb122fa2ad88d6d827a4ae00fca79ac5d5ff06e", kill_on_drop: false }`
[INFO] running `Command { std: "docker" "exec" "-e" "SOURCE_DIR=/opt/rustwide/workdir" "-e" "CARGO_HOME=/opt/rustwide/cargo-home" "-e" "RUSTUP_HOME=/opt/rustwide/rustup-home" "-e" "CARGO_TARGET_DIR=/opt/rustwide/target" "-e" "CARGO_INCREMENTAL=0" "-e" "RUST_BACKTRACE=full" "-e" "RUSTFLAGS=--cap-lints=warn" "-e" "RUSTDOCFLAGS=--cap-lints=warn" "-w" "/opt/rustwide/workdir" "--user" "0:0" "3192333f264fd8c4879da6ca5eb122fa2ad88d6d827a4ae00fca79ac5d5ff06e" "/opt/rustwide/cargo-home/bin/cargo" "+1.99.0-beta.8" "test" "--frozen" "--no-run" "--message-format=json" "--release", kill_on_drop: false }`
[INFO] [stderr]    Compiling regex-syntax v0.6.29
[INFO] [stderr]    Compiling lazy_static v1.5.1
[INFO] [stderr]    Compiling thread_local v1.1.10
[INFO] [stderr]    Compiling ansi_term v0.12.1
[INFO] [stderr]    Compiling romu v0.5.1
[INFO] [stderr]    Compiling regex-automata v0.4.18
[INFO] [stderr]    Compiling tracing v0.1.44
[INFO] [stderr]    Compiling sharded-slab v0.1.7
[INFO] [stderr]    Compiling regex-automata v0.1.10
[INFO] [stderr]    Compiling regex v1.13.1
[INFO] [stderr]    Compiling matchers v0.0.1
[INFO] [stderr]    Compiling tracing-subscriber v0.2.25
[INFO] [stderr]    Compiling vk-alloc v2.3.0 (/opt/rustwide/workdir)
[INFO] [stderr]     Finished `release` profile [optimized] target(s) in 17.84s
[INFO] running `Command { std: "docker" "inspect" "3192333f264fd8c4879da6ca5eb122fa2ad88d6d827a4ae00fca79ac5d5ff06e", kill_on_drop: false }`
[INFO] running `Command { std: "docker" "exec" "-e" "SOURCE_DIR=/opt/rustwide/workdir" "-e" "CARGO_HOME=/opt/rustwide/cargo-home" "-e" "RUSTUP_HOME=/opt/rustwide/rustup-home" "-e" "CARGO_TARGET_DIR=/opt/rustwide/target" "-e" "CARGO_INCREMENTAL=0" "-e" "RUST_BACKTRACE=full" "-e" "RUSTFLAGS=--cap-lints=warn" "-e" "RUSTDOCFLAGS=--cap-lints=warn" "-w" "/opt/rustwide/workdir" "--user" "0:0" "3192333f264fd8c4879da6ca5eb122fa2ad88d6d827a4ae00fca79ac5d5ff06e" "/opt/rustwide/cargo-home/bin/cargo" "+1.99.0-beta.8" "test" "--frozen" "--release", kill_on_drop: false }`
[INFO] [stderr]     Finished `release` profile [optimized] target(s) in 0.09s
[INFO] [stderr]      Running unittests src/lib.rs (/opt/rustwide/target/release/deps/vk_alloc-4d4b940462e2cf90)
[INFO] [stdout] 
[INFO] [stdout] running 0 tests
[INFO] [stdout] 
[INFO] [stdout] test result: ok. 0 passed; 0 failed; 0 ignored; 0 measured; 0 filtered out; finished in 0.00s
[INFO] [stdout] 
[INFO] [stderr]      Running tests/fixture.rs (/opt/rustwide/target/release/deps/fixture-dda6c7f745a98e60)
[INFO] [stderr]      Running tests/lib.rs (/opt/rustwide/target/release/deps/lib-e3e06cdccb3c8e03)
[INFO] [stdout] 
[INFO] [stdout] running 0 tests
[INFO] [stdout] 
[INFO] [stdout] test result: ok. 0 passed; 0 failed; 0 ignored; 0 measured; 0 filtered out; finished in 0.00s
[INFO] [stdout] 
[INFO] [stdout] 
[INFO] [stdout] running 11 tests
[INFO] [stdout] test allocator_allocation_dedicated ... FAILED
[INFO] [stdout] test vulkan_context_creation ... FAILED
[INFO] [stdout] test allocator_allocation_1024 ... FAILED
[INFO] [stdout] test allocator_fuzzy ... FAILED
[INFO] [stdout] test allocator_creation ... FAILED
[INFO] [stdout] test allocator_properly_merge_free_entries ... FAILED
[INFO] [stdout] test allocator_granularity ... FAILED
[INFO] [stdout] test allocator_free_every_second_time ... FAILED
[INFO] [stdout] test allocator_simple_free ... FAILED
[INFO] [stdout] test allocator_allocation_256 ... FAILED
[INFO] [stdout] test allocator_reverse_free ... FAILED
[INFO] [stdout] 
[INFO] [stdout] failures:
[INFO] [stdout] 
[INFO] [stdout] ---- allocator_allocation_dedicated stdout ----
[INFO] [stdout] 
[INFO] [stdout] thread 'allocator_allocation_dedicated' (560) panicked at tests/fixture.rs:148:17:
[INFO] [stdout] Unable to find layer: VK_LAYER_KHRONOS_validation
[INFO] [stdout] stack backtrace:
[INFO] [stdout]    0:     0x59a86ab1e061 - <<std[70759c8f55707aa4]::sys::backtrace::BacktraceLock>::print::DisplayBacktrace as core[df12db4294e9bfd3]::fmt::Display>::fmt
[INFO] [stdout]    1:     0x59a86ab3254a - core[df12db4294e9bfd3]::fmt::write
[INFO] [stdout]    2:     0x59a86ab225ac - <alloc[2182bb758b4b3781]::vec::Vec<u8> as core[df12db4294e9bfd3]::io::write::Write>::write_fmt
[INFO] [stdout]    3:     0x59a86aafa656 - std[70759c8f55707aa4]::panicking::default_hook::{closure#0}
[INFO] [stdout]    4:     0x59a86ab167c9 - std[70759c8f55707aa4]::panicking::default_hook
[INFO] [stdout]    5:     0x59a86aaa31c0 - test[9d35eded1c95d3be]::test_main_inner::<test[9d35eded1c95d3be]::test_main_static::{closure#0}>::{closure#0}
[INFO] [stdout]    6:     0x59a86ab16982 - std[70759c8f55707aa4]::panicking::panic_with_hook
[INFO] [stdout]    7:     0x59a86aafa702 - std[70759c8f55707aa4]::panicking::panic_handler::{closure#0}
[INFO] [stdout]    8:     0x59a86aaf3459 - std[70759c8f55707aa4]::sys::backtrace::__rust_end_short_backtrace::<std[70759c8f55707aa4]::panicking::panic_handler::{closure#0}, !>
[INFO] [stdout]    9:     0x59a86aafb2fd - __rustc[8fa7c3cbc660c2b3]::rust_begin_unwind
[INFO] [stdout]   10:     0x59a86ab32c7c - core[df12db4294e9bfd3]::panicking::panic_fmt
[INFO] [stdout]   11:     0x59a86aa93056 - <alloc[2182bb758b4b3781]::vec::Vec<*const i8>>::retain::<<lib[80a94ef6a06365dc]::fixture::VulkanContext>::create_layers::{closure#0}>
[INFO] [stdout]   12:     0x59a86aa90ff0 - <lib[80a94ef6a06365dc]::fixture::VulkanContext>::new
[INFO] [stdout]   13:     0x59a86aa8e8b2 - <lib[80a94ef6a06365dc]::allocator_allocation_dedicated::{closure#0} as core[df12db4294e9bfd3]::ops::function::FnOnce<()>>::call_once
[INFO] [stdout]   14:     0x59a86aa964ab - test[9d35eded1c95d3be]::__rust_begin_short_backtrace::<core[df12db4294e9bfd3]::result::Result<(), alloc[2182bb758b4b3781]::string::String>, fn() -> core[df12db4294e9bfd3]::result::Result<(), alloc[2182bb758b4b3781]::string::String>>
[INFO] [stdout]   15:     0x59a86aaa3b15 - test[9d35eded1c95d3be]::run_test::{closure#0}
[INFO] [stdout]   16:     0x59a86aa9d3d4 - std[70759c8f55707aa4]::sys::backtrace::__rust_begin_short_backtrace::<test[9d35eded1c95d3be]::run_test::{closure#1}, ()>
[INFO] [stdout]   17:     0x59a86aaa6c72 - <std[70759c8f55707aa4]::thread::lifecycle::spawn_unchecked<test[9d35eded1c95d3be]::run_test::{closure#1}, ()>::{closure#1} as core[df12db4294e9bfd3]::ops::function::FnOnce<()>>::call_once::{shim:vtable#0}
[INFO] [stdout]   18:     0x59a86ab1d939 - <std[70759c8f55707aa4]::sys::thread::unix::Thread>::new::thread_start
[INFO] [stdout]   19:     0x775a08d21dfa - <unknown>
[INFO] [stdout]   20:     0x775a08db53d4 - clone
[INFO] [stdout]   21:                0x0 - <unknown>
[INFO] [stdout] 
[INFO] [stdout] ---- vulkan_context_creation stdout ----
[INFO] [stdout] 
[INFO] [stdout] thread 'vulkan_context_creation' (568) panicked at tests/fixture.rs:148:17:
[INFO] [stdout] Unable to find layer: VK_LAYER_KHRONOS_validation
[INFO] [stdout] stack backtrace:
[INFO] [stdout]    0:     0x59a86ab1e061 - <<std[70759c8f55707aa4]::sys::backtrace::BacktraceLock>::print::DisplayBacktrace as core[df12db4294e9bfd3]::fmt::Display>::fmt
[INFO] [stdout]    1:     0x59a86ab3254a - core[df12db4294e9bfd3]::fmt::write
[INFO] [stdout]    2:     0x59a86ab225ac - <alloc[2182bb758b4b3781]::vec::Vec<u8> as core[df12db4294e9bfd3]::io::write::Write>::write_fmt
[INFO] [stdout]    3:     0x59a86aafa656 - std[70759c8f55707aa4]::panicking::default_hook::{closure#0}
[INFO] [stdout]    4:     0x59a86ab167c9 - std[70759c8f55707aa4]::panicking::default_hook
[INFO] [stdout]    5:     0x59a86aaa31c0 - test[9d35eded1c95d3be]::test_main_inner::<test[9d35eded1c95d3be]::test_main_static::{closure#0}>::{closure#0}
[INFO] [stdout]    6:     0x59a86ab16982 - std[70759c8f55707aa4]::panicking::panic_with_hook
[INFO] [stdout]    7:     0x59a86aafa702 - std[70759c8f55707aa4]::panicking::panic_handler::{closure#0}
[INFO] [stdout]    8:     0x59a86aaf3459 - std[70759c8f55707aa4]::sys::backtrace::__rust_end_short_backtrace::<std[70759c8f55707aa4]::panicking::panic_handler::{closure#0}, !>
[INFO] [stdout]    9:     0x59a86aafb2fd - __rustc[8fa7c3cbc660c2b3]::rust_begin_unwind
[INFO] [stdout]   10:     0x59a86ab32c7c - core[df12db4294e9bfd3]::panicking::panic_fmt
[INFO] [stdout]   11:     0x59a86aa93056 - <alloc[2182bb758b4b3781]::vec::Vec<*const i8>>::retain::<<lib[80a94ef6a06365dc]::fixture::VulkanContext>::create_layers::{closure#0}>
[INFO] [stdout]   12:     0x59a86aa90ff0 - <lib[80a94ef6a06365dc]::fixture::VulkanContext>::new
[INFO] [stdout]   13:     0x59a86aa8dc1c - <lib[80a94ef6a06365dc]::vulkan_context_creation::{closure#0} as core[df12db4294e9bfd3]::ops::function::FnOnce<()>>::call_once
[INFO] [stdout]   14:     0x59a86aa964ab - test[9d35eded1c95d3be]::__rust_begin_short_backtrace::<core[df12db4294e9bfd3]::result::Result<(), alloc[2182bb758b4b3781]::string::String>, fn() -> core[df12db4294e9bfd3]::result::Result<(), alloc[2182bb758b4b3781]::string::String>>
[INFO] [stdout]   15:     0x59a86aaa3b15 - test[9d35eded1c95d3be]::run_test::{closure#0}
[INFO] [stdout]   16:     0x59a86aa9d3d4 - std[70759c8f55707aa4]::sys::backtrace::__rust_begin_short_backtrace::<test[9d35eded1c95d3be]::run_test::{closure#1}, ()>
[INFO] [stdout]   17:     0x59a86aaa6c72 - <std[70759c8f55707aa4]::thread::lifecycle::spawn_unchecked<test[9d35eded1c95d3be]::run_test::{closure#1}, ()>::{closure#1} as core[df12db4294e9bfd3]::ops::function::FnOnce<()>>::call_once::{shim:vtable#0}
[INFO] [stdout]   18:     0x59a86ab1d939 - <std[70759c8f55707aa4]::sys::thread::unix::Thread>::new::thread_start
[INFO] [stdout]   19:     0x775a08d21dfa - <unknown>
[INFO] [stdout]   20:     0x775a08db53d4 - clone
[INFO] [stdout]   21:                0x0 - <unknown>
[INFO] [stdout] 
[INFO] [stdout] ---- allocator_allocation_1024 stdout ----
[INFO] [stdout] 
[INFO] [stdout] thread 'allocator_allocation_1024' (558) panicked at tests/fixture.rs:148:17:
[INFO] [stdout] Unable to find layer: VK_LAYER_KHRONOS_validation
[INFO] [stdout] stack backtrace:
[INFO] [stdout]    0:     0x59a86ab1e061 - <<std[70759c8f55707aa4]::sys::backtrace::BacktraceLock>::print::DisplayBacktrace as core[df12db4294e9bfd3]::fmt::Display>::fmt
[INFO] [stdout]    1:     0x59a86ab3254a - core[df12db4294e9bfd3]::fmt::write
[INFO] [stdout]    2:     0x59a86ab225ac - <alloc[2182bb758b4b3781]::vec::Vec<u8> as core[df12db4294e9bfd3]::io::write::Write>::write_fmt
[INFO] [stdout]    3:     0x59a86aafa656 - std[70759c8f55707aa4]::panicking::default_hook::{closure#0}
[INFO] [stdout]    4:     0x59a86ab167c9 - std[70759c8f55707aa4]::panicking::default_hook
[INFO] [stdout]    5:     0x59a86aaa31c0 - test[9d35eded1c95d3be]::test_main_inner::<test[9d35eded1c95d3be]::test_main_static::{closure#0}>::{closure#0}
[INFO] [stdout]    6:     0x59a86ab16982 - std[70759c8f55707aa4]::panicking::panic_with_hook
[INFO] [stdout]    7:     0x59a86aafa702 - std[70759c8f55707aa4]::panicking::panic_handler::{closure#0}
[INFO] [stdout]    8:     0x59a86aaf3459 - std[70759c8f55707aa4]::sys::backtrace::__rust_end_short_backtrace::<std[70759c8f55707aa4]::panicking::panic_handler::{closure#0}, !>
[INFO] [stdout]    9:     0x59a86aafb2fd - __rustc[8fa7c3cbc660c2b3]::rust_begin_unwind
[INFO] [stdout]   10:     0x59a86ab32c7c - core[df12db4294e9bfd3]::panicking::panic_fmt
[INFO] [stdout]   11:     0x59a86aa93056 - <alloc[2182bb758b4b3781]::vec::Vec<*const i8>>::retain::<<lib[80a94ef6a06365dc]::fixture::VulkanContext>::create_layers::{closure#0}>
[INFO] [stdout]   12:     0x59a86aa90ff0 - <lib[80a94ef6a06365dc]::fixture::VulkanContext>::new
[INFO] [stdout]   13:     0x59a86aa8e2a8 - <lib[80a94ef6a06365dc]::allocator_allocation_1024::{closure#0} as core[df12db4294e9bfd3]::ops::function::FnOnce<()>>::call_once
[INFO] [stdout]   14:     0x59a86aa964ab - test[9d35eded1c95d3be]::__rust_begin_short_backtrace::<core[df12db4294e9bfd3]::result::Result<(), alloc[2182bb758b4b3781]::string::String>, fn() -> core[df12db4294e9bfd3]::result::Result<(), alloc[2182bb758b4b3781]::string::String>>
[INFO] [stdout]   15:     0x59a86aaa3b15 - test[9d35eded1c95d3be]::run_test::{closure#0}
[INFO] [stdout]   16:     0x59a86aa9d3d4 - std[70759c8f55707aa4]::sys::backtrace::__rust_begin_short_backtrace::<test[9d35eded1c95d3be]::run_test::{closure#1}, ()>
[INFO] [stdout]   17:     0x59a86aaa6c72 - <std[70759c8f55707aa4]::thread::lifecycle::spawn_unchecked<test[9d35eded1c95d3be]::run_test::{closure#1}, ()>::{closure#1} as core[df12db4294e9bfd3]::ops::function::FnOnce<()>>::call_once::{shim:vtable#0}
[INFO] [stdout]   18:     0x59a86ab1d939 - <std[70759c8f55707aa4]::sys::thread::unix::Thread>::new::thread_start
[INFO] [stdout]   19:     0x775a08d21dfa - <unknown>
[INFO] [stdout]   20:     0x775a08db53d4 - clone
[INFO] [stdout]   21:                0x0 - <unknown>
[INFO] [stdout] 
[INFO] [stdout] ---- allocator_fuzzy stdout ----
[INFO] [stdout] 
[INFO] [stdout] thread 'allocator_fuzzy' (563) panicked at tests/fixture.rs:148:17:
[INFO] [stdout] Unable to find layer: VK_LAYER_KHRONOS_validation
[INFO] [stdout] stack backtrace:
[INFO] [stdout]    0:     0x59a86ab1e061 - <<std[70759c8f55707aa4]::sys::backtrace::BacktraceLock>::print::DisplayBacktrace as core[df12db4294e9bfd3]::fmt::Display>::fmt
[INFO] [stdout]    1:     0x59a86ab3254a - core[df12db4294e9bfd3]::fmt::write
[INFO] [stdout]    2:     0x59a86ab225ac - <alloc[2182bb758b4b3781]::vec::Vec<u8> as core[df12db4294e9bfd3]::io::write::Write>::write_fmt
[INFO] [stdout]    3:     0x59a86aafa656 - std[70759c8f55707aa4]::panicking::default_hook::{closure#0}
[INFO] [stdout]    4:     0x59a86ab167c9 - std[70759c8f55707aa4]::panicking::default_hook
[INFO] [stdout]    5:     0x59a86aaa31c0 - test[9d35eded1c95d3be]::test_main_inner::<test[9d35eded1c95d3be]::test_main_static::{closure#0}>::{closure#0}
[INFO] [stdout]    6:     0x59a86ab16982 - std[70759c8f55707aa4]::panicking::panic_with_hook
[INFO] [stdout]    7:     0x59a86aafa702 - std[70759c8f55707aa4]::panicking::panic_handler::{closure#0}
[INFO] [stdout]    8:     0x59a86aaf3459 - std[70759c8f55707aa4]::sys::backtrace::__rust_end_short_backtrace::<std[70759c8f55707aa4]::panicking::panic_handler::{closure#0}, !>
[INFO] [stdout]    9:     0x59a86aafb2fd - __rustc[8fa7c3cbc660c2b3]::rust_begin_unwind
[INFO] [stdout]   10:     0x59a86ab32c7c - core[df12db4294e9bfd3]::panicking::panic_fmt
[INFO] [stdout]   11:     0x59a86aa93056 - <alloc[2182bb758b4b3781]::vec::Vec<*const i8>>::retain::<<lib[80a94ef6a06365dc]::fixture::VulkanContext>::create_layers::{closure#0}>
[INFO] [stdout]   12:     0x59a86aa90ff0 - <lib[80a94ef6a06365dc]::fixture::VulkanContext>::new
[INFO] [stdout]   13:     0x59a86aa8c165 - <lib[80a94ef6a06365dc]::allocator_fuzzy::{closure#0} as core[df12db4294e9bfd3]::ops::function::FnOnce<()>>::call_once
[INFO] [stdout]   14:     0x59a86aa964ab - test[9d35eded1c95d3be]::__rust_begin_short_backtrace::<core[df12db4294e9bfd3]::result::Result<(), alloc[2182bb758b4b3781]::string::String>, fn() -> core[df12db4294e9bfd3]::result::Result<(), alloc[2182bb758b4b3781]::string::String>>
[INFO] [stdout]   15:     0x59a86aaa3b15 - test[9d35eded1c95d3be]::run_test::{closure#0}
[INFO] [stdout]   16:     0x59a86aa9d3d4 - std[70759c8f55707aa4]::sys::backtrace::__rust_begin_short_backtrace::<test[9d35eded1c95d3be]::run_test::{closure#1}, ()>
[INFO] [stdout]   17:     0x59a86aaa6c72 - <std[70759c8f55707aa4]::thread::lifecycle::spawn_unchecked<test[9d35eded1c95d3be]::run_test::{closure#1}, ()>::{closure#1} as core[df12db4294e9bfd3]::ops::function::FnOnce<()>>::call_once::{shim:vtable#0}
[INFO] [stdout]   18:     0x59a86ab1d939 - <std[70759c8f55707aa4]::sys::thread::unix::Thread>::new::thread_start
[INFO] [stdout]   19:     0x775a08d21dfa - <unknown>
[INFO] [stdout]   20:     0x775a08db53d4 - clone
[INFO] [stdout]   21:                0x0 - <unknown>
[INFO] [stdout] 
[INFO] [stdout] ---- allocator_creation stdout ----
[INFO] [stdout] 
[INFO] [stdout] thread 'allocator_creation' (561) panicked at tests/fixture.rs:148:17:
[INFO] [stdout] Unable to find layer: VK_LAYER_KHRONOS_validation
[INFO] [stdout] stack backtrace:
[INFO] [stdout]    0:     0x59a86ab1e061 - <<std[70759c8f55707aa4]::sys::backtrace::BacktraceLock>::print::DisplayBacktrace as core[df12db4294e9bfd3]::fmt::Display>::fmt
[INFO] [stdout]    1:     0x59a86ab3254a - core[df12db4294e9bfd3]::fmt::write
[INFO] [stdout]    2:     0x59a86ab225ac - <alloc[2182bb758b4b3781]::vec::Vec<u8> as core[df12db4294e9bfd3]::io::write::Write>::write_fmt
[INFO] [stdout]    3:     0x59a86aafa656 - std[70759c8f55707aa4]::panicking::default_hook::{closure#0}
[INFO] [stdout]    4:     0x59a86ab167c9 - std[70759c8f55707aa4]::panicking::default_hook
[INFO] [stdout]    5:     0x59a86aaa31c0 - test[9d35eded1c95d3be]::test_main_inner::<test[9d35eded1c95d3be]::test_main_static::{closure#0}>::{closure#0}
[INFO] [stdout]    6:     0x59a86ab16982 - std[70759c8f55707aa4]::panicking::panic_with_hook
[INFO] [stdout]    7:     0x59a86aafa702 - std[70759c8f55707aa4]::panicking::panic_handler::{closure#0}
[INFO] [stdout]    8:     0x59a86aaf3459 - std[70759c8f55707aa4]::sys::backtrace::__rust_end_short_backtrace::<std[70759c8f55707aa4]::panicking::panic_handler::{closure#0}, !>
[INFO] [stdout]    9:     0x59a86aafb2fd - __rustc[8fa7c3cbc660c2b3]::rust_begin_unwind
[INFO] [stdout]   10:     0x59a86ab32c7c - core[df12db4294e9bfd3]::panicking::panic_fmt
[INFO] [stdout]   11:     0x59a86aa93056 - <alloc[2182bb758b4b3781]::vec::Vec<*const i8>>::retain::<<lib[80a94ef6a06365dc]::fixture::VulkanContext>::create_layers::{closure#0}>
[INFO] [stdout]   12:     0x59a86aa90ff0 - <lib[80a94ef6a06365dc]::fixture::VulkanContext>::new
[INFO] [stdout]   13:     0x59a86aa8c99c - <lib[80a94ef6a06365dc]::allocator_creation::{closure#0} as core[df12db4294e9bfd3]::ops::function::FnOnce<()>>::call_once
[INFO] [stdout]   14:     0x59a86aa964ab - test[9d35eded1c95d3be]::__rust_begin_short_backtrace::<core[df12db4294e9bfd3]::result::Result<(), alloc[2182bb758b4b3781]::string::String>, fn() -> core[df12db4294e9bfd3]::result::Result<(), alloc[2182bb758b4b3781]::string::String>>
[INFO] [stdout]   15:     0x59a86aaa3b15 - test[9d35eded1c95d3be]::run_test::{closure#0}
[INFO] [stdout]   16:     0x59a86aa9d3d4 - std[70759c8f55707aa4]::sys::backtrace::__rust_begin_short_backtrace::<test[9d35eded1c95d3be]::run_test::{closure#1}, ()>
[INFO] [stdout]   17:     0x59a86aaa6c72 - <std[70759c8f55707aa4]::thread::lifecycle::spawn_unchecked<test[9d35eded1c95d3be]::run_test::{closure#1}, ()>::{closure#1} as core[df12db4294e9bfd3]::ops::function::FnOnce<()>>::call_once::{shim:vtable#0}
[INFO] [stdout]   18:     0x59a86ab1d939 - <std[70759c8f55707aa4]::sys::thread::unix::Thread>::new::thread_start
[INFO] [stdout]   19:     0x775a08d21dfa - <unknown>
[INFO] [stdout]   20:     0x775a08db53d4 - clone
[INFO] [stdout]   21:                0x0 - <unknown>
[INFO] [stdout] 
[INFO] [stdout] ---- allocator_properly_merge_free_entries stdout ----
[INFO] [stdout] 
[INFO] [stdout] thread 'allocator_properly_merge_free_entries' (565) panicked at tests/fixture.rs:148:17:
[INFO] [stdout] Unable to find layer: VK_LAYER_KHRONOS_validation
[INFO] [stdout] stack backtrace:
[INFO] [stdout]    0:     0x59a86ab1e061 - <<std[70759c8f55707aa4]::sys::backtrace::BacktraceLock>::print::DisplayBacktrace as core[df12db4294e9bfd3]::fmt::Display>::fmt
[INFO] [stdout]    1:     0x59a86ab3254a - core[df12db4294e9bfd3]::fmt::write
[INFO] [stdout]    2:     0x59a86ab225ac - <alloc[2182bb758b4b3781]::vec::Vec<u8> as core[df12db4294e9bfd3]::io::write::Write>::write_fmt
[INFO] [stdout]    3:     0x59a86aafa656 - std[70759c8f55707aa4]::panicking::default_hook::{closure#0}
[INFO] [stdout]    4:     0x59a86ab167c9 - std[70759c8f55707aa4]::panicking::default_hook
[INFO] [stdout]    5:     0x59a86aaa31c0 - test[9d35eded1c95d3be]::test_main_inner::<test[9d35eded1c95d3be]::test_main_static::{closure#0}>::{closure#0}
[INFO] [stdout]    6:     0x59a86ab16982 - std[70759c8f55707aa4]::panicking::panic_with_hook
[INFO] [stdout]    7:     0x59a86aafa702 - std[70759c8f55707aa4]::panicking::panic_handler::{closure#0}
[INFO] [stdout]    8:     0x59a86aaf3459 - std[70759c8f55707aa4]::sys::backtrace::__rust_end_short_backtrace::<std[70759c8f55707aa4]::panicking::panic_handler::{closure#0}, !>
[INFO] [stdout]    9:     0x59a86aafb2fd - __rustc[8fa7c3cbc660c2b3]::rust_begin_unwind
[INFO] [stdout]   10:     0x59a86ab32c7c - core[df12db4294e9bfd3]::panicking::panic_fmt
[INFO] [stdout]   11:     0x59a86aa93056 - <alloc[2182bb758b4b3781]::vec::Vec<*const i8>>::retain::<<lib[80a94ef6a06365dc]::fixture::VulkanContext>::create_layers::{closure#0}>
[INFO] [stdout]   12:     0x59a86aa90ff0 - <lib[80a94ef6a06365dc]::fixture::VulkanContext>::new
[INFO] [stdout]   13:     0x59a86aa8f4a0 - <lib[80a94ef6a06365dc]::allocator_properly_merge_free_entries::{closure#0} as core[df12db4294e9bfd3]::ops::function::FnOnce<()>>::call_once
[INFO] [stdout]   14:     0x59a86aa964ab - test[9d35eded1c95d3be]::__rust_begin_short_backtrace::<core[df12db4294e9bfd3]::result::Result<(), alloc[2182bb758b4b3781]::string::String>, fn() -> core[df12db4294e9bfd3]::result::Result<(), alloc[2182bb758b4b3781]::string::String>>
[INFO] [stdout]   15:     0x59a86aaa3b15 - test[9d35eded1c95d3be]::run_test::{closure#0}
[INFO] [stdout]   16:     0x59a86aa9d3d4 - std[70759c8f55707aa4]::sys::backtrace::__rust_begin_short_backtrace::<test[9d35eded1c95d3be]::run_test::{closure#1}, ()>
[INFO] [stdout]   17:     0x59a86aaa6c72 - <std[70759c8f55707aa4]::thread::lifecycle::spawn_unchecked<test[9d35eded1c95d3be]::run_test::{closure#1}, ()>::{closure#1} as core[df12db4294e9bfd3]::ops::function::FnOnce<()>>::call_once::{shim:vtable#0}
[INFO] [stdout]   18:     0x59a86ab1d939 - <std[70759c8f55707aa4]::sys::thread::unix::Thread>::new::thread_start
[INFO] [stdout]   19:     0x775a08d21dfa - <unknown>
[INFO] [stdout]   20:     0x775a08db53d4 - clone
[INFO] [stdout]   21:                0x0 - <unknown>
[INFO] [stdout] 
[INFO] [stdout] ---- allocator_granularity stdout ----
[INFO] [stdout] 
[INFO] [stdout] thread 'allocator_granularity' (564) panicked at tests/fixture.rs:148:17:
[INFO] [stdout] Unable to find layer: VK_LAYER_KHRONOS_validation
[INFO] [stdout] stack backtrace:
[INFO] [stdout]    0:     0x59a86ab1e061 - <<std[70759c8f55707aa4]::sys::backtrace::BacktraceLock>::print::DisplayBacktrace as core[df12db4294e9bfd3]::fmt::Display>::fmt
[INFO] [stdout]    1:     0x59a86ab3254a - core[df12db4294e9bfd3]::fmt::write
[INFO] [stdout]    2:     0x59a86ab225ac - <alloc[2182bb758b4b3781]::vec::Vec<u8> as core[df12db4294e9bfd3]::io::write::Write>::write_fmt
[INFO] [stdout]    3:     0x59a86aafa656 - std[70759c8f55707aa4]::panicking::default_hook::{closure#0}
[INFO] [stdout]    4:     0x59a86ab167c9 - std[70759c8f55707aa4]::panicking::default_hook
[INFO] [stdout]    5:     0x59a86aaa31c0 - test[9d35eded1c95d3be]::test_main_inner::<test[9d35eded1c95d3be]::test_main_static::{closure#0}>::{closure#0}
[INFO] [stdout]    6:     0x59a86ab16982 - std[70759c8f55707aa4]::panicking::panic_with_hook
[INFO] [stdout]    7:     0x59a86aafa702 - std[70759c8f55707aa4]::panicking::panic_handler::{closure#0}
[INFO] [stdout]    8:     0x59a86aaf3459 - std[70759c8f55707aa4]::sys::backtrace::__rust_end_short_backtrace::<std[70759c8f55707aa4]::panicking::panic_handler::{closure#0}, !>
[INFO] [stdout]    9:     0x59a86aafb2fd - __rustc[8fa7c3cbc660c2b3]::rust_begin_unwind
[INFO] [stdout]   10:     0x59a86ab32c7c - core[df12db4294e9bfd3]::panicking::panic_fmt
[INFO] [stdout]   11:     0x59a86aa93056 - <alloc[2182bb758b4b3781]::vec::Vec<*const i8>>::retain::<<lib[80a94ef6a06365dc]::fixture::VulkanContext>::create_layers::{closure#0}>
[INFO] [stdout]   12:     0x59a86aa90ff0 - <lib[80a94ef6a06365dc]::fixture::VulkanContext>::new
[INFO] [stdout]   13:     0x59a86aa8cb15 - <lib[80a94ef6a06365dc]::allocator_granularity::{closure#0} as core[df12db4294e9bfd3]::ops::function::FnOnce<()>>::call_once
[INFO] [stdout]   14:     0x59a86aa964ab - test[9d35eded1c95d3be]::__rust_begin_short_backtrace::<core[df12db4294e9bfd3]::result::Result<(), alloc[2182bb758b4b3781]::string::String>, fn() -> core[df12db4294e9bfd3]::result::Result<(), alloc[2182bb758b4b3781]::string::String>>
[INFO] [stdout]   15:     0x59a86aaa3b15 - test[9d35eded1c95d3be]::run_test::{closure#0}
[INFO] [stdout]   16:     0x59a86aa9d3d4 - std[70759c8f55707aa4]::sys::backtrace::__rust_begin_short_backtrace::<test[9d35eded1c95d3be]::run_test::{closure#1}, ()>
[INFO] [stdout]   17:     0x59a86aaa6c72 - <std[70759c8f55707aa4]::thread::lifecycle::spawn_unchecked<test[9d35eded1c95d3be]::run_test::{closure#1}, ()>::{closure#1} as core[df12db4294e9bfd3]::ops::function::FnOnce<()>>::call_once::{shim:vtable#0}
[INFO] [stdout]   18:     0x59a86ab1d939 - <std[70759c8f55707aa4]::sys::thread::unix::Thread>::new::thread_start
[INFO] [stdout]   19:     0x775a08d21dfa - <unknown>
[INFO] [stdout]   20:     0x775a08db53d4 - clone
[INFO] [stdout]   21:                0x0 - <unknown>
[INFO] [stdout] 
[INFO] [stdout] ---- allocator_free_every_second_time stdout ----
[INFO] [stdout] 
[INFO] [stdout] thread 'allocator_free_every_second_time' (562) panicked at tests/fixture.rs:148:17:
[INFO] [stdout] Unable to find layer: VK_LAYER_KHRONOS_validation
[INFO] [stdout] stack backtrace:
[INFO] [stdout]    0:     0x59a86ab1e061 - <<std[70759c8f55707aa4]::sys::backtrace::BacktraceLock>::print::DisplayBacktrace as core[df12db4294e9bfd3]::fmt::Display>::fmt
[INFO] [stdout]    1:     0x59a86ab3254a - core[df12db4294e9bfd3]::fmt::write
[INFO] [stdout]    2:     0x59a86ab225ac - <alloc[2182bb758b4b3781]::vec::Vec<u8> as core[df12db4294e9bfd3]::io::write::Write>::write_fmt
[INFO] [stdout]    3:     0x59a86aafa656 - std[70759c8f55707aa4]::panicking::default_hook::{closure#0}
[INFO] [stdout]    4:     0x59a86ab167c9 - std[70759c8f55707aa4]::panicking::default_hook
[INFO] [stdout]    5:     0x59a86aaa31c0 - test[9d35eded1c95d3be]::test_main_inner::<test[9d35eded1c95d3be]::test_main_static::{closure#0}>::{closure#0}
[INFO] [stdout]    6:     0x59a86ab16982 - std[70759c8f55707aa4]::panicking::panic_with_hook
[INFO] [stdout]    7:     0x59a86aafa702 - std[70759c8f55707aa4]::panicking::panic_handler::{closure#0}
[INFO] [stdout]    8:     0x59a86aaf3459 - std[70759c8f55707aa4]::sys::backtrace::__rust_end_short_backtrace::<std[70759c8f55707aa4]::panicking::panic_handler::{closure#0}, !>
[INFO] [stdout]    9:     0x59a86aafb2fd - __rustc[8fa7c3cbc660c2b3]::rust_begin_unwind
[INFO] [stdout]   10:     0x59a86ab32c7c - core[df12db4294e9bfd3]::panicking::panic_fmt
[INFO] [stdout]   11:     0x59a86aa93056 - <alloc[2182bb758b4b3781]::vec::Vec<*const i8>>::retain::<<lib[80a94ef6a06365dc]::fixture::VulkanContext>::create_layers::{closure#0}>
[INFO] [stdout]   12:     0x59a86aa90ff0 - <lib[80a94ef6a06365dc]::fixture::VulkanContext>::new
[INFO] [stdout]   13:     0x59a86aa8edad - <lib[80a94ef6a06365dc]::allocator_free_every_second_time::{closure#0} as core[df12db4294e9bfd3]::ops::function::FnOnce<()>>::call_once
[INFO] [stdout]   14:     0x59a86aa964ab - test[9d35eded1c95d3be]::__rust_begin_short_backtrace::<core[df12db4294e9bfd3]::result::Result<(), alloc[2182bb758b4b3781]::string::String>, fn() -> core[df12db4294e9bfd3]::result::Result<(), alloc[2182bb758b4b3781]::string::String>>
[INFO] [stdout]   15:     0x59a86aaa3b15 - test[9d35eded1c95d3be]::run_test::{closure#0}
[INFO] [stdout]   16:     0x59a86aa9d3d4 - std[70759c8f55707aa4]::sys::backtrace::__rust_begin_short_backtrace::<test[9d35eded1c95d3be]::run_test::{closure#1}, ()>
[INFO] [stdout]   17:     0x59a86aaa6c72 - <std[70759c8f55707aa4]::thread::lifecycle::spawn_unchecked<test[9d35eded1c95d3be]::run_test::{closure#1}, ()>::{closure#1} as core[df12db4294e9bfd3]::ops::function::FnOnce<()>>::call_once::{shim:vtable#0}
[INFO] [stdout]   18:     0x59a86ab1d939 - <std[70759c8f55707aa4]::sys::thread::unix::Thread>::new::thread_start
[INFO] [stdout]   19:     0x775a08d21dfa - <unknown>
[INFO] [stdout]   20:     0x775a08db53d4 - clone
[INFO] [stdout]   21:                0x0 - <unknown>
[INFO] [stdout] 
[INFO] [stdout] ---- allocator_simple_free stdout ----
[INFO] [stdout] 
[INFO] [stdout] thread 'allocator_simple_free' (567) panicked at tests/fixture.rs:148:17:
[INFO] [stdout] Unable to find layer: VK_LAYER_KHRONOS_validation
[INFO] [stdout] stack backtrace:
[INFO] [stdout]    0:     0x59a86ab1e061 - <<std[70759c8f55707aa4]::sys::backtrace::BacktraceLock>::print::DisplayBacktrace as core[df12db4294e9bfd3]::fmt::Display>::fmt
[INFO] [stdout]    1:     0x59a86ab3254a - core[df12db4294e9bfd3]::fmt::write
[INFO] [stdout]    2:     0x59a86ab225ac - <alloc[2182bb758b4b3781]::vec::Vec<u8> as core[df12db4294e9bfd3]::io::write::Write>::write_fmt
[INFO] [stdout]    3:     0x59a86aafa656 - std[70759c8f55707aa4]::panicking::default_hook::{closure#0}
[INFO] [stdout]    4:     0x59a86ab167c9 - std[70759c8f55707aa4]::panicking::default_hook
[INFO] [stdout]    5:     0x59a86aaa31c0 - test[9d35eded1c95d3be]::test_main_inner::<test[9d35eded1c95d3be]::test_main_static::{closure#0}>::{closure#0}
[INFO] [stdout]    6:     0x59a86ab16982 - std[70759c8f55707aa4]::panicking::panic_with_hook
[INFO] [stdout]    7:     0x59a86aafa702 - std[70759c8f55707aa4]::panicking::panic_handler::{closure#0}
[INFO] [stdout]    8:     0x59a86aaf3459 - std[70759c8f55707aa4]::sys::backtrace::__rust_end_short_backtrace::<std[70759c8f55707aa4]::panicking::panic_handler::{closure#0}, !>
[INFO] [stdout]    9:     0x59a86aafb2fd - __rustc[8fa7c3cbc660c2b3]::rust_begin_unwind
[INFO] [stdout]   10:     0x59a86ab32c7c - core[df12db4294e9bfd3]::panicking::panic_fmt
[INFO] [stdout]   11:     0x59a86aa93056 - <alloc[2182bb758b4b3781]::vec::Vec<*const i8>>::retain::<<lib[80a94ef6a06365dc]::fixture::VulkanContext>::create_layers::{closure#0}>
[INFO] [stdout]   12:     0x59a86aa90ff0 - <lib[80a94ef6a06365dc]::fixture::VulkanContext>::new
[INFO] [stdout]   13:     0x59a86aa8d122 - <lib[80a94ef6a06365dc]::allocator_simple_free::{closure#0} as core[df12db4294e9bfd3]::ops::function::FnOnce<()>>::call_once
[INFO] [stdout]   14:     0x59a86aa964ab - test[9d35eded1c95d3be]::__rust_begin_short_backtrace::<core[df12db4294e9bfd3]::result::Result<(), alloc[2182bb758b4b3781]::string::String>, fn() -> core[df12db4294e9bfd3]::result::Result<(), alloc[2182bb758b4b3781]::string::String>>
[INFO] [stdout]   15:     0x59a86aaa3b15 - test[9d35eded1c95d3be]::run_test::{closure#0}
[INFO] [stdout]   16:     0x59a86aa9d3d4 - std[70759c8f55707aa4]::sys::backtrace::__rust_begin_short_backtrace::<test[9d35eded1c95d3be]::run_test::{closure#1}, ()>
[INFO] [stdout]   17:     0x59a86aaa6c72 - <std[70759c8f55707aa4]::thread::lifecycle::spawn_unchecked<test[9d35eded1c95d3be]::run_test::{closure#1}, ()>::{closure#1} as core[df12db4294e9bfd3]::ops::function::FnOnce<()>>::call_once::{shim:vtable#0}
[INFO] [stdout]   18:     0x59a86ab1d939 - <std[70759c8f55707aa4]::sys::thread::unix::Thread>::new::thread_start
[INFO] [stdout]   19:     0x775a08d21dfa - <unknown>
[INFO] [stdout]   20:     0x775a08db53d4 - clone
[INFO] [stdout]   21:                0x0 - <unknown>
[INFO] [stdout] 
[INFO] [stdout] ---- allocator_allocation_256 stdout ----
[INFO] [stdout] 
[INFO] [stdout] thread 'allocator_allocation_256' (559) panicked at tests/fixture.rs:148:17:
[INFO] [stdout] Unable to find layer: VK_LAYER_KHRONOS_validation
[INFO] [stdout] stack backtrace:
[INFO] [stdout]    0:     0x59a86ab1e061 - <<std[70759c8f55707aa4]::sys::backtrace::BacktraceLock>::print::DisplayBacktrace as core[df12db4294e9bfd3]::fmt::Display>::fmt
[INFO] [stdout]    1:     0x59a86ab3254a - core[df12db4294e9bfd3]::fmt::write
[INFO] [stdout]    2:     0x59a86ab225ac - <alloc[2182bb758b4b3781]::vec::Vec<u8> as core[df12db4294e9bfd3]::io::write::Write>::write_fmt
[INFO] [stdout]    3:     0x59a86aafa656 - std[70759c8f55707aa4]::panicking::default_hook::{closure#0}
[INFO] [stdout]    4:     0x59a86ab167c9 - std[70759c8f55707aa4]::panicking::default_hook
[INFO] [stdout]    5:     0x59a86aaa31c0 - test[9d35eded1c95d3be]::test_main_inner::<test[9d35eded1c95d3be]::test_main_static::{closure#0}>::{closure#0}
[INFO] [stdout]    6:     0x59a86ab16982 - std[70759c8f55707aa4]::panicking::panic_with_hook
[INFO] [stdout]    7:     0x59a86aafa702 - std[70759c8f55707aa4]::panicking::panic_handler::{closure#0}
[INFO] [stdout]    8:     0x59a86aaf3459 - std[70759c8f55707aa4]::sys::backtrace::__rust_end_short_backtrace::<std[70759c8f55707aa4]::panicking::panic_handler::{closure#0}, !>
[INFO] [stdout]    9:     0x59a86aafb2fd - __rustc[8fa7c3cbc660c2b3]::rust_begin_unwind
[INFO] [stdout]   10:     0x59a86ab32c7c - core[df12db4294e9bfd3]::panicking::panic_fmt
[INFO] [stdout]   11:     0x59a86aa93056 - <alloc[2182bb758b4b3781]::vec::Vec<*const i8>>::retain::<<lib[80a94ef6a06365dc]::fixture::VulkanContext>::create_layers::{closure#0}>
[INFO] [stdout]   12:     0x59a86aa90ff0 - <lib[80a94ef6a06365dc]::fixture::VulkanContext>::new
[INFO] [stdout]   13:     0x59a86aa8dc78 - <lib[80a94ef6a06365dc]::allocator_allocation_256::{closure#0} as core[df12db4294e9bfd3]::ops::function::FnOnce<()>>::call_once
[INFO] [stdout]   14:     0x59a86aa964ab - test[9d35eded1c95d3be]::__rust_begin_short_backtrace::<core[df12db4294e9bfd3]::result::Result<(), alloc[2182bb758b4b3781]::string::String>, fn() -> core[df12db4294e9bfd3]::result::Result<(), alloc[2182bb758b4b3781]::string::String>>
[INFO] [stdout]   15:     0x59a86aaa3b15 - test[9d35eded1c95d3be]::run_test::{closure#0}
[INFO] [stdout]   16:     0x59a86aa9d3d4 - std[70759c8f55707aa4]::sys::backtrace::__rust_begin_short_backtrace::<test[9d35eded1c95d3be]::run_test::{closure#1}, ()>
[INFO] [stdout]   17:     0x59a86aaa6c72 - <std[70759c8f55707aa4]::thread::lifecycle::spawn_unchecked<test[9d35eded1c95d3be]::run_test::{closure#1}, ()>::{closure#1} as core[df12db4294e9bfd3]::ops::function::FnOnce<()>>::call_once::{shim:vtable#0}
[INFO] [stdout]   18:     0x59a86ab1d939 - <std[70759c8f55707aa4]::sys::thread::unix::Thread>::new::thread_start
[INFO] [stdout]   19:     0x775a08d21dfa - <unknown>
[INFO] [stdout]   20:     0x775a08db53d4 - clone
[INFO] [stdout]   21:                0x0 - <unknown>
[INFO] [stdout] 
[INFO] [stdout] ---- allocator_reverse_free stdout ----
[INFO] [stdout] 
[INFO] [stdout] thread 'allocator_reverse_free' (566) panicked at tests/fixture.rs:148:17:
[INFO] [stdout] Unable to find layer: VK_LAYER_KHRONOS_validation
[INFO] [stdout] stack backtrace:
[INFO] [stdout]    0:     0x59a86ab1e061 - <<std[70759c8f55707aa4]::sys::backtrace::BacktraceLock>::print::DisplayBacktrace as core[df12db4294e9bfd3]::fmt::Display>::fmt
[INFO] [stdout]    1:     0x59a86ab3254a - core[df12db4294e9bfd3]::fmt::write
[INFO] [stdout]    2:     0x59a86ab225ac - <alloc[2182bb758b4b3781]::vec::Vec<u8> as core[df12db4294e9bfd3]::io::write::Write>::write_fmt
[INFO] [stdout]    3:     0x59a86aafa656 - std[70759c8f55707aa4]::panicking::default_hook::{closure#0}
[INFO] [stdout]    4:     0x59a86ab167c9 - std[70759c8f55707aa4]::panicking::default_hook
[INFO] [stdout]    5:     0x59a86aaa31c0 - test[9d35eded1c95d3be]::test_main_inner::<test[9d35eded1c95d3be]::test_main_static::{closure#0}>::{closure#0}
[INFO] [stdout]    6:     0x59a86ab16982 - std[70759c8f55707aa4]::panicking::panic_with_hook
[INFO] [stdout]    7:     0x59a86aafa702 - std[70759c8f55707aa4]::panicking::panic_handler::{closure#0}
[INFO] [stdout]    8:     0x59a86aaf3459 - std[70759c8f55707aa4]::sys::backtrace::__rust_end_short_backtrace::<std[70759c8f55707aa4]::panicking::panic_handler::{closure#0}, !>
[INFO] [stdout]    9:     0x59a86aafb2fd - __rustc[8fa7c3cbc660c2b3]::rust_begin_unwind
[INFO] [stdout]   10:     0x59a86ab32c7c - core[df12db4294e9bfd3]::panicking::panic_fmt
[INFO] [stdout]   11:     0x59a86aa93056 - <alloc[2182bb758b4b3781]::vec::Vec<*const i8>>::retain::<<lib[80a94ef6a06365dc]::fixture::VulkanContext>::create_layers::{closure#0}>
[INFO] [stdout]   12:     0x59a86aa90ff0 - <lib[80a94ef6a06365dc]::fixture::VulkanContext>::new
[INFO] [stdout]   13:     0x59a86aa8d558 - <lib[80a94ef6a06365dc]::allocator_reverse_free::{closure#0} as core[df12db4294e9bfd3]::ops::function::FnOnce<()>>::call_once
[INFO] [stdout]   14:     0x59a86aa964ab - test[9d35eded1c95d3be]::__rust_begin_short_backtrace::<core[df12db4294e9bfd3]::result::Result<(), alloc[2182bb758b4b3781]::string::String>, fn() -> core[df12db4294e9bfd3]::result::Result<(), alloc[2182bb758b4b3781]::string::String>>
[INFO] [stdout]   15:     0x59a86aaa3b15 - test[9d35eded1c95d3be]::run_test::{closure#0}
[INFO] [stdout]   16:     0x59a86aa9d3d4 - std[70759c8f55707aa4]::sys::backtrace::__rust_begin_short_backtrace::<test[9d35eded1c95d3be]::run_test::{closure#1}, ()>
[INFO] [stdout]   17:     0x59a86aaa6c72 - <std[70759c8f55707aa4]::thread::lifecycle::spawn_unchecked<test[9d35eded1c95d3be]::run_test::{closure#1}, ()>::{closure#1} as core[df12db4294e9bfd3]::ops::function::FnOnce<()>>::call_once::{shim:vtable#0}
[INFO] [stdout]   18:     0x59a86ab1d939 - <std[70759c8f55707aa4]::sys::thread::unix::Thread>::new::thread_start
[INFO] [stdout]   19:     0x775a08d21dfa - <unknown>
[INFO] [stdout]   20:     0x775a08db53d4 - clone
[INFO] [stdout]   21:                0x0 - <unknown>
[INFO] [stdout] 
[INFO] [stdout] 
[INFO] [stdout] failures:
[INFO] [stdout]     allocator_allocation_1024
[INFO] [stdout]     allocator_allocation_256
[INFO] [stdout]     allocator_allocation_dedicated
[INFO] [stdout]     allocator_creation
[INFO] [stdout]     allocator_free_every_second_time
[INFO] [stdout]     allocator_fuzzy
[INFO] [stdout]     allocator_granularity
[INFO] [stdout]     allocator_properly_merge_free_entries
[INFO] [stdout]     allocator_reverse_free
[INFO] [stdout]     allocator_simple_free
[INFO] [stdout]     vulkan_context_creation
[INFO] [stdout] 
[INFO] [stdout] test result: FAILED. 0 passed; 11 failed; 0 ignored; 0 measured; 0 filtered out; finished in 0.23s
[INFO] [stdout] 
[INFO] [stderr] error: test failed, to rerun pass `--test lib`
[INFO] running `Command { std: "docker" "inspect" "3192333f264fd8c4879da6ca5eb122fa2ad88d6d827a4ae00fca79ac5d5ff06e", kill_on_drop: false }`
[INFO] running `Command { std: "docker" "rm" "-f" "3192333f264fd8c4879da6ca5eb122fa2ad88d6d827a4ae00fca79ac5d5ff06e", kill_on_drop: false }`
[INFO] [stdout] 3192333f264fd8c4879da6ca5eb122fa2ad88d6d827a4ae00fca79ac5d5ff06e
