[INFO] fetching crate vivacity-resolver 0.20.0...
[INFO] testing vivacity-resolver-0.20.0 against 1.100.0-beta.1+cargoflags=--release for beta-release-1.100-2
[INFO] extracting crate vivacity-resolver 0.20.0 into /workspace/builds/worker-6-tc2/source
[INFO] started tweaking crates.io crate vivacity-resolver 0.20.0
[INFO] removed 0 missing tests
[INFO] finished tweaking crates.io crate vivacity-resolver 0.20.0
[INFO] tweaked toml for crates.io crate vivacity-resolver 0.20.0 written to /workspace/builds/worker-6-tc2/source/Cargo.toml
[INFO] validating manifest of crates.io crate vivacity-resolver 0.20.0 on toolchain 1.100.0-beta.1
[INFO] running `Command { std: CARGO_HOME="/workspace/cargo-home" RUSTUP_HOME="/workspace/rustup-home" "/workspace/cargo-home/bin/cargo" "+1.100.0-beta.1" "metadata" "--manifest-path" "Cargo.toml" "--no-deps", kill_on_drop: false }`
[INFO] crate crates.io crate vivacity-resolver 0.20.0 already has a lockfile, it will not be regenerated
[INFO] running `Command { std: CARGO_HOME="/workspace/cargo-home" RUSTUP_HOME="/workspace/rustup-home" "/workspace/cargo-home/bin/cargo" "+1.100.0-beta.1" "fetch" "--manifest-path" "Cargo.toml", kill_on_drop: false }`
[INFO] running `Command { std: "docker" "create" "-v" "/var/lib/crater-agent-workspace/builds/worker-6-tc2/source:/opt/rustwide/workdir:ro,Z" "-v" "/var/lib/crater-agent-workspace/builds/worker-6-tc2/target:/opt/rustwide/target:rw,Z" "-v" "/var/lib/crater-agent-workspace/cargo-home:/opt/rustwide/cargo-home:ro,Z" "-v" "/var/lib/crater-agent-workspace/rustup-home:/opt/rustwide/rustup-home:ro,Z" "-m" "1610612736" "--network" "none" "ghcr.io/rust-lang/crates-build-env/linux@sha256:77db811e55d90add9212f6832c23229e3de5f1c1f9905e8cb07319ea15df73ac" "sleep" "infinity", kill_on_drop: false }`
[INFO] [stdout] 562b0b354489d61b6b74c08db71cbee088ba2c524aa1abd8fd6666282716a83b
[INFO] running `Command { std: "docker" "start" "562b0b354489d61b6b74c08db71cbee088ba2c524aa1abd8fd6666282716a83b", kill_on_drop: false }`
[INFO] running `Command { std: "docker" "inspect" "562b0b354489d61b6b74c08db71cbee088ba2c524aa1abd8fd6666282716a83b", kill_on_drop: false }`
[INFO] running `Command { std: "docker" "exec" "-e" "SOURCE_DIR=/opt/rustwide/workdir" "-e" "CARGO_HOME=/opt/rustwide/cargo-home" "-e" "RUSTUP_HOME=/opt/rustwide/rustup-home" "-e" "CARGO_TARGET_DIR=/opt/rustwide/target" "-w" "/opt/rustwide/workdir" "--user" "0:0" "562b0b354489d61b6b74c08db71cbee088ba2c524aa1abd8fd6666282716a83b" "/opt/rustwide/cargo-home/bin/cargo" "+1.100.0-beta.1" "metadata" "--no-deps" "--format-version=1", kill_on_drop: false }`
[INFO] running `Command { std: "docker" "inspect" "562b0b354489d61b6b74c08db71cbee088ba2c524aa1abd8fd6666282716a83b", kill_on_drop: false }`
[INFO] running `Command { std: "docker" "exec" "-e" "SOURCE_DIR=/opt/rustwide/workdir" "-e" "CARGO_HOME=/opt/rustwide/cargo-home" "-e" "RUSTUP_HOME=/opt/rustwide/rustup-home" "-e" "CARGO_TARGET_DIR=/opt/rustwide/target" "-e" "CARGO_INCREMENTAL=0" "-e" "RUST_BACKTRACE=full" "-e" "RUSTFLAGS=--cap-lints=warn" "-e" "RUSTDOCFLAGS=--cap-lints=warn" "-w" "/opt/rustwide/workdir" "--user" "0:0" "562b0b354489d61b6b74c08db71cbee088ba2c524aa1abd8fd6666282716a83b" "/opt/rustwide/cargo-home/bin/cargo" "+1.100.0-beta.1" "build" "--frozen" "--message-format=json" "--release", kill_on_drop: false }`
[INFO] [stderr]    Compiling syn v3.0.5
[INFO] [stderr]    Compiling syn v2.0.119
[INFO] [stderr]    Compiling crc32fast v1.5.1
[INFO] [stderr]    Compiling smallvec v1.16.0
[INFO] [stderr]    Compiling simd-adler32 v0.3.10
[INFO] [stderr]    Compiling futures-sink v0.3.34
[INFO] [stderr]    Compiling jobserver v0.1.35
[INFO] [stderr]    Compiling mio v1.2.3
[INFO] [stderr]    Compiling futures-task v0.3.34
[INFO] [stderr]    Compiling digest v0.10.7
[INFO] [stderr]    Compiling rustls v0.23.44
[INFO] [stderr]    Compiling futures-channel v0.3.34
[INFO] [stderr]    Compiling compression-core v0.4.33
[INFO] [stderr]    Compiling encoding_rs v0.8.41
[INFO] [stderr]    Compiling inout v0.1.4
[INFO] [stderr]    Compiling sync_wrapper v1.0.2
[INFO] [stderr]    Compiling crc-catalog v2.5.0
[INFO] [stderr]    Compiling getrandom v0.3.4
[INFO] [stderr]    Compiling ipnet v2.12.2
[INFO] [stderr]    Compiling futures-util v0.3.34
[INFO] [stderr]    Compiling cipher v0.4.4
[INFO] [stderr]    Compiling crc v3.4.0
[INFO] [stderr]    Compiling http-body-util v0.1.5
[INFO] [stderr]    Compiling multiversion_no_op v1.0.0
[INFO] [stderr]    Compiling cc v1.4.5
[INFO] [stderr]    Compiling miniz_oxide v0.9.1
[INFO] [stderr]    Compiling bumpalo v3.20.3
[INFO] [stderr]    Compiling simdutf8 v0.1.5
[INFO] [stderr]    Compiling hmac v0.12.1
[INFO] [stderr]    Compiling core_detect v1.0.0
[INFO] [stderr]    Compiling libbz2-rs-sys v0.1.3
[INFO] [stderr]    Compiling serde_json v1.0.151
[INFO] [stderr]    Compiling zip v2.4.2
[INFO] [stderr]    Compiling libc v1.0.0-alpha.4
[INFO] [stderr]    Compiling lzma-rs v0.3.0
[INFO] [stderr]    Compiling time v0.3.55
[INFO] [stderr]    Compiling pbkdf2 v0.12.2
[INFO] [stderr]    Compiling sha1 v0.10.7
[INFO] [stderr]    Compiling aes v0.8.4
[INFO] [stderr]    Compiling zopfli v0.8.3
[INFO] [stderr]    Compiling constant_time_eq v0.3.1
[INFO] [stderr]    Compiling deflate64 v0.1.12
[INFO] [stderr]    Compiling either v1.18.0
[INFO] [stderr]    Compiling tar v0.4.46
[INFO] [stderr]    Compiling flate2 v1.1.10
[INFO] [stderr]    Compiling rayon v1.12.0
[INFO] [stderr]    Compiling compression-codecs v0.4.41
[INFO] [stderr]    Compiling md-5 v0.10.6
[INFO] [stderr]    Compiling ring v0.17.14
[INFO] [stderr]    Compiling bzip2-sys v0.1.13+1.0.8
[INFO] [stderr]    Compiling vivacity-pcre2-sys v0.20.0
[INFO] [stderr]    Compiling bzip2 v0.5.2
[INFO] [stderr]    Compiling synstructure v0.13.2
[INFO] [stderr]    Compiling zerofrom-derive v0.1.7
[INFO] [stderr]    Compiling yoke-derive v0.8.2
[INFO] [stderr]    Compiling zeroize_derive v1.5.0
[INFO] [stderr]    Compiling zeroize v1.9.0
[INFO] [stderr]    Compiling zerovec-derive v0.11.6
[INFO] [stderr]    Compiling displaydoc v0.2.7
[INFO] [stderr]    Compiling tokio-macros v2.7.2
[INFO] [stderr]    Compiling rustls-pki-types v1.15.1
[INFO] [stderr]    Compiling multiversion-macros v0.9.0
[INFO] [stderr]    Compiling serde_derive v1.0.229
[INFO] [stderr]    Compiling thiserror-impl v2.0.20
[INFO] [stderr]    Compiling tokio v1.53.1
[INFO] [stderr]    Compiling webpki-roots v1.0.9
[INFO] [stderr]    Compiling zerofrom v0.1.8
[INFO] [stderr]    Compiling yoke v0.8.3
[INFO] [stderr]    Compiling multiversion v0.9.0
[INFO] [stderr]    Compiling thiserror v2.0.20
[INFO] [stderr]    Compiling zerotrie v0.2.5
[INFO] [stderr]    Compiling zerovec v0.11.8
[INFO] [stderr]    Compiling tinystr v0.8.4
[INFO] [stderr]    Compiling potential_utf v0.1.6
[INFO] [stderr]    Compiling icu_collections v2.3.0
[INFO] [stderr]    Compiling icu_locale_core v2.3.0
[INFO] [stderr]    Compiling serde v1.0.229
[INFO] [stderr]    Compiling serde_urlencoded v0.7.1
[INFO] [stderr]    Compiling icu_provider v2.3.1
[INFO] [stderr]    Compiling icu_normalizer v2.3.0
[INFO] [stderr]    Compiling icu_properties v2.3.0
[INFO] [stderr]    Compiling rustls-webpki v0.103.15
[INFO] [stderr]    Compiling idna_adapter v1.2.2
[INFO] [stderr]    Compiling idna v1.1.0
[INFO] [stderr]    Compiling url v2.5.8
[INFO] [stderr]    Compiling tokio-util v0.7.19
[INFO] [stderr]    Compiling tower v0.5.3
[INFO] [stderr]    Compiling async-compression v0.4.46
[INFO] [stderr]    Compiling h2 v0.4.19
[INFO] [stderr]    Compiling tower-http v0.6.11
[INFO] [stderr]    Compiling tokio-rustls v0.26.5
[INFO] [stderr]    Compiling hyper v1.11.1
[INFO] [stderr]    Compiling vivacity-pcre2 v0.20.0
[INFO] [stderr]    Compiling hyper-util v0.1.20
[INFO] [stderr]    Compiling hyper-rustls v0.27.9
[INFO] [stderr]    Compiling reqwest v0.12.28
[INFO] [stderr]    Compiling vivacity-core v0.20.0
[INFO] [stderr]    Compiling vivacity-resolver v0.20.0 (/opt/rustwide/workdir)
[INFO] [stderr]     Finished `release` profile [optimized] target(s) in 2m 01s
[INFO] running `Command { std: "docker" "inspect" "562b0b354489d61b6b74c08db71cbee088ba2c524aa1abd8fd6666282716a83b", kill_on_drop: false }`
[INFO] running `Command { std: "docker" "exec" "-e" "SOURCE_DIR=/opt/rustwide/workdir" "-e" "CARGO_HOME=/opt/rustwide/cargo-home" "-e" "RUSTUP_HOME=/opt/rustwide/rustup-home" "-e" "CARGO_TARGET_DIR=/opt/rustwide/target" "-e" "CARGO_INCREMENTAL=0" "-e" "RUST_BACKTRACE=full" "-e" "RUSTFLAGS=--cap-lints=warn" "-e" "RUSTDOCFLAGS=--cap-lints=warn" "-w" "/opt/rustwide/workdir" "--user" "0:0" "562b0b354489d61b6b74c08db71cbee088ba2c524aa1abd8fd6666282716a83b" "/opt/rustwide/cargo-home/bin/cargo" "+1.100.0-beta.1" "test" "--frozen" "--no-run" "--message-format=json" "--release", kill_on_drop: false }`
[INFO] [stderr]    Compiling vivacity-resolver v0.20.0 (/opt/rustwide/workdir)
[INFO] [stderr]     Finished `release` profile [optimized] target(s) in 29.42s
[INFO] running `Command { std: "docker" "inspect" "562b0b354489d61b6b74c08db71cbee088ba2c524aa1abd8fd6666282716a83b", kill_on_drop: false }`
[INFO] running `Command { std: "docker" "exec" "-e" "SOURCE_DIR=/opt/rustwide/workdir" "-e" "CARGO_HOME=/opt/rustwide/cargo-home" "-e" "RUSTUP_HOME=/opt/rustwide/rustup-home" "-e" "CARGO_TARGET_DIR=/opt/rustwide/target" "-e" "CARGO_INCREMENTAL=0" "-e" "RUST_BACKTRACE=full" "-e" "RUSTFLAGS=--cap-lints=warn" "-e" "RUSTDOCFLAGS=--cap-lints=warn" "-w" "/opt/rustwide/workdir" "--user" "0:0" "562b0b354489d61b6b74c08db71cbee088ba2c524aa1abd8fd6666282716a83b" "/opt/rustwide/cargo-home/bin/cargo" "+1.100.0-beta.1" "test" "--frozen" "--release", kill_on_drop: false }`
[INFO] [stderr]     Finished `release` profile [optimized] target(s) in 0.24s
[INFO] [stderr]      Running unittests src/lib.rs (/opt/rustwide/target/release/build/vivacity-resolver/c647f854c8ac3905/out/vivacity_resolver-c647f854c8ac3905)
[INFO] [stdout] 
[INFO] [stdout] running 59 tests
[INFO] [stdout] test flex_filter::tests::php_float_cast ... ok
[INFO] [stdout] test json_manipulator::tests::add_link_creates_section_and_remove_drops_it ... ok
[INFO] [stdout] test json_manipulator::tests::add_link_to_existing_section ... ok
[INFO] [stdout] test json_manipulator::tests::crlf_and_tabs_are_kept ... ok
[INFO] [stdout] test flex_filter::tests::symfony_require_env_wins_and_x_becomes_x_dev ... ok
[INFO] [stdout] test json_manipulator::tests::strnatcmp_matches_php ... ok
[INFO] [stdout] test loader::tests::expands_minified_metadata ... ok
[INFO] [stdout] test constraint::tests::matching_and_bounds ... ok
[INFO] [stdout] test lockfile::tests::dates_are_reformatted_like_datetime ... ok
[INFO] [stdout] test flex_filter::tests::root_constraint_disjoint_from_symfony_require_keeps_the_package ... ok
[INFO] [stdout] test config_source::tests::remove_link_edits_in_place_and_drops_empty_section ... ok
[INFO] [stdout] test flex_filter::tests::merge_endpoints_first_wins ... ok
[INFO] [stdout] test json_manipulator::tests::sort_prefixes ... ok
[INFO] [stdout] test config_source::tests::reindent_replaces_leading_groups_of_four ... ok
[INFO] [stdout] test intervals::tests::subsets_and_compaction ... ok
[INFO] [stdout] test lockfile::tests::php_string_order ... ok
[INFO] [stdout] test merge_plugin::tests::duplicate_rules_dev_off_and_extra ... ok
[INFO] [stdout] test metacache::tests::layout_matches_composer ... ok
[INFO] [stdout] test phpver::tests::canonical_forms ... ok
[INFO] [stdout] test phpver::tests::known_orderings ... ok
[INFO] [stdout] test platform::tests::package_requirements_are_checked_and_attributed ... ok
[INFO] [stdout] test platform::tests::builds_from_a_probe_with_overrides ... ok
[INFO] [stdout] test loader::tests::loads_package_with_alias_and_self_version ... ok
[INFO] [stdout] test platform::tests::platform_names ... ok
[INFO] [stdout] test platform::tests::locate_php_resolves_an_explicit_path_only_when_executable ... ok
[INFO] [stdout] test platform::tests::reports_mismatch_and_missing ... ok
[INFO] [stdout] test platform::tests::config_platform_overrides_apply_to_the_check ... ok
[INFO] [stdout] test policy_config::tests::audit_ignore_lists_concatenate ... ok
[INFO] [stdout] test platform::tests::ignore_patterns_work ... ok
[INFO] [stdout] test policy_config::tests::defaults_block_advisories_and_malware_only ... ok
[INFO] [stdout] test constraint::tests::parses_common_forms ... ok
[INFO] [stdout] test policy_config::tests::legacy_audit_config_is_the_default_path ... ok
[INFO] [stdout] test pool::tests::transitive_dependencies_allowed_without_allow_list ... ok
[INFO] [stdout] test problem::tests::numeric_strings_compare_as_numbers ... ok
[INFO] [stdout] test problem::tests::exact_constraints_get_their_expansions ... ok
[INFO] [stdout] test problem::tests::output_styles_are_stripped_but_urls_kept ... ok
[INFO] [stdout] test merge_plugin::tests::merges_every_section_like_the_plugin ... ok
[INFO] [stdout] test platform::tests::satisfied_lock_passes ... ok
[INFO] [stdout] test root::tests::extracts_flags_aliases_references ... ok
[INFO] [stdout] test repository::advisory_api_tests::advisories_requested_in_batches_of_500 ... ok
[INFO] [stdout] test root::tests::manifest_error_follows_the_loader ... ok
[INFO] [stdout] test flex_filter::tests::legacy_packages_are_removed_and_the_notice_is_due ... ok
[INFO] [stdout] test platform::tests::probe_cache_watches_every_ini_file_and_the_scan_dir ... ok
[INFO] [stdout] test lockfile::tests::validates_packages_like_composer ... ok
[INFO] [stdout] test policy_config::tests::policy_merge_global_then_project ... ok
[INFO] [stdout] test root::tests::merge_plugin_flags_follow_the_plugin ... ok
[INFO] [stdout] test policy::tests::caches_are_scoped_to_the_pool ... ok
[INFO] [stdout] test session::tests::packagist_url_disables_default ... ok
[INFO] [stdout] test pool::tests::match_looks_up_links_by_php_key ... ok
[INFO] [stdout] test session::tests::merges_repositories_like_composer_config ... ok
[INFO] [stdout] test version::tests::name_version_pairs_follow_composer ... ok
[INFO] [stdout] test version::tests::normalizes_like_composer ... ok
[INFO] [stdout] test root::tests::loads_root_without_git ... ok
[INFO] [stdout] test version_selector::tests::transform_versions ... ok
[INFO] [stdout] test merge_plugin::tests::required_pattern_must_match_and_invalid_json_fails ... ok
[INFO] [stdout] test problem::tests::version_lists_condense_per_major ... ok
[INFO] [stderr]      Running tests/oracle_json_manipulator.rs (/opt/rustwide/target/release/build/vivacity-resolver/036b4bac89d56f90/out/oracle_json_manipulator-036b4bac89d56f90)
[INFO] [stdout] test flex_filter::tests::pruning_keeps_the_matching_splits_and_drops_unchanged_entries ... ok
[INFO] [stdout] test json_manipulator::tests::config_sub_key_removal ... ok
[INFO] [stdout] test repository::cache_tests::revalidates_from_composer_cache ... ok
[INFO] [stdout] 
[INFO] [stdout] test result: ok. 59 passed; 0 failed; 0 ignored; 0 measured; 0 filtered out; finished in 0.08s
[INFO] [stdout] 
[INFO] [stdout] 
[INFO] [stdout] running 2 tests
[INFO] [stdout] test synthetic_cases_match_composer ... FAILED
[INFO] [stdout] test real_manifests_match_composer ... FAILED
[INFO] [stdout] 
[INFO] [stdout] failures:
[INFO] [stdout] 
[INFO] [stdout] ---- synthetic_cases_match_composer stdout ----
[INFO] [stdout] 
[INFO] [stdout] thread 'synthetic_cases_match_composer' (2543) panicked at tests/oracle_json_manipulator.rs:28:9:
[INFO] [stdout] composer required
[INFO] [stdout] stack backtrace:
[INFO] [stdout]    0:     0x5dd9cc3a46a1 - <<std[617be2ca0a6fd877]::sys::backtrace::BacktraceLock>::print::DisplayBacktrace as core[a373ad73a504971]::fmt::Display>::fmt
[INFO] [stdout]    1:     0x5dd9cc3bb11a - core[a373ad73a504971]::fmt::write
[INFO] [stdout]    2:     0x5dd9cc3a8c1c - <alloc[2e1b2a31b91974c5]::vec::Vec<u8> as core[a373ad73a504971]::io::write::Write>::write_fmt
[INFO] [stdout]    3:     0x5dd9cc37ef06 - std[617be2ca0a6fd877]::panicking::default_hook::{closure#0}
[INFO] [stdout]    4:     0x5dd9cc39baf9 - std[617be2ca0a6fd877]::panicking::default_hook
[INFO] [stdout]    5:     0x5dd9cc2889a0 - test[aada8e7e76ba119b]::test_main_inner::{closure#0}
[INFO] [stdout]    6:     0x5dd9cc39bcb2 - std[617be2ca0a6fd877]::panicking::panic_with_hook
[INFO] [stdout]    7:     0x5dd9cc37efe4 - std[617be2ca0a6fd877]::panicking::panic_handler::{closure#0}
[INFO] [stdout]    8:     0x5dd9cc377a99 - std[617be2ca0a6fd877]::sys::backtrace::__rust_end_short_backtrace::<std[617be2ca0a6fd877]::panicking::panic_handler::{closure#0}, !>
[INFO] [stdout]    9:     0x5dd9cc37fbbd - __rustc[ea4f61d10b84890b]::rust_begin_unwind
[INFO] [stdout]   10:     0x5dd9cc3bb84c - core[a373ad73a504971]::panicking::panic_fmt
[INFO] [stdout]   11:     0x5dd9cc262ed4 - oracle_json_manipulator[fb2d001f47e7cce9]::phar
[INFO] [stdout]   12:     0x5dd9cc26b6c1 - <oracle_json_manipulator[fb2d001f47e7cce9]::synthetic_cases_match_composer::{closure#0} as core[a373ad73a504971]::ops::function::FnOnce<()>>::call_once
[INFO] [stdout]   13:     0x5dd9cc27bdeb - test[aada8e7e76ba119b]::__rust_begin_short_backtrace::<core[a373ad73a504971]::result::Result<(), alloc[2e1b2a31b91974c5]::string::String>, fn() -> core[a373ad73a504971]::result::Result<(), alloc[2e1b2a31b91974c5]::string::String>>
[INFO] [stdout]   14:     0x5dd9cc288fc5 - test[aada8e7e76ba119b]::run_test::{closure#0}
[INFO] [stdout]   15:     0x5dd9cc2828b4 - std[617be2ca0a6fd877]::sys::backtrace::__rust_begin_short_backtrace::<test[aada8e7e76ba119b]::run_test::{closure#1}, ()>
[INFO] [stdout]   16:     0x5dd9cc28c052 - <std[617be2ca0a6fd877]::thread::lifecycle::spawn_unchecked<test[aada8e7e76ba119b]::run_test::{closure#1}, ()>::{closure#1} as core[a373ad73a504971]::ops::function::FnOnce<()>>::call_once::{shim:vtable#0}
[INFO] [stdout]   17:     0x5dd9cc3a3adf - <std[617be2ca0a6fd877]::sys::thread::unix::Thread>::new::thread_start
[INFO] [stdout]   18:     0x724e1e264dfa - <unknown>
[INFO] [stdout]   19:     0x724e1e2f83d4 - clone
[INFO] [stdout]   20:                0x0 - <unknown>
[INFO] [stdout] 
[INFO] [stdout] ---- real_manifests_match_composer stdout ----
[INFO] [stdout] 
[INFO] [stdout] thread 'real_manifests_match_composer' (2542) panicked at tests/oracle_json_manipulator.rs:28:9:
[INFO] [stdout] composer required
[INFO] [stdout] stack backtrace:
[INFO] [stdout]    0:     0x5dd9cc3a46a1 - <<std[617be2ca0a6fd877]::sys::backtrace::BacktraceLock>::print::DisplayBacktrace as core[a373ad73a504971]::fmt::Display>::fmt
[INFO] [stdout]    1:     0x5dd9cc3bb11a - core[a373ad73a504971]::fmt::write
[INFO] [stdout]    2:     0x5dd9cc3a8c1c - <alloc[2e1b2a31b91974c5]::vec::Vec<u8> as core[a373ad73a504971]::io::write::Write>::write_fmt
[INFO] [stdout]    3:     0x5dd9cc37ef06 - std[617be2ca0a6fd877]::panicking::default_hook::{closure#0}
[INFO] [stdout]    4:     0x5dd9cc39baf9 - std[617be2ca0a6fd877]::panicking::default_hook
[INFO] [stdout]    5:     0x5dd9cc2889a0 - test[aada8e7e76ba119b]::test_main_inner::{closure#0}
[INFO] [stdout]    6:     0x5dd9cc39bcb2 - std[617be2ca0a6fd877]::panicking::panic_with_hook
[INFO] [stdout]    7:     0x5dd9cc37efe4 - std[617be2ca0a6fd877]::panicking::panic_handler::{closure#0}
[INFO] [stdout]    8:     0x5dd9cc377a99 - std[617be2ca0a6fd877]::sys::backtrace::__rust_end_short_backtrace::<std[617be2ca0a6fd877]::panicking::panic_handler::{closure#0}, !>
[INFO] [stdout]    9:     0x5dd9cc37fbbd - __rustc[ea4f61d10b84890b]::rust_begin_unwind
[INFO] [stdout]   10:     0x5dd9cc3bb84c - core[a373ad73a504971]::panicking::panic_fmt
[INFO] [stdout]   11:     0x5dd9cc262ed4 - oracle_json_manipulator[fb2d001f47e7cce9]::phar
[INFO] [stdout]   12:     0x5dd9cc26a951 - <oracle_json_manipulator[fb2d001f47e7cce9]::real_manifests_match_composer::{closure#0} as core[a373ad73a504971]::ops::function::FnOnce<()>>::call_once
[INFO] [stdout]   13:     0x5dd9cc27bdeb - test[aada8e7e76ba119b]::__rust_begin_short_backtrace::<core[a373ad73a504971]::result::Result<(), alloc[2e1b2a31b91974c5]::string::String>, fn() -> core[a373ad73a504971]::result::Result<(), alloc[2e1b2a31b91974c5]::string::String>>
[INFO] [stdout]   14:     0x5dd9cc288fc5 - test[aada8e7e76ba119b]::run_test::{closure#0}
[INFO] [stdout]   15:     0x5dd9cc2828b4 - std[617be2ca0a6fd877]::sys::backtrace::__rust_begin_short_backtrace::<test[aada8e7e76ba119b]::run_test::{closure#1}, ()>
[INFO] [stdout]   16:     0x5dd9cc28c052 - <std[617be2ca0a6fd877]::thread::lifecycle::spawn_unchecked<test[aada8e7e76ba119b]::run_test::{closure#1}, ()>::{closure#1} as core[a373ad73a504971]::ops::function::FnOnce<()>>::call_once::{shim:vtable#0}
[INFO] [stdout]   17:     0x5dd9cc3a3adf - <std[617be2ca0a6fd877]::sys::thread::unix::Thread>::new::thread_start
[INFO] [stdout]   18:     0x724e1e264dfa - <unknown>
[INFO] [stdout]   19:     0x724e1e2f83d4 - clone
[INFO] [stdout]   20:                0x0 - <unknown>
[INFO] [stdout] 
[INFO] [stdout] 
[INFO] [stdout] failures:
[INFO] [stdout]     real_manifests_match_composer
[INFO] [stdout]     synthetic_cases_match_composer
[INFO] [stdout] 
[INFO] [stdout] test result: FAILED. 0 passed; 2 failed; 0 ignored; 0 measured; 0 filtered out; finished in 0.01s
[INFO] [stdout] 
[INFO] [stderr] error: test failed, to rerun pass `--test oracle_json_manipulator`
[INFO] running `Command { std: "docker" "inspect" "562b0b354489d61b6b74c08db71cbee088ba2c524aa1abd8fd6666282716a83b", kill_on_drop: false }`
[INFO] running `Command { std: "docker" "rm" "-f" "562b0b354489d61b6b74c08db71cbee088ba2c524aa1abd8fd6666282716a83b", kill_on_drop: false }`
[INFO] [stdout] 562b0b354489d61b6b74c08db71cbee088ba2c524aa1abd8fd6666282716a83b
