[INFO] fetching crate vivacity-core 0.20.0...
[INFO] testing vivacity-core-0.20.0 against 1.100.0-beta.1+cargoflags=--release for beta-release-1.100-2
[INFO] extracting crate vivacity-core 0.20.0 into /workspace/builds/worker-0-tc2/source
[INFO] started tweaking crates.io crate vivacity-core 0.20.0
[INFO] removed 0 missing examples
[INFO] removed 0 missing tests
[INFO] finished tweaking crates.io crate vivacity-core 0.20.0
[INFO] tweaked toml for crates.io crate vivacity-core 0.20.0 written to /workspace/builds/worker-0-tc2/source/Cargo.toml
[INFO] validating manifest of crates.io crate vivacity-core 0.20.0 on toolchain 1.100.0-beta.1
[INFO] running `Command { std: CARGO_HOME="/workspace/cargo-home" RUSTUP_HOME="/workspace/rustup-home" "/workspace/cargo-home/bin/cargo" "+1.100.0-beta.1" "metadata" "--manifest-path" "Cargo.toml" "--no-deps", kill_on_drop: false }`
[INFO] crate crates.io crate vivacity-core 0.20.0 already has a lockfile, it will not be regenerated
[INFO] running `Command { std: CARGO_HOME="/workspace/cargo-home" RUSTUP_HOME="/workspace/rustup-home" "/workspace/cargo-home/bin/cargo" "+1.100.0-beta.1" "fetch" "--manifest-path" "Cargo.toml", kill_on_drop: false }`
[INFO] running `Command { std: "docker" "create" "-v" "/var/lib/crater-agent-workspace/builds/worker-0-tc2/source:/opt/rustwide/workdir:ro,Z" "-v" "/var/lib/crater-agent-workspace/builds/worker-0-tc2/target:/opt/rustwide/target:rw,Z" "-v" "/var/lib/crater-agent-workspace/cargo-home:/opt/rustwide/cargo-home:ro,Z" "-v" "/var/lib/crater-agent-workspace/rustup-home:/opt/rustwide/rustup-home:ro,Z" "-m" "1610612736" "--network" "none" "ghcr.io/rust-lang/crates-build-env/linux@sha256:77db811e55d90add9212f6832c23229e3de5f1c1f9905e8cb07319ea15df73ac" "sleep" "infinity", kill_on_drop: false }`
[INFO] [stdout] ad9e759e48a4b628c65d35d343172f10c5b04b62fd58fa063f2233fdb8f94407
[INFO] running `Command { std: "docker" "start" "ad9e759e48a4b628c65d35d343172f10c5b04b62fd58fa063f2233fdb8f94407", kill_on_drop: false }`
[INFO] running `Command { std: "docker" "inspect" "ad9e759e48a4b628c65d35d343172f10c5b04b62fd58fa063f2233fdb8f94407", kill_on_drop: false }`
[INFO] running `Command { std: "docker" "exec" "-e" "SOURCE_DIR=/opt/rustwide/workdir" "-e" "CARGO_HOME=/opt/rustwide/cargo-home" "-e" "RUSTUP_HOME=/opt/rustwide/rustup-home" "-e" "CARGO_TARGET_DIR=/opt/rustwide/target" "-w" "/opt/rustwide/workdir" "--user" "0:0" "ad9e759e48a4b628c65d35d343172f10c5b04b62fd58fa063f2233fdb8f94407" "/opt/rustwide/cargo-home/bin/cargo" "+1.100.0-beta.1" "metadata" "--no-deps" "--format-version=1", kill_on_drop: false }`
[INFO] running `Command { std: "docker" "inspect" "ad9e759e48a4b628c65d35d343172f10c5b04b62fd58fa063f2233fdb8f94407", kill_on_drop: false }`
[INFO] running `Command { std: "docker" "exec" "-e" "SOURCE_DIR=/opt/rustwide/workdir" "-e" "CARGO_HOME=/opt/rustwide/cargo-home" "-e" "RUSTUP_HOME=/opt/rustwide/rustup-home" "-e" "CARGO_TARGET_DIR=/opt/rustwide/target" "-e" "CARGO_INCREMENTAL=0" "-e" "RUST_BACKTRACE=full" "-e" "RUSTFLAGS=--cap-lints=warn" "-e" "RUSTDOCFLAGS=--cap-lints=warn" "-w" "/opt/rustwide/workdir" "--user" "0:0" "ad9e759e48a4b628c65d35d343172f10c5b04b62fd58fa063f2233fdb8f94407" "/opt/rustwide/cargo-home/bin/cargo" "+1.100.0-beta.1" "build" "--frozen" "--message-format=json" "--release", kill_on_drop: false }`
[INFO] [stderr]    Compiling find-msvc-tools v0.1.12
[INFO] [stderr]    Compiling crc32fast v1.5.1
[INFO] [stderr]    Compiling smallvec v1.16.0
[INFO] [stderr]    Compiling syn v3.0.5
[INFO] [stderr]    Compiling simd-adler32 v0.3.10
[INFO] [stderr]    Compiling jobserver v0.1.35
[INFO] [stderr]    Compiling errno v0.3.14
[INFO] [stderr]    Compiling socket2 v0.6.5
[INFO] [stderr]    Compiling mio v1.2.3
[INFO] [stderr]    Compiling zeroize_derive v1.5.0
[INFO] [stderr]    Compiling indexmap v2.14.2
[INFO] [stderr]    Compiling generic-array v0.14.7
[INFO] [stderr]    Compiling adler2 v2.0.1
[INFO] [stderr]    Compiling http-body v1.1.0
[INFO] [stderr]    Compiling futures-task v0.3.34
[INFO] [stderr]    Compiling rustls v0.23.44
[INFO] [stderr]    Compiling compression-core v0.4.33
[INFO] [stderr]    Compiling bitflags v2.13.1
[INFO] [stderr]    Compiling futures-util v0.3.34
[INFO] [stderr]    Compiling encoding_rs v0.8.41
[INFO] [stderr]    Compiling sync_wrapper v1.0.2
[INFO] [stderr]    Compiling cc v1.4.5
[INFO] [stderr]    Compiling signal-hook-registry v1.4.8
[INFO] [stderr]    Compiling getrandom v0.4.3
[INFO] [stderr]    Compiling crc-catalog v2.5.0
[INFO] [stderr]    Compiling getrandom v0.3.4
[INFO] [stderr]    Compiling miniz_oxide v0.9.1
[INFO] [stderr]    Compiling ipnet v2.12.2
[INFO] [stderr]    Compiling crc v3.4.0
[INFO] [stderr]    Compiling flate2 v1.1.10
[INFO] [stderr]    Compiling http-body-util v0.1.5
[INFO] [stderr]    Compiling core_detect v1.0.0
[INFO] [stderr]    Compiling multiversion_no_op v1.0.0
[INFO] [stderr]    Compiling zeroize v1.9.0
[INFO] [stderr]    Compiling bumpalo v3.20.3
[INFO] [stderr]    Compiling serde_json v1.0.151
[INFO] [stderr]    Compiling deranged v0.5.8
[INFO] [stderr]    Compiling simdutf8 v0.1.5
[INFO] [stderr]    Compiling rustls-pki-types v1.15.1
[INFO] [stderr]    Compiling compression-codecs v0.4.41
[INFO] [stderr]    Compiling powerfmt v0.2.0
[INFO] [stderr]    Compiling crypto-common v0.1.7
[INFO] [stderr]    Compiling block-buffer v0.10.4
[INFO] [stderr]    Compiling inout v0.1.4
[INFO] [stderr]    Compiling digest v0.10.7
[INFO] [stderr]    Compiling zip v2.4.2
[INFO] [stderr]    Compiling libc v1.0.0-alpha.4
[INFO] [stderr]    Compiling libbz2-rs-sys v0.1.3
[INFO] [stderr]    Compiling cipher v0.4.4
[INFO] [stderr]    Compiling zopfli v0.8.3
[INFO] [stderr]    Compiling lzma-rs v0.3.0
[INFO] [stderr]    Compiling rustix v1.1.4
[INFO] [stderr]    Compiling hmac v0.12.1
[INFO] [stderr]    Compiling aes v0.8.4
[INFO] [stderr]    Compiling webpki-roots v1.0.9
[INFO] [stderr]    Compiling pbkdf2 v0.12.2
[INFO] [stderr]    Compiling sha1 v0.10.7
[INFO] [stderr]    Compiling filetime v0.2.29
[INFO] [stderr]    Compiling deflate64 v0.1.12
[INFO] [stderr]    Compiling fastrand v2.5.0
[INFO] [stderr]    Compiling constant_time_eq v0.3.1
[INFO] [stderr]    Compiling either v1.18.0
[INFO] [stderr]    Compiling tar v0.4.46
[INFO] [stderr]    Compiling rayon v1.12.0
[INFO] [stderr]    Compiling md-5 v0.10.6
[INFO] [stderr]    Compiling base64 v0.23.1
[INFO] [stderr]    Compiling ring v0.17.14
[INFO] [stderr]    Compiling bzip2-sys v0.1.13+1.0.8
[INFO] [stderr]    Compiling vivacity-pcre2-sys v0.20.0
[INFO] [stderr]    Compiling bzip2 v0.5.2
[INFO] [stderr]    Compiling time v0.3.55
[INFO] [stderr]    Compiling tempfile v3.27.0
[INFO] [stderr]    Compiling displaydoc v0.2.7
[INFO] [stderr]    Compiling zerovec-derive v0.11.6
[INFO] [stderr]    Compiling tokio-macros v2.7.2
[INFO] [stderr]    Compiling serde_derive v1.0.229
[INFO] [stderr]    Compiling multiversion-macros v0.9.0
[INFO] [stderr]    Compiling thiserror-impl v2.0.20
[INFO] [stderr]    Compiling multiversion v0.9.0
[INFO] [stderr]    Compiling tokio v1.53.1
[INFO] [stderr]    Compiling zerotrie v0.2.5
[INFO] [stderr]    Compiling zerovec v0.11.8
[INFO] [stderr]    Compiling thiserror v2.0.20
[INFO] [stderr]    Compiling tinystr v0.8.4
[INFO] [stderr]    Compiling potential_utf v0.1.6
[INFO] [stderr]    Compiling icu_collections v2.3.0
[INFO] [stderr]    Compiling icu_locale_core v2.3.0
[INFO] [stderr]    Compiling serde v1.0.229
[INFO] [stderr]    Compiling icu_provider v2.3.1
[INFO] [stderr]    Compiling icu_properties v2.3.0
[INFO] [stderr]    Compiling icu_normalizer v2.3.0
[INFO] [stderr]    Compiling serde_urlencoded v0.7.1
[INFO] [stderr]    Compiling rustls-webpki v0.103.15
[INFO] [stderr]    Compiling idna_adapter v1.2.2
[INFO] [stderr]    Compiling idna v1.1.0
[INFO] [stderr]    Compiling url v2.5.8
[INFO] [stderr]    Compiling tokio-util v0.7.19
[INFO] [stderr]    Compiling async-compression v0.4.46
[INFO] [stderr]    Compiling tower v0.5.3
[INFO] [stderr]    Compiling h2 v0.4.19
[INFO] [stderr]    Compiling tower-http v0.6.11
[INFO] [stderr]    Compiling tokio-rustls v0.26.5
[INFO] [stderr]    Compiling hyper v1.11.1
[INFO] [stderr]    Compiling hyper-util v0.1.20
[INFO] [stderr]    Compiling vivacity-pcre2 v0.20.0
[INFO] [stderr]    Compiling hyper-rustls v0.27.9
[INFO] [stderr]    Compiling reqwest v0.12.28
[INFO] [stderr]    Compiling vivacity-core v0.20.0 (/opt/rustwide/workdir)
[INFO] [stderr]     Finished `release` profile [optimized] target(s) in 2m 23s
[INFO] running `Command { std: "docker" "inspect" "ad9e759e48a4b628c65d35d343172f10c5b04b62fd58fa063f2233fdb8f94407", kill_on_drop: false }`
[INFO] running `Command { std: "docker" "exec" "-e" "SOURCE_DIR=/opt/rustwide/workdir" "-e" "CARGO_HOME=/opt/rustwide/cargo-home" "-e" "RUSTUP_HOME=/opt/rustwide/rustup-home" "-e" "CARGO_TARGET_DIR=/opt/rustwide/target" "-e" "CARGO_INCREMENTAL=0" "-e" "RUST_BACKTRACE=full" "-e" "RUSTFLAGS=--cap-lints=warn" "-e" "RUSTDOCFLAGS=--cap-lints=warn" "-w" "/opt/rustwide/workdir" "--user" "0:0" "ad9e759e48a4b628c65d35d343172f10c5b04b62fd58fa063f2233fdb8f94407" "/opt/rustwide/cargo-home/bin/cargo" "+1.100.0-beta.1" "test" "--frozen" "--no-run" "--message-format=json" "--release", kill_on_drop: false }`
[INFO] [stderr]    Compiling zerocopy v0.8.57
[INFO] [stderr]    Compiling rand_core v0.9.5
[INFO] [stderr]    Compiling num-traits v0.2.19
[INFO] [stderr]    Compiling wait-timeout v0.2.1
[INFO] [stderr]    Compiling rusty-fork v0.3.1
[INFO] [stderr]    Compiling rand_xorshift v0.4.0
[INFO] [stderr]    Compiling rand v0.9.5
[INFO] [stderr]    Compiling ppv-lite86 v0.2.21
[INFO] [stderr]    Compiling rand_chacha v0.9.0
[INFO] [stderr]    Compiling proptest v1.11.0
[INFO] [stderr]    Compiling vivacity-core v0.20.0 (/opt/rustwide/workdir)
[INFO] [stderr]     Finished `release` profile [optimized] target(s) in 50.59s
[INFO] running `Command { std: "docker" "inspect" "ad9e759e48a4b628c65d35d343172f10c5b04b62fd58fa063f2233fdb8f94407", kill_on_drop: false }`
[INFO] running `Command { std: "docker" "exec" "-e" "SOURCE_DIR=/opt/rustwide/workdir" "-e" "CARGO_HOME=/opt/rustwide/cargo-home" "-e" "RUSTUP_HOME=/opt/rustwide/rustup-home" "-e" "CARGO_TARGET_DIR=/opt/rustwide/target" "-e" "CARGO_INCREMENTAL=0" "-e" "RUST_BACKTRACE=full" "-e" "RUSTFLAGS=--cap-lints=warn" "-e" "RUSTDOCFLAGS=--cap-lints=warn" "-w" "/opt/rustwide/workdir" "--user" "0:0" "ad9e759e48a4b628c65d35d343172f10c5b04b62fd58fa063f2233fdb8f94407" "/opt/rustwide/cargo-home/bin/cargo" "+1.100.0-beta.1" "test" "--frozen" "--release", kill_on_drop: false }`
[INFO] [stderr]     Finished `release` profile [optimized] target(s) in 0.28s
[INFO] [stderr]      Running unittests src/lib.rs (/opt/rustwide/target/release/build/vivacity-core/146bbf4c3630ba68/out/vivacity_core-146bbf4c3630ba68)
[INFO] [stdout] 
[INFO] [stdout] running 113 tests
[INFO] [stdout] test dirs::tests::precedence_env_then_project_then_global ... ok
[INFO] [stdout] test constraint::tests::and_or_and_hyphen ... ok
[INFO] [stdout] test dirs::tests::defaults ... ok
[INFO] [stdout] test constraint::tests::caret_tilde_wildcards ... ok
[INFO] [stdout] test constraint::tests::operators_and_dev_floors ... ok
[INFO] [stdout] test constraint::tests::unsupported_forms_error_out ... ok
[INFO] [stdout] test content_hash::tests::config_platform_is_renested ... ok
[INFO] [stdout] test dirs::tests::project_config_trailing_slashes_and_dot_prefix ... ok
[INFO] [stdout] test dirs::tests::refused_forms ... ok
[INFO] [stdout] test clone::tests::clones_files_dirs_symlinks_and_exec_bits ... ok
[INFO] [stdout] test extract::tar_tests::refuses_escapes_and_devices ... ok
[INFO] [stdout] test c3_plugin::tests::copies_once_and_never_overwrites ... ok
[INFO] [stdout] test extract::tests::an_honest_zip_just_under_the_budget_is_extracted ... ok
[INFO] [stdout] test extract::tests::an_archive_that_is_only_a_symlink_is_refused ... ok
[INFO] [stdout] test extract::tests::a_chain_of_symlinks_cannot_escape ... ok
[INFO] [stdout] test extract::tar_tests::strips_single_root_keeps_modes_and_flattens_links ... ok
[INFO] [stdout] test extract::tests::a_zip_of_many_small_entries_shares_one_budget ... ok
[INFO] [stdout] test extract::tests::a_plain_symlink_inside_the_package_still_works ... ok
[INFO] [stdout] test content_hash::tests::minimal_manifest_is_stable ... ok
[INFO] [stdout] test extract::tests::a_zip_that_lies_about_its_size_is_still_bounded ... ok
[INFO] [stdout] test bamarni_bin::tests::defaults_forward_and_types ... ok
[INFO] [stdout] test extract::tests::a_symlink_target_may_not_cross_a_symlink_of_the_archive ... ok
[INFO] [stdout] test extract::tests::a_tar_that_lies_in_its_header_is_still_bounded ... ok
[INFO] [stdout] test extract::tests::a_file_and_a_path_under_it_are_refused_both_ways ... ok
[INFO] [stdout] test extract::tests::bzip2_entry_decompresses_through_the_pure_rust_backend ... ok
[INFO] [stdout] test glob::tests::dirname_like_php ... ok
[INFO] [stdout] test fetch::tests::cache_layout_matches_composer ... ok
[INFO] [stdout] test fetch::tests::composer_auth_env_shape_is_parsed ... ok
[INFO] [stdout] test fetch::tests::a_dist_url_that_names_a_local_file_is_recognised ... ok
[INFO] [stdout] test glob::tests::braces ... ok
[INFO] [stdout] test glob::tests::matching ... ok
[INFO] [stdout] test fetch::tests::the_retry_delays_are_composers ... ok
[INFO] [stdout] test fetch::tests::the_retry_rule_is_composers ... ok
[INFO] [stdout] test extract::tests::zip_slip_paths_are_rejected ... ok
[INFO] [stdout] test fetch::tests::auth_header_selection ... ok
[INFO] [stdout] test extract::tests::strips_root_and_preserves_exec_bit ... ok
[INFO] [stdout] test constraint::lower_bound_tests::bounds ... ok
[INFO] [stdout] test dirs::tests::placeholder ... ok
[INFO] [stdout] test layout::tests::allow_plugins_patterns_and_merge ... ok
[INFO] [stdout] test extract::tests::valid_symlink_is_recreated_hostile_ones_rejected ... ok
[INFO] [stdout] test installer::bat_prune_tests::a_declared_bat_bin_is_not_pruned ... ok
[INFO] [stdout] test glob::tests::plain_glob_files_and_dirs_bytewise_no_braces ... ok
[INFO] [stdout] test installers::tests::framework_prefix_uses_krsort_order ... ok
[INFO] [stdout] test installers::tests::installer_name_disable_and_custom_frameworks ... ok
[INFO] [stdout] test installers::tests::wordpress_default_and_custom_paths ... ok
[INFO] [stdout] test installers::tests::tables_load_and_versions_are_known ... ok
[INFO] [stdout] test lock::placeholder_tests::dist_url_placeholders_like_composer_mirror ... ok
[INFO] [stdout] test lock::tests::empty_platform_as_array ... ok
[INFO] [stdout] test package_versions::tests::rendered_file_is_the_template ... ok
[INFO] [stdout] test layout::tests::unported_version_custom_framework_and_dangerous_targets_are_issues ... ok
[INFO] [stdout] test extract::tests::strips_only_a_single_top_level_directory ... ok
[INFO] [stdout] test path_install::tests::glob_to_regex_like_symfony ... ok
[INFO] [stdout] test pathutil::tests::shortest_path_codes ... ok
[INFO] [stdout] test pathutil::tests::canonicalize_has_no_verbatim_prefix ... ok
[INFO] [stdout] test pathutil::tests::normalize ... ok
[INFO] [stdout] test path_install::tests::exclude_patterns_like_composer ... ok
[INFO] [stdout] test pest_plugin::tests::order_after_a_transaction ... ok
[INFO] [stdout] test phparray::tests::merge_and_deep_like_php ... ok
[INFO] [stdout] test phparray::tests::empty_list_is_an_empty_array ... ok
[INFO] [stdout] test pest_plugin::tests::dump_like_the_plugin ... ok
[INFO] [stdout] test layout::tests::custom_dir_like_package_utils ... ok
[INFO] [stdout] test layout::tests::vendor_dir_moves_every_derived_path ... ok
[INFO] [stdout] test phpjson::tests::compact_object_preserves_order ... ok
[INFO] [stdout] test lock::tests::parses_minimal_lock ... ok
[INFO] [stdout] test layout::tests::without_plugin_everything_goes_to_vendor ... ok
[INFO] [stdout] test phpjson::tests::sequential_numeric_keys_become_array ... ok
[INFO] [stdout] test phpjson::tests::empty_object_becomes_array ... ok
[INFO] [stdout] test phpcs_installer::tests::rulesets_by_depth ... ok
[INFO] [stdout] test layout::tests::wordpress_core_dir_like_the_plugin ... ok
[INFO] [stdout] test phpjson::tests::numbers_round_trip ... ok
[INFO] [stdout] test package_versions::tests::versions_follow_the_generator ... ok
[INFO] [stdout] test pathutil::tests::shortest_paths_directories ... ok
[INFO] [stdout] test layout::tests::plugin_allowed_places_packages_and_blocked_keeps_vendor ... ok
[INFO] [stdout] test layout::tests::removals_follow_installed_json_when_paths_agree ... ok
[INFO] [stdout] test phpjson::tests::slash_and_unicode_are_escaped ... ok
[INFO] [stdout] test phparray::tests::merge_recursive_like_php ... ok
[INFO] [stdout] test phpcs_installer::tests::config_round_trip_like_phpcs ... ok
[INFO] [stdout] test layout::tests::plugin_present_on_one_side_only_is_a_transition_for_composer ... ok
[INFO] [stdout] test runtime_stub::tests::var_export_like_php ... ok
[INFO] [stdout] test scope::tests::bamarni_bin_native_unless_it_forwards ... ok
[INFO] [stdout] test phpserialize::tests::path_repository_options ... ok
[INFO] [stdout] test phpserialize::tests::scalars_and_keys_like_php ... ok
[INFO] [stdout] test platform::tests::ignore_patterns ... ok
[INFO] [stdout] test scope::tests::no_dev_skips_dev_packages ... ok
[INFO] [stdout] test scope::tests::no_plugins_makes_every_plugin_a_plain_library ... ok
[INFO] [stdout] test scope::tests::thanks_and_normalize_are_benign_at_install ... ok
[INFO] [stdout] test runtime_stub::tests::default_stub_matches_the_observed_output ... ok
[INFO] [stdout] test scope::tests::unknown_or_layout_plugin_is_out_of_scope ... ok
[INFO] [stdout] test root_version::tests::normalize_branch_matches_semver ... ok
[INFO] [stdout] test scope::tests::path_package_is_native_when_its_source_exists ... ok
[INFO] [stdout] test root_version::tests::feature_branches ... ok
[INFO] [stdout] test scope::tests::plain_library_is_native ... ok
[INFO] [stdout] test root_version::tests::collapse ... ok
[INFO] [stdout] test scope::tests::preferred_install_auto_hands_over_for_a_dev_package ... ok
[INFO] [stdout] test scope::tests::thanks_reminder_only_on_update_with_install ... ok
[INFO] [stdout] test state::tests::installed_json_shape ... ok
[INFO] [stdout] test state::tests::installed_php_contains_virtual_and_root_entries ... ok
[INFO] [stdout] test state::tests::php_str_escapes ... ok
[INFO] [stdout] test yii2_composer::tests::entry_like_the_installer ... ok
[INFO] [stdout] test version::tests::parses_and_orders ... ok
[INFO] [stdout] test version::tests::rejects_out_of_subset ... ok
[INFO] [stdout] test scope::tests::unread_config_keys_are_scope_issues ... ok
[INFO] [stdout] test scope::tests::yii2_composer_is_emulated_except_with_yii2_dev ... ok
[INFO] [stdout] test scope::tests::license_check_native_unless_configured ... ok
[INFO] [stdout] test state::tests::inline_alias_of_the_lock_is_listed ... ok
[INFO] [stdout] test yii2_composer::tests::file_like_save_extensions ... ok
[INFO] [stdout] test store::tests::ensure_is_idempotent_and_atomic ... ok
[INFO] [stdout] test scope::tests::emulated_and_benign_plugins_stay_native ... ok
[INFO] [stdout] test scope::tests::install_preference_patterns_match_like_pcre ... ok
[INFO] [stdout] test scope::tests::installers_without_allow_plugins_and_sourceless_dist_are_out_of_scope ... ok
[INFO] [stdout] test jsonfile::tests::reparses_when_the_file_changes_and_forgets_when_it_goes ... ok
[INFO] [stdout] test root_version::tests::detect_in_git_repo ... ok
[INFO] [stderr]      Running unittests src/bin/spike.rs (/opt/rustwide/target/release/build/vivacity-core/4866eb462cc92ed3/out/spike-4866eb462cc92ed3)
[INFO] [stdout] test glob::tests::matches_php_glob ... ok
[INFO] [stdout] 
[INFO] [stdout] test result: ok. 113 passed; 0 failed; 0 ignored; 0 measured; 0 filtered out; finished in 0.33s
[INFO] [stdout] 
[INFO] [stderr]      Running tests/entry_read.rs (/opt/rustwide/target/release/build/vivacity-core/1be86e42fb17b56c/out/entry_read-1be86e42fb17b56c)
[INFO] [stdout] 
[INFO] [stdout] running 0 tests
[INFO] [stdout] 
[INFO] [stdout] test result: ok. 0 passed; 0 failed; 0 ignored; 0 measured; 0 filtered out; finished in 0.00s
[INFO] [stdout] 
[INFO] [stdout] 
[INFO] [stdout] running 4 tests
[INFO] [stdout] test entries_fold_case_like_the_filesystem ... ok
[INFO] [stdout] test tar_entry_takes_the_last_of_a_repeated_name ... ok
[INFO] [stdout] test tar_entry_reads_what_the_extraction_lays_out ... ok
[INFO] [stderr]      Running tests/fixtures_binproxy.rs (/opt/rustwide/target/release/build/vivacity-core/e38caac9fd6e65cc/out/fixtures_binproxy-e38caac9fd6e65cc)
[INFO] [stdout] test zip_entry_reads_what_the_extraction_lays_out ... ok
[INFO] [stdout] 
[INFO] [stdout] test result: ok. 4 passed; 0 failed; 0 ignored; 0 measured; 0 filtered out; finished in 0.02s
[INFO] [stdout] 
[INFO] [stdout] 
[INFO] [stdout] running 6 tests
[INFO] [stdout] test bat_caller_matches_determine_binary_caller ... ok
[INFO] [stdout] test bat_follows_resolved_bin_compat ... ok
[INFO] [stdout] test proxies_match_composer_byte_for_byte ... FAILED
[INFO] [stdout] test bat_proxy_existing_is_skipped_not_overwritten ... ok
[INFO] [stdout] test bat_proxy_bytes_match_composer_under_full_bin_compat ... ok
[INFO] [stderr] error: test failed, to rerun pass `--test fixtures_binproxy`
[INFO] [stdout] test existing_regular_file_is_skipped_with_composer_message ... ok
[INFO] [stdout] 
[INFO] [stdout] failures:
[INFO] [stdout] 
[INFO] [stdout] ---- proxies_match_composer_byte_for_byte stdout ----
[INFO] [stdout] 
[INFO] [stdout] thread 'proxies_match_composer_byte_for_byte' (3185) panicked at tests/fixtures_binproxy.rs:9:5:
[INFO] [stdout] fixture laravel missing — run fixtures/make.sh
[INFO] [stdout] stack backtrace:
[INFO] [stdout]    0:     0x62695b10da81 - <<std[617be2ca0a6fd877]::sys::backtrace::BacktraceLock>::print::DisplayBacktrace as core[a373ad73a504971]::fmt::Display>::fmt
[INFO] [stdout]    1:     0x62695b122dea - core[a373ad73a504971]::fmt::write
[INFO] [stdout]    2:     0x62695b111f6c - <alloc[2e1b2a31b91974c5]::vec::Vec<u8> as core[a373ad73a504971]::io::write::Write>::write_fmt
[INFO] [stdout]    3:     0x62695b0e7856 - std[617be2ca0a6fd877]::panicking::default_hook::{closure#0}
[INFO] [stdout]    4:     0x62695b104cc9 - std[617be2ca0a6fd877]::panicking::default_hook
[INFO] [stdout]    5:     0x62695b09f8f0 - test[aada8e7e76ba119b]::test_main_inner::{closure#0}
[INFO] [stdout]    6:     0x62695b104e82 - std[617be2ca0a6fd877]::panicking::panic_with_hook
[INFO] [stdout]    7:     0x62695b0e7934 - std[617be2ca0a6fd877]::panicking::panic_handler::{closure#0}
[INFO] [stdout]    8:     0x62695b0e0269 - std[617be2ca0a6fd877]::sys::backtrace::__rust_end_short_backtrace::<std[617be2ca0a6fd877]::panicking::panic_handler::{closure#0}, !>
[INFO] [stdout]    9:     0x62695b0e86bd - __rustc[ea4f61d10b84890b]::rust_begin_unwind
[INFO] [stdout]   10:     0x62695b12351c - core[a373ad73a504971]::panicking::panic_fmt
[INFO] [stdout]   11:     0x62695b0798ef - <fixtures_binproxy[24f551a7a2b957f1]::proxies_match_composer_byte_for_byte::{closure#0} as core[a373ad73a504971]::ops::function::FnOnce<()>>::call_once
[INFO] [stdout]   12:     0x62695b092d3b - test[aada8e7e76ba119b]::__rust_begin_short_backtrace::<core[a373ad73a504971]::result::Result<(), alloc[2e1b2a31b91974c5]::string::String>, fn() -> core[a373ad73a504971]::result::Result<(), alloc[2e1b2a31b91974c5]::string::String>>
[INFO] [stdout]   13:     0x62695b09ff15 - test[aada8e7e76ba119b]::run_test::{closure#0}
[INFO] [stdout]   14:     0x62695b099804 - std[617be2ca0a6fd877]::sys::backtrace::__rust_begin_short_backtrace::<test[aada8e7e76ba119b]::run_test::{closure#1}, ()>
[INFO] [stdout]   15:     0x62695b0a2fa2 - <std[617be2ca0a6fd877]::thread::lifecycle::spawn_unchecked<test[aada8e7e76ba119b]::run_test::{closure#1}, ()>::{closure#1} as core[a373ad73a504971]::ops::function::FnOnce<()>>::call_once::{shim:vtable#0}
[INFO] [stdout]   16:     0x62695b10cd9f - <std[617be2ca0a6fd877]::sys::thread::unix::Thread>::new::thread_start
[INFO] [stdout]   17:     0x7ae01c5a9dfa - <unknown>
[INFO] [stdout]   18:     0x7ae01c63d3d4 - clone
[INFO] [stdout]   19:                0x0 - <unknown>
[INFO] [stdout] 
[INFO] [stdout] 
[INFO] [stdout] failures:
[INFO] [stdout]     proxies_match_composer_byte_for_byte
[INFO] [stdout] 
[INFO] [stdout] test result: FAILED. 5 passed; 1 failed; 0 ignored; 0 measured; 0 filtered out; finished in 0.01s
[INFO] [stdout] 
[INFO] running `Command { std: "docker" "inspect" "ad9e759e48a4b628c65d35d343172f10c5b04b62fd58fa063f2233fdb8f94407", kill_on_drop: false }`
[INFO] running `Command { std: "docker" "rm" "-f" "ad9e759e48a4b628c65d35d343172f10c5b04b62fd58fa063f2233fdb8f94407", kill_on_drop: false }`
[INFO] [stdout] ad9e759e48a4b628c65d35d343172f10c5b04b62fd58fa063f2233fdb8f94407
