[INFO] fetching crate vissue-tui 0.21.0...
[INFO] testing vissue-tui-0.21.0 against 1.99.0-beta.8+cargoflags=--release for beta-release-1.100-2
[INFO] extracting crate vissue-tui 0.21.0 into /workspace/builds/worker-2-tc1/source
[INFO] started tweaking crates.io crate vissue-tui 0.21.0
[INFO] removed 0 missing tests
[INFO] finished tweaking crates.io crate vissue-tui 0.21.0
[INFO] tweaked toml for crates.io crate vissue-tui 0.21.0 written to /workspace/builds/worker-2-tc1/source/Cargo.toml
[INFO] validating manifest of crates.io crate vissue-tui 0.21.0 on toolchain 1.99.0-beta.8
[INFO] running `Command { std: CARGO_HOME="/workspace/cargo-home" RUSTUP_HOME="/workspace/rustup-home" "/workspace/cargo-home/bin/cargo" "+1.99.0-beta.8" "metadata" "--manifest-path" "Cargo.toml" "--no-deps", kill_on_drop: false }`
[INFO] crate crates.io crate vissue-tui 0.21.0 already has a lockfile, it will not be regenerated
[INFO] running `Command { std: CARGO_HOME="/workspace/cargo-home" RUSTUP_HOME="/workspace/rustup-home" "/workspace/cargo-home/bin/cargo" "+1.99.0-beta.8" "fetch" "--manifest-path" "Cargo.toml", kill_on_drop: false }`
[INFO] [stderr]     Updating crates.io index
[INFO] [stderr]  Downloading crates ...
[INFO] [stderr]   Downloaded vissue-serve v0.21.0
[INFO] [stderr]   Downloaded capnp v0.27.2
[INFO] [stderr]   Downloaded embedded-io v0.7.1
[INFO] [stderr]   Downloaded vissue-control v0.21.0
[INFO] [stderr]   Downloaded vissue-core v0.21.0
[INFO] [stderr]   Downloaded lru v0.18.1
[INFO] running `Command { std: "docker" "create" "-v" "/var/lib/crater-agent-workspace/builds/worker-2-tc1/source:/opt/rustwide/workdir:ro,Z" "-v" "/var/lib/crater-agent-workspace/builds/worker-2-tc1/target:/opt/rustwide/target:rw,Z" "-v" "/var/lib/crater-agent-workspace/cargo-home:/opt/rustwide/cargo-home:ro,Z" "-v" "/var/lib/crater-agent-workspace/rustup-home:/opt/rustwide/rustup-home:ro,Z" "-m" "1610612736" "--network" "none" "ghcr.io/rust-lang/crates-build-env/linux@sha256:77db811e55d90add9212f6832c23229e3de5f1c1f9905e8cb07319ea15df73ac" "sleep" "infinity", kill_on_drop: false }`
[INFO] [stdout] 838744ccb5d7f09216bc72d0efd049f2b344d3b263b121457f0f957c6a02470a
[INFO] running `Command { std: "docker" "start" "838744ccb5d7f09216bc72d0efd049f2b344d3b263b121457f0f957c6a02470a", kill_on_drop: false }`
[INFO] running `Command { std: "docker" "inspect" "838744ccb5d7f09216bc72d0efd049f2b344d3b263b121457f0f957c6a02470a", kill_on_drop: false }`
[INFO] running `Command { std: "docker" "exec" "-e" "SOURCE_DIR=/opt/rustwide/workdir" "-e" "CARGO_HOME=/opt/rustwide/cargo-home" "-e" "RUSTUP_HOME=/opt/rustwide/rustup-home" "-e" "CARGO_TARGET_DIR=/opt/rustwide/target" "-w" "/opt/rustwide/workdir" "--user" "0:0" "838744ccb5d7f09216bc72d0efd049f2b344d3b263b121457f0f957c6a02470a" "/opt/rustwide/cargo-home/bin/cargo" "+1.99.0-beta.8" "metadata" "--no-deps" "--format-version=1", kill_on_drop: false }`
[INFO] running `Command { std: "docker" "inspect" "838744ccb5d7f09216bc72d0efd049f2b344d3b263b121457f0f957c6a02470a", kill_on_drop: false }`
[INFO] running `Command { std: "docker" "exec" "-e" "SOURCE_DIR=/opt/rustwide/workdir" "-e" "CARGO_HOME=/opt/rustwide/cargo-home" "-e" "RUSTUP_HOME=/opt/rustwide/rustup-home" "-e" "CARGO_TARGET_DIR=/opt/rustwide/target" "-e" "CARGO_INCREMENTAL=0" "-e" "RUST_BACKTRACE=full" "-e" "RUSTFLAGS=--cap-lints=warn" "-e" "RUSTDOCFLAGS=--cap-lints=warn" "-w" "/opt/rustwide/workdir" "--user" "0:0" "838744ccb5d7f09216bc72d0efd049f2b344d3b263b121457f0f957c6a02470a" "/opt/rustwide/cargo-home/bin/cargo" "+1.99.0-beta.8" "build" "--frozen" "--message-format=json" "--release", kill_on_drop: false }`
[INFO] [stderr]    Compiling thiserror v2.0.20
[INFO] [stderr]    Compiling itertools v0.14.0
[INFO] [stderr]    Compiling hybrid-array v0.4.13
[INFO] [stderr]    Compiling num-traits v0.2.19
[INFO] [stderr]    Compiling syn v3.0.5
[INFO] [stderr]    Compiling syn v2.0.119
[INFO] [stderr]    Compiling mio v1.2.3
[INFO] [stderr]    Compiling instability v0.3.12
[INFO] [stderr]    Compiling compact_str v0.9.1
[INFO] [stderr]    Compiling lru v0.18.1
[INFO] [stderr]    Compiling indexmap v2.14.2
[INFO] [stderr]    Compiling smallvec v1.16.1
[INFO] [stderr]    Compiling critical-section v1.2.0
[INFO] [stderr]    Compiling inotify-sys v0.1.8
[INFO] [stderr]    Compiling nix v0.31.3
[INFO] [stderr]    Compiling num_threads v0.1.7
[INFO] [stderr]    Compiling toml_writer v1.1.1+spec-1.1.0
[INFO] [stderr]    Compiling rustix v1.1.4
[INFO] [stderr]    Compiling time v0.3.55
[INFO] [stderr]    Compiling fs2 v0.4.3
[INFO] [stderr]    Compiling parking_lot_core v0.9.12
[INFO] [stderr]    Compiling line-clipping v0.3.7
[INFO] [stderr]    Compiling capnp v0.27.2
[INFO] [stderr]    Compiling xxhash-rust v0.8.18
[INFO] [stderr]    Compiling toml v1.1.2+spec-1.1.0
[INFO] [stderr]    Compiling signal-hook-mio v0.2.5
[INFO] [stderr]    Compiling inotify v0.11.5
[INFO] [stderr]    Compiling parking_lot v0.12.5
[INFO] [stderr]    Compiling notify-types v2.1.0
[INFO] [stderr]    Compiling notify v8.2.0
[INFO] [stderr]    Compiling block-buffer v0.12.1
[INFO] [stderr]    Compiling crypto-common v0.2.2
[INFO] [stderr]    Compiling chrono v0.4.45
[INFO] [stderr]    Compiling petgraph v0.8.3
[INFO] [stderr]    Compiling unicode-truncate v2.0.1
[INFO] [stderr]    Compiling digest v0.11.3
[INFO] [stderr]    Compiling sha2 v0.11.0
[INFO] [stderr]    Compiling thiserror-impl v2.0.20
[INFO] [stderr]    Compiling serde_derive v1.0.229
[INFO] [stderr]    Compiling tokio-macros v2.7.2
[INFO] [stderr]    Compiling tokio v1.53.1
[INFO] [stderr]    Compiling darling_core v0.23.0
[INFO] [stderr]    Compiling kasuari v0.4.12
[INFO] [stderr]    Compiling strum_macros v0.28.0
[INFO] [stderr]    Compiling derive_more-impl v2.1.1
[INFO] [stderr]    Compiling derive_more v2.1.1
[INFO] [stderr]    Compiling crossterm v0.29.0
[INFO] [stderr]    Compiling daggy v0.9.0
[INFO] [stderr]    Compiling serde v1.0.229
[INFO] [stderr]    Compiling strum v0.28.0
[INFO] [stderr]    Compiling ratatui-core v0.1.2
[INFO] [stderr]    Compiling vissue-core v0.21.0
[INFO] [stderr]    Compiling darling_macro v0.23.0
[INFO] [stderr]    Compiling darling v0.23.0
[INFO] [stderr]    Compiling ratatui-widgets v0.3.2
[INFO] [stderr]    Compiling ratatui-crossterm v0.1.2
[INFO] [stderr]    Compiling ratatui-macros v0.7.2
[INFO] [stderr]    Compiling ratatui v0.30.2
[INFO] [stderr]    Compiling vissue-control v0.21.0
[INFO] [stderr]    Compiling vissue-serve v0.21.0
[INFO] [stderr]    Compiling vissue-tui v0.21.0 (/opt/rustwide/workdir)
[INFO] [stderr]     Finished `release` profile [optimized] target(s) in 1m 16s
[INFO] running `Command { std: "docker" "inspect" "838744ccb5d7f09216bc72d0efd049f2b344d3b263b121457f0f957c6a02470a", kill_on_drop: false }`
[INFO] running `Command { std: "docker" "exec" "-e" "SOURCE_DIR=/opt/rustwide/workdir" "-e" "CARGO_HOME=/opt/rustwide/cargo-home" "-e" "RUSTUP_HOME=/opt/rustwide/rustup-home" "-e" "CARGO_TARGET_DIR=/opt/rustwide/target" "-e" "CARGO_INCREMENTAL=0" "-e" "RUST_BACKTRACE=full" "-e" "RUSTFLAGS=--cap-lints=warn" "-e" "RUSTDOCFLAGS=--cap-lints=warn" "-w" "/opt/rustwide/workdir" "--user" "0:0" "838744ccb5d7f09216bc72d0efd049f2b344d3b263b121457f0f957c6a02470a" "/opt/rustwide/cargo-home/bin/cargo" "+1.99.0-beta.8" "test" "--frozen" "--no-run" "--message-format=json" "--release", kill_on_drop: false }`
[INFO] [stderr]    Compiling rustix v1.1.4
[INFO] [stderr]    Compiling crossterm v0.29.0
[INFO] [stderr]    Compiling tempfile v3.27.0
[INFO] [stderr]    Compiling ratatui-crossterm v0.1.2
[INFO] [stderr]    Compiling ratatui v0.30.2
[INFO] [stderr]    Compiling vissue-tui v0.21.0 (/opt/rustwide/workdir)
[INFO] [stderr]     Finished `release` profile [optimized] target(s) in 21.45s
[INFO] running `Command { std: "docker" "inspect" "838744ccb5d7f09216bc72d0efd049f2b344d3b263b121457f0f957c6a02470a", kill_on_drop: false }`
[INFO] running `Command { std: "docker" "exec" "-e" "SOURCE_DIR=/opt/rustwide/workdir" "-e" "CARGO_HOME=/opt/rustwide/cargo-home" "-e" "RUSTUP_HOME=/opt/rustwide/rustup-home" "-e" "CARGO_TARGET_DIR=/opt/rustwide/target" "-e" "CARGO_INCREMENTAL=0" "-e" "RUST_BACKTRACE=full" "-e" "RUSTFLAGS=--cap-lints=warn" "-e" "RUSTDOCFLAGS=--cap-lints=warn" "-w" "/opt/rustwide/workdir" "--user" "0:0" "838744ccb5d7f09216bc72d0efd049f2b344d3b263b121457f0f957c6a02470a" "/opt/rustwide/cargo-home/bin/cargo" "+1.99.0-beta.8" "test" "--frozen" "--release", kill_on_drop: false }`
[INFO] [stderr]     Finished `release` profile [optimized] target(s) in 0.24s
[INFO] [stderr]      Running unittests src/lib.rs (/opt/rustwide/target/release/deps/vissue_tui-f39b0e447a7b45f0)
[INFO] [stdout] 
[INFO] [stdout] running 12 tests
[INFO] [stdout] test attach::tests::offline_never_connects ... ok
[INFO] [stdout] test backend::tests::after_attach_first_list_omits_since_revision ... ok
[INFO] [stdout] test backend::tests::invalidate_omits_the_next_since ... ok
[INFO] [stdout] test control::tests::after_claim_next_list_sends_page_revision_not_head ... ok
[INFO] [stdout] test attach::tests::mismatch_stays_core ... ok
[INFO] [stdout] test control::tests::after_initialize_the_next_list_omits_since_revision ... ok
[INFO] [stdout] test core_backend::tests::core_mutations_reload_the_catalog ... FAILED
[INFO] [stdout] test attach::tests::spawn_failure_stays_core ... ok
[INFO] [stdout] test core_backend::tests::core_revision_is_zero_and_ready_matches_fixture ... FAILED
[INFO] [stdout] test backend::tests::a_zero_revision_never_sends_since ... ok
[INFO] [stdout] test control::tests::root_mismatch_refuses_the_socket ... ok
[INFO] [stdout] test control::tests::control_verbs_roundtrip ... ok
[INFO] [stdout] 
[INFO] [stdout] failures:
[INFO] [stdout] 
[INFO] [stdout] ---- core_backend::tests::core_mutations_reload_the_catalog stdout ----
[INFO] [stdout] 
[INFO] [stdout] thread 'core_backend::tests::core_mutations_reload_the_catalog' (1646) panicked at src/core_backend.rs:308:45:
[INFO] [stdout] called `Result::unwrap()` on an `Err` value: Os { code: 2, kind: NotFound, message: "No such file or directory" }
[INFO] [stdout] stack backtrace:
[INFO] [stdout]    0:     0x572f94b30a21 - <<std[70759c8f55707aa4]::sys::backtrace::BacktraceLock>::print::DisplayBacktrace as core[df12db4294e9bfd3]::fmt::Display>::fmt
[INFO] [stdout]    1:     0x572f94b477aa - core[df12db4294e9bfd3]::fmt::write
[INFO] [stdout]    2:     0x572f94b3585c - <alloc[2182bb758b4b3781]::vec::Vec<u8> as core[df12db4294e9bfd3]::io::write::Write>::write_fmt
[INFO] [stdout]    3:     0x572f94b08916 - std[70759c8f55707aa4]::panicking::default_hook::{closure#0}
[INFO] [stdout]    4:     0x572f94b269b9 - std[70759c8f55707aa4]::panicking::default_hook
[INFO] [stdout]    5:     0x572f949fbad0 - test[9d35eded1c95d3be]::test_main_inner::<test[9d35eded1c95d3be]::test_main_static::{closure#0}>::{closure#0}
[INFO] [stdout]    6:     0x572f94b26ce2 - std[70759c8f55707aa4]::panicking::panic_with_hook
[INFO] [stdout]    7:     0x572f94b089c2 - std[70759c8f55707aa4]::panicking::panic_handler::{closure#0}
[INFO] [stdout]    8:     0x572f94b00e09 - std[70759c8f55707aa4]::sys::backtrace::__rust_end_short_backtrace::<std[70759c8f55707aa4]::panicking::panic_handler::{closure#0}, !>
[INFO] [stdout]    9:     0x572f94b097bd - __rustc[8fa7c3cbc660c2b3]::rust_begin_unwind
[INFO] [stdout]   10:     0x572f94b47f0c - core[df12db4294e9bfd3]::panicking::panic_fmt
[INFO] [stdout]   11:     0x572f94b47ce2 - core[df12db4294e9bfd3]::result::unwrap_failed
[INFO] [stdout]   12:     0x572f949ea701 - vissue_tui[f76163144b01bba0]::core_backend::tests::copy_tree
[INFO] [stdout]   13:     0x572f949ea94c - vissue_tui[f76163144b01bba0]::core_backend::tests::core_mutations_reload_the_catalog
[INFO] [stdout]   14:     0x572f949d8229 - <vissue_tui[f76163144b01bba0]::core_backend::tests::core_mutations_reload_the_catalog::{closure#0} as core[df12db4294e9bfd3]::ops::function::FnOnce<()>>::call_once
[INFO] [stdout]   15:     0x572f949eedbb - test[9d35eded1c95d3be]::__rust_begin_short_backtrace::<core[df12db4294e9bfd3]::result::Result<(), alloc[2182bb758b4b3781]::string::String>, fn() -> core[df12db4294e9bfd3]::result::Result<(), alloc[2182bb758b4b3781]::string::String>>
[INFO] [stdout]   16:     0x572f949fc425 - test[9d35eded1c95d3be]::run_test::{closure#0}
[INFO] [stdout]   17:     0x572f949f5ce4 - std[70759c8f55707aa4]::sys::backtrace::__rust_begin_short_backtrace::<test[9d35eded1c95d3be]::run_test::{closure#1}, ()>
[INFO] [stdout]   18:     0x572f949ff582 - <std[70759c8f55707aa4]::thread::lifecycle::spawn_unchecked<test[9d35eded1c95d3be]::run_test::{closure#1}, ()>::{closure#1} as core[df12db4294e9bfd3]::ops::function::FnOnce<()>>::call_once::{shim:vtable#0}
[INFO] [stdout]   19:     0x572f94b2f9a9 - <std[70759c8f55707aa4]::sys::thread::unix::Thread>::new::thread_start
[INFO] [stdout]   20:     0x7dfb386e5dfa - <unknown>
[INFO] [stdout]   21:     0x7dfb387793d4 - clone
[INFO] [stdout]   22:                0x0 - <unknown>
[INFO] [stdout] 
[INFO] [stdout] ---- core_backend::tests::core_revision_is_zero_and_ready_matches_fixture stdout ----
[INFO] [stdout] 
[INFO] [stdout] thread 'core_backend::tests::core_revision_is_zero_and_ready_matches_fixture' (1647) panicked at src/core_backend.rs:249:9:
[INFO] [stdout] assertion `left == right` failed
[INFO] [stdout]   left: []
[INFO] [stdout]  right: ["atlas-1a2b", "atlas-2c3d", "beacon-5j6k"]
[INFO] [stdout] stack backtrace:
[INFO] [stdout]    0:     0x572f94b30a21 - <<std[70759c8f55707aa4]::sys::backtrace::BacktraceLock>::print::DisplayBacktrace as core[df12db4294e9bfd3]::fmt::Display>::fmt
[INFO] [stdout]    1:     0x572f94b477aa - core[df12db4294e9bfd3]::fmt::write
[INFO] [stdout]    2:     0x572f94b3585c - <alloc[2182bb758b4b3781]::vec::Vec<u8> as core[df12db4294e9bfd3]::io::write::Write>::write_fmt
[INFO] [stdout]    3:     0x572f94b08916 - std[70759c8f55707aa4]::panicking::default_hook::{closure#0}
[INFO] [stdout]    4:     0x572f94b269b9 - std[70759c8f55707aa4]::panicking::default_hook
[INFO] [stdout]    5:     0x572f949fbad0 - test[9d35eded1c95d3be]::test_main_inner::<test[9d35eded1c95d3be]::test_main_static::{closure#0}>::{closure#0}
[INFO] [stdout]    6:     0x572f94b26ce2 - std[70759c8f55707aa4]::panicking::panic_with_hook
[INFO] [stdout]    7:     0x572f94b089c2 - std[70759c8f55707aa4]::panicking::panic_handler::{closure#0}
[INFO] [stdout]    8:     0x572f94b00e09 - std[70759c8f55707aa4]::sys::backtrace::__rust_end_short_backtrace::<std[70759c8f55707aa4]::panicking::panic_handler::{closure#0}, !>
[INFO] [stdout]    9:     0x572f94b097bd - __rustc[8fa7c3cbc660c2b3]::rust_begin_unwind
[INFO] [stdout]   10:     0x572f94b47f0c - core[df12db4294e9bfd3]::panicking::panic_fmt
[INFO] [stdout]   11:     0x572f94b47e23 - core[df12db4294e9bfd3]::panicking::assert_failed_inner
[INFO] [stdout]   12:     0x572f949e7db8 - core[df12db4294e9bfd3]::panicking::assert_failed::<alloc[2182bb758b4b3781]::vec::Vec<&str>, [&str; 3usize]>
[INFO] [stdout]   13:     0x572f949eccf7 - vissue_tui[f76163144b01bba0]::core_backend::tests::core_revision_is_zero_and_ready_matches_fixture
[INFO] [stdout]   14:     0x572f949d8249 - <vissue_tui[f76163144b01bba0]::core_backend::tests::core_revision_is_zero_and_ready_matches_fixture::{closure#0} as core[df12db4294e9bfd3]::ops::function::FnOnce<()>>::call_once
[INFO] [stdout]   15:     0x572f949eedbb - test[9d35eded1c95d3be]::__rust_begin_short_backtrace::<core[df12db4294e9bfd3]::result::Result<(), alloc[2182bb758b4b3781]::string::String>, fn() -> core[df12db4294e9bfd3]::result::Result<(), alloc[2182bb758b4b3781]::string::String>>
[INFO] [stdout]   16:     0x572f949fc425 - test[9d35eded1c95d3be]::run_test::{closure#0}
[INFO] [stdout]   17:     0x572f949f5ce4 - std[70759c8f55707aa4]::sys::backtrace::__rust_begin_short_backtrace::<test[9d35eded1c95d3be]::run_test::{closure#1}, ()>
[INFO] [stdout]   18:     0x572f949ff582 - <std[70759c8f55707aa4]::thread::lifecycle::spawn_unchecked<test[9d35eded1c95d3be]::run_test::{closure#1}, ()>::{closure#1} as core[df12db4294e9bfd3]::ops::function::FnOnce<()>>::call_once::{shim:vtable#0}
[INFO] [stdout]   19:     0x572f94b2f9a9 - <std[70759c8f55707aa4]::sys::thread::unix::Thread>::new::thread_start
[INFO] [stdout]   20:     0x7dfb386e5dfa - <unknown>
[INFO] [stdout]   21:     0x7dfb387793d4 - clone
[INFO] [stdout]   22:                0x0 - <unknown>
[INFO] [stdout] 
[INFO] [stdout] 
[INFO] [stdout] failures:
[INFO] [stdout]     core_backend::tests::core_mutations_reload_the_catalog
[INFO] [stdout]     core_backend::tests::core_revision_is_zero_and_ready_matches_fixture
[INFO] [stdout] 
[INFO] [stdout] test result: FAILED. 10 passed; 2 failed; 0 ignored; 0 measured; 0 filtered out; finished in 0.02s
[INFO] [stdout] 
[INFO] [stderr] error: test failed, to rerun pass `--lib`
[INFO] running `Command { std: "docker" "inspect" "838744ccb5d7f09216bc72d0efd049f2b344d3b263b121457f0f957c6a02470a", kill_on_drop: false }`
[INFO] running `Command { std: "docker" "rm" "-f" "838744ccb5d7f09216bc72d0efd049f2b344d3b263b121457f0f957c6a02470a", kill_on_drop: false }`
[INFO] [stdout] 838744ccb5d7f09216bc72d0efd049f2b344d3b263b121457f0f957c6a02470a
