[INFO] fetching crate vissue-cli 0.21.0...
[INFO] testing vissue-cli-0.21.0 against 1.99.0-beta.8+cargoflags=--release for beta-release-1.100-2
[INFO] extracting crate vissue-cli 0.21.0 into /workspace/builds/worker-1-tc1/source
[INFO] started tweaking crates.io crate vissue-cli 0.21.0
[INFO] removed 0 missing tests
[INFO] finished tweaking crates.io crate vissue-cli 0.21.0
[INFO] tweaked toml for crates.io crate vissue-cli 0.21.0 written to /workspace/builds/worker-1-tc1/source/Cargo.toml
[INFO] validating manifest of crates.io crate vissue-cli 0.21.0 on toolchain 1.99.0-beta.8
[INFO] running `Command { std: CARGO_HOME="/workspace/cargo-home" RUSTUP_HOME="/workspace/rustup-home" "/workspace/cargo-home/bin/cargo" "+1.99.0-beta.8" "metadata" "--manifest-path" "Cargo.toml" "--no-deps", kill_on_drop: false }`
[INFO] crate crates.io crate vissue-cli 0.21.0 already has a lockfile, it will not be regenerated
[INFO] running `Command { std: CARGO_HOME="/workspace/cargo-home" RUSTUP_HOME="/workspace/rustup-home" "/workspace/cargo-home/bin/cargo" "+1.99.0-beta.8" "fetch" "--manifest-path" "Cargo.toml", kill_on_drop: false }`
[INFO] [stderr]     Updating crates.io index
[INFO] [stderr]  Downloading crates ...
[INFO] [stderr]   Downloaded xxhash-rust v0.8.18
[INFO] [stderr]   Downloaded vissue-serve v0.21.0
[INFO] [stderr]   Downloaded embedded-io v0.7.1
[INFO] [stderr]   Downloaded inotify-sys v0.1.8
[INFO] [stderr]   Downloaded kqueue v1.2.1
[INFO] [stderr]   Downloaded hybrid-array v0.4.13
[INFO] [stderr]   Downloaded inotify v0.11.5
[INFO] [stderr]   Downloaded vissue-tui v0.21.0
[INFO] [stderr]   Downloaded daggy v0.9.0
[INFO] [stderr]   Downloaded vissue-control v0.21.0
[INFO] [stderr]   Downloaded lru v0.18.1
[INFO] [stderr]   Downloaded mimalloc v0.1.52
[INFO] [stderr]   Downloaded pest_generator v2.8.8
[INFO] [stderr]   Downloaded pest_meta v2.8.8
[INFO] [stderr]   Downloaded pest_derive v2.8.8
[INFO] [stderr]   Downloaded capnp v0.27.2
[INFO] [stderr]   Downloaded vissue-core v0.21.0
[INFO] [stderr]   Downloaded clap_mangen v0.3.1
[INFO] [stderr]   Downloaded roff v1.1.1
[INFO] [stderr]   Downloaded pest v2.8.8
[INFO] [stderr]   Downloaded clap_complete v4.6.9
[INFO] [stderr]   Downloaded libmimalloc-sys v0.1.49
[INFO] running `Command { std: "docker" "create" "-v" "/var/lib/crater-agent-workspace/builds/worker-1-tc1/source:/opt/rustwide/workdir:ro,Z" "-v" "/var/lib/crater-agent-workspace/builds/worker-1-tc1/target:/opt/rustwide/target:rw,Z" "-v" "/var/lib/crater-agent-workspace/cargo-home:/opt/rustwide/cargo-home:ro,Z" "-v" "/var/lib/crater-agent-workspace/rustup-home:/opt/rustwide/rustup-home:ro,Z" "-m" "1610612736" "--network" "none" "ghcr.io/rust-lang/crates-build-env/linux@sha256:77db811e55d90add9212f6832c23229e3de5f1c1f9905e8cb07319ea15df73ac" "sleep" "infinity", kill_on_drop: false }`
[INFO] [stdout] ee88f18b45f3c106b594c9d04289ba79effc2dd76541b3bf1a477ec89c755338
[INFO] running `Command { std: "docker" "start" "ee88f18b45f3c106b594c9d04289ba79effc2dd76541b3bf1a477ec89c755338", kill_on_drop: false }`
[INFO] running `Command { std: "docker" "inspect" "ee88f18b45f3c106b594c9d04289ba79effc2dd76541b3bf1a477ec89c755338", kill_on_drop: false }`
[INFO] running `Command { std: "docker" "exec" "-e" "SOURCE_DIR=/opt/rustwide/workdir" "-e" "CARGO_HOME=/opt/rustwide/cargo-home" "-e" "RUSTUP_HOME=/opt/rustwide/rustup-home" "-e" "CARGO_TARGET_DIR=/opt/rustwide/target" "-w" "/opt/rustwide/workdir" "--user" "0:0" "ee88f18b45f3c106b594c9d04289ba79effc2dd76541b3bf1a477ec89c755338" "/opt/rustwide/cargo-home/bin/cargo" "+1.99.0-beta.8" "metadata" "--no-deps" "--format-version=1", kill_on_drop: false }`
[INFO] running `Command { std: "docker" "inspect" "ee88f18b45f3c106b594c9d04289ba79effc2dd76541b3bf1a477ec89c755338", kill_on_drop: false }`
[INFO] running `Command { std: "docker" "exec" "-e" "SOURCE_DIR=/opt/rustwide/workdir" "-e" "CARGO_HOME=/opt/rustwide/cargo-home" "-e" "RUSTUP_HOME=/opt/rustwide/rustup-home" "-e" "CARGO_TARGET_DIR=/opt/rustwide/target" "-e" "CARGO_INCREMENTAL=0" "-e" "RUST_BACKTRACE=full" "-e" "RUSTFLAGS=--cap-lints=warn" "-e" "RUSTDOCFLAGS=--cap-lints=warn" "-w" "/opt/rustwide/workdir" "--user" "0:0" "ee88f18b45f3c106b594c9d04289ba79effc2dd76541b3bf1a477ec89c755338" "/opt/rustwide/cargo-home/bin/cargo" "+1.99.0-beta.8" "build" "--frozen" "--message-format=json" "--release", kill_on_drop: false }`
[INFO] [stderr]    Compiling proc-macro2 v1.0.107
[INFO] [stderr]    Compiling libc v0.2.189
[INFO] [stderr]    Compiling autocfg v1.5.1
[INFO] [stderr]    Compiling either v1.18.0
[INFO] [stderr]    Compiling serde_core v1.0.229
[INFO] [stderr]    Compiling hashbrown v0.17.1
[INFO] [stderr]    Compiling crossbeam-utils v0.8.23
[INFO] [stderr]    Compiling strsim v0.11.1
[INFO] [stderr]    Compiling thiserror v2.0.20
[INFO] [stderr]    Compiling ident_case v1.0.1
[INFO] [stderr]    Compiling crossbeam-epoch v0.9.21
[INFO] [stderr]    Compiling hybrid-array v0.4.13
[INFO] [stderr]    Compiling crossbeam-deque v0.8.8
[INFO] [stderr]    Compiling unicode-segmentation v1.13.3
[INFO] [stderr]    Compiling signal-hook v0.3.18
[INFO] [stderr]    Compiling castaway v0.2.4
[INFO] [stderr]    Compiling foldhash v0.1.5
[INFO] [stderr]    Compiling instability v0.3.12
[INFO] [stderr]    Compiling static_assertions v1.1.0
[INFO] [stderr]    Compiling compact_str v0.9.1
[INFO] [stderr]    Compiling hashbrown v0.15.5
[INFO] [stderr]    Compiling winnow v1.0.4
[INFO] [stderr]    Compiling critical-section v1.2.0
[INFO] [stderr]    Compiling itertools v0.14.0
[INFO] [stderr]    Compiling serde_json v1.0.151
[INFO] [stderr]    Compiling indoc v2.0.7
[INFO] [stderr]    Compiling fixedbitset v0.5.7
[INFO] [stderr]    Compiling num-traits v0.2.19
[INFO] [stderr]    Compiling quote v1.0.47
[INFO] [stderr]    Compiling convert_case v0.10.0
[INFO] [stderr]    Compiling memoffset v0.9.1
[INFO] [stderr]    Compiling smallvec v1.16.1
[INFO] [stderr]    Compiling rustix v1.1.4
[INFO] [stderr]    Compiling inotify-sys v0.1.8
[INFO] [stderr]    Compiling cfg_aliases v0.2.2
[INFO] [stderr]    Compiling toml_parser v1.1.2+spec-1.1.0
[INFO] [stderr]    Compiling syn v3.0.5
[INFO] [stderr]    Compiling syn v2.0.119
[INFO] [stderr]    Compiling crypto-common v0.2.2
[INFO] [stderr]    Compiling indexmap v2.14.2
[INFO] [stderr]    Compiling lru v0.18.1
[INFO] [stderr]    Compiling block-buffer v0.12.1
[INFO] [stderr]    Compiling nix v0.31.3
[INFO] [stderr]    Compiling anyhow v1.0.104
[INFO] [stderr]    Compiling anstyle-parse v1.0.0
[INFO] [stderr]    Compiling cpufeatures v0.3.0
[INFO] [stderr]    Compiling rayon-core v1.13.0
[INFO] [stderr]    Compiling litrs v1.0.0
[INFO] [stderr]    Compiling colorchoice v1.0.5
[INFO] [stderr]    Compiling anstyle v1.0.14
[INFO] [stderr]    Compiling time-core v0.1.9
[INFO] [stderr]    Compiling toml_writer v1.1.1+spec-1.1.0
[INFO] [stderr]    Compiling powerfmt v0.2.0
[INFO] [stderr]    Compiling num_threads v0.1.7
[INFO] [stderr]    Compiling num-conv v0.2.2
[INFO] [stderr]    Compiling deranged v0.5.8
[INFO] [stderr]    Compiling find-msvc-tools v0.1.12
[INFO] [stderr]    Compiling anstream v1.0.0
[INFO] [stderr]    Compiling digest v0.11.3
[INFO] [stderr]    Compiling cc v1.4.6
[INFO] [stderr]    Compiling document-features v0.2.12
[INFO] [stderr]    Compiling sha2 v0.11.0
[INFO] [stderr]    Compiling petgraph v0.8.3
[INFO] [stderr]    Compiling rayon v1.12.0
[INFO] [stderr]    Compiling line-clipping v0.3.7
[INFO] [stderr]    Compiling chrono v0.4.45
[INFO] [stderr]    Compiling errno v0.3.14
[INFO] [stderr]    Compiling signal-hook-registry v1.4.8
[INFO] [stderr]    Compiling mio v1.2.3
[INFO] [stderr]    Compiling parking_lot_core v0.9.12
[INFO] [stderr]    Compiling time v0.3.55
[INFO] [stderr]    Compiling signal-hook-mio v0.2.5
[INFO] [stderr]    Compiling unicode-truncate v2.0.1
[INFO] [stderr]    Compiling parking_lot v0.12.5
[INFO] [stderr]    Compiling fs2 v0.4.3
[INFO] [stderr]    Compiling capnp v0.27.2
[INFO] [stderr]    Compiling xxhash-rust v0.8.18
[INFO] [stderr]    Compiling clap_lex v1.1.1
[INFO] [stderr]    Compiling inotify v0.11.5
[INFO] [stderr]    Compiling socket2 v0.6.5
[INFO] [stderr]    Compiling clap_builder v4.6.7
[INFO] [stderr]    Compiling libmimalloc-sys v0.1.49
[INFO] [stderr]    Compiling notify-types v2.1.0
[INFO] [stderr]    Compiling roff v1.1.1
[INFO] [stderr]    Compiling thiserror-impl v2.0.20
[INFO] [stderr]    Compiling toml_datetime v1.1.1+spec-1.1.0
[INFO] [stderr]    Compiling serde_spanned v1.1.1
[INFO] [stderr]    Compiling serde_derive v1.0.229
[INFO] [stderr]    Compiling darling_core v0.23.0
[INFO] [stderr]    Compiling tokio-macros v2.7.2
[INFO] [stderr]    Compiling clap_derive v4.6.7
[INFO] [stderr]    Compiling toml v1.1.2+spec-1.1.0
[INFO] [stderr]    Compiling daggy v0.9.0
[INFO] [stderr]    Compiling kasuari v0.4.12
[INFO] [stderr]    Compiling tokio v1.53.1
[INFO] [stderr]    Compiling notify v8.2.0
[INFO] [stderr]    Compiling strum_macros v0.28.0
[INFO] [stderr]    Compiling derive_more-impl v2.1.1
[INFO] [stderr]    Compiling clap v4.6.7
[INFO] [stderr]    Compiling clap_mangen v0.3.1
[INFO] [stderr]    Compiling clap_complete v4.6.9
[INFO] [stderr]    Compiling derive_more v2.1.1
[INFO] [stderr]    Compiling crossterm v0.29.0
[INFO] [stderr]    Compiling darling_macro v0.23.0
[INFO] [stderr]    Compiling serde v1.0.229
[INFO] [stderr]    Compiling darling v0.23.0
[INFO] [stderr]    Compiling strum v0.28.0
[INFO] [stderr]    Compiling vissue-core v0.21.0
[INFO] [stderr]    Compiling ratatui-core v0.1.2
[INFO] [stderr]    Compiling ratatui-widgets v0.3.2
[INFO] [stderr]    Compiling ratatui-crossterm v0.1.2
[INFO] [stderr]    Compiling mimalloc v0.1.52
[INFO] [stderr]    Compiling ratatui-macros v0.7.2
[INFO] [stderr]    Compiling ratatui v0.30.2
[INFO] [stderr]    Compiling vissue-control v0.21.0
[INFO] [stderr]    Compiling vissue-serve v0.21.0
[INFO] [stderr]    Compiling vissue-tui v0.21.0
[INFO] [stderr]    Compiling vissue-cli v0.21.0 (/opt/rustwide/workdir)
[INFO] [stderr]     Finished `release` profile [optimized] target(s) in 1m 50s
[INFO] running `Command { std: "docker" "inspect" "ee88f18b45f3c106b594c9d04289ba79effc2dd76541b3bf1a477ec89c755338", kill_on_drop: false }`
[INFO] running `Command { std: "docker" "exec" "-e" "SOURCE_DIR=/opt/rustwide/workdir" "-e" "CARGO_HOME=/opt/rustwide/cargo-home" "-e" "RUSTUP_HOME=/opt/rustwide/rustup-home" "-e" "CARGO_TARGET_DIR=/opt/rustwide/target" "-e" "CARGO_INCREMENTAL=0" "-e" "RUST_BACKTRACE=full" "-e" "RUSTFLAGS=--cap-lints=warn" "-e" "RUSTDOCFLAGS=--cap-lints=warn" "-w" "/opt/rustwide/workdir" "--user" "0:0" "ee88f18b45f3c106b594c9d04289ba79effc2dd76541b3bf1a477ec89c755338" "/opt/rustwide/cargo-home/bin/cargo" "+1.99.0-beta.8" "test" "--frozen" "--no-run" "--message-format=json" "--release", kill_on_drop: false }`
[INFO] [stderr]    Compiling rustix v1.1.4
[INFO] [stderr]    Compiling getrandom v0.4.3
[INFO] [stderr]    Compiling crossterm v0.29.0
[INFO] [stderr]    Compiling tempfile v3.27.0
[INFO] [stderr]    Compiling ratatui-crossterm v0.1.2
[INFO] [stderr]    Compiling ratatui v0.30.2
[INFO] [stderr]    Compiling vissue-tui v0.21.0
[INFO] [stderr]    Compiling vissue-cli v0.21.0 (/opt/rustwide/workdir)
[INFO] [stderr]     Finished `release` profile [optimized] target(s) in 37.66s
[INFO] running `Command { std: "docker" "inspect" "ee88f18b45f3c106b594c9d04289ba79effc2dd76541b3bf1a477ec89c755338", kill_on_drop: false }`
[INFO] running `Command { std: "docker" "exec" "-e" "SOURCE_DIR=/opt/rustwide/workdir" "-e" "CARGO_HOME=/opt/rustwide/cargo-home" "-e" "RUSTUP_HOME=/opt/rustwide/rustup-home" "-e" "CARGO_TARGET_DIR=/opt/rustwide/target" "-e" "CARGO_INCREMENTAL=0" "-e" "RUST_BACKTRACE=full" "-e" "RUSTFLAGS=--cap-lints=warn" "-e" "RUSTDOCFLAGS=--cap-lints=warn" "-w" "/opt/rustwide/workdir" "--user" "0:0" "ee88f18b45f3c106b594c9d04289ba79effc2dd76541b3bf1a477ec89c755338" "/opt/rustwide/cargo-home/bin/cargo" "+1.99.0-beta.8" "test" "--frozen" "--release", kill_on_drop: false }`
[INFO] [stderr]     Finished `release` profile [optimized] target(s) in 0.21s
[INFO] [stderr]      Running unittests src/main.rs (/opt/rustwide/target/release/deps/vissue-bc7f319ff3e62fbd)
[INFO] [stdout] 
[INFO] [stdout] running 10 tests
[INFO] [stdout] test rofi::tests::mode_aliases ... ok
[INFO] [stdout] test rofi::tests::a_directory_on_the_path_is_not_a_binary ... ok
[INFO] [stdout] test rofi::tests::a_file_range_that_is_not_one_is_rejected ... ok
[INFO] [stdout] test rofi::tests::every_mode_parses_and_names_itself ... ok
[INFO] [stdout] test rofi::tests::id_is_the_first_field ... ok
[INFO] [stdout] test rofi::tests::file_range_keeps_colons_in_the_path ... ok
[INFO] [stdout] test rofi::tests::return_and_custom_keys_map ... ok
[INFO] [stdout] test rofi::tests::which_takes_the_first_hit_and_skips_empty_entries ... ok
[INFO] [stdout] test rofi::tests::listing_answers_each_mode_from_the_corpus ... FAILED
[INFO] [stdout] test rofi::tests::the_unknown_mode_error_lists_the_real_ones ... ok
[INFO] [stdout] 
[INFO] [stdout] failures:
[INFO] [stdout] 
[INFO] [stdout] ---- rofi::tests::listing_answers_each_mode_from_the_corpus stdout ----
[INFO] [stdout] 
[INFO] [stdout] thread 'rofi::tests::listing_answers_each_mode_from_the_corpus' (2774) panicked at src/rofi.rs:414:45:
[INFO] [stdout] called `Result::unwrap()` on an `Err` value: Os { code: 2, kind: NotFound, message: "No such file or directory" }
[INFO] [stdout] stack backtrace:
[INFO] [stdout]    0:     0x62870a0e7b11 - <<std[70759c8f55707aa4]::sys::backtrace::BacktraceLock>::print::DisplayBacktrace as core[df12db4294e9bfd3]::fmt::Display>::fmt
[INFO] [stdout]    1:     0x62870a0fda8a - core[df12db4294e9bfd3]::fmt::write
[INFO] [stdout]    2:     0x62870a0ec8ac - <alloc[2182bb758b4b3781]::vec::Vec<u8> as core[df12db4294e9bfd3]::io::write::Write>::write_fmt
[INFO] [stdout]    3:     0x62870a0c0686 - std[70759c8f55707aa4]::panicking::default_hook::{closure#0}
[INFO] [stdout]    4:     0x62870a0ddf79 - std[70759c8f55707aa4]::panicking::default_hook
[INFO] [stdout]    5:     0x62870a009680 - test[9d35eded1c95d3be]::test_main_inner::<test[9d35eded1c95d3be]::test_main_static::{closure#0}>::{closure#0}
[INFO] [stdout]    6:     0x62870a0de2a2 - std[70759c8f55707aa4]::panicking::panic_with_hook
[INFO] [stdout]    7:     0x62870a0c0732 - std[70759c8f55707aa4]::panicking::panic_handler::{closure#0}
[INFO] [stdout]    8:     0x62870a0b8bd9 - std[70759c8f55707aa4]::sys::backtrace::__rust_end_short_backtrace::<std[70759c8f55707aa4]::panicking::panic_handler::{closure#0}, !>
[INFO] [stdout]    9:     0x62870a0c131d - __rustc[8fa7c3cbc660c2b3]::rust_begin_unwind
[INFO] [stdout]   10:     0x62870a0fe1bc - core[df12db4294e9bfd3]::panicking::panic_fmt
[INFO] [stdout]   11:     0x62870a0fdf92 - core[df12db4294e9bfd3]::result::unwrap_failed
[INFO] [stdout]   12:     0x628709fe0210 - vissue[e3129c1365b2f519]::rofi::tests::copy_tree
[INFO] [stdout]   13:     0x628709fe0c07 - vissue[e3129c1365b2f519]::rofi::tests::listing_answers_each_mode_from_the_corpus
[INFO] [stdout]   14:     0x628709fe5769 - <vissue[e3129c1365b2f519]::rofi::tests::listing_answers_each_mode_from_the_corpus::{closure#0} as core[df12db4294e9bfd3]::ops::function::FnOnce<()>>::call_once
[INFO] [stdout]   15:     0x628709ffc96b - test[9d35eded1c95d3be]::__rust_begin_short_backtrace::<core[df12db4294e9bfd3]::result::Result<(), alloc[2182bb758b4b3781]::string::String>, fn() -> core[df12db4294e9bfd3]::result::Result<(), alloc[2182bb758b4b3781]::string::String>>
[INFO] [stdout]   16:     0x62870a009fd5 - test[9d35eded1c95d3be]::run_test::{closure#0}
[INFO] [stdout]   17:     0x62870a003894 - std[70759c8f55707aa4]::sys::backtrace::__rust_begin_short_backtrace::<test[9d35eded1c95d3be]::run_test::{closure#1}, ()>
[INFO] [stdout]   18:     0x62870a00d132 - <std[70759c8f55707aa4]::thread::lifecycle::spawn_unchecked<test[9d35eded1c95d3be]::run_test::{closure#1}, ()>::{closure#1} as core[df12db4294e9bfd3]::ops::function::FnOnce<()>>::call_once::{shim:vtable#0}
[INFO] [stdout]   19:     0x62870a0e6a99 - <std[70759c8f55707aa4]::sys::thread::unix::Thread>::new::thread_start
[INFO] [stdout]   20:     0x79867372bdfa - <unknown>
[INFO] [stdout]   21:     0x7986737bf3d4 - clone
[INFO] [stdout]   22:                0x0 - <unknown>
[INFO] [stdout] 
[INFO] [stdout] 
[INFO] [stdout] failures:
[INFO] [stdout]     rofi::tests::listing_answers_each_mode_from_the_corpus
[INFO] [stdout] 
[INFO] [stdout] test result: FAILED. 9 passed; 1 failed; 0 ignored; 0 measured; 0 filtered out; finished in 0.01s
[INFO] [stdout] 
[INFO] [stderr] error: test failed, to rerun pass `--bin vissue`
[INFO] running `Command { std: "docker" "inspect" "ee88f18b45f3c106b594c9d04289ba79effc2dd76541b3bf1a477ec89c755338", kill_on_drop: false }`
[INFO] running `Command { std: "docker" "rm" "-f" "ee88f18b45f3c106b594c9d04289ba79effc2dd76541b3bf1a477ec89c755338", kill_on_drop: false }`
[INFO] [stdout] ee88f18b45f3c106b594c9d04289ba79effc2dd76541b3bf1a477ec89c755338
