[INFO] fetching crate vinit 0.5.0...
[INFO] testing vinit-0.5.0 against 1.99.0-beta.8+cargoflags=--release for beta-release-1.100-2
[INFO] extracting crate vinit 0.5.0 into /workspace/builds/worker-3-tc1/source
[INFO] started tweaking crates.io crate vinit 0.5.0
[INFO] removed 0 missing tests
[INFO] finished tweaking crates.io crate vinit 0.5.0
[INFO] tweaked toml for crates.io crate vinit 0.5.0 written to /workspace/builds/worker-3-tc1/source/Cargo.toml
[INFO] validating manifest of crates.io crate vinit 0.5.0 on toolchain 1.99.0-beta.8
[INFO] running `Command { std: CARGO_HOME="/workspace/cargo-home" RUSTUP_HOME="/workspace/rustup-home" "/workspace/cargo-home/bin/cargo" "+1.99.0-beta.8" "metadata" "--manifest-path" "Cargo.toml" "--no-deps", kill_on_drop: false }`
[INFO] crate crates.io crate vinit 0.5.0 already has a lockfile, it will not be regenerated
[INFO] running `Command { std: CARGO_HOME="/workspace/cargo-home" RUSTUP_HOME="/workspace/rustup-home" "/workspace/cargo-home/bin/cargo" "+1.99.0-beta.8" "fetch" "--manifest-path" "Cargo.toml", kill_on_drop: false }`
[INFO] [stderr]     Updating crates.io index
[INFO] [stderr]  Downloading crates ...
[INFO] [stderr]   Downloaded wayland-scanner v0.31.7
[INFO] [stderr]   Downloaded wayland-protocols v0.32.9
[INFO] [stderr]   Downloaded wayland-sys v0.31.7
[INFO] [stderr]   Downloaded wayland-cursor v0.31.11
[INFO] [stderr]   Downloaded wayland-protocols-plasma v0.3.9
[INFO] [stderr]   Downloaded wayland-client v0.31.11
[INFO] [stderr]   Downloaded wayland-backend v0.3.11
[INFO] [stderr]   Downloaded wayland-protocols-wlr v0.3.9
[INFO] [stderr]   Downloaded ash-window v0.13.0
[INFO] [stderr]   Downloaded raw-window-metal v0.4.0
[INFO] [stderr]   Downloaded portable-atomic v1.12.0
[INFO] [stderr]   Downloaded orbclient v0.3.49
[INFO] running `Command { std: "docker" "create" "-v" "/var/lib/crater-agent-workspace/builds/worker-3-tc1/source:/opt/rustwide/workdir:ro,Z" "-v" "/var/lib/crater-agent-workspace/builds/worker-3-tc1/target:/opt/rustwide/target:rw,Z" "-v" "/var/lib/crater-agent-workspace/cargo-home:/opt/rustwide/cargo-home:ro,Z" "-v" "/var/lib/crater-agent-workspace/rustup-home:/opt/rustwide/rustup-home:ro,Z" "-m" "1610612736" "--network" "none" "ghcr.io/rust-lang/crates-build-env/linux@sha256:77db811e55d90add9212f6832c23229e3de5f1c1f9905e8cb07319ea15df73ac" "sleep" "infinity", kill_on_drop: false }`
[INFO] [stdout] efff0f8b1afc1b6928d6f6a2f9cbae50581b0e728c7c8a22b176b3f72eb491a7
[INFO] running `Command { std: "docker" "start" "efff0f8b1afc1b6928d6f6a2f9cbae50581b0e728c7c8a22b176b3f72eb491a7", kill_on_drop: false }`
[INFO] running `Command { std: "docker" "inspect" "efff0f8b1afc1b6928d6f6a2f9cbae50581b0e728c7c8a22b176b3f72eb491a7", kill_on_drop: false }`
[INFO] running `Command { std: "docker" "exec" "-e" "SOURCE_DIR=/opt/rustwide/workdir" "-e" "CARGO_HOME=/opt/rustwide/cargo-home" "-e" "RUSTUP_HOME=/opt/rustwide/rustup-home" "-e" "CARGO_TARGET_DIR=/opt/rustwide/target" "-w" "/opt/rustwide/workdir" "--user" "0:0" "efff0f8b1afc1b6928d6f6a2f9cbae50581b0e728c7c8a22b176b3f72eb491a7" "/opt/rustwide/cargo-home/bin/cargo" "+1.99.0-beta.8" "metadata" "--no-deps" "--format-version=1", kill_on_drop: false }`
[INFO] running `Command { std: "docker" "inspect" "efff0f8b1afc1b6928d6f6a2f9cbae50581b0e728c7c8a22b176b3f72eb491a7", kill_on_drop: false }`
[INFO] running `Command { std: "docker" "exec" "-e" "SOURCE_DIR=/opt/rustwide/workdir" "-e" "CARGO_HOME=/opt/rustwide/cargo-home" "-e" "RUSTUP_HOME=/opt/rustwide/rustup-home" "-e" "CARGO_TARGET_DIR=/opt/rustwide/target" "-e" "CARGO_INCREMENTAL=0" "-e" "RUST_BACKTRACE=full" "-e" "RUSTFLAGS=--cap-lints=warn" "-e" "RUSTDOCFLAGS=--cap-lints=warn" "-w" "/opt/rustwide/workdir" "--user" "0:0" "efff0f8b1afc1b6928d6f6a2f9cbae50581b0e728c7c8a22b176b3f72eb491a7" "/opt/rustwide/cargo-home/bin/cargo" "+1.99.0-beta.8" "build" "--frozen" "--message-format=json" "--release", kill_on_drop: false }`
[INFO] [stderr]    Compiling ash v0.38.0+1.3.281
[INFO] [stderr]    Compiling raw-window-handle v0.6.2
[INFO] [stderr]    Compiling ash-window v0.13.0
[INFO] [stderr]    Compiling vinit v0.5.0 (/opt/rustwide/workdir)
[INFO] [stderr]     Finished `release` profile [optimized] target(s) in 16.25s
[INFO] running `Command { std: "docker" "inspect" "efff0f8b1afc1b6928d6f6a2f9cbae50581b0e728c7c8a22b176b3f72eb491a7", kill_on_drop: false }`
[INFO] running `Command { std: "docker" "exec" "-e" "SOURCE_DIR=/opt/rustwide/workdir" "-e" "CARGO_HOME=/opt/rustwide/cargo-home" "-e" "RUSTUP_HOME=/opt/rustwide/rustup-home" "-e" "CARGO_TARGET_DIR=/opt/rustwide/target" "-e" "CARGO_INCREMENTAL=0" "-e" "RUST_BACKTRACE=full" "-e" "RUSTFLAGS=--cap-lints=warn" "-e" "RUSTDOCFLAGS=--cap-lints=warn" "-w" "/opt/rustwide/workdir" "--user" "0:0" "efff0f8b1afc1b6928d6f6a2f9cbae50581b0e728c7c8a22b176b3f72eb491a7" "/opt/rustwide/cargo-home/bin/cargo" "+1.99.0-beta.8" "test" "--frozen" "--no-run" "--message-format=json" "--release", kill_on_drop: false }`
[INFO] [stderr]    Compiling rustix v1.1.2
[INFO] [stderr]    Compiling linux-raw-sys v0.11.0
[INFO] [stderr]    Compiling wayland-sys v0.31.7
[INFO] [stderr]    Compiling dlib v0.5.2
[INFO] [stderr]    Compiling memchr v2.7.6
[INFO] [stderr]    Compiling wayland-client v0.31.11
[INFO] [stderr]    Compiling wayland-backend v0.3.11
[INFO] [stderr]    Compiling rustix v0.38.44
[INFO] [stderr]    Compiling aho-corasick v1.1.4
[INFO] [stderr]    Compiling bytemuck v1.24.0
[INFO] [stderr]    Compiling syn v2.0.111
[INFO] [stderr]    Compiling xcursor v0.3.10
[INFO] [stderr]    Compiling memmap2 v0.9.9
[INFO] [stderr]    Compiling x11-dl v2.21.0
[INFO] [stderr]    Compiling winit v0.30.12
[INFO] [stderr]    Compiling ab_glyph v0.2.32
[INFO] [stderr]    Compiling tracing v0.1.44
[INFO] [stderr]    Compiling anstream v0.6.21
[INFO] [stderr]    Compiling ahash v0.8.12
[INFO] [stderr]    Compiling tiny-skia-path v0.11.4
[INFO] [stderr]    Compiling ash-window v0.13.0
[INFO] [stderr]    Compiling xkbcommon-dl v0.4.2
[INFO] [stderr]    Compiling smol_str v0.2.2
[INFO] [stderr]    Compiling jiff v0.2.16
[INFO] [stderr]    Compiling dpi v0.1.2
[INFO] [stderr]    Compiling quick-xml v0.37.5
[INFO] [stderr]    Compiling tiny-skia v0.11.4
[INFO] [stderr]    Compiling vinit v0.5.0 (/opt/rustwide/workdir)
[INFO] [stderr]    Compiling wayland-scanner v0.31.7
[INFO] [stderr]    Compiling regex-automata v0.4.13
[INFO] [stderr]    Compiling thiserror-impl v1.0.69
[INFO] [stderr]    Compiling thiserror v1.0.69
[INFO] [stderr]    Compiling regex v1.12.2
[INFO] [stderr]    Compiling env_filter v0.1.4
[INFO] [stderr]    Compiling polling v3.11.0
[INFO] [stderr]    Compiling gethostname v1.1.0
[INFO] [stderr]    Compiling x11rb v0.13.2
[INFO] [stderr]    Compiling env_logger v0.11.8
[INFO] [stderr]    Compiling calloop v0.13.0
[INFO] [stderr]    Compiling wayland-csd-frame v0.3.0
[INFO] [stderr]    Compiling wayland-protocols v0.32.9
[INFO] [stderr]    Compiling calloop-wayland-source v0.3.0
[INFO] [stderr]    Compiling wayland-cursor v0.31.11
[INFO] [stderr]    Compiling wayland-protocols-wlr v0.3.9
[INFO] [stderr]    Compiling wayland-protocols-plasma v0.3.9
[INFO] [stderr]    Compiling smithay-client-toolkit v0.19.2
[INFO] [stderr]    Compiling sctk-adwaita v0.10.1
[INFO] [stderr]     Finished `release` profile [optimized] target(s) in 1m 30s
[INFO] running `Command { std: "docker" "inspect" "efff0f8b1afc1b6928d6f6a2f9cbae50581b0e728c7c8a22b176b3f72eb491a7", kill_on_drop: false }`
[INFO] running `Command { std: "docker" "exec" "-e" "SOURCE_DIR=/opt/rustwide/workdir" "-e" "CARGO_HOME=/opt/rustwide/cargo-home" "-e" "RUSTUP_HOME=/opt/rustwide/rustup-home" "-e" "CARGO_TARGET_DIR=/opt/rustwide/target" "-e" "CARGO_INCREMENTAL=0" "-e" "RUST_BACKTRACE=full" "-e" "RUSTFLAGS=--cap-lints=warn" "-e" "RUSTDOCFLAGS=--cap-lints=warn" "-w" "/opt/rustwide/workdir" "--user" "0:0" "efff0f8b1afc1b6928d6f6a2f9cbae50581b0e728c7c8a22b176b3f72eb491a7" "/opt/rustwide/cargo-home/bin/cargo" "+1.99.0-beta.8" "test" "--frozen" "--release", kill_on_drop: false }`
[INFO] [stderr]     Finished `release` profile [optimized] target(s) in 0.16s
[INFO] [stderr]      Running unittests src/lib.rs (/opt/rustwide/target/release/deps/vinit-16aa4bc98ae60c92)
[INFO] [stderr]      Running tests/common.rs (/opt/rustwide/target/release/deps/common-b2b5070dc3ce0449)
[INFO] [stdout] 
[INFO] [stdout] running 0 tests
[INFO] [stdout] 
[INFO] [stdout] test result: ok. 0 passed; 0 failed; 0 ignored; 0 measured; 0 filtered out; finished in 0.00s
[INFO] [stdout] 
[INFO] [stdout] 
[INFO] [stdout] running 34 tests
[INFO] [stdout] test test_create_swapchain ... FAILED
[INFO] [stdout] test test_base_drop_order ... ok
[INFO] [stdout] test test_api_version_1_2 ... ok
[INFO] [stdout] test test_device_creation ... ok
[INFO] [stdout] test test_empty_base ... ok
[INFO] [stdout] test test_device_memory_properties ... ok
[INFO] [stdout] test test_device_prefer_best ... ok
[INFO] [stdout] test test_device_properties ... ok
[INFO] [stdout] test test_device_limits ... ok
[INFO] [stdout] test test_command_pool_flags ... ok
[INFO] [stdout] test test_api_version_1_1 ... ok
[INFO] [stdout] test test_instance_only ... ok
[INFO] [stdout] test test_api_version_1_0 ... ok
[INFO] [stdout] test test_compute_pool ... ok
[INFO] [stdout] test test_api_version_1_3 ... ok
[INFO] [stdout] test test_builder_chaining ... ok
[INFO] [stdout] test test_instance_with_validation ... FAILED
[INFO] [stdout] test test_device_discrete_gpu ... ok
[INFO] [stdout] test test_device_prefer_worst ... ok
[INFO] [stdout] test test_multiple_queue_families ... ok
[INFO] [stdout] test test_many_command_pools ... ok
[INFO] [stdout] test test_no_compatible_device ... ok
[INFO] [stdout] test test_invalid_api_version ... ok
[INFO] [stdout] test test_all_pool_types ... ok
[INFO] [stdout] test test_mixed_pools ... ok
[INFO] [stdout] test test_queue_family_indices ... ok
[INFO] [stdout] test test_multiple_graphics_pools ... ok
[INFO] [stdout] test test_builder_reuse ... ok
[INFO] [stdout] test test_nested_scopes ... ok
[INFO] [stdout] test test_single_graphics_pool ... ok
[INFO] [stdout] test test_transfer_pool ... ok
[INFO] [stdout] test test_queue_families_populated ... ok
[INFO] [stdout] test test_move_semantics ... ok
[INFO] [stdout] test test_create_drop_multiple ... ok
[INFO] [stdout] 
[INFO] [stdout] failures:
[INFO] [stdout] 
[INFO] [stdout] ---- test_create_swapchain stdout ----
[INFO] [stdout] 
[INFO] [stdout] thread 'test_create_swapchain' (1352) panicked at tests/common.rs:648:10:
[INFO] [stdout] called `Result::unwrap()` on an `Err` value: Os(OsError { line: 765, file: "/opt/rustwide/cargo-home/registry/src/index.crates.io-1949cf8c6b5b557f/winit-0.30.12/src/platform_impl/linux/mod.rs", error: Misc("neither WAYLAND_DISPLAY nor WAYLAND_SOCKET nor DISPLAY is set.") })
[INFO] [stdout] stack backtrace:
[INFO] [stdout]    0:     0x5deff4433711 - <<std[70759c8f55707aa4]::sys::backtrace::BacktraceLock>::print::DisplayBacktrace as core[df12db4294e9bfd3]::fmt::Display>::fmt
[INFO] [stdout]    1:     0x5deff444c48a - core[df12db4294e9bfd3]::fmt::write
[INFO] [stdout]    2:     0x5deff44394ec - <alloc[2182bb758b4b3781]::vec::Vec<u8> as core[df12db4294e9bfd3]::io::write::Write>::write_fmt
[INFO] [stdout]    3:     0x5deff440e7c6 - std[70759c8f55707aa4]::panicking::default_hook::{closure#0}
[INFO] [stdout]    4:     0x5deff442b3f9 - std[70759c8f55707aa4]::panicking::default_hook
[INFO] [stdout]    5:     0x5deff4297ef0 - test[9d35eded1c95d3be]::test_main_inner::<test[9d35eded1c95d3be]::test_main_static::{closure#0}>::{closure#0}
[INFO] [stdout]    6:     0x5deff442b5b2 - std[70759c8f55707aa4]::panicking::panic_with_hook
[INFO] [stdout]    7:     0x5deff440e872 - std[70759c8f55707aa4]::panicking::panic_handler::{closure#0}
[INFO] [stdout]    8:     0x5deff4407389 - std[70759c8f55707aa4]::sys::backtrace::__rust_end_short_backtrace::<std[70759c8f55707aa4]::panicking::panic_handler::{closure#0}, !>
[INFO] [stdout]    9:     0x5deff440f5ed - __rustc[8fa7c3cbc660c2b3]::rust_begin_unwind
[INFO] [stdout]   10:     0x5deff444cc6c - core[df12db4294e9bfd3]::panicking::panic_fmt
[INFO] [stdout]   11:     0x5deff444ca42 - core[df12db4294e9bfd3]::result::unwrap_failed
[INFO] [stdout]   12:     0x5deff418a8f3 - <common[c9958827d200cf64]::test_create_swapchain::{closure#0} as core[df12db4294e9bfd3]::ops::function::FnOnce<()>>::call_once
[INFO] [stdout]   13:     0x5deff428b1db - test[9d35eded1c95d3be]::__rust_begin_short_backtrace::<core[df12db4294e9bfd3]::result::Result<(), alloc[2182bb758b4b3781]::string::String>, fn() -> core[df12db4294e9bfd3]::result::Result<(), alloc[2182bb758b4b3781]::string::String>>
[INFO] [stdout]   14:     0x5deff4298845 - test[9d35eded1c95d3be]::run_test::{closure#0}
[INFO] [stdout]   15:     0x5deff4292104 - std[70759c8f55707aa4]::sys::backtrace::__rust_begin_short_backtrace::<test[9d35eded1c95d3be]::run_test::{closure#1}, ()>
[INFO] [stdout]   16:     0x5deff429b9a2 - <std[70759c8f55707aa4]::thread::lifecycle::spawn_unchecked<test[9d35eded1c95d3be]::run_test::{closure#1}, ()>::{closure#1} as core[df12db4294e9bfd3]::ops::function::FnOnce<()>>::call_once::{shim:vtable#0}
[INFO] [stdout]   17:     0x5deff4432929 - <std[70759c8f55707aa4]::sys::thread::unix::Thread>::new::thread_start
[INFO] [stdout]   18:     0x7594da4ffdfa - <unknown>
[INFO] [stdout]   19:     0x7594da5933d4 - clone
[INFO] [stdout]   20:                0x0 - <unknown>
[INFO] [stdout] 
[INFO] [stdout] ---- test_instance_with_validation stdout ----
[INFO] [stdout] 
[INFO] [stdout] thread 'test_instance_with_validation' (1702) panicked at tests/common.rs:63:10:
[INFO] [stdout] Failed to create instance with validation: ERROR_LAYER_NOT_PRESENT
[INFO] [stdout] stack backtrace:
[INFO] [stdout]    0:     0x5deff4433711 - <<std[70759c8f55707aa4]::sys::backtrace::BacktraceLock>::print::DisplayBacktrace as core[df12db4294e9bfd3]::fmt::Display>::fmt
[INFO] [stdout]    1:     0x5deff444c48a - core[df12db4294e9bfd3]::fmt::write
[INFO] [stdout]    2:     0x5deff44394ec - <alloc[2182bb758b4b3781]::vec::Vec<u8> as core[df12db4294e9bfd3]::io::write::Write>::write_fmt
[INFO] [stdout]    3:     0x5deff440e7c6 - std[70759c8f55707aa4]::panicking::default_hook::{closure#0}
[INFO] [stdout]    4:     0x5deff442b3f9 - std[70759c8f55707aa4]::panicking::default_hook
[INFO] [stdout]    5:     0x5deff4297ef0 - test[9d35eded1c95d3be]::test_main_inner::<test[9d35eded1c95d3be]::test_main_static::{closure#0}>::{closure#0}
[INFO] [stdout]    6:     0x5deff442b5b2 - std[70759c8f55707aa4]::panicking::panic_with_hook
[INFO] [stdout]    7:     0x5deff440e872 - std[70759c8f55707aa4]::panicking::panic_handler::{closure#0}
[INFO] [stdout]    8:     0x5deff4407389 - std[70759c8f55707aa4]::sys::backtrace::__rust_end_short_backtrace::<std[70759c8f55707aa4]::panicking::panic_handler::{closure#0}, !>
[INFO] [stdout]    9:     0x5deff440f5ed - __rustc[8fa7c3cbc660c2b3]::rust_begin_unwind
[INFO] [stdout]   10:     0x5deff444cc6c - core[df12db4294e9bfd3]::panicking::panic_fmt
[INFO] [stdout]   11:     0x5deff444ca42 - core[df12db4294e9bfd3]::result::unwrap_failed
[INFO] [stdout]   12:     0x5deff418ee7d - <common[c9958827d200cf64]::test_instance_with_validation::{closure#0} as core[df12db4294e9bfd3]::ops::function::FnOnce<()>>::call_once
[INFO] [stdout]   13:     0x5deff428b1db - test[9d35eded1c95d3be]::__rust_begin_short_backtrace::<core[df12db4294e9bfd3]::result::Result<(), alloc[2182bb758b4b3781]::string::String>, fn() -> core[df12db4294e9bfd3]::result::Result<(), alloc[2182bb758b4b3781]::string::String>>
[INFO] [stdout]   14:     0x5deff4298845 - test[9d35eded1c95d3be]::run_test::{closure#0}
[INFO] [stdout]   15:     0x5deff4292104 - std[70759c8f55707aa4]::sys::backtrace::__rust_begin_short_backtrace::<test[9d35eded1c95d3be]::run_test::{closure#1}, ()>
[INFO] [stdout]   16:     0x5deff429b9a2 - <std[70759c8f55707aa4]::thread::lifecycle::spawn_unchecked<test[9d35eded1c95d3be]::run_test::{closure#1}, ()>::{closure#1} as core[df12db4294e9bfd3]::ops::function::FnOnce<()>>::call_once::{shim:vtable#0}
[INFO] [stdout]   17:     0x5deff4432929 - <std[70759c8f55707aa4]::sys::thread::unix::Thread>::new::thread_start
[INFO] [stdout]   18:     0x7594da4ffdfa - <unknown>
[INFO] [stdout]   19:     0x7594da5933d4 - clone
[INFO] [stdout]   20:                0x0 - <unknown>
[INFO] [stdout] 
[INFO] [stdout] 
[INFO] [stdout] failures:
[INFO] [stdout]     test_create_swapchain
[INFO] [stdout]     test_instance_with_validation
[INFO] [stdout] 
[INFO] [stdout] test result: FAILED. 32 passed; 2 failed; 0 ignored; 0 measured; 0 filtered out; finished in 6.22s
[INFO] [stdout] 
[INFO] [stderr] error: test failed, to rerun pass `--test common`
[INFO] running `Command { std: "docker" "inspect" "efff0f8b1afc1b6928d6f6a2f9cbae50581b0e728c7c8a22b176b3f72eb491a7", kill_on_drop: false }`
[INFO] running `Command { std: "docker" "rm" "-f" "efff0f8b1afc1b6928d6f6a2f9cbae50581b0e728c7c8a22b176b3f72eb491a7", kill_on_drop: false }`
[INFO] [stdout] efff0f8b1afc1b6928d6f6a2f9cbae50581b0e728c7c8a22b176b3f72eb491a7
