[INFO] fetching crate vil_mq_kafka 0.4.0...
[INFO] testing vil_mq_kafka-0.4.0 against 1.100.0-beta.1+cargoflags=--release for beta-release-1.100-2
[INFO] extracting crate vil_mq_kafka 0.4.0 into /workspace/builds/worker-3-tc2/source
[INFO] started tweaking crates.io crate vil_mq_kafka 0.4.0
[INFO] removed 0 missing tests
[INFO] finished tweaking crates.io crate vil_mq_kafka 0.4.0
[INFO] tweaked toml for crates.io crate vil_mq_kafka 0.4.0 written to /workspace/builds/worker-3-tc2/source/Cargo.toml
[INFO] validating manifest of crates.io crate vil_mq_kafka 0.4.0 on toolchain 1.100.0-beta.1
[INFO] running `Command { std: CARGO_HOME="/workspace/cargo-home" RUSTUP_HOME="/workspace/rustup-home" "/workspace/cargo-home/bin/cargo" "+1.100.0-beta.1" "metadata" "--manifest-path" "Cargo.toml" "--no-deps", kill_on_drop: false }`
[INFO] crate crates.io crate vil_mq_kafka 0.4.0 already has a lockfile, it will not be regenerated
[INFO] running `Command { std: CARGO_HOME="/workspace/cargo-home" RUSTUP_HOME="/workspace/rustup-home" "/workspace/cargo-home/bin/cargo" "+1.100.0-beta.1" "fetch" "--manifest-path" "Cargo.toml", kill_on_drop: false }`
[INFO] running `Command { std: "docker" "create" "-v" "/var/lib/crater-agent-workspace/builds/worker-3-tc2/source:/opt/rustwide/workdir:ro,Z" "-v" "/var/lib/crater-agent-workspace/builds/worker-3-tc2/target:/opt/rustwide/target:rw,Z" "-v" "/var/lib/crater-agent-workspace/cargo-home:/opt/rustwide/cargo-home:ro,Z" "-v" "/var/lib/crater-agent-workspace/rustup-home:/opt/rustwide/rustup-home:ro,Z" "-m" "1610612736" "--network" "none" "ghcr.io/rust-lang/crates-build-env/linux@sha256:77db811e55d90add9212f6832c23229e3de5f1c1f9905e8cb07319ea15df73ac" "sleep" "infinity", kill_on_drop: false }`
[INFO] [stdout] 2908df01e8b3ae32b3e7d2fa09809a89cd3916c8177c30a56b978e99a565ea28
[INFO] running `Command { std: "docker" "start" "2908df01e8b3ae32b3e7d2fa09809a89cd3916c8177c30a56b978e99a565ea28", kill_on_drop: false }`
[INFO] running `Command { std: "docker" "inspect" "2908df01e8b3ae32b3e7d2fa09809a89cd3916c8177c30a56b978e99a565ea28", kill_on_drop: false }`
[INFO] running `Command { std: "docker" "exec" "-e" "SOURCE_DIR=/opt/rustwide/workdir" "-e" "CARGO_HOME=/opt/rustwide/cargo-home" "-e" "RUSTUP_HOME=/opt/rustwide/rustup-home" "-e" "CARGO_TARGET_DIR=/opt/rustwide/target" "-w" "/opt/rustwide/workdir" "--user" "0:0" "2908df01e8b3ae32b3e7d2fa09809a89cd3916c8177c30a56b978e99a565ea28" "/opt/rustwide/cargo-home/bin/cargo" "+1.100.0-beta.1" "metadata" "--no-deps" "--format-version=1", kill_on_drop: false }`
[INFO] running `Command { std: "docker" "inspect" "2908df01e8b3ae32b3e7d2fa09809a89cd3916c8177c30a56b978e99a565ea28", kill_on_drop: false }`
[INFO] running `Command { std: "docker" "exec" "-e" "SOURCE_DIR=/opt/rustwide/workdir" "-e" "CARGO_HOME=/opt/rustwide/cargo-home" "-e" "RUSTUP_HOME=/opt/rustwide/rustup-home" "-e" "CARGO_TARGET_DIR=/opt/rustwide/target" "-e" "CARGO_INCREMENTAL=0" "-e" "RUST_BACKTRACE=full" "-e" "RUSTFLAGS=--cap-lints=warn" "-e" "RUSTDOCFLAGS=--cap-lints=warn" "-w" "/opt/rustwide/workdir" "--user" "0:0" "2908df01e8b3ae32b3e7d2fa09809a89cd3916c8177c30a56b978e99a565ea28" "/opt/rustwide/cargo-home/bin/cargo" "+1.100.0-beta.1" "build" "--frozen" "--message-format=json" "--release", kill_on_drop: false }`
[INFO] [stderr]    Compiling syn v2.0.117
[INFO] [stderr]    Compiling libc v0.2.184
[INFO] [stderr]    Compiling memchr v2.8.0
[INFO] [stderr]    Compiling winnow v1.0.1
[INFO] [stderr]    Compiling indexmap v2.13.1
[INFO] [stderr]    Compiling vcpkg v0.2.15
[INFO] [stderr]    Compiling futures-sink v0.3.32
[INFO] [stderr]    Compiling futures-core v0.3.32
[INFO] [stderr]    Compiling cmake v0.1.58
[INFO] [stderr]    Compiling futures-io v0.3.32
[INFO] [stderr]    Compiling log v0.4.29
[INFO] [stderr]    Compiling futures-task v0.3.32
[INFO] [stderr]    Compiling regex-syntax v0.8.10
[INFO] [stderr]    Compiling zerocopy v0.8.48
[INFO] [stderr]    Compiling rmp v0.8.15
[INFO] [stderr]    Compiling thread_local v1.1.9
[INFO] [stderr]    Compiling nu-ansi-term v0.50.3
[INFO] [stderr]    Compiling hashbrown v0.14.5
[INFO] [stderr]    Compiling rustc-hash v2.1.2
[INFO] [stderr]    Compiling futures-channel v0.3.32
[INFO] [stderr]    Compiling tracing-log v0.2.0
[INFO] [stderr]    Compiling rdkafka-sys v4.10.0+2.12.1
[INFO] [stderr]    Compiling serde_json v1.0.149
[INFO] [stderr]    Compiling libz-sys v1.1.25
[INFO] [stderr]    Compiling parking_lot_core v0.9.12
[INFO] [stderr]    Compiling errno v0.3.14
[INFO] [stderr]    Compiling socket2 v0.6.3
[INFO] [stderr]    Compiling mio v1.2.0
[INFO] [stderr]    Compiling signal-hook-registry v1.4.8
[INFO] [stderr]    Compiling toml_parser v1.1.2+spec-1.1.0
[INFO] [stderr]    Compiling parking_lot v0.12.5
[INFO] [stderr]    Compiling dashmap v5.5.3
[INFO] [stderr]    Compiling regex-automata v0.4.14
[INFO] [stderr]    Compiling toml_edit v0.25.10+spec-1.1.0
[INFO] [stderr]    Compiling proc-macro-crate v3.5.0
[INFO] [stderr]    Compiling matchers v0.2.0
[INFO] [stderr]    Compiling serde_derive v1.0.228
[INFO] [stderr]    Compiling futures-macro v0.3.32
[INFO] [stderr]    Compiling tracing-attributes v0.1.31
[INFO] [stderr]    Compiling tokio-macros v2.7.0
[INFO] [stderr]    Compiling num_enum_derive v0.7.6
[INFO] [stderr]    Compiling zerocopy-derive v0.8.48
[INFO] [stderr]    Compiling tokio v1.51.0
[INFO] [stderr]    Compiling futures-util v0.3.32
[INFO] [stderr]    Compiling num_enum v0.7.6
[INFO] [stderr]    Compiling async-trait v0.1.89
[INFO] [stderr]    Compiling tracing v0.1.44
[INFO] [stderr]    Compiling serde v1.0.228
[INFO] [stderr]    Compiling futures-executor v0.3.32
[INFO] [stderr]    Compiling futures v0.3.32
[INFO] [stderr]    Compiling tracing-serde v0.2.0
[INFO] [stderr]    Compiling rmp-serde v1.3.1
[INFO] [stderr]    Compiling chrono v0.4.44
[INFO] [stderr]    Compiling tracing-subscriber v0.3.23
[INFO] [stderr]    Compiling vil_log v0.4.0
[INFO] [stderr]    Compiling rdkafka v0.36.2
[INFO] [stderr]    Compiling vil_mq_kafka v0.4.0 (/opt/rustwide/workdir)
[INFO] [stderr] warning: unused dependency `dashmap`
[INFO] [stderr]  --> Cargo.toml:7:15
[INFO] [stderr]   |
[INFO] [stderr] 7 | [dependencies.dashmap]
[INFO] [stderr]   |               ^^^^^^^^
[INFO] [stderr]   |
[INFO] [stderr]   = note: `cargo::unused_dependencies` is set to `warn` by default
[INFO] [stderr] help: consider removing the dependency on `dashmap`
[INFO] [stderr] warning: `vil_mq_kafka` (manifest) generated 1 warning
[INFO] [stderr]     Finished `release` profile [optimized] target(s) in 1m 54s
[INFO] running `Command { std: "docker" "inspect" "2908df01e8b3ae32b3e7d2fa09809a89cd3916c8177c30a56b978e99a565ea28", kill_on_drop: false }`
[INFO] running `Command { std: "docker" "exec" "-e" "SOURCE_DIR=/opt/rustwide/workdir" "-e" "CARGO_HOME=/opt/rustwide/cargo-home" "-e" "RUSTUP_HOME=/opt/rustwide/rustup-home" "-e" "CARGO_TARGET_DIR=/opt/rustwide/target" "-e" "CARGO_INCREMENTAL=0" "-e" "RUST_BACKTRACE=full" "-e" "RUSTFLAGS=--cap-lints=warn" "-e" "RUSTDOCFLAGS=--cap-lints=warn" "-w" "/opt/rustwide/workdir" "--user" "0:0" "2908df01e8b3ae32b3e7d2fa09809a89cd3916c8177c30a56b978e99a565ea28" "/opt/rustwide/cargo-home/bin/cargo" "+1.100.0-beta.1" "test" "--frozen" "--no-run" "--message-format=json" "--release", kill_on_drop: false }`
[INFO] [stderr]    Compiling vil_mq_kafka v0.4.0 (/opt/rustwide/workdir)
[INFO] [stdout] warning: variable does not need to be mutable
[INFO] [stdout]   --> tests/kafka_tests.rs:47:9
[INFO] [stdout]    |
[INFO] [stdout] 47 |     let mut consumer = KafkaConsumer::new(
[INFO] [stdout]    |         ----^^^^^^^^
[INFO] [stdout]    |         |
[INFO] [stdout]    |         help: remove this `mut`
[INFO] [stdout]    |
[INFO] [stdout]    = note: `#[warn(unused_mut)]` (part of `#[warn(unused)]`) on by default
[INFO] [stdout] 
[INFO] [stdout] 
[INFO] [stderr] warning: unused dependency `dashmap`
[INFO] [stderr]  --> Cargo.toml:7:15
[INFO] [stderr]   |
[INFO] [stderr] 7 | [dependencies.dashmap]
[INFO] [stderr]   |               ^^^^^^^^
[INFO] [stderr]   |
[INFO] [stderr]   = note: `cargo::unused_dependencies` is set to `warn` by default
[INFO] [stderr] help: consider removing the dependency on `dashmap`
[INFO] [stderr] warning: `vil_mq_kafka` (manifest) generated 1 warning
[INFO] [stderr]     Finished `release` profile [optimized] target(s) in 5.04s
[INFO] running `Command { std: "docker" "inspect" "2908df01e8b3ae32b3e7d2fa09809a89cd3916c8177c30a56b978e99a565ea28", kill_on_drop: false }`
[INFO] running `Command { std: "docker" "exec" "-e" "SOURCE_DIR=/opt/rustwide/workdir" "-e" "CARGO_HOME=/opt/rustwide/cargo-home" "-e" "RUSTUP_HOME=/opt/rustwide/rustup-home" "-e" "CARGO_TARGET_DIR=/opt/rustwide/target" "-e" "CARGO_INCREMENTAL=0" "-e" "RUST_BACKTRACE=full" "-e" "RUSTFLAGS=--cap-lints=warn" "-e" "RUSTDOCFLAGS=--cap-lints=warn" "-w" "/opt/rustwide/workdir" "--user" "0:0" "2908df01e8b3ae32b3e7d2fa09809a89cd3916c8177c30a56b978e99a565ea28" "/opt/rustwide/cargo-home/bin/cargo" "+1.100.0-beta.1" "test" "--frozen" "--release", kill_on_drop: false }`
[INFO] [stderr] warning: variable does not need to be mutable
[INFO] [stderr]   --> tests/kafka_tests.rs:47:9
[INFO] [stderr]    |
[INFO] [stderr] 47 |     let mut consumer = KafkaConsumer::new(
[INFO] [stderr]    |         ----^^^^^^^^
[INFO] [stderr]    |         |
[INFO] [stderr]    |         help: remove this `mut`
[INFO] [stderr]    |
[INFO] [stderr]    = note: `#[warn(unused_mut)]` (part of `#[warn(unused)]`) on by default
[INFO] [stderr] 
[INFO] [stderr] warning: `vil_mq_kafka` (test "kafka_tests") generated 1 warning (run `cargo fix --test "kafka_tests" -p vil_mq_kafka` to apply 1 suggestion)
[INFO] [stderr] warning: unused dependency `dashmap`
[INFO] [stderr]  --> Cargo.toml:7:15
[INFO] [stderr]   |
[INFO] [stderr] 7 | [dependencies.dashmap]
[INFO] [stderr]   |               ^^^^^^^^
[INFO] [stderr]   |
[INFO] [stderr]   = note: `cargo::unused_dependencies` is set to `warn` by default
[INFO] [stderr] help: consider removing the dependency on `dashmap`
[INFO] [stderr] warning: `vil_mq_kafka` (manifest) generated 1 warning
[INFO] [stderr]     Finished `release` profile [optimized] target(s) in 0.11s
[INFO] [stderr]      Running unittests src/lib.rs (/opt/rustwide/target/release/build/vil_mq_kafka/156c7e9f110d49c2/out/vil_mq_kafka-156c7e9f110d49c2)
[INFO] [stdout] 
[INFO] [stdout] running 0 tests
[INFO] [stdout] 
[INFO] [stdout] test result: ok. 0 passed; 0 failed; 0 ignored; 0 measured; 0 filtered out; finished in 0.00s
[INFO] [stdout] 
[INFO] [stderr]      Running tests/kafka_tests.rs (/opt/rustwide/target/release/build/vil_mq_kafka/4049e6f4cd3103bc/out/kafka_tests-4049e6f4cd3103bc)
[INFO] [stdout] 
[INFO] [stdout] running 5 tests
[INFO] [stdout] test test_kafka_config ... ok
[INFO] [stdout] test test_kafka_bridge ... ok
[INFO] [stdout] test test_kafka_metrics ... ok
[INFO] [stderr] %3|1792351831.830|FAIL|rdkafka#producer-2| [thrd:localhost:9092/bootstrap]: localhost:9092/bootstrap: Connect to ipv6#[::1]:9092 failed: Connection refused (after 4ms in state CONNECT)
[INFO] [stderr] %3|1792351831.830|FAIL|rdkafka#consumer-1| [thrd:localhost:9092/bootstrap]: localhost:9092/bootstrap: Connect to ipv4#127.0.0.1:9092 failed: Connection refused (after 5ms in state CONNECT)
[INFO] [stdout] test test_kafka_consumer ... ok
[INFO] [stderr] %3|1792351831.875|FAIL|rdkafka#producer-2| [thrd:localhost:9092/bootstrap]: localhost:9092/bootstrap: Connect to ipv4#127.0.0.1:9092 failed: Connection refused (after 0ms in state CONNECT)
[INFO] [stderr] %3|1792351831.930|FAIL|rdkafka#producer-2| [thrd:localhost:9092/bootstrap]: localhost:9092/bootstrap: Connect to ipv6#[::1]:9092 failed: Connection refused (after 0ms in state CONNECT)
[INFO] [stderr] %3|1792351832.120|FAIL|rdkafka#producer-2| [thrd:localhost:9092/bootstrap]: localhost:9092/bootstrap: Connect to ipv4#127.0.0.1:9092 failed: Connection refused (after 0ms in state CONNECT)
[INFO] [stderr] %3|1792351832.517|FAIL|rdkafka#producer-2| [thrd:localhost:9092/bootstrap]: localhost:9092/bootstrap: Connect to ipv6#[::1]:9092 failed: Connection refused (after 0ms in state CONNECT)
[INFO] [stderr] %3|1792351832.826|FAIL|rdkafka#producer-2| [thrd:localhost:9092/bootstrap]: localhost:9092/bootstrap: Connect to ipv4#127.0.0.1:9092 failed: Connection refused (after 0ms in state CONNECT)
[INFO] [stderr] %3|1792351832.878|FAIL|rdkafka#producer-2| [thrd:localhost:9092/bootstrap]: localhost:9092/bootstrap: Connect to ipv6#[::1]:9092 failed: Connection refused (after 0ms in state CONNECT)
[INFO] [stderr] %3|1792351833.416|FAIL|rdkafka#producer-2| [thrd:localhost:9092/bootstrap]: localhost:9092/bootstrap: Connect to ipv4#127.0.0.1:9092 failed: Connection refused (after 0ms in state CONNECT)
[INFO] [stderr] %3|1792351833.826|FAIL|rdkafka#producer-2| [thrd:localhost:9092/bootstrap]: localhost:9092/bootstrap: Connect to ipv6#[::1]:9092 failed: Connection refused (after 0ms in state CONNECT)
[INFO] [stderr] %3|1792351833.877|FAIL|rdkafka#producer-2| [thrd:localhost:9092/bootstrap]: localhost:9092/bootstrap: Connect to ipv4#127.0.0.1:9092 failed: Connection refused (after 0ms in state CONNECT)
[INFO] [stderr] %3|1792351834.417|FAIL|rdkafka#producer-2| [thrd:localhost:9092/bootstrap]: localhost:9092/bootstrap: Connect to ipv6#[::1]:9092 failed: Connection refused (after 0ms in state CONNECT)
[INFO] [stderr] %3|1792351834.827|FAIL|rdkafka#producer-2| [thrd:localhost:9092/bootstrap]: localhost:9092/bootstrap: Connect to ipv4#127.0.0.1:9092 failed: Connection refused (after 0ms in state CONNECT)
[INFO] [stderr] %3|1792351834.881|FAIL|rdkafka#producer-2| [thrd:localhost:9092/bootstrap]: localhost:9092/bootstrap: Connect to ipv6#[::1]:9092 failed: Connection refused (after 0ms in state CONNECT)
[INFO] [stderr] %3|1792351835.416|FAIL|rdkafka#producer-2| [thrd:localhost:9092/bootstrap]: localhost:9092/bootstrap: Connect to ipv4#127.0.0.1:9092 failed: Connection refused (after 0ms in state CONNECT)
[INFO] [stderr] %3|1792351835.826|FAIL|rdkafka#producer-2| [thrd:localhost:9092/bootstrap]: localhost:9092/bootstrap: Connect to ipv4#127.0.0.1:9092 failed: Connection refused (after 0ms in state CONNECT, 1 identical error(s) suppressed)
[INFO] [stderr] %3|1792351835.880|FAIL|rdkafka#producer-2| [thrd:localhost:9092/bootstrap]: localhost:9092/bootstrap: Connect to ipv6#[::1]:9092 failed: Connection refused (after 0ms in state CONNECT)
[INFO] [stderr] %3|1792351836.417|FAIL|rdkafka#producer-2| [thrd:localhost:9092/bootstrap]: localhost:9092/bootstrap: Connect to ipv4#127.0.0.1:9092 failed: Connection refused (after 0ms in state CONNECT)
[INFO] [stderr] %3|1792351836.878|FAIL|rdkafka#producer-2| [thrd:localhost:9092/bootstrap]: localhost:9092/bootstrap: Connect to ipv6#[::1]:9092 failed: Connection refused (after 0ms in state CONNECT)
[INFO] [stdout] test test_kafka_producer ... FAILED
[INFO] [stdout] 
[INFO] [stdout] failures:
[INFO] [stdout] 
[INFO] [stdout] ---- test_kafka_producer stdout ----
[INFO] [stdout] 
[INFO] [stdout] thread 'test_kafka_producer' (2161) panicked at tests/kafka_tests.rs:31:10:
[INFO] [stdout] called `Result::unwrap()` on an `Err` value: "Kafka publish failed: Message production error: MessageTimedOut (Local: Message timed out)"
[INFO] [stdout] stack backtrace:
[INFO] [stdout]    0:     0x63642be3fa61 - <<std[617be2ca0a6fd877]::sys::backtrace::BacktraceLock>::print::DisplayBacktrace as core[a373ad73a504971]::fmt::Display>::fmt
[INFO] [stdout]    1:     0x63642be54b9a - core[a373ad73a504971]::fmt::write
[INFO] [stdout]    2:     0x63642be43ecc - <alloc[2e1b2a31b91974c5]::vec::Vec<u8> as core[a373ad73a504971]::io::write::Write>::write_fmt
[INFO] [stdout]    3:     0x63642be1ba36 - std[617be2ca0a6fd877]::panicking::default_hook::{closure#0}
[INFO] [stdout]    4:     0x63642be37f39 - std[617be2ca0a6fd877]::panicking::default_hook
[INFO] [stdout]    5:     0x63642bdd4240 - test[aada8e7e76ba119b]::test_main_inner::{closure#0}
[INFO] [stdout]    6:     0x63642be38262 - std[617be2ca0a6fd877]::panicking::panic_with_hook
[INFO] [stdout]    7:     0x63642be1bae2 - std[617be2ca0a6fd877]::panicking::panic_handler::{closure#0}
[INFO] [stdout]    8:     0x63642be147c9 - std[617be2ca0a6fd877]::sys::backtrace::__rust_end_short_backtrace::<std[617be2ca0a6fd877]::panicking::panic_handler::{closure#0}, !>
[INFO] [stdout]    9:     0x63642be1c6ed - __rustc[ea4f61d10b84890b]::rust_begin_unwind
[INFO] [stdout]   10:     0x63642be552fc - core[a373ad73a504971]::panicking::panic_fmt
[INFO] [stdout]   11:     0x63642be550d2 - core[a373ad73a504971]::result::unwrap_failed
[INFO] [stdout]   12:     0x63642bbd77f0 - kafka_tests[c7253771a155be66]::test_kafka_producer::{closure#0}
[INFO] [stdout]   13:     0x63642bbee243 - <tokio[86a4a8f0226bfb83]::runtime::scheduler::current_thread::Context>::enter::<core[a373ad73a504971]::task::poll::Poll<()>, <tokio[86a4a8f0226bfb83]::runtime::scheduler::current_thread::CoreGuard>::block_on<core[a373ad73a504971]::pin::Pin<&mut core[a373ad73a504971]::pin::Pin<&mut dyn core[a373ad73a504971]::future::future::Future<Output = ()>>>>::{closure#0}::{closure#0}>
[INFO] [stdout]   14:     0x63642bbdce69 - <std[617be2ca0a6fd877]::thread::local::LocalKey<tokio[86a4a8f0226bfb83]::runtime::context::Context>>::with::<tokio[86a4a8f0226bfb83]::runtime::context::set_scheduler<(alloc[2e1b2a31b91974c5]::boxed::Box<tokio[86a4a8f0226bfb83]::runtime::scheduler::current_thread::Core>, core[a373ad73a504971]::option::Option<()>), <tokio[86a4a8f0226bfb83]::runtime::scheduler::current_thread::CoreGuard>::enter<<tokio[86a4a8f0226bfb83]::runtime::scheduler::current_thread::CoreGuard>::block_on<core[a373ad73a504971]::pin::Pin<&mut core[a373ad73a504971]::pin::Pin<&mut dyn core[a373ad73a504971]::future::future::Future<Output = ()>>>>::{closure#0}, core[a373ad73a504971]::option::Option<()>>::{closure#0}>::{closure#0}, (alloc[2e1b2a31b91974c5]::boxed::Box<tokio[86a4a8f0226bfb83]::runtime::scheduler::current_thread::Core>, core[a373ad73a504971]::option::Option<()>)>
[INFO] [stdout]   15:     0x63642bbee947 - <tokio[86a4a8f0226bfb83]::runtime::scheduler::current_thread::CoreGuard>::block_on::<core[a373ad73a504971]::pin::Pin<&mut core[a373ad73a504971]::pin::Pin<&mut dyn core[a373ad73a504971]::future::future::Future<Output = ()>>>>
[INFO] [stdout]   16:     0x63642bbede37 - tokio[86a4a8f0226bfb83]::runtime::context::runtime::enter_runtime::<<tokio[86a4a8f0226bfb83]::runtime::scheduler::current_thread::CurrentThread>::block_on<core[a373ad73a504971]::pin::Pin<&mut dyn core[a373ad73a504971]::future::future::Future<Output = ()>>>::{closure#0}, ()>
[INFO] [stdout]   17:     0x63642bbecc3a - <tokio[86a4a8f0226bfb83]::runtime::runtime::Runtime>::block_on::<core[a373ad73a504971]::pin::Pin<&mut dyn core[a373ad73a504971]::future::future::Future<Output = ()>>>
[INFO] [stdout]   18:     0x63642bbd8cfe - <kafka_tests[c7253771a155be66]::test_kafka_producer::{closure#0} as core[a373ad73a504971]::ops::function::FnOnce<()>>::call_once
[INFO] [stdout]   19:     0x63642bdc768b - test[aada8e7e76ba119b]::__rust_begin_short_backtrace::<core[a373ad73a504971]::result::Result<(), alloc[2e1b2a31b91974c5]::string::String>, fn() -> core[a373ad73a504971]::result::Result<(), alloc[2e1b2a31b91974c5]::string::String>>
[INFO] [stdout]   20:     0x63642bdd4865 - test[aada8e7e76ba119b]::run_test::{closure#0}
[INFO] [stdout]   21:     0x63642bdce154 - std[617be2ca0a6fd877]::sys::backtrace::__rust_begin_short_backtrace::<test[aada8e7e76ba119b]::run_test::{closure#1}, ()>
[INFO] [stdout]   22:     0x63642bdd78f2 - <std[617be2ca0a6fd877]::thread::lifecycle::spawn_unchecked<test[aada8e7e76ba119b]::run_test::{closure#1}, ()>::{closure#1} as core[a373ad73a504971]::ops::function::FnOnce<()>>::call_once::{shim:vtable#0}
[INFO] [stdout]   23:     0x63642be3f2af - <std[617be2ca0a6fd877]::sys::thread::unix::Thread>::new::thread_start
[INFO] [stdout]   24:     0x77ae45496dfa - <unknown>
[INFO] [stdout]   25:     0x77ae4552a3d4 - clone
[INFO] [stdout]   26:                0x0 - <unknown>
[INFO] [stdout] 
[INFO] [stdout] 
[INFO] [stdout] failures:
[INFO] [stdout]     test_kafka_producer
[INFO] [stdout] 
[INFO] [stdout] test result: FAILED. 4 passed; 1 failed; 0 ignored; 0 measured; 0 filtered out; finished in 5.06s
[INFO] [stdout] 
[INFO] [stderr] error: test failed, to rerun pass `--test kafka_tests`
[INFO] running `Command { std: "docker" "inspect" "2908df01e8b3ae32b3e7d2fa09809a89cd3916c8177c30a56b978e99a565ea28", kill_on_drop: false }`
[INFO] running `Command { std: "docker" "rm" "-f" "2908df01e8b3ae32b3e7d2fa09809a89cd3916c8177c30a56b978e99a565ea28", kill_on_drop: false }`
[INFO] [stdout] 2908df01e8b3ae32b3e7d2fa09809a89cd3916c8177c30a56b978e99a565ea28
