[INFO] fetching crate vielpork 0.1.3...
[INFO] testing vielpork-0.1.3 against 1.99.0-beta.8+cargoflags=--release for beta-release-1.100-2
[INFO] extracting crate vielpork 0.1.3 into /workspace/builds/worker-3-tc1/source
[INFO] started tweaking crates.io crate vielpork 0.1.3
[INFO] removed 0 missing examples
[INFO] finished tweaking crates.io crate vielpork 0.1.3
[INFO] tweaked toml for crates.io crate vielpork 0.1.3 written to /workspace/builds/worker-3-tc1/source/Cargo.toml
[INFO] validating manifest of crates.io crate vielpork 0.1.3 on toolchain 1.99.0-beta.8
[INFO] running `Command { std: CARGO_HOME="/workspace/cargo-home" RUSTUP_HOME="/workspace/rustup-home" "/workspace/cargo-home/bin/cargo" "+1.99.0-beta.8" "metadata" "--manifest-path" "Cargo.toml" "--no-deps", kill_on_drop: false }`
[INFO] crate crates.io crate vielpork 0.1.3 already has a lockfile, it will not be regenerated
[INFO] running `Command { std: CARGO_HOME="/workspace/cargo-home" RUSTUP_HOME="/workspace/rustup-home" "/workspace/cargo-home/bin/cargo" "+1.99.0-beta.8" "fetch" "--manifest-path" "Cargo.toml", kill_on_drop: false }`
[INFO] [stderr]  Downloading crates ...
[INFO] [stderr]   Downloaded rand_core v0.10.0
[INFO] [stderr]   Downloaded num-modular v0.6.1
[INFO] [stderr]   Downloaded handlebars v6.4.0
[INFO] [stderr]   Downloaded rand v0.10.0
[INFO] [stderr]   Downloaded tokio v1.51.1
[INFO] [stderr]   Downloaded aws-lc-sys v0.39.1
[INFO] running `Command { std: "docker" "create" "-v" "/var/lib/crater-agent-workspace/builds/worker-3-tc1/source:/opt/rustwide/workdir:ro,Z" "-v" "/var/lib/crater-agent-workspace/builds/worker-3-tc1/target:/opt/rustwide/target:rw,Z" "-v" "/var/lib/crater-agent-workspace/cargo-home:/opt/rustwide/cargo-home:ro,Z" "-v" "/var/lib/crater-agent-workspace/rustup-home:/opt/rustwide/rustup-home:ro,Z" "-m" "1610612736" "--network" "none" "ghcr.io/rust-lang/crates-build-env/linux@sha256:77db811e55d90add9212f6832c23229e3de5f1c1f9905e8cb07319ea15df73ac" "sleep" "infinity", kill_on_drop: false }`
[INFO] [stdout] 903d90d1bf622cebc90e42606af4a1a8da632c803861406b0df1eeca364796b6
[INFO] running `Command { std: "docker" "start" "903d90d1bf622cebc90e42606af4a1a8da632c803861406b0df1eeca364796b6", kill_on_drop: false }`
[INFO] running `Command { std: "docker" "inspect" "903d90d1bf622cebc90e42606af4a1a8da632c803861406b0df1eeca364796b6", kill_on_drop: false }`
[INFO] running `Command { std: "docker" "exec" "-e" "SOURCE_DIR=/opt/rustwide/workdir" "-e" "CARGO_HOME=/opt/rustwide/cargo-home" "-e" "RUSTUP_HOME=/opt/rustwide/rustup-home" "-e" "CARGO_TARGET_DIR=/opt/rustwide/target" "-w" "/opt/rustwide/workdir" "--user" "0:0" "903d90d1bf622cebc90e42606af4a1a8da632c803861406b0df1eeca364796b6" "/opt/rustwide/cargo-home/bin/cargo" "+1.99.0-beta.8" "metadata" "--no-deps" "--format-version=1", kill_on_drop: false }`
[INFO] running `Command { std: "docker" "inspect" "903d90d1bf622cebc90e42606af4a1a8da632c803861406b0df1eeca364796b6", kill_on_drop: false }`
[INFO] running `Command { std: "docker" "exec" "-e" "SOURCE_DIR=/opt/rustwide/workdir" "-e" "CARGO_HOME=/opt/rustwide/cargo-home" "-e" "RUSTUP_HOME=/opt/rustwide/rustup-home" "-e" "CARGO_TARGET_DIR=/opt/rustwide/target" "-e" "CARGO_INCREMENTAL=0" "-e" "RUST_BACKTRACE=full" "-e" "RUSTFLAGS=--cap-lints=warn" "-e" "RUSTDOCFLAGS=--cap-lints=warn" "-w" "/opt/rustwide/workdir" "--user" "0:0" "903d90d1bf622cebc90e42606af4a1a8da632c803861406b0df1eeca364796b6" "/opt/rustwide/cargo-home/bin/cargo" "+1.99.0-beta.8" "build" "--frozen" "--message-format=json" "--release", kill_on_drop: false }`
[INFO] [stderr]    Compiling libc v0.2.184
[INFO] [stderr]    Compiling futures-sink v0.3.32
[INFO] [stderr]    Compiling aws-lc-rs v1.16.2
[INFO] [stderr]    Compiling futures-io v0.3.32
[INFO] [stderr]    Compiling hashbrown v0.16.1
[INFO] [stderr]    Compiling icu_normalizer_data v2.1.1
[INFO] [stderr]    Compiling rustls-pki-types v1.14.0
[INFO] [stderr]    Compiling icu_properties_data v2.1.2
[INFO] [stderr]    Compiling futures-macro v0.3.32
[INFO] [stderr]    Compiling darling_core v0.20.11
[INFO] [stderr]    Compiling rustls v0.23.37
[INFO] [stderr]    Compiling tracing v0.1.44
[INFO] [stderr]    Compiling subtle v2.6.1
[INFO] [stderr]    Compiling icu_locale_core v2.1.1
[INFO] [stderr]    Compiling icu_collections v2.1.1
[INFO] [stderr]    Compiling memchr v2.8.0
[INFO] [stderr]    Compiling futures-channel v0.3.32
[INFO] [stderr]    Compiling getrandom v0.4.2
[INFO] [stderr]    Compiling rand_core v0.10.0
[INFO] [stderr]    Compiling openssl-probe v0.2.1
[INFO] [stderr]    Compiling portable-atomic v1.13.1
[INFO] [stderr]    Compiling serde_json v1.0.149
[INFO] [stderr]    Compiling form_urlencoded v1.2.2
[INFO] [stderr]    Compiling toml_datetime v0.6.11
[INFO] [stderr]    Compiling serde_spanned v0.6.9
[INFO] [stderr]    Compiling rustls-native-certs v0.8.3
[INFO] [stderr]    Compiling aho-corasick v1.1.4
[INFO] [stderr]    Compiling toml_write v0.1.2
[INFO] [stderr]    Compiling regex-syntax v0.8.10
[INFO] [stderr]    Compiling bitflags v2.11.0
[INFO] [stderr]    Compiling num-modular v0.6.1
[INFO] [stderr]    Compiling pest v2.8.6
[INFO] [stderr]    Compiling indexmap v2.13.1
[INFO] [stderr]    Compiling option-ext v0.2.0
[INFO] [stderr]    Compiling iri-string v0.7.12
[INFO] [stderr]    Compiling winnow v0.7.15
[INFO] [stderr]    Compiling clap_derive v4.6.0
[INFO] [stderr]    Compiling futures-util v0.3.32
[INFO] [stderr]    Compiling icu_provider v2.1.1
[INFO] [stderr]    Compiling socket2 v0.6.3
[INFO] [stderr]    Compiling mio v1.2.0
[INFO] [stderr]    Compiling icu_properties v2.1.2
[INFO] [stderr]    Compiling jobserver v0.1.34
[INFO] [stderr]    Compiling cc v1.2.59
[INFO] [stderr]    Compiling tokio v1.51.1
[INFO] [stderr]    Compiling icu_normalizer v2.1.1
[INFO] [stderr]    Compiling regex-automata v0.4.14
[INFO] [stderr]    Compiling pest_meta v2.8.6
[INFO] [stderr]    Compiling num-order v1.2.0
[INFO] [stderr]    Compiling console v0.16.3
[INFO] [stderr]    Compiling dirs-sys v0.4.1
[INFO] [stderr]    Compiling idna_adapter v1.2.1
[INFO] [stderr]    Compiling idna v1.1.0
[INFO] [stderr]    Compiling chacha20 v0.10.0
[INFO] [stderr]    Compiling cmake v0.1.58
[INFO] [stderr]    Compiling darling_macro v0.20.11
[INFO] [stderr]    Compiling url v2.5.8
[INFO] [stderr]    Compiling darling v0.20.11
[INFO] [stderr]    Compiling derive_builder_core v0.20.2
[INFO] [stderr]    Compiling aws-lc-sys v0.39.1
[INFO] [stderr]    Compiling pest_generator v2.8.6
[INFO] [stderr]    Compiling toml_edit v0.22.27
[INFO] [stderr]    Compiling derive_builder_macro v0.20.2
[INFO] [stderr]    Compiling derive_builder v0.20.2
[INFO] [stderr]    Compiling unit-prefix v0.5.2
[INFO] [stderr]    Compiling rand v0.10.0
[INFO] [stderr]    Compiling dirs v5.0.1
[INFO] [stderr]    Compiling clap v4.6.0
[INFO] [stderr]    Compiling uuid v1.23.0
[INFO] [stderr]    Compiling pest_derive v2.8.6
[INFO] [stderr]    Compiling handlebars v6.4.0
[INFO] [stderr]    Compiling futures-executor v0.3.32
[INFO] [stderr]    Compiling futures v0.3.32
[INFO] [stderr]    Compiling indicatif v0.18.4
[INFO] [stderr]    Compiling toml v0.8.23
[INFO] [stderr]    Compiling regex v1.12.3
[INFO] [stderr]    Compiling tokio-util v0.7.18
[INFO] [stderr]    Compiling tower v0.5.3
[INFO] [stderr]    Compiling tokio-stream v0.1.18
[INFO] [stderr]    Compiling h2 v0.4.13
[INFO] [stderr]    Compiling tower-http v0.6.8
[INFO] [stderr]    Compiling hyper v1.9.0
[INFO] [stderr]    Compiling hyper-util v0.1.20
[INFO] [stderr]    Compiling rustls-webpki v0.103.10
[INFO] [stderr]    Compiling tokio-rustls v0.26.4
[INFO] [stderr]    Compiling rustls-platform-verifier v0.6.2
[INFO] [stderr]    Compiling hyper-rustls v0.27.7
[INFO] [stderr]    Compiling reqwest v0.13.2
[INFO] [stderr]    Compiling vielpork v0.1.3 (/opt/rustwide/workdir)
[INFO] [stderr]     Finished `release` profile [optimized] target(s) in 2m 41s
[INFO] running `Command { std: "docker" "inspect" "903d90d1bf622cebc90e42606af4a1a8da632c803861406b0df1eeca364796b6", kill_on_drop: false }`
[INFO] running `Command { std: "docker" "exec" "-e" "SOURCE_DIR=/opt/rustwide/workdir" "-e" "CARGO_HOME=/opt/rustwide/cargo-home" "-e" "RUSTUP_HOME=/opt/rustwide/rustup-home" "-e" "CARGO_TARGET_DIR=/opt/rustwide/target" "-e" "CARGO_INCREMENTAL=0" "-e" "RUST_BACKTRACE=full" "-e" "RUSTFLAGS=--cap-lints=warn" "-e" "RUSTDOCFLAGS=--cap-lints=warn" "-w" "/opt/rustwide/workdir" "--user" "0:0" "903d90d1bf622cebc90e42606af4a1a8da632c803861406b0df1eeca364796b6" "/opt/rustwide/cargo-home/bin/cargo" "+1.99.0-beta.8" "test" "--frozen" "--no-run" "--message-format=json" "--release", kill_on_drop: false }`
[INFO] [stderr]    Compiling dotenvy v0.15.7
[INFO] [stderr]    Compiling vielpork v0.1.3 (/opt/rustwide/workdir)
[INFO] [stderr]     Finished `release` profile [optimized] target(s) in 20.34s
[INFO] running `Command { std: "docker" "inspect" "903d90d1bf622cebc90e42606af4a1a8da632c803861406b0df1eeca364796b6", kill_on_drop: false }`
[INFO] running `Command { std: "docker" "exec" "-e" "SOURCE_DIR=/opt/rustwide/workdir" "-e" "CARGO_HOME=/opt/rustwide/cargo-home" "-e" "RUSTUP_HOME=/opt/rustwide/rustup-home" "-e" "CARGO_TARGET_DIR=/opt/rustwide/target" "-e" "CARGO_INCREMENTAL=0" "-e" "RUST_BACKTRACE=full" "-e" "RUSTFLAGS=--cap-lints=warn" "-e" "RUSTDOCFLAGS=--cap-lints=warn" "-w" "/opt/rustwide/workdir" "--user" "0:0" "903d90d1bf622cebc90e42606af4a1a8da632c803861406b0df1eeca364796b6" "/opt/rustwide/cargo-home/bin/cargo" "+1.99.0-beta.8" "test" "--frozen" "--release", kill_on_drop: false }`
[INFO] [stderr]     Finished `release` profile [optimized] target(s) in 0.21s
[INFO] [stderr]      Running unittests src/lib.rs (/opt/rustwide/target/release/deps/vielpork-5c549a56b303186d)
[INFO] [stdout] 
[INFO] [stdout] running 15 tests
[INFO] [stdout] test config::tests::test_config_serialization ... ok
[INFO] [stdout] test template::tests::test_template_context_builder ... ok
[INFO] [stdout] test template::tests::test_template_renderer_default ... ok
[INFO] [stdout] test template::tests::test_validate_template ... ok
[INFO] [stdout] test template::tests::test_render_missing_domain ... ok
[INFO] [stdout] test template::tests::test_render_path_template_basic ... ok
[INFO] [stdout] test template::tests::test_render_path_template_empty ... ok
[INFO] [stdout] test template::tests::test_render_with_custom_data ... ok
[INFO] [stdout] test template::tests::test_template_renderer_new ... ok
[INFO] [stdout] test config::tests::test_default_config ... FAILED
[INFO] [stdout] test template::tests::test_format_size ... ok
[INFO] [stdout] test template::tests::test_render_path_template_complex ... ok
[INFO] [stdout] test downloader::tests::test_download_multi ... ok
[INFO] [stdout] test downloader::tests::test_download_single ... FAILED
[INFO] [stdout] test downloader::tests::test_download_control ... ok
[INFO] [stdout] 
[INFO] [stdout] failures:
[INFO] [stdout] 
[INFO] [stdout] ---- config::tests::test_default_config stdout ----
[INFO] [stdout] 
[INFO] [stdout] thread 'config::tests::test_default_config' (3160) panicked at src/config.rs:153:9:
[INFO] [stdout] assertion `left == right` failed
[INFO] [stdout]   left: 300
[INFO] [stdout]  right: 30
[INFO] [stdout] stack backtrace:
[INFO] [stdout]    0:     0x5fbfa7699501 - <<std[70759c8f55707aa4]::sys::backtrace::BacktraceLock>::print::DisplayBacktrace as core[df12db4294e9bfd3]::fmt::Display>::fmt
[INFO] [stdout]    1:     0x5fbfa76b2aea - core[df12db4294e9bfd3]::fmt::write
[INFO] [stdout]    2:     0x5fbfa769e80c - <alloc[2182bb758b4b3781]::vec::Vec<u8> as core[df12db4294e9bfd3]::io::write::Write>::write_fmt
[INFO] [stdout]    3:     0x5fbfa7672f96 - std[70759c8f55707aa4]::panicking::default_hook::{closure#0}
[INFO] [stdout]    4:     0x5fbfa7690bd9 - std[70759c8f55707aa4]::panicking::default_hook
[INFO] [stdout]    5:     0x5fbfa754b7b0 - test[9d35eded1c95d3be]::test_main_inner::<test[9d35eded1c95d3be]::test_main_static::{closure#0}>::{closure#0}
[INFO] [stdout]    6:     0x5fbfa7690f02 - std[70759c8f55707aa4]::panicking::panic_with_hook
[INFO] [stdout]    7:     0x5fbfa7673042 - std[70759c8f55707aa4]::panicking::panic_handler::{closure#0}
[INFO] [stdout]    8:     0x5fbfa766b999 - std[70759c8f55707aa4]::sys::backtrace::__rust_end_short_backtrace::<std[70759c8f55707aa4]::panicking::panic_handler::{closure#0}, !>
[INFO] [stdout]    9:     0x5fbfa7673e2d - __rustc[8fa7c3cbc660c2b3]::rust_begin_unwind
[INFO] [stdout]   10:     0x5fbfa76b32cc - core[df12db4294e9bfd3]::panicking::panic_fmt
[INFO] [stdout]   11:     0x5fbfa76b31e3 - core[df12db4294e9bfd3]::panicking::assert_failed_inner
[INFO] [stdout]   12:     0x5fbfa76ad3e2 - core[df12db4294e9bfd3]::panicking::assert_failed::<u64, u64>
[INFO] [stdout]   13:     0x5fbfa7088b42 - vielpork[fb941c6341f0af6c]::config::tests::test_default_config
[INFO] [stdout]   14:     0x5fbfa7084b29 - <vielpork[fb941c6341f0af6c]::config::tests::test_default_config::{closure#0} as core[df12db4294e9bfd3]::ops::function::FnOnce<()>>::call_once
[INFO] [stdout]   15:     0x5fbfa753ea9b - test[9d35eded1c95d3be]::__rust_begin_short_backtrace::<core[df12db4294e9bfd3]::result::Result<(), alloc[2182bb758b4b3781]::string::String>, fn() -> core[df12db4294e9bfd3]::result::Result<(), alloc[2182bb758b4b3781]::string::String>>
[INFO] [stdout]   16:     0x5fbfa754c105 - test[9d35eded1c95d3be]::run_test::{closure#0}
[INFO] [stdout]   17:     0x5fbfa75459c4 - std[70759c8f55707aa4]::sys::backtrace::__rust_begin_short_backtrace::<test[9d35eded1c95d3be]::run_test::{closure#1}, ()>
[INFO] [stdout]   18:     0x5fbfa754f262 - <std[70759c8f55707aa4]::thread::lifecycle::spawn_unchecked<test[9d35eded1c95d3be]::run_test::{closure#1}, ()>::{closure#1} as core[df12db4294e9bfd3]::ops::function::FnOnce<()>>::call_once::{shim:vtable#0}
[INFO] [stdout]   19:     0x5fbfa76984c9 - <std[70759c8f55707aa4]::sys::thread::unix::Thread>::new::thread_start
[INFO] [stdout]   20:     0x7318e5c0cdfa - <unknown>
[INFO] [stdout]   21:     0x7318e5ca03d4 - clone
[INFO] [stdout]   22:                0x0 - <unknown>
[INFO] [stdout] 
[INFO] [stdout] ---- downloader::tests::test_download_single stdout ----
[INFO] [stdout] 
[INFO] [stdout] thread 'downloader::tests::test_download_single' (3163) panicked at src/downloader.rs:889:14:
[INFO] [stdout] called `Result::unwrap()` on an `Err` value: error sending request for url (https://www.google.com/)
[INFO] [stdout] stack backtrace:
[INFO] [stdout]    0:     0x5fbfa7699501 - <<std[70759c8f55707aa4]::sys::backtrace::BacktraceLock>::print::DisplayBacktrace as core[df12db4294e9bfd3]::fmt::Display>::fmt
[INFO] [stdout]    1:     0x5fbfa76b2aea - core[df12db4294e9bfd3]::fmt::write
[INFO] [stdout]    2:     0x5fbfa769e80c - <alloc[2182bb758b4b3781]::vec::Vec<u8> as core[df12db4294e9bfd3]::io::write::Write>::write_fmt
[INFO] [stdout]    3:     0x5fbfa7672f96 - std[70759c8f55707aa4]::panicking::default_hook::{closure#0}
[INFO] [stdout]    4:     0x5fbfa7690bd9 - std[70759c8f55707aa4]::panicking::default_hook
[INFO] [stdout]    5:     0x5fbfa754b7b0 - test[9d35eded1c95d3be]::test_main_inner::<test[9d35eded1c95d3be]::test_main_static::{closure#0}>::{closure#0}
[INFO] [stdout]    6:     0x5fbfa7690f02 - std[70759c8f55707aa4]::panicking::panic_with_hook
[INFO] [stdout]    7:     0x5fbfa7673042 - std[70759c8f55707aa4]::panicking::panic_handler::{closure#0}
[INFO] [stdout]    8:     0x5fbfa766b999 - std[70759c8f55707aa4]::sys::backtrace::__rust_end_short_backtrace::<std[70759c8f55707aa4]::panicking::panic_handler::{closure#0}, !>
[INFO] [stdout]    9:     0x5fbfa7673e2d - __rustc[8fa7c3cbc660c2b3]::rust_begin_unwind
[INFO] [stdout]   10:     0x5fbfa76b32cc - core[df12db4294e9bfd3]::panicking::panic_fmt
[INFO] [stdout]   11:     0x5fbfa76b30a2 - core[df12db4294e9bfd3]::result::unwrap_failed
[INFO] [stdout]   12:     0x5fbfa7031e08 - vielpork[fb941c6341f0af6c]::downloader::tests::test_download_single::{closure#0}
[INFO] [stdout]   13:     0x5fbfa709a023 - <tokio[8a48c3c85ca4c87e]::runtime::scheduler::current_thread::Context>::enter::<core[df12db4294e9bfd3]::task::poll::Poll<()>, <tokio[8a48c3c85ca4c87e]::runtime::scheduler::current_thread::CoreGuard>::block_on<core[df12db4294e9bfd3]::pin::Pin<&mut core[df12db4294e9bfd3]::pin::Pin<&mut dyn core[df12db4294e9bfd3]::future::future::Future<Output = ()>>>>::{closure#0}::{closure#0}>
[INFO] [stdout]   14:     0x5fbfa7084d9c - <tokio[8a48c3c85ca4c87e]::runtime::context::scoped::Scoped<tokio[8a48c3c85ca4c87e]::runtime::scheduler::Context>>::set::<<tokio[8a48c3c85ca4c87e]::runtime::scheduler::current_thread::CoreGuard>::enter<<tokio[8a48c3c85ca4c87e]::runtime::scheduler::current_thread::CoreGuard>::block_on<core[df12db4294e9bfd3]::pin::Pin<&mut core[df12db4294e9bfd3]::pin::Pin<&mut dyn core[df12db4294e9bfd3]::future::future::Future<Output = ()>>>>::{closure#0}, core[df12db4294e9bfd3]::option::Option<()>>::{closure#0}, (alloc[2182bb758b4b3781]::boxed::Box<tokio[8a48c3c85ca4c87e]::runtime::scheduler::current_thread::Core>, core[df12db4294e9bfd3]::option::Option<()>)>
[INFO] [stdout]   15:     0x5fbfa709a577 - <tokio[8a48c3c85ca4c87e]::runtime::scheduler::current_thread::CoreGuard>::block_on::<core[df12db4294e9bfd3]::pin::Pin<&mut core[df12db4294e9bfd3]::pin::Pin<&mut dyn core[df12db4294e9bfd3]::future::future::Future<Output = ()>>>>
[INFO] [stdout]   16:     0x5fbfa70a165d - tokio[8a48c3c85ca4c87e]::runtime::context::runtime::enter_runtime::<<tokio[8a48c3c85ca4c87e]::runtime::scheduler::current_thread::CurrentThread>::block_on<core[df12db4294e9bfd3]::pin::Pin<&mut dyn core[df12db4294e9bfd3]::future::future::Future<Output = ()>>>::{closure#0}, ()>
[INFO] [stdout]   17:     0x5fbfa709f8de - <tokio[8a48c3c85ca4c87e]::runtime::runtime::Runtime>::block_on::<core[df12db4294e9bfd3]::pin::Pin<&mut dyn core[df12db4294e9bfd3]::future::future::Future<Output = ()>>>
[INFO] [stdout]   18:     0x5fbfa703377b - vielpork[fb941c6341f0af6c]::downloader::tests::test_download_single
[INFO] [stdout]   19:     0x5fbfa7084ae9 - <vielpork[fb941c6341f0af6c]::downloader::tests::test_download_single::{closure#0} as core[df12db4294e9bfd3]::ops::function::FnOnce<()>>::call_once
[INFO] [stdout]   20:     0x5fbfa753ea9b - test[9d35eded1c95d3be]::__rust_begin_short_backtrace::<core[df12db4294e9bfd3]::result::Result<(), alloc[2182bb758b4b3781]::string::String>, fn() -> core[df12db4294e9bfd3]::result::Result<(), alloc[2182bb758b4b3781]::string::String>>
[INFO] [stdout]   21:     0x5fbfa754c105 - test[9d35eded1c95d3be]::run_test::{closure#0}
[INFO] [stdout]   22:     0x5fbfa75459c4 - std[70759c8f55707aa4]::sys::backtrace::__rust_begin_short_backtrace::<test[9d35eded1c95d3be]::run_test::{closure#1}, ()>
[INFO] [stdout]   23:     0x5fbfa754f262 - <std[70759c8f55707aa4]::thread::lifecycle::spawn_unchecked<test[9d35eded1c95d3be]::run_test::{closure#1}, ()>::{closure#1} as core[df12db4294e9bfd3]::ops::function::FnOnce<()>>::call_once::{shim:vtable#0}
[INFO] [stdout]   24:     0x5fbfa76984c9 - <std[70759c8f55707aa4]::sys::thread::unix::Thread>::new::thread_start
[INFO] [stdout]   25:     0x7318e5c0cdfa - <unknown>
[INFO] [stdout]   26:     0x7318e5ca03d4 - clone
[INFO] [stdout]   27:                0x0 - <unknown>
[INFO] [stdout] 
[INFO] [stdout] 
[INFO] [stdout] failures:
[INFO] [stdout]     config::tests::test_default_config
[INFO] [stdout]     downloader::tests::test_download_single
[INFO] [stdout] 
[INFO] [stdout] test result: FAILED. 13 passed; 2 failed; 0 ignored; 0 measured; 0 filtered out; finished in 3.08s
[INFO] [stdout] 
[INFO] [stderr] error: test failed, to rerun pass `--lib`
[INFO] running `Command { std: "docker" "inspect" "903d90d1bf622cebc90e42606af4a1a8da632c803861406b0df1eeca364796b6", kill_on_drop: false }`
[INFO] running `Command { std: "docker" "rm" "-f" "903d90d1bf622cebc90e42606af4a1a8da632c803861406b0df1eeca364796b6", kill_on_drop: false }`
[INFO] [stdout] 903d90d1bf622cebc90e42606af4a1a8da632c803861406b0df1eeca364796b6
