[INFO] fetching crate videostream 2.6.1...
[INFO] testing videostream-2.6.1 against 1.99.0-beta.8+cargoflags=--release for beta-release-1.100-2
[INFO] extracting crate videostream 2.6.1 into /workspace/builds/worker-7-tc1/source
[INFO] started tweaking crates.io crate videostream 2.6.1
[INFO] removed 0 missing examples
[INFO] removed 0 missing tests
[INFO] finished tweaking crates.io crate videostream 2.6.1
[INFO] tweaked toml for crates.io crate videostream 2.6.1 written to /workspace/builds/worker-7-tc1/source/Cargo.toml
[INFO] validating manifest of crates.io crate videostream 2.6.1 on toolchain 1.99.0-beta.8
[INFO] running `Command { std: CARGO_HOME="/workspace/cargo-home" RUSTUP_HOME="/workspace/rustup-home" "/workspace/cargo-home/bin/cargo" "+1.99.0-beta.8" "metadata" "--manifest-path" "Cargo.toml" "--no-deps", kill_on_drop: false }`
[INFO] crate crates.io crate videostream 2.6.1 already has a lockfile, it will not be regenerated
[INFO] running `Command { std: CARGO_HOME="/workspace/cargo-home" RUSTUP_HOME="/workspace/rustup-home" "/workspace/cargo-home/bin/cargo" "+1.99.0-beta.8" "fetch" "--manifest-path" "Cargo.toml", kill_on_drop: false }`
[INFO] [stderr]     Updating crates.io index
[INFO] [stderr]  Downloading crates ...
[INFO] [stderr]   Downloaded videostream-sys v2.6.1
[INFO] [stderr]   Downloaded unix-ts v1.0.0
[INFO] [stderr]   Downloaded unix-ts-macros v1.0.0
[INFO] [stderr]   Downloaded dma-buf v0.5.0
[INFO] running `Command { std: "docker" "create" "-v" "/var/lib/crater-agent-workspace/builds/worker-7-tc1/source:/opt/rustwide/workdir:ro,Z" "-v" "/var/lib/crater-agent-workspace/builds/worker-7-tc1/target:/opt/rustwide/target:rw,Z" "-v" "/var/lib/crater-agent-workspace/cargo-home:/opt/rustwide/cargo-home:ro,Z" "-v" "/var/lib/crater-agent-workspace/rustup-home:/opt/rustwide/rustup-home:ro,Z" "-m" "1610612736" "--network" "none" "ghcr.io/rust-lang/crates-build-env/linux@sha256:77db811e55d90add9212f6832c23229e3de5f1c1f9905e8cb07319ea15df73ac" "sleep" "infinity", kill_on_drop: false }`
[INFO] [stdout] 7dd5c7da8109eb90fa4726c3e160c7a0339d7cf1e54929ea69e2d35d14d0f7ca
[INFO] running `Command { std: "docker" "start" "7dd5c7da8109eb90fa4726c3e160c7a0339d7cf1e54929ea69e2d35d14d0f7ca", kill_on_drop: false }`
[INFO] running `Command { std: "docker" "inspect" "7dd5c7da8109eb90fa4726c3e160c7a0339d7cf1e54929ea69e2d35d14d0f7ca", kill_on_drop: false }`
[INFO] running `Command { std: "docker" "exec" "-e" "SOURCE_DIR=/opt/rustwide/workdir" "-e" "CARGO_HOME=/opt/rustwide/cargo-home" "-e" "RUSTUP_HOME=/opt/rustwide/rustup-home" "-e" "CARGO_TARGET_DIR=/opt/rustwide/target" "-w" "/opt/rustwide/workdir" "--user" "0:0" "7dd5c7da8109eb90fa4726c3e160c7a0339d7cf1e54929ea69e2d35d14d0f7ca" "/opt/rustwide/cargo-home/bin/cargo" "+1.99.0-beta.8" "metadata" "--no-deps" "--format-version=1", kill_on_drop: false }`
[INFO] running `Command { std: "docker" "inspect" "7dd5c7da8109eb90fa4726c3e160c7a0339d7cf1e54929ea69e2d35d14d0f7ca", kill_on_drop: false }`
[INFO] running `Command { std: "docker" "exec" "-e" "SOURCE_DIR=/opt/rustwide/workdir" "-e" "CARGO_HOME=/opt/rustwide/cargo-home" "-e" "RUSTUP_HOME=/opt/rustwide/rustup-home" "-e" "CARGO_TARGET_DIR=/opt/rustwide/target" "-e" "CARGO_INCREMENTAL=0" "-e" "RUST_BACKTRACE=full" "-e" "RUSTFLAGS=--cap-lints=warn" "-e" "RUSTDOCFLAGS=--cap-lints=warn" "-w" "/opt/rustwide/workdir" "--user" "0:0" "7dd5c7da8109eb90fa4726c3e160c7a0339d7cf1e54929ea69e2d35d14d0f7ca" "/opt/rustwide/cargo-home/bin/cargo" "+1.99.0-beta.8" "build" "--frozen" "--message-format=json" "--release", kill_on_drop: false }`
[INFO] [stderr]    Compiling rustix v1.1.5
[INFO] [stderr]    Compiling unix-ts-macros v1.0.0
[INFO] [stderr]    Compiling bindgen v0.73.2
[INFO] [stderr]    Compiling libloading v0.9.0
[INFO] [stderr]    Compiling unix-ts v1.0.0
[INFO] [stderr]    Compiling dma-buf v0.5.0
[INFO] [stderr]    Compiling videostream-sys v2.6.1
[INFO] [stderr]    Compiling videostream v2.6.1 (/opt/rustwide/workdir)
[INFO] [stderr]     Finished `release` profile [optimized] target(s) in 10.43s
[INFO] running `Command { std: "docker" "inspect" "7dd5c7da8109eb90fa4726c3e160c7a0339d7cf1e54929ea69e2d35d14d0f7ca", kill_on_drop: false }`
[INFO] running `Command { std: "docker" "exec" "-e" "SOURCE_DIR=/opt/rustwide/workdir" "-e" "CARGO_HOME=/opt/rustwide/cargo-home" "-e" "RUSTUP_HOME=/opt/rustwide/rustup-home" "-e" "CARGO_TARGET_DIR=/opt/rustwide/target" "-e" "CARGO_INCREMENTAL=0" "-e" "RUST_BACKTRACE=full" "-e" "RUSTFLAGS=--cap-lints=warn" "-e" "RUSTDOCFLAGS=--cap-lints=warn" "-w" "/opt/rustwide/workdir" "--user" "0:0" "7dd5c7da8109eb90fa4726c3e160c7a0339d7cf1e54929ea69e2d35d14d0f7ca" "/opt/rustwide/cargo-home/bin/cargo" "+1.99.0-beta.8" "test" "--frozen" "--no-run" "--message-format=json" "--release", kill_on_drop: false }`
[INFO] [stderr]    Compiling regex-automata v0.4.18
[INFO] [stderr]    Compiling serial_test_derive v4.0.1
[INFO] [stderr]    Compiling videostream v2.6.1 (/opt/rustwide/workdir)
[INFO] [stderr]    Compiling serial_test v4.0.1
[INFO] [stderr]    Compiling regex v1.13.1
[INFO] [stderr]    Compiling env_filter v2.0.0
[INFO] [stderr]    Compiling env_logger v0.11.11
[INFO] [stderr]     Finished `release` profile [optimized] target(s) in 16.92s
[INFO] running `Command { std: "docker" "inspect" "7dd5c7da8109eb90fa4726c3e160c7a0339d7cf1e54929ea69e2d35d14d0f7ca", kill_on_drop: false }`
[INFO] running `Command { std: "docker" "exec" "-e" "SOURCE_DIR=/opt/rustwide/workdir" "-e" "CARGO_HOME=/opt/rustwide/cargo-home" "-e" "RUSTUP_HOME=/opt/rustwide/rustup-home" "-e" "CARGO_TARGET_DIR=/opt/rustwide/target" "-e" "CARGO_INCREMENTAL=0" "-e" "RUST_BACKTRACE=full" "-e" "RUSTFLAGS=--cap-lints=warn" "-e" "RUSTDOCFLAGS=--cap-lints=warn" "-w" "/opt/rustwide/workdir" "--user" "0:0" "7dd5c7da8109eb90fa4726c3e160c7a0339d7cf1e54929ea69e2d35d14d0f7ca" "/opt/rustwide/cargo-home/bin/cargo" "+1.99.0-beta.8" "test" "--frozen" "--release", kill_on_drop: false }`
[INFO] [stderr]     Finished `release` profile [optimized] target(s) in 0.09s
[INFO] [stderr]      Running unittests src/lib.rs (/opt/rustwide/target/release/deps/videostream-21c02bf6d11af987)
[INFO] [stdout] 
[INFO] [stdout] running 166 tests
[INFO] [stdout] test camera::tests::test_bytes_per_line ... ignored, test requires camera hardware (run with --include-ignored to enable)
[INFO] [stdout] test camera::tests::test_capture ... ignored, test requires camera hardware (run with --include-ignored to enable)
[INFO] [stdout] test camera::tests::test_colorimetry_accessors ... ignored, test requires camera hardware (run with --include-ignored to enable)
[INFO] [stdout] test camera::tests::test_formats ... ignored, test requires camera hardware (run with --include-ignored to enable)
[INFO] [stdout] test camera::tests::test_camera_builder_chain ... ok
[INFO] [stdout] test camera::tests::test_camera_clone ... ok
[INFO] [stdout] test camera::tests::test_mirror_all_variants ... ok
[INFO] [stdout] test camera::tests::test_mirror_clone ... ok
[INFO] [stdout] test camera::tests::test_mirror_debug ... ok
[INFO] [stdout] test camera::tests::test_camera_builder_defaults ... ok
[INFO] [stdout] test camera::tests::test_mirror_equality ... ok
[INFO] [stdout] test camera::tests::test_resolutions ... ignored, test requires camera hardware (run with --include-ignored to enable)
[INFO] [stdout] test camera::tests::test_camera_invalid_device ... ok
[INFO] [stdout] test camera::tests::test_mirror_default ... ok
[INFO] [stdout] test camera::tests::test_new_accessor_symbol_names ... ok
[INFO] [stdout] test camera::tests::test_mirror_hash ... ok
[INFO] [stdout] test camera::tests::test_mirror_display ... ok
[INFO] [stdout] test camera::tests::test_camera_default ... ok
[INFO] [stdout] test camera::tests::test_timestamp_flags ... ignored, test requires camera hardware (run with --include-ignored to enable)
[INFO] [stdout] test client::tests::test_reconnect_client_before_host ... ignored
[INFO] [stdout] test client::tests::test_reconnect_with_frame_transfer ... ignored
[INFO] [stdout] test camera::tests::test_timestamp_source_from_flags ... ok
[INFO] [stdout] test camera::tests::test_timestamp_clock_from_flags ... ok
[INFO] [stdout] test camera::tests::test_timestamp_flag_display ... ok
[INFO] [stdout] test colorimetry::tests::color_encoding_default_is_none ... ok
[INFO] [stdout] test colorimetry::tests::color_encoding_display_matches_as_str ... ok
[INFO] [stdout] test colorimetry::tests::color_encoding_unsurfaced_values_return_none ... ok
[INFO] [stdout] test client::tests::test_client_host_frame_pipeline ... FAILED
[INFO] [stdout] test client::tests::test_reconnect_no_fails_without_host ... ok
[INFO] [stdout] test client::tests::test_client_path ... FAILED
[INFO] [stdout] test client::tests::test_client_get_userptr ... FAILED
[INFO] [stdout] test colorimetry::tests::color_range_default_is_none ... ok
[INFO] [stdout] test colorimetry::tests::color_range_unknown_values_return_none ... ok
[INFO] [stdout] test client::tests::test_client_set_timeout ... FAILED
[INFO] [stdout] test client::tests::test_client_debug ... FAILED
[INFO] [stdout] test colorimetry::tests::color_space_rec709_maps_to_bt709 ... ok
[INFO] [stdout] test colorimetry::tests::color_space_bt2020_maps_to_bt2020 ... ok
[INFO] [stdout] test client::tests::test_reconnect_yes_with_existing_host ... FAILED
[INFO] [stdout] test colorimetry::tests::color_space_srgb_maps_to_srgb ... ok
[INFO] [stdout] test colorimetry::tests::color_space_display_matches_as_str ... ok
[INFO] [stdout] test client::tests::test_reconnect_enum ... ok
[INFO] [stdout] test client::tests::test_client_disconnect ... FAILED
[INFO] [stdout] test colorimetry::tests::color_range_as_str_matches_schema ... ok
[INFO] [stdout] test colorimetry::tests::color_encoding_all_mapped_variants ... ok
[INFO] [stdout] test colorimetry::tests::color_space_unsurfaced_values_return_none ... ok
[INFO] [stdout] test colorimetry::tests::color_space_jpeg_maps_to_srgb ... ok
[INFO] [stdout] test colorimetry::tests::color_space_legacy_ntsc_pal_map_to_smpte170m ... ok
[INFO] [stdout] test colorimetry::tests::color_space_default_is_none ... ok
[INFO] [stdout] test colorimetry::tests::color_range_display_matches_as_str ... ok
[INFO] [stdout] test colorimetry::tests::color_space_unknown_value_returns_none ... ok
[INFO] [stdout] test colorimetry::tests::color_transfer_default_is_none ... ok
[INFO] [stdout] test colorimetry::tests::color_transfer_none_maps_to_linear ... ok
[INFO] [stdout] test decoder::tests::test_codec_backend_values ... ok
[INFO] [stdout] test colorimetry::tests::color_transfer_srgb ... ok
[INFO] [stdout] test colorimetry::tests::debug_impls_include_variant_name ... ok
[INFO] [stdout] test colorimetry::tests::color_transfer_unsurfaced_values_return_none ... ok
[INFO] [stdout] test decoder::tests::test_codec_backend_debug ... ok
[INFO] [stdout] test colorimetry::tests::color_transfer_as_str_matches_schema ... ok
[INFO] [stdout] test decoder::tests::test_decode_return_code_equality ... ok
[INFO] [stdout] test decoder::tests::test_codec_backend_default ... ok
[INFO] [stdout] test decoder::tests::test_decode_return_code_clone ... ok
[INFO] [stdout] test decoder::tests::test_decoder_codec_clone ... ok
[INFO] [stdout] test colorimetry::tests::color_range_full_and_limited ... ok
[INFO] [stdout] test colorimetry::tests::color_transfer_hlg_has_no_v4l2_mapping ... ok
[INFO] [stdout] test colorimetry::tests::color_transfer_display_matches_as_str ... ok
[INFO] [stdout] test colorimetry::tests::color_transfer_bt709 ... ok
[INFO] [stdout] test colorimetry::tests::color_transfer_pq ... ok
[INFO] [stdout] test colorimetry::tests::color_space_as_str_matches_schema ... ok
[INFO] [stdout] test colorimetry::tests::color_encoding_as_str_matches_schema ... ok
[INFO] [stdout] test decoder::tests::test_decode_return_code_all_variants ... ok
[INFO] [stdout] test colorimetry::tests::color_space_smpte170m_maps_to_smpte170m ... ok
[INFO] [stdout] test decoder::tests::test_decoder_create_ex_hantro ... ignored, test requires VPU hardware
[INFO] [stdout] test decoder::tests::test_decoder_create_ex_v4l2 ... ignored, test requires VPU hardware
[INFO] [stdout] test decoder::tests::test_decoder_create_h264 ... ignored, test requires VPU hardware
[INFO] [stdout] test decoder::tests::test_decoder_create_hevc ... ignored, test requires VPU hardware
[INFO] [stdout] test encoder::tests::test_encoder_create_h264 ... ignored, test requires VPU hardware
[INFO] [stdout] test encoder::tests::test_encoder_create_hevc ... ignored, test requires VPU hardware
[INFO] [stdout] test encoder::tests::test_encoder_crop_dim_mismatch_after_init ... ignored, test requires VPU hardware
[INFO] [stdout] test encoder::tests::test_encoder_crop_nv12_rejected ... ignored, test requires VPU hardware
[INFO] [stdout] test encoder::tests::test_encoder_crop_out_of_bounds_rejected ... ignored, test requires VPU hardware
[INFO] [stdout] test encoder::tests::test_encoder_crop_yuyv_odd_x_rejected ... ignored, test requires VPU hardware
[INFO] [stdout] test decoder::tests::test_decoder_create_handles_missing_symbols ... ok
[INFO] [stdout] test decoder::tests::test_decoder_is_available_returns_result ... ok
[INFO] [stdout] test encoder::tests::test_encoder_profile_enum_copy ... ok
[INFO] [stdout] test encoder::tests::test_vsl_rect_large_values ... ok
[INFO] [stdout] test encoder::tests::test_encoder_profile_enum_equality ... ok
[INFO] [stdout] test encoder::tests::test_vsl_rect_new ... ok
[INFO] [stdout] test encoder::tests::test_encoder_create_handles_missing_symbols ... ok
[INFO] [stdout] test encoder::tests::test_encoder_profile_enum_debug ... ok
[INFO] [stdout] test decoder::tests::test_decoder_codec_values ... ok
[INFO] [stdout] test decoder::tests::test_decode_return_code_debug ... ok
[INFO] [stdout] test encoder::tests::test_encoder_is_available_returns_result ... FAILED
[INFO] [stdout] test encoder::tests::test_vsl_rect_zero ... ok
[INFO] [stdout] test encoder::tests::test_vsl_rect_negative ... ok
[INFO] [stdout] test fourcc::tests::test_fourcc_copy ... ok
[INFO] [stdout] test encoder::tests::test_encoder_profile_enum_clone ... ok
[INFO] [stdout] test fourcc::tests::test_fourcc_clone ... ok
[INFO] [stdout] test encoder::tests::test_encoder_profile_enum_values ... ok
[INFO] [stdout] test fourcc::tests::test_fourcc_debug ... ok
[INFO] [stdout] test fourcc::tests::test_fourcc_display ... ok
[INFO] [stdout] test decoder::tests::test_decoder_codec_equality ... ok
[INFO] [stdout] test fourcc::tests::test_fourcc_from_slice ... ok
[INFO] [stdout] test fourcc::tests::test_fourcc_equality ... ok
[INFO] [stdout] test decoder::tests::test_decoder_codec_debug ... ok
[INFO] [stdout] test fourcc::tests::test_fourcc_from_u32 ... ok
[INFO] [stdout] test fourcc::tests::test_fourcc_from_byte_slice ... ok
[INFO] [stdout] test fourcc::tests::test_fourcc_from_bytes ... ok
[INFO] [stdout] test fourcc::tests::test_fourcc_hash ... ok
[INFO] [stdout] test fourcc::tests::test_common_formats ... ok
[INFO] [stdout] test fourcc::tests::test_fourcc_non_ascii_display ... ok
[INFO] [stdout] test frame::tests::test_frame_different_formats ... FAILED
[INFO] [stdout] test frame::tests::nodma ... ok
[INFO] [stdout] test frame::tests::frame ... FAILED
[INFO] [stdout] test frame::tests::invalid_shm_name ... ok
[INFO] [stdout] test frame::tests::test_frame_debug ... FAILED
[INFO] [stdout] test frame::tests::test_frame_invalid_fourcc_length_long ... ok
[INFO] [stdout] test fourcc::tests::test_fourcc_roundtrip ... ok
[INFO] [stdout] test frame::tests::bad_attach ... FAILED
[INFO] [stdout] test frame::tests::bad_fourcc ... ok
[INFO] [stdout] test frame::tests::test_frame_expires ... FAILED
[INFO] [stdout] test fourcc::tests::test_fourcc_to_u32 ... ok
[INFO] [stdout] test frame::tests::test_frame_handle_before_alloc ... FAILED
[INFO] [stdout] test frame::tests::test_frame_handle_after_alloc ... FAILED
[INFO] [stdout] test frame::tests::test_frame_invalid_fourcc_length_short ... ok
[INFO] [stdout] test frame::tests::test_frame_mmap_before_alloc ... FAILED
[INFO] [stdout] test frame::tests::fourcc ... ok
[INFO] [stdout] test frame::tests::test_frame_metadata ... FAILED
[INFO] [stdout] test frame::tests::test_frame_stride ... FAILED
[INFO] [stdout] test frame::tests::test_rect_default ... ok
[INFO] [stdout] test frame::tests::test_rect_display ... ok
[INFO] [stdout] test frame::tests::test_frame_timestamps ... FAILED
[INFO] [stdout] test frame::tests::test_rect_hash ... ok
[INFO] [stdout] test frame::tests::test_frame_unalloc ... FAILED
[INFO] [stdout] test frame::tests::test_frame_userptr ... FAILED
[INFO] [stdout] test frame::tests::test_frame_large_dimensions ... FAILED
[INFO] [stdout] test frame::tests::test_frame_path_before_alloc ... FAILED
[INFO] [stdout] test frame::tests::attach_file ... FAILED
[INFO] [stdout] test frame::tests::test_frame_small_dimensions ... FAILED
[INFO] [stdout] test host::tests::test_host ... FAILED
[INFO] [stdout] test frame::tests::test_rect_tuple_conversion ... ok
[INFO] [stdout] test frame::tests::test_frame_send ... ok
[INFO] [stdout] test host::tests::test_host_debug ... FAILED
[INFO] [stdout] test tests::test_error_debug ... ok
[INFO] [stdout] test frame::tests::test_frame_paddr ... FAILED
[INFO] [stdout] test tests::test_error_display_cstring ... ok
[INFO] [stdout] test frame::tests::test_frame_trylock_unlock ... FAILED
[INFO] [stdout] test tests::test_error_display_hardware_not_available ... ok
[INFO] [stdout] test host::tests::test_host_drop_frame ... FAILED
[INFO] [stdout] test host::tests::test_host_sockets ... FAILED
[INFO] [stdout] test tests::test_error_display_try_from_int ... ok
[INFO] [stdout] test host::tests::test_host_process ... FAILED
[INFO] [stdout] test host::tests::test_host_poll_timeout ... FAILED
[INFO] [stdout] test tests::test_error_display_io ... ok
[INFO] [stdout] test tests::test_version ... ok
[INFO] [stdout] test frame::tests::test_rect ... ok
[INFO] [stdout] test tests::test_error_display_null_pointer ... ok
[INFO] [stdout] test tests::test_error_display_utf8 ... ok
[INFO] [stdout] test tests::test_error_display_symbol_not_found ... ok
[INFO] [stdout] test tests::test_error_from_io ... ok
[INFO] [stdout] test tests::test_error_from_try_from_int ... ok
[INFO] [stdout] test tests::test_error_from_utf8 ... ok
[INFO] [stdout] test tests::test_error_source ... ok
[INFO] [stdout] test v4l2::enumerator::tests::test_device_type_display ... ok
[INFO] [stdout] test tests::test_timestamp ... FAILED
[INFO] [stdout] test tests::test_error_from_nul ... ok
[INFO] [stdout] test v4l2::enumerator::tests::test_device_type_name ... ok
[INFO] [stdout] 
[INFO] [stdout] failures:
[INFO] [stdout] 
[INFO] [stdout] ---- client::tests::test_client_host_frame_pipeline stdout ----
[INFO] [stdout] 
[INFO] [stdout] thread 'client::tests::test_client_host_frame_pipeline' (651) panicked at src/client.rs:430:44:
[INFO] [stdout] called `Result::unwrap()` on an `Err` value: LibraryNotLoaded(DlOpen { source: "libvideostream.so: cannot open shared object file: No such file or directory" })
[INFO] [stdout] stack backtrace:
[INFO] [stdout]    0:     0x5c50041ad681 - <<std[70759c8f55707aa4]::sys::backtrace::BacktraceLock>::print::DisplayBacktrace as core[df12db4294e9bfd3]::fmt::Display>::fmt
[INFO] [stdout]    1:     0x5c50041c1fca - core[df12db4294e9bfd3]::fmt::write
[INFO] [stdout]    2:     0x5c50041b1b7c - <alloc[2182bb758b4b3781]::vec::Vec<u8> as core[df12db4294e9bfd3]::io::write::Write>::write_fmt
[INFO] [stdout]    3:     0x5c5004189456 - std[70759c8f55707aa4]::panicking::default_hook::{closure#0}
[INFO] [stdout]    4:     0x5c50041a5829 - std[70759c8f55707aa4]::panicking::default_hook
[INFO] [stdout]    5:     0x5c500412f780 - test[9d35eded1c95d3be]::test_main_inner::<test[9d35eded1c95d3be]::test_main_static::{closure#0}>::{closure#0}
[INFO] [stdout]    6:     0x5c50041a59e2 - std[70759c8f55707aa4]::panicking::panic_with_hook
[INFO] [stdout]    7:     0x5c5004189502 - std[70759c8f55707aa4]::panicking::panic_handler::{closure#0}
[INFO] [stdout]    8:     0x5c50041821d9 - std[70759c8f55707aa4]::sys::backtrace::__rust_end_short_backtrace::<std[70759c8f55707aa4]::panicking::panic_handler::{closure#0}, !>
[INFO] [stdout]    9:     0x5c500418a0fd - __rustc[8fa7c3cbc660c2b3]::rust_begin_unwind
[INFO] [stdout]   10:     0x5c50041c27ac - core[df12db4294e9bfd3]::panicking::panic_fmt
[INFO] [stdout]   11:     0x5c50041c2582 - core[df12db4294e9bfd3]::result::unwrap_failed
[INFO] [stdout]   12:     0x5c5004105f64 - videostream[fe60f199465c85c]::client::tests::test_client_host_frame_pipeline
[INFO] [stdout]   13:     0x5c500411c1a9 - <videostream[fe60f199465c85c]::client::tests::test_client_host_frame_pipeline::{closure#0} as core[df12db4294e9bfd3]::ops::function::FnOnce<()>>::call_once
[INFO] [stdout]   14:     0x5c5004122a6b - test[9d35eded1c95d3be]::__rust_begin_short_backtrace::<core[df12db4294e9bfd3]::result::Result<(), alloc[2182bb758b4b3781]::string::String>, fn() -> core[df12db4294e9bfd3]::result::Result<(), alloc[2182bb758b4b3781]::string::String>>
[INFO] [stdout]   15:     0x5c50041300d5 - test[9d35eded1c95d3be]::run_test::{closure#0}
[INFO] [stdout]   16:     0x5c5004129994 - std[70759c8f55707aa4]::sys::backtrace::__rust_begin_short_backtrace::<test[9d35eded1c95d3be]::run_test::{closure#1}, ()>
[INFO] [stdout]   17:     0x5c5004133232 - <std[70759c8f55707aa4]::thread::lifecycle::spawn_unchecked<test[9d35eded1c95d3be]::run_test::{closure#1}, ()>::{closure#1} as core[df12db4294e9bfd3]::ops::function::FnOnce<()>>::call_once::{shim:vtable#0}
[INFO] [stdout]   18:     0x5c50041acf29 - <std[70759c8f55707aa4]::sys::thread::unix::Thread>::new::thread_start
[INFO] [stdout]   19:     0x78b46c586dfa - <unknown>
[INFO] [stdout]   20:     0x78b46c61a3d4 - clone
[INFO] [stdout]   21:                0x0 - <unknown>
[INFO] [stdout] 
[INFO] [stdout] ---- client::tests::test_client_path stdout ----
[INFO] [stdout] 
[INFO] [stdout] thread 'client::tests::test_client_path' (652) panicked at src/client.rs:389:44:
[INFO] [stdout] called `Result::unwrap()` on an `Err` value: LibraryNotLoaded(DlOpen { source: "libvideostream.so: cannot open shared object file: No such file or directory" })
[INFO] [stdout] stack backtrace:
[INFO] [stdout]    0:     0x5c50041ad681 - <<std[70759c8f55707aa4]::sys::backtrace::BacktraceLock>::print::DisplayBacktrace as core[df12db4294e9bfd3]::fmt::Display>::fmt
[INFO] [stdout]    1:     0x5c50041c1fca - core[df12db4294e9bfd3]::fmt::write
[INFO] [stdout]    2:     0x5c50041b1b7c - <alloc[2182bb758b4b3781]::vec::Vec<u8> as core[df12db4294e9bfd3]::io::write::Write>::write_fmt
[INFO] [stdout]    3:     0x5c5004189456 - std[70759c8f55707aa4]::panicking::default_hook::{closure#0}
[INFO] [stdout]    4:     0x5c50041a5829 - std[70759c8f55707aa4]::panicking::default_hook
[INFO] [stdout]    5:     0x5c500412f780 - test[9d35eded1c95d3be]::test_main_inner::<test[9d35eded1c95d3be]::test_main_static::{closure#0}>::{closure#0}
[INFO] [stdout]    6:     0x5c50041a59e2 - std[70759c8f55707aa4]::panicking::panic_with_hook
[INFO] [stdout]    7:     0x5c5004189502 - std[70759c8f55707aa4]::panicking::panic_handler::{closure#0}
[INFO] [stdout]    8:     0x5c50041821d9 - std[70759c8f55707aa4]::sys::backtrace::__rust_end_short_backtrace::<std[70759c8f55707aa4]::panicking::panic_handler::{closure#0}, !>
[INFO] [stdout]    9:     0x5c500418a0fd - __rustc[8fa7c3cbc660c2b3]::rust_begin_unwind
[INFO] [stdout]   10:     0x5c50041c27ac - core[df12db4294e9bfd3]::panicking::panic_fmt
[INFO] [stdout]   11:     0x5c50041c2582 - core[df12db4294e9bfd3]::result::unwrap_failed
[INFO] [stdout]   12:     0x5c5004104a0c - videostream[fe60f199465c85c]::client::tests::test_client_path
[INFO] [stdout]   13:     0x5c500411c0e9 - <videostream[fe60f199465c85c]::client::tests::test_client_path::{closure#0} as core[df12db4294e9bfd3]::ops::function::FnOnce<()>>::call_once
[INFO] [stdout]   14:     0x5c5004122a6b - test[9d35eded1c95d3be]::__rust_begin_short_backtrace::<core[df12db4294e9bfd3]::result::Result<(), alloc[2182bb758b4b3781]::string::String>, fn() -> core[df12db4294e9bfd3]::result::Result<(), alloc[2182bb758b4b3781]::string::String>>
[INFO] [stdout]   15:     0x5c50041300d5 - test[9d35eded1c95d3be]::run_test::{closure#0}
[INFO] [stdout]   16:     0x5c5004129994 - std[70759c8f55707aa4]::sys::backtrace::__rust_begin_short_backtrace::<test[9d35eded1c95d3be]::run_test::{closure#1}, ()>
[INFO] [stdout]   17:     0x5c5004133232 - <std[70759c8f55707aa4]::thread::lifecycle::spawn_unchecked<test[9d35eded1c95d3be]::run_test::{closure#1}, ()>::{closure#1} as core[df12db4294e9bfd3]::ops::function::FnOnce<()>>::call_once::{shim:vtable#0}
[INFO] [stdout]   18:     0x5c50041acf29 - <std[70759c8f55707aa4]::sys::thread::unix::Thread>::new::thread_start
[INFO] [stdout]   19:     0x78b46c586dfa - <unknown>
[INFO] [stdout]   20:     0x78b46c61a3d4 - clone
[INFO] [stdout]   21:                0x0 - <unknown>
[INFO] [stdout] 
[INFO] [stdout] ---- client::tests::test_client_get_userptr stdout ----
[INFO] [stdout] 
[INFO] [stdout] thread 'client::tests::test_client_get_userptr' (650) panicked at src/client.rs:343:44:
[INFO] [stdout] called `Result::unwrap()` on an `Err` value: LibraryNotLoaded(DlOpen { source: "libvideostream.so: cannot open shared object file: No such file or directory" })
[INFO] [stdout] stack backtrace:
[INFO] [stdout]    0:     0x5c50041ad681 - <<std[70759c8f55707aa4]::sys::backtrace::BacktraceLock>::print::DisplayBacktrace as core[df12db4294e9bfd3]::fmt::Display>::fmt
[INFO] [stdout]    1:     0x5c50041c1fca - core[df12db4294e9bfd3]::fmt::write
[INFO] [stdout]    2:     0x5c50041b1b7c - <alloc[2182bb758b4b3781]::vec::Vec<u8> as core[df12db4294e9bfd3]::io::write::Write>::write_fmt
[INFO] [stdout]    3:     0x5c5004189456 - std[70759c8f55707aa4]::panicking::default_hook::{closure#0}
[INFO] [stdout]    4:     0x5c50041a5829 - std[70759c8f55707aa4]::panicking::default_hook
[INFO] [stdout]    5:     0x5c500412f780 - test[9d35eded1c95d3be]::test_main_inner::<test[9d35eded1c95d3be]::test_main_static::{closure#0}>::{closure#0}
[INFO] [stdout]    6:     0x5c50041a59e2 - std[70759c8f55707aa4]::panicking::panic_with_hook
[INFO] [stdout]    7:     0x5c5004189502 - std[70759c8f55707aa4]::panicking::panic_handler::{closure#0}
[INFO] [stdout]    8:     0x5c50041821d9 - std[70759c8f55707aa4]::sys::backtrace::__rust_end_short_backtrace::<std[70759c8f55707aa4]::panicking::panic_handler::{closure#0}, !>
[INFO] [stdout]    9:     0x5c500418a0fd - __rustc[8fa7c3cbc660c2b3]::rust_begin_unwind
[INFO] [stdout]   10:     0x5c50041c27ac - core[df12db4294e9bfd3]::panicking::panic_fmt
[INFO] [stdout]   11:     0x5c50041c2582 - core[df12db4294e9bfd3]::result::unwrap_failed
[INFO] [stdout]   12:     0x5c5004105422 - videostream[fe60f199465c85c]::client::tests::test_client_get_userptr
[INFO] [stdout]   13:     0x5c500411c169 - <videostream[fe60f199465c85c]::client::tests::test_client_get_userptr::{closure#0} as core[df12db4294e9bfd3]::ops::function::FnOnce<()>>::call_once
[INFO] [stdout]   14:     0x5c5004122a6b - test[9d35eded1c95d3be]::__rust_begin_short_backtrace::<core[df12db4294e9bfd3]::result::Result<(), alloc[2182bb758b4b3781]::string::String>, fn() -> core[df12db4294e9bfd3]::result::Result<(), alloc[2182bb758b4b3781]::string::String>>
[INFO] [stdout]   15:     0x5c50041300d5 - test[9d35eded1c95d3be]::run_test::{closure#0}
[INFO] [stdout]   16:     0x5c5004129994 - std[70759c8f55707aa4]::sys::backtrace::__rust_begin_short_backtrace::<test[9d35eded1c95d3be]::run_test::{closure#1}, ()>
[INFO] [stdout]   17:     0x5c5004133232 - <std[70759c8f55707aa4]::thread::lifecycle::spawn_unchecked<test[9d35eded1c95d3be]::run_test::{closure#1}, ()>::{closure#1} as core[df12db4294e9bfd3]::ops::function::FnOnce<()>>::call_once::{shim:vtable#0}
[INFO] [stdout]   18:     0x5c50041acf29 - <std[70759c8f55707aa4]::sys::thread::unix::Thread>::new::thread_start
[INFO] [stdout]   19:     0x78b46c586dfa - <unknown>
[INFO] [stdout]   20:     0x78b46c61a3d4 - clone
[INFO] [stdout]   21:                0x0 - <unknown>
[INFO] [stdout] 
[INFO] [stdout] ---- client::tests::test_client_set_timeout stdout ----
[INFO] [stdout] 
[INFO] [stdout] thread 'client::tests::test_client_set_timeout' (653) panicked at src/client.rs:412:44:
[INFO] [stdout] called `Result::unwrap()` on an `Err` value: LibraryNotLoaded(DlOpen { source: "libvideostream.so: cannot open shared object file: No such file or directory" })
[INFO] [stdout] stack backtrace:
[INFO] [stdout]    0:     0x5c50041ad681 - <<std[70759c8f55707aa4]::sys::backtrace::BacktraceLock>::print::DisplayBacktrace as core[df12db4294e9bfd3]::fmt::Display>::fmt
[INFO] [stdout]    1:     0x5c50041c1fca - core[df12db4294e9bfd3]::fmt::write
[INFO] [stdout]    2:     0x5c50041b1b7c - <alloc[2182bb758b4b3781]::vec::Vec<u8> as core[df12db4294e9bfd3]::io::write::Write>::write_fmt
[INFO] [stdout]    3:     0x5c5004189456 - std[70759c8f55707aa4]::panicking::default_hook::{closure#0}
[INFO] [stdout]    4:     0x5c50041a5829 - std[70759c8f55707aa4]::panicking::default_hook
[INFO] [stdout]    5:     0x5c500412f780 - test[9d35eded1c95d3be]::test_main_inner::<test[9d35eded1c95d3be]::test_main_static::{closure#0}>::{closure#0}
[INFO] [stdout]    6:     0x5c50041a59e2 - std[70759c8f55707aa4]::panicking::panic_with_hook
[INFO] [stdout]    7:     0x5c5004189502 - std[70759c8f55707aa4]::panicking::panic_handler::{closure#0}
[INFO] [stdout]    8:     0x5c50041821d9 - std[70759c8f55707aa4]::sys::backtrace::__rust_end_short_backtrace::<std[70759c8f55707aa4]::panicking::panic_handler::{closure#0}, !>
[INFO] [stdout]    9:     0x5c500418a0fd - __rustc[8fa7c3cbc660c2b3]::rust_begin_unwind
[INFO] [stdout]   10:     0x5c50041c27ac - core[df12db4294e9bfd3]::panicking::panic_fmt
[INFO] [stdout]   11:     0x5c50041c2582 - core[df12db4294e9bfd3]::result::unwrap_failed
[INFO] [stdout]   12:     0x5c50041058a5 - videostream[fe60f199465c85c]::client::tests::test_client_set_timeout
[INFO] [stdout]   13:     0x5c500411c189 - <videostream[fe60f199465c85c]::client::tests::test_client_set_timeout::{closure#0} as core[df12db4294e9bfd3]::ops::function::FnOnce<()>>::call_once
[INFO] [stdout]   14:     0x5c5004122a6b - test[9d35eded1c95d3be]::__rust_begin_short_backtrace::<core[df12db4294e9bfd3]::result::Result<(), alloc[2182bb758b4b3781]::string::String>, fn() -> core[df12db4294e9bfd3]::result::Result<(), alloc[2182bb758b4b3781]::string::String>>
[INFO] [stdout]   15:     0x5c50041300d5 - test[9d35eded1c95d3be]::run_test::{closure#0}
[INFO] [stdout]   16:     0x5c5004129994 - std[70759c8f55707aa4]::sys::backtrace::__rust_begin_short_backtrace::<test[9d35eded1c95d3be]::run_test::{closure#1}, ()>
[INFO] [stdout]   17:     0x5c5004133232 - <std[70759c8f55707aa4]::thread::lifecycle::spawn_unchecked<test[9d35eded1c95d3be]::run_test::{closure#1}, ()>::{closure#1} as core[df12db4294e9bfd3]::ops::function::FnOnce<()>>::call_once::{shim:vtable#0}
[INFO] [stdout]   18:     0x5c50041acf29 - <std[70759c8f55707aa4]::sys::thread::unix::Thread>::new::thread_start
[INFO] [stdout]   19:     0x78b46c586dfa - <unknown>
[INFO] [stdout]   20:     0x78b46c61a3d4 - clone
[INFO] [stdout]   21:                0x0 - <unknown>
[INFO] [stdout] 
[INFO] [stdout] ---- client::tests::test_client_debug stdout ----
[INFO] [stdout] 
[INFO] [stdout] thread 'client::tests::test_client_debug' (648) panicked at src/client.rs:324:44:
[INFO] [stdout] called `Result::unwrap()` on an `Err` value: LibraryNotLoaded(DlOpen { source: "libvideostream.so: cannot open shared object file: No such file or directory" })
[INFO] [stdout] stack backtrace:
[INFO] [stdout]    0:     0x5c50041ad681 - <<std[70759c8f55707aa4]::sys::backtrace::BacktraceLock>::print::DisplayBacktrace as core[df12db4294e9bfd3]::fmt::Display>::fmt
[INFO] [stdout]    1:     0x5c50041c1fca - core[df12db4294e9bfd3]::fmt::write
[INFO] [stdout]    2:     0x5c50041b1b7c - <alloc[2182bb758b4b3781]::vec::Vec<u8> as core[df12db4294e9bfd3]::io::write::Write>::write_fmt
[INFO] [stdout]    3:     0x5c5004189456 - std[70759c8f55707aa4]::panicking::default_hook::{closure#0}
[INFO] [stdout]    4:     0x5c50041a5829 - std[70759c8f55707aa4]::panicking::default_hook
[INFO] [stdout]    5:     0x5c500412f780 - test[9d35eded1c95d3be]::test_main_inner::<test[9d35eded1c95d3be]::test_main_static::{closure#0}>::{closure#0}
[INFO] [stdout]    6:     0x5c50041a59e2 - std[70759c8f55707aa4]::panicking::panic_with_hook
[INFO] [stdout]    7:     0x5c5004189502 - std[70759c8f55707aa4]::panicking::panic_handler::{closure#0}
[INFO] [stdout]    8:     0x5c50041821d9 - std[70759c8f55707aa4]::sys::backtrace::__rust_end_short_backtrace::<std[70759c8f55707aa4]::panicking::panic_handler::{closure#0}, !>
[INFO] [stdout]    9:     0x5c500418a0fd - __rustc[8fa7c3cbc660c2b3]::rust_begin_unwind
[INFO] [stdout]   10:     0x5c50041c27ac - core[df12db4294e9bfd3]::panicking::panic_fmt
[INFO] [stdout]   11:     0x5c50041c2582 - core[df12db4294e9bfd3]::result::unwrap_failed
[INFO] [stdout]   12:     0x5c5004104d20 - videostream[fe60f199465c85c]::client::tests::test_client_debug
[INFO] [stdout]   13:     0x5c500411c109 - <videostream[fe60f199465c85c]::client::tests::test_client_debug::{closure#0} as core[df12db4294e9bfd3]::ops::function::FnOnce<()>>::call_once
[INFO] [stdout]   14:     0x5c5004122a6b - test[9d35eded1c95d3be]::__rust_begin_short_backtrace::<core[df12db4294e9bfd3]::result::Result<(), alloc[2182bb758b4b3781]::string::String>, fn() -> core[df12db4294e9bfd3]::result::Result<(), alloc[2182bb758b4b3781]::string::String>>
[INFO] [stdout]   15:     0x5c50041300d5 - test[9d35eded1c95d3be]::run_test::{closure#0}
[INFO] [stdout]   16:     0x5c5004129994 - std[70759c8f55707aa4]::sys::backtrace::__rust_begin_short_backtrace::<test[9d35eded1c95d3be]::run_test::{closure#1}, ()>
[INFO] [stdout]   17:     0x5c5004133232 - <std[70759c8f55707aa4]::thread::lifecycle::spawn_unchecked<test[9d35eded1c95d3be]::run_test::{closure#1}, ()>::{closure#1} as core[df12db4294e9bfd3]::ops::function::FnOnce<()>>::call_once::{shim:vtable#0}
[INFO] [stdout]   18:     0x5c50041acf29 - <std[70759c8f55707aa4]::sys::thread::unix::Thread>::new::thread_start
[INFO] [stdout]   19:     0x78b46c586dfa - <unknown>
[INFO] [stdout]   20:     0x78b46c61a3d4 - clone
[INFO] [stdout]   21:                0x0 - <unknown>
[INFO] [stdout] 
[INFO] [stdout] ---- client::tests::test_reconnect_yes_with_existing_host stdout ----
[INFO] [stdout] 
[INFO] [stdout] thread 'client::tests::test_reconnect_yes_with_existing_host' (656) panicked at src/client.rs:528:44:
[INFO] [stdout] called `Result::unwrap()` on an `Err` value: LibraryNotLoaded(DlOpen { source: "libvideostream.so: cannot open shared object file: No such file or directory" })
[INFO] [stdout] stack backtrace:
[INFO] [stdout]    0:     0x5c50041ad681 - <<std[70759c8f55707aa4]::sys::backtrace::BacktraceLock>::print::DisplayBacktrace as core[df12db4294e9bfd3]::fmt::Display>::fmt
[INFO] [stdout]    1:     0x5c50041c1fca - core[df12db4294e9bfd3]::fmt::write
[INFO] [stdout]    2:     0x5c50041b1b7c - <alloc[2182bb758b4b3781]::vec::Vec<u8> as core[df12db4294e9bfd3]::io::write::Write>::write_fmt
[INFO] [stdout]    3:     0x5c5004189456 - std[70759c8f55707aa4]::panicking::default_hook::{closure#0}
[INFO] [stdout]    4:     0x5c50041a5829 - std[70759c8f55707aa4]::panicking::default_hook
[INFO] [stdout]    5:     0x5c500412f780 - test[9d35eded1c95d3be]::test_main_inner::<test[9d35eded1c95d3be]::test_main_static::{closure#0}>::{closure#0}
[INFO] [stdout]    6:     0x5c50041a59e2 - std[70759c8f55707aa4]::panicking::panic_with_hook
[INFO] [stdout]    7:     0x5c5004189502 - std[70759c8f55707aa4]::panicking::panic_handler::{closure#0}
[INFO] [stdout]    8:     0x5c50041821d9 - std[70759c8f55707aa4]::sys::backtrace::__rust_end_short_backtrace::<std[70759c8f55707aa4]::panicking::panic_handler::{closure#0}, !>
[INFO] [stdout]    9:     0x5c500418a0fd - __rustc[8fa7c3cbc660c2b3]::rust_begin_unwind
[INFO] [stdout]   10:     0x5c50041c27ac - core[df12db4294e9bfd3]::panicking::panic_fmt
[INFO] [stdout]   11:     0x5c50041c2582 - core[df12db4294e9bfd3]::result::unwrap_failed
[INFO] [stdout]   12:     0x5c500410786f - videostream[fe60f199465c85c]::client::tests::test_reconnect_yes_with_existing_host
[INFO] [stdout]   13:     0x5c500411c229 - <videostream[fe60f199465c85c]::client::tests::test_reconnect_yes_with_existing_host::{closure#0} as core[df12db4294e9bfd3]::ops::function::FnOnce<()>>::call_once
[INFO] [stdout]   14:     0x5c5004122a6b - test[9d35eded1c95d3be]::__rust_begin_short_backtrace::<core[df12db4294e9bfd3]::result::Result<(), alloc[2182bb758b4b3781]::string::String>, fn() -> core[df12db4294e9bfd3]::result::Result<(), alloc[2182bb758b4b3781]::string::String>>
[INFO] [stdout]   15:     0x5c50041300d5 - test[9d35eded1c95d3be]::run_test::{closure#0}
[INFO] [stdout]   16:     0x5c5004129994 - std[70759c8f55707aa4]::sys::backtrace::__rust_begin_short_backtrace::<test[9d35eded1c95d3be]::run_test::{closure#1}, ()>
[INFO] [stdout]   17:     0x5c5004133232 - <std[70759c8f55707aa4]::thread::lifecycle::spawn_unchecked<test[9d35eded1c95d3be]::run_test::{closure#1}, ()>::{closure#1} as core[df12db4294e9bfd3]::ops::function::FnOnce<()>>::call_once::{shim:vtable#0}
[INFO] [stdout]   18:     0x5c50041acf29 - <std[70759c8f55707aa4]::sys::thread::unix::Thread>::new::thread_start
[INFO] [stdout]   19:     0x78b46c586dfa - <unknown>
[INFO] [stdout]   20:     0x78b46c61a3d4 - clone
[INFO] [stdout]   21:                0x0 - <unknown>
[INFO] [stdout] 
[INFO] [stdout] ---- client::tests::test_client_disconnect stdout ----
[INFO] [stdout] 
[INFO] [stdout] thread 'client::tests::test_client_disconnect' (649) panicked at src/client.rs:483:44:
[INFO] [stdout] called `Result::unwrap()` on an `Err` value: LibraryNotLoaded(DlOpen { source: "libvideostream.so: cannot open shared object file: No such file or directory" })
[INFO] [stdout] stack backtrace:
[INFO] [stdout]    0:     0x5c50041ad681 - <<std[70759c8f55707aa4]::sys::backtrace::BacktraceLock>::print::DisplayBacktrace as core[df12db4294e9bfd3]::fmt::Display>::fmt
[INFO] [stdout]    1:     0x5c50041c1fca - core[df12db4294e9bfd3]::fmt::write
[INFO] [stdout]    2:     0x5c50041b1b7c - <alloc[2182bb758b4b3781]::vec::Vec<u8> as core[df12db4294e9bfd3]::io::write::Write>::write_fmt
[INFO] [stdout]    3:     0x5c5004189456 - std[70759c8f55707aa4]::panicking::default_hook::{closure#0}
[INFO] [stdout]    4:     0x5c50041a5829 - std[70759c8f55707aa4]::panicking::default_hook
[INFO] [stdout]    5:     0x5c500412f780 - test[9d35eded1c95d3be]::test_main_inner::<test[9d35eded1c95d3be]::test_main_static::{closure#0}>::{closure#0}
[INFO] [stdout]    6:     0x5c50041a59e2 - std[70759c8f55707aa4]::panicking::panic_with_hook
[INFO] [stdout]    7:     0x5c5004189502 - std[70759c8f55707aa4]::panicking::panic_handler::{closure#0}
[INFO] [stdout]    8:     0x5c50041821d9 - std[70759c8f55707aa4]::sys::backtrace::__rust_end_short_backtrace::<std[70759c8f55707aa4]::panicking::panic_handler::{closure#0}, !>
[INFO] [stdout]    9:     0x5c500418a0fd - __rustc[8fa7c3cbc660c2b3]::rust_begin_unwind
[INFO] [stdout]   10:     0x5c50041c27ac - core[df12db4294e9bfd3]::panicking::panic_fmt
[INFO] [stdout]   11:     0x5c50041c2582 - core[df12db4294e9bfd3]::result::unwrap_failed
[INFO] [stdout]   12:     0x5c500410501d - videostream[fe60f199465c85c]::client::tests::test_client_disconnect
[INFO] [stdout]   13:     0x5c500411c149 - <videostream[fe60f199465c85c]::client::tests::test_client_disconnect::{closure#0} as core[df12db4294e9bfd3]::ops::function::FnOnce<()>>::call_once
[INFO] [stdout]   14:     0x5c5004122a6b - test[9d35eded1c95d3be]::__rust_begin_short_backtrace::<core[df12db4294e9bfd3]::result::Result<(), alloc[2182bb758b4b3781]::string::String>, fn() -> core[df12db4294e9bfd3]::result::Result<(), alloc[2182bb758b4b3781]::string::String>>
[INFO] [stdout]   15:     0x5c50041300d5 - test[9d35eded1c95d3be]::run_test::{closure#0}
[INFO] [stdout]   16:     0x5c5004129994 - std[70759c8f55707aa4]::sys::backtrace::__rust_begin_short_backtrace::<test[9d35eded1c95d3be]::run_test::{closure#1}, ()>
[INFO] [stdout]   17:     0x5c5004133232 - <std[70759c8f55707aa4]::thread::lifecycle::spawn_unchecked<test[9d35eded1c95d3be]::run_test::{closure#1}, ()>::{closure#1} as core[df12db4294e9bfd3]::ops::function::FnOnce<()>>::call_once::{shim:vtable#0}
[INFO] [stdout]   18:     0x5c50041acf29 - <std[70759c8f55707aa4]::sys::thread::unix::Thread>::new::thread_start
[INFO] [stdout]   19:     0x78b46c586dfa - <unknown>
[INFO] [stdout]   20:     0x78b46c61a3d4 - clone
[INFO] [stdout]   21:                0x0 - <unknown>
[INFO] [stdout] 
[INFO] [stdout] ---- encoder::tests::test_encoder_is_available_returns_result stdout ----
[INFO] [stdout] 
[INFO] [stdout] thread 'encoder::tests::test_encoder_is_available_returns_result' (702) panicked at src/encoder.rs:327:9:
[INFO] [stdout] is_available should always return Ok if the library is loaded correctly
[INFO] [stdout] stack backtrace:
[INFO] [stdout]    0:     0x5c50041ad681 - <<std[70759c8f55707aa4]::sys::backtrace::BacktraceLock>::print::DisplayBacktrace as core[df12db4294e9bfd3]::fmt::Display>::fmt
[INFO] [stdout]    1:     0x5c50041c1fca - core[df12db4294e9bfd3]::fmt::write
[INFO] [stdout]    2:     0x5c50041b1b7c - <alloc[2182bb758b4b3781]::vec::Vec<u8> as core[df12db4294e9bfd3]::io::write::Write>::write_fmt
[INFO] [stdout]    3:     0x5c5004189456 - std[70759c8f55707aa4]::panicking::default_hook::{closure#0}
[INFO] [stdout]    4:     0x5c50041a5829 - std[70759c8f55707aa4]::panicking::default_hook
[INFO] [stdout]    5:     0x5c500412f780 - test[9d35eded1c95d3be]::test_main_inner::<test[9d35eded1c95d3be]::test_main_static::{closure#0}>::{closure#0}
[INFO] [stdout]    6:     0x5c50041a59e2 - std[70759c8f55707aa4]::panicking::panic_with_hook
[INFO] [stdout]    7:     0x5c5004189534 - std[70759c8f55707aa4]::panicking::panic_handler::{closure#0}
[INFO] [stdout]    8:     0x5c50041821d9 - std[70759c8f55707aa4]::sys::backtrace::__rust_end_short_backtrace::<std[70759c8f55707aa4]::panicking::panic_handler::{closure#0}, !>
[INFO] [stdout]    9:     0x5c500418a0fd - __rustc[8fa7c3cbc660c2b3]::rust_begin_unwind
[INFO] [stdout]   10:     0x5c50041c27ac - core[df12db4294e9bfd3]::panicking::panic_fmt
[INFO] [stdout]   11:     0x5c500411c606 - <videostream[fe60f199465c85c]::encoder::tests::test_encoder_is_available_returns_result::{closure#0} as core[df12db4294e9bfd3]::ops::function::FnOnce<()>>::call_once
[INFO] [stdout]   12:     0x5c5004122a6b - test[9d35eded1c95d3be]::__rust_begin_short_backtrace::<core[df12db4294e9bfd3]::result::Result<(), alloc[2182bb758b4b3781]::string::String>, fn() -> core[df12db4294e9bfd3]::result::Result<(), alloc[2182bb758b4b3781]::string::String>>
[INFO] [stdout]   13:     0x5c50041300d5 - test[9d35eded1c95d3be]::run_test::{closure#0}
[INFO] [stdout]   14:     0x5c5004129994 - std[70759c8f55707aa4]::sys::backtrace::__rust_begin_short_backtrace::<test[9d35eded1c95d3be]::run_test::{closure#1}, ()>
[INFO] [stdout]   15:     0x5c5004133232 - <std[70759c8f55707aa4]::thread::lifecycle::spawn_unchecked<test[9d35eded1c95d3be]::run_test::{closure#1}, ()>::{closure#1} as core[df12db4294e9bfd3]::ops::function::FnOnce<()>>::call_once::{shim:vtable#0}
[INFO] [stdout]   16:     0x5c50041acf29 - <std[70759c8f55707aa4]::sys::thread::unix::Thread>::new::thread_start
[INFO] [stdout]   17:     0x78b46c586dfa - <unknown>
[INFO] [stdout]   18:     0x78b46c61a3d4 - clone
[INFO] [stdout]   19:                0x0 - <unknown>
[INFO] [stdout] 
[INFO] [stdout] ---- frame::tests::test_frame_different_formats stdout ----
[INFO] [stdout] 
[INFO] [stdout] thread 'frame::tests::test_frame_different_formats' (734) panicked at src/frame.rs:1174:13:
[INFO] [stdout] Failed to create frame with format YUYV
[INFO] [stdout] stack backtrace:
[INFO] [stdout]    0:     0x5c50041ad681 - <<std[70759c8f55707aa4]::sys::backtrace::BacktraceLock>::print::DisplayBacktrace as core[df12db4294e9bfd3]::fmt::Display>::fmt
[INFO] [stdout]    1:     0x5c50041c1fca - core[df12db4294e9bfd3]::fmt::write
[INFO] [stdout]    2:     0x5c50041b1b7c - <alloc[2182bb758b4b3781]::vec::Vec<u8> as core[df12db4294e9bfd3]::io::write::Write>::write_fmt
[INFO] [stdout]    3:     0x5c5004189456 - std[70759c8f55707aa4]::panicking::default_hook::{closure#0}
[INFO] [stdout]    4:     0x5c50041a5829 - std[70759c8f55707aa4]::panicking::default_hook
[INFO] [stdout]    5:     0x5c500412f780 - test[9d35eded1c95d3be]::test_main_inner::<test[9d35eded1c95d3be]::test_main_static::{closure#0}>::{closure#0}
[INFO] [stdout]    6:     0x5c50041a59e2 - std[70759c8f55707aa4]::panicking::panic_with_hook
[INFO] [stdout]    7:     0x5c5004189502 - std[70759c8f55707aa4]::panicking::panic_handler::{closure#0}
[INFO] [stdout]    8:     0x5c50041821d9 - std[70759c8f55707aa4]::sys::backtrace::__rust_end_short_backtrace::<std[70759c8f55707aa4]::panicking::panic_handler::{closure#0}, !>
[INFO] [stdout]    9:     0x5c500418a0fd - __rustc[8fa7c3cbc660c2b3]::rust_begin_unwind
[INFO] [stdout]   10:     0x5c50041c27ac - core[df12db4294e9bfd3]::panicking::panic_fmt
[INFO] [stdout]   11:     0x5c500410ba98 - videostream[fe60f199465c85c]::frame::tests::test_frame_different_formats
[INFO] [stdout]   12:     0x5c500411b789 - <videostream[fe60f199465c85c]::frame::tests::test_frame_different_formats::{closure#0} as core[df12db4294e9bfd3]::ops::function::FnOnce<()>>::call_once
[INFO] [stdout]   13:     0x5c5004122a6b - test[9d35eded1c95d3be]::__rust_begin_short_backtrace::<core[df12db4294e9bfd3]::result::Result<(), alloc[2182bb758b4b3781]::string::String>, fn() -> core[df12db4294e9bfd3]::result::Result<(), alloc[2182bb758b4b3781]::string::String>>
[INFO] [stdout]   14:     0x5c50041300d5 - test[9d35eded1c95d3be]::run_test::{closure#0}
[INFO] [stdout]   15:     0x5c5004129994 - std[70759c8f55707aa4]::sys::backtrace::__rust_begin_short_backtrace::<test[9d35eded1c95d3be]::run_test::{closure#1}, ()>
[INFO] [stdout]   16:     0x5c5004133232 - <std[70759c8f55707aa4]::thread::lifecycle::spawn_unchecked<test[9d35eded1c95d3be]::run_test::{closure#1}, ()>::{closure#1} as core[df12db4294e9bfd3]::ops::function::FnOnce<()>>::call_once::{shim:vtable#0}
[INFO] [stdout]   17:     0x5c50041acf29 - <std[70759c8f55707aa4]::sys::thread::unix::Thread>::new::thread_start
[INFO] [stdout]   18:     0x78b46c586dfa - <unknown>
[INFO] [stdout]   19:     0x78b46c61a3d4 - clone
[INFO] [stdout]   20:                0x0 - <unknown>
[INFO] [stdout] 
[INFO] [stdout] ---- frame::tests::frame stdout ----
[INFO] [stdout] 
[INFO] [stdout] thread 'frame::tests::frame' (730) panicked at src/frame.rs:931:53:
[INFO] [stdout] called `Result::unwrap()` on an `Err` value: LibraryNotLoaded(DlOpen { source: "libvideostream.so: cannot open shared object file: No such file or directory" })
[INFO] [stdout] stack backtrace:
[INFO] [stdout]    0:     0x5c50041ad681 - <<std[70759c8f55707aa4]::sys::backtrace::BacktraceLock>::print::DisplayBacktrace as core[df12db4294e9bfd3]::fmt::Display>::fmt
[INFO] [stdout]    1:     0x5c50041c1fca - core[df12db4294e9bfd3]::fmt::write
[INFO] [stdout]    2:     0x5c50041b1b7c - <alloc[2182bb758b4b3781]::vec::Vec<u8> as core[df12db4294e9bfd3]::io::write::Write>::write_fmt
[INFO] [stdout]    3:     0x5c5004189456 - std[70759c8f55707aa4]::panicking::default_hook::{closure#0}
[INFO] [stdout]    4:     0x5c50041a5829 - std[70759c8f55707aa4]::panicking::default_hook
[INFO] [stdout]    5:     0x5c500412f780 - test[9d35eded1c95d3be]::test_main_inner::<test[9d35eded1c95d3be]::test_main_static::{closure#0}>::{closure#0}
[INFO] [stdout]    6:     0x5c50041a59e2 - std[70759c8f55707aa4]::panicking::panic_with_hook
[INFO] [stdout]    7:     0x5c5004189502 - std[70759c8f55707aa4]::panicking::panic_handler::{closure#0}
[INFO] [stdout]    8:     0x5c50041821d9 - std[70759c8f55707aa4]::sys::backtrace::__rust_end_short_backtrace::<std[70759c8f55707aa4]::panicking::panic_handler::{closure#0}, !>
[INFO] [stdout]    9:     0x5c500418a0fd - __rustc[8fa7c3cbc660c2b3]::rust_begin_unwind
[INFO] [stdout]   10:     0x5c50041c27ac - core[df12db4294e9bfd3]::panicking::panic_fmt
[INFO] [stdout]   11:     0x5c50041c2582 - core[df12db4294e9bfd3]::result::unwrap_failed
[INFO] [stdout]   12:     0x5c500410caed - videostream[fe60f199465c85c]::frame::tests::frame
[INFO] [stdout]   13:     0x5c500411b859 - <videostream[fe60f199465c85c]::frame::tests::frame::{closure#0} as core[df12db4294e9bfd3]::ops::function::FnOnce<()>>::call_once
[INFO] [stdout]   14:     0x5c5004122a6b - test[9d35eded1c95d3be]::__rust_begin_short_backtrace::<core[df12db4294e9bfd3]::result::Result<(), alloc[2182bb758b4b3781]::string::String>, fn() -> core[df12db4294e9bfd3]::result::Result<(), alloc[2182bb758b4b3781]::string::String>>
[INFO] [stdout]   15:     0x5c50041300d5 - test[9d35eded1c95d3be]::run_test::{closure#0}
[INFO] [stdout]   16:     0x5c5004129994 - std[70759c8f55707aa4]::sys::backtrace::__rust_begin_short_backtrace::<test[9d35eded1c95d3be]::run_test::{closure#1}, ()>
[INFO] [stdout]   17:     0x5c5004133232 - <std[70759c8f55707aa4]::thread::lifecycle::spawn_unchecked<test[9d35eded1c95d3be]::run_test::{closure#1}, ()>::{closure#1} as core[df12db4294e9bfd3]::ops::function::FnOnce<()>>::call_once::{shim:vtable#0}
[INFO] [stdout]   18:     0x5c50041acf29 - <std[70759c8f55707aa4]::sys::thread::unix::Thread>::new::thread_start
[INFO] [stdout]   19:     0x78b46c586dfa - <unknown>
[INFO] [stdout]   20:     0x78b46c61a3d4 - clone
[INFO] [stdout]   21:                0x0 - <unknown>
[INFO] [stdout] 
[INFO] [stdout] ---- frame::tests::test_frame_debug stdout ----
[INFO] [stdout] 
[INFO] [stdout] thread 'frame::tests::test_frame_debug' (733) panicked at src/frame.rs:1150:55:
[INFO] [stdout] called `Result::unwrap()` on an `Err` value: LibraryNotLoaded(DlOpen { source: "libvideostream.so: cannot open shared object file: No such file or directory" })
[INFO] [stdout] stack backtrace:
[INFO] [stdout]    0:     0x5c50041ad681 - <<std[70759c8f55707aa4]::sys::backtrace::BacktraceLock>::print::DisplayBacktrace as core[df12db4294e9bfd3]::fmt::Display>::fmt
[INFO] [stdout]    1:     0x5c50041c1fca - core[df12db4294e9bfd3]::fmt::write
[INFO] [stdout]    2:     0x5c50041b1b7c - <alloc[2182bb758b4b3781]::vec::Vec<u8> as core[df12db4294e9bfd3]::io::write::Write>::write_fmt
[INFO] [stdout]    3:     0x5c5004189456 - std[70759c8f55707aa4]::panicking::default_hook::{closure#0}
[INFO] [stdout]    4:     0x5c50041a5829 - std[70759c8f55707aa4]::panicking::default_hook
[INFO] [stdout]    5:     0x5c500412f780 - test[9d35eded1c95d3be]::test_main_inner::<test[9d35eded1c95d3be]::test_main_static::{closure#0}>::{closure#0}
[INFO] [stdout]    6:     0x5c50041a59e2 - std[70759c8f55707aa4]::panicking::panic_with_hook
[INFO] [stdout]    7:     0x5c5004189502 - std[70759c8f55707aa4]::panicking::panic_handler::{closure#0}
[INFO] [stdout]    8:     0x5c50041821d9 - std[70759c8f55707aa4]::sys::backtrace::__rust_end_short_backtrace::<std[70759c8f55707aa4]::panicking::panic_handler::{closure#0}, !>
[INFO] [stdout]    9:     0x5c500418a0fd - __rustc[8fa7c3cbc660c2b3]::rust_begin_unwind
[INFO] [stdout]   10:     0x5c50041c27ac - core[df12db4294e9bfd3]::panicking::panic_fmt
[INFO] [stdout]   11:     0x5c50041c2582 - core[df12db4294e9bfd3]::result::unwrap_failed
[INFO] [stdout]   12:     0x5c50041097fa - videostream[fe60f199465c85c]::frame::tests::test_frame_debug
[INFO] [stdout]   13:     0x5c500411b609 - <videostream[fe60f199465c85c]::frame::tests::test_frame_debug::{closure#0} as core[df12db4294e9bfd3]::ops::function::FnOnce<()>>::call_once
[INFO] [stdout]   14:     0x5c5004122a6b - test[9d35eded1c95d3be]::__rust_begin_short_backtrace::<core[df12db4294e9bfd3]::result::Result<(), alloc[2182bb758b4b3781]::string::String>, fn() -> core[df12db4294e9bfd3]::result::Result<(), alloc[2182bb758b4b3781]::string::String>>
[INFO] [stdout]   15:     0x5c50041300d5 - test[9d35eded1c95d3be]::run_test::{closure#0}
[INFO] [stdout]   16:     0x5c5004129994 - std[70759c8f55707aa4]::sys::backtrace::__rust_begin_short_backtrace::<test[9d35eded1c95d3be]::run_test::{closure#1}, ()>
[INFO] [stdout]   17:     0x5c5004133232 - <std[70759c8f55707aa4]::thread::lifecycle::spawn_unchecked<test[9d35eded1c95d3be]::run_test::{closure#1}, ()>::{closure#1} as core[df12db4294e9bfd3]::ops::function::FnOnce<()>>::call_once::{shim:vtable#0}
[INFO] [stdout]   18:     0x5c50041acf29 - <std[70759c8f55707aa4]::sys::thread::unix::Thread>::new::thread_start
[INFO] [stdout]   19:     0x78b46c586dfa - <unknown>
[INFO] [stdout]   20:     0x78b46c61a3d4 - clone
[INFO] [stdout]   21:                0x0 - <unknown>
[INFO] [stdout] 
[INFO] [stdout] ---- frame::tests::bad_attach stdout ----
[INFO] [stdout] 
[INFO] [stdout] thread 'frame::tests::bad_attach' (727) panicked at src/frame.rs:1008:53:
[INFO] [stdout] called `Result::unwrap()` on an `Err` value: LibraryNotLoaded(DlOpen { source: "libvideostream.so: cannot open shared object file: No such file or directory" })
[INFO] [stdout] stack backtrace:
[INFO] [stdout]    0:     0x5c50041ad681 - <<std[70759c8f55707aa4]::sys::backtrace::BacktraceLock>::print::DisplayBacktrace as core[df12db4294e9bfd3]::fmt::Display>::fmt
[INFO] [stdout]    1:     0x5c50041c1fca - core[df12db4294e9bfd3]::fmt::write
[INFO] [stdout]    2:     0x5c50041b1b7c - <alloc[2182bb758b4b3781]::vec::Vec<u8> as core[df12db4294e9bfd3]::io::write::Write>::write_fmt
[INFO] [stdout]    3:     0x5c5004189456 - std[70759c8f55707aa4]::panicking::default_hook::{closure#0}
[INFO] [stdout]    4:     0x5c50041a5829 - std[70759c8f55707aa4]::panicking::default_hook
[INFO] [stdout]    5:     0x5c500412f780 - test[9d35eded1c95d3be]::test_main_inner::<test[9d35eded1c95d3be]::test_main_static::{closure#0}>::{closure#0}
[INFO] [stdout]    6:     0x5c50041a59e2 - std[70759c8f55707aa4]::panicking::panic_with_hook
[INFO] [stdout]    7:     0x5c5004189502 - std[70759c8f55707aa4]::panicking::panic_handler::{closure#0}
[INFO] [stdout]    8:     0x5c50041821d9 - std[70759c8f55707aa4]::sys::backtrace::__rust_end_short_backtrace::<std[70759c8f55707aa4]::panicking::panic_handler::{closure#0}, !>
[INFO] [stdout]    9:     0x5c500418a0fd - __rustc[8fa7c3cbc660c2b3]::rust_begin_unwind
[INFO] [stdout]   10:     0x5c50041c27ac - core[df12db4294e9bfd3]::panicking::panic_fmt
[INFO] [stdout]   11:     0x5c50041c2582 - core[df12db4294e9bfd3]::result::unwrap_failed
[INFO] [stdout]   12:     0x5c5004108ae7 - videostream[fe60f199465c85c]::frame::tests::bad_attach
[INFO] [stdout]   13:     0x5c500411b5a9 - <videostream[fe60f199465c85c]::frame::tests::bad_attach::{closure#0} as core[df12db4294e9bfd3]::ops::function::FnOnce<()>>::call_once
[INFO] [stdout]   14:     0x5c5004122a6b - test[9d35eded1c95d3be]::__rust_begin_short_backtrace::<core[df12db4294e9bfd3]::result::Result<(), alloc[2182bb758b4b3781]::string::String>, fn() -> core[df12db4294e9bfd3]::result::Result<(), alloc[2182bb758b4b3781]::string::String>>
[INFO] [stdout]   15:     0x5c50041300d5 - test[9d35eded1c95d3be]::run_test::{closure#0}
[INFO] [stdout]   16:     0x5c5004129994 - std[70759c8f55707aa4]::sys::backtrace::__rust_begin_short_backtrace::<test[9d35eded1c95d3be]::run_test::{closure#1}, ()>
[INFO] [stdout]   17:     0x5c5004133232 - <std[70759c8f55707aa4]::thread::lifecycle::spawn_unchecked<test[9d35eded1c95d3be]::run_test::{closure#1}, ()>::{closure#1} as core[df12db4294e9bfd3]::ops::function::FnOnce<()>>::call_once::{shim:vtable#0}
[INFO] [stdout]   18:     0x5c50041acf29 - <std[70759c8f55707aa4]::sys::thread::unix::Thread>::new::thread_start
[INFO] [stdout]   19:     0x78b46c586dfa - <unknown>
[INFO] [stdout]   20:     0x78b46c61a3d4 - clone
[INFO] [stdout]   21:                0x0 - <unknown>
[INFO] [stdout] 
[INFO] [stdout] ---- frame::tests::test_frame_expires stdout ----
[INFO] [stdout] 
[INFO] [stdout] thread 'frame::tests::test_frame_expires' (735) panicked at src/frame.rs:1255:53:
[INFO] [stdout] called `Result::unwrap()` on an `Err` value: LibraryNotLoaded(DlOpen { source: "libvideostream.so: cannot open shared object file: No such file or directory" })
[INFO] [stdout] stack backtrace:
[INFO] [stdout]    0:     0x5c50041ad681 - <<std[70759c8f55707aa4]::sys::backtrace::BacktraceLock>::print::DisplayBacktrace as core[df12db4294e9bfd3]::fmt::Display>::fmt
[INFO] [stdout]    1:     0x5c50041c1fca - core[df12db4294e9bfd3]::fmt::write
[INFO] [stdout]    2:     0x5c50041b1b7c - <alloc[2182bb758b4b3781]::vec::Vec<u8> as core[df12db4294e9bfd3]::io::write::Write>::write_fmt
[INFO] [stdout]    3:     0x5c5004189456 - std[70759c8f55707aa4]::panicking::default_hook::{closure#0}
[INFO] [stdout]    4:     0x5c50041a5829 - std[70759c8f55707aa4]::panicking::default_hook
[INFO] [stdout]    5:     0x5c500412f780 - test[9d35eded1c95d3be]::test_main_inner::<test[9d35eded1c95d3be]::test_main_static::{closure#0}>::{closure#0}
[INFO] [stdout]    6:     0x5c50041a59e2 - std[70759c8f55707aa4]::panicking::panic_with_hook
[INFO] [stdout]    7:     0x5c5004189502 - std[70759c8f55707aa4]::panicking::panic_handler::{closure#0}
[INFO] [stdout]    8:     0x5c50041821d9 - std[70759c8f55707aa4]::sys::backtrace::__rust_end_short_backtrace::<std[70759c8f55707aa4]::panicking::panic_handler::{closure#0}, !>
[INFO] [stdout]    9:     0x5c500418a0fd - __rustc[8fa7c3cbc660c2b3]::rust_begin_unwind
[INFO] [stdout]   10:     0x5c50041c27ac - core[df12db4294e9bfd3]::panicking::panic_fmt
[INFO] [stdout]   11:     0x5c50041c2582 - core[df12db4294e9bfd3]::result::unwrap_failed
[INFO] [stdout]   12:     0x5c5004109f76 - videostream[fe60f199465c85c]::frame::tests::test_frame_expires
[INFO] [stdout]   13:     0x5c500411b689 - <videostream[fe60f199465c85c]::frame::tests::test_frame_expires::{closure#0} as core[df12db4294e9bfd3]::ops::function::FnOnce<()>>::call_once
[INFO] [stdout]   14:     0x5c5004122a6b - test[9d35eded1c95d3be]::__rust_begin_short_backtrace::<core[df12db4294e9bfd3]::result::Result<(), alloc[2182bb758b4b3781]::string::String>, fn() -> core[df12db4294e9bfd3]::result::Result<(), alloc[2182bb758b4b3781]::string::String>>
[INFO] [stdout]   15:     0x5c50041300d5 - test[9d35eded1c95d3be]::run_test::{closure#0}
[INFO] [stdout]   16:     0x5c5004129994 - std[70759c8f55707aa4]::sys::backtrace::__rust_begin_short_backtrace::<test[9d35eded1c95d3be]::run_test::{closure#1}, ()>
[INFO] [stdout]   17:     0x5c5004133232 - <std[70759c8f55707aa4]::thread::lifecycle::spawn_unchecked<test[9d35eded1c95d3be]::run_test::{closure#1}, ()>::{closure#1} as core[df12db4294e9bfd3]::ops::function::FnOnce<()>>::call_once::{shim:vtable#0}
[INFO] [stdout]   18:     0x5c50041acf29 - <std[70759c8f55707aa4]::sys::thread::unix::Thread>::new::thread_start
[INFO] [stdout]   19:     0x78b46c586dfa - <unknown>
[INFO] [stdout]   20:     0x78b46c61a3d4 - clone
[INFO] [stdout]   21:                0x0 - <unknown>
[INFO] [stdout] 
[INFO] [stdout] ---- frame::tests::test_frame_handle_before_alloc stdout ----
[INFO] [stdout] 
[INFO] [stdout] thread 'frame::tests::test_frame_handle_before_alloc' (737) panicked at src/frame.rs:1265:53:
[INFO] [stdout] called `Result::unwrap()` on an `Err` value: LibraryNotLoaded(DlOpen { source: "libvideostream.so: cannot open shared object file: No such file or directory" })
[INFO] [stdout] stack backtrace:
[INFO] [stdout]    0:     0x5c50041ad681 - <<std[70759c8f55707aa4]::sys::backtrace::BacktraceLock>::print::DisplayBacktrace as core[df12db4294e9bfd3]::fmt::Display>::fmt
[INFO] [stdout]    1:     0x5c50041c1fca - core[df12db4294e9bfd3]::fmt::write
[INFO] [stdout]    2:     0x5c50041b1b7c - <alloc[2182bb758b4b3781]::vec::Vec<u8> as core[df12db4294e9bfd3]::io::write::Write>::write_fmt
[INFO] [stdout]    3:     0x5c5004189456 - std[70759c8f55707aa4]::panicking::default_hook::{closure#0}
[INFO] [stdout]    4:     0x5c50041a5829 - std[70759c8f55707aa4]::panicking::default_hook
[INFO] [stdout]    5:     0x5c500412f780 - test[9d35eded1c95d3be]::test_main_inner::<test[9d35eded1c95d3be]::test_main_static::{closure#0}>::{closure#0}
[INFO] [stdout]    6:     0x5c50041a59e2 - std[70759c8f55707aa4]::panicking::panic_with_hook
[INFO] [stdout]    7:     0x5c5004189502 - std[70759c8f55707aa4]::panicking::panic_handler::{closure#0}
[INFO] [stdout]    8:     0x5c50041821d9 - std[70759c8f55707aa4]::sys::backtrace::__rust_end_short_backtrace::<std[70759c8f55707aa4]::panicking::panic_handler::{closure#0}, !>
[INFO] [stdout]    9:     0x5c500418a0fd - __rustc[8fa7c3cbc660c2b3]::rust_begin_unwind
[INFO] [stdout]   10:     0x5c50041c27ac - core[df12db4294e9bfd3]::panicking::panic_fmt
[INFO] [stdout]   11:     0x5c50041c2582 - core[df12db4294e9bfd3]::result::unwrap_failed
[INFO] [stdout]   12:     0x5c500410c296 - videostream[fe60f199465c85c]::frame::tests::test_frame_handle_before_alloc
[INFO] [stdout]   13:     0x5c500411b809 - <videostream[fe60f199465c85c]::frame::tests::test_frame_handle_before_alloc::{closure#0} as core[df12db4294e9bfd3]::ops::function::FnOnce<()>>::call_once
[INFO] [stdout]   14:     0x5c5004122a6b - test[9d35eded1c95d3be]::__rust_begin_short_backtrace::<core[df12db4294e9bfd3]::result::Result<(), alloc[2182bb758b4b3781]::string::String>, fn() -> core[df12db4294e9bfd3]::result::Result<(), alloc[2182bb758b4b3781]::string::String>>
[INFO] [stdout]   15:     0x5c50041300d5 - test[9d35eded1c95d3be]::run_test::{closure#0}
[INFO] [stdout]   16:     0x5c5004129994 - std[70759c8f55707aa4]::sys::backtrace::__rust_begin_short_backtrace::<test[9d35eded1c95d3be]::run_test::{closure#1}, ()>
[INFO] [stdout]   17:     0x5c5004133232 - <std[70759c8f55707aa4]::thread::lifecycle::spawn_unchecked<test[9d35eded1c95d3be]::run_test::{closure#1}, ()>::{closure#1} as core[df12db4294e9bfd3]::ops::function::FnOnce<()>>::call_once::{shim:vtable#0}
[INFO] [stdout]   18:     0x5c50041acf29 - <std[70759c8f55707aa4]::sys::thread::unix::Thread>::new::thread_start
[INFO] [stdout]   19:     0x78b46c586dfa - <unknown>
[INFO] [stdout]   20:     0x78b46c61a3d4 - clone
[INFO] [stdout]   21:                0x0 - <unknown>
[INFO] [stdout] 
[INFO] [stdout] ---- frame::tests::test_frame_handle_after_alloc stdout ----
[INFO] [stdout] 
[INFO] [stdout] thread 'frame::tests::test_frame_handle_after_alloc' (736) panicked at src/frame.rs:1273:53:
[INFO] [stdout] called `Result::unwrap()` on an `Err` value: LibraryNotLoaded(DlOpen { source: "libvideostream.so: cannot open shared object file: No such file or directory" })
[INFO] [stdout] stack backtrace:
[INFO] [stdout]    0:     0x5c50041ad681 - <<std[70759c8f55707aa4]::sys::backtrace::BacktraceLock>::print::DisplayBacktrace as core[df12db4294e9bfd3]::fmt::Display>::fmt
[INFO] [stdout]    1:     0x5c50041c1fca - core[df12db4294e9bfd3]::fmt::write
[INFO] [stdout]    2:     0x5c50041b1b7c - <alloc[2182bb758b4b3781]::vec::Vec<u8> as core[df12db4294e9bfd3]::io::write::Write>::write_fmt
[INFO] [stdout]    3:     0x5c5004189456 - std[70759c8f55707aa4]::panicking::default_hook::{closure#0}
[INFO] [stdout]    4:     0x5c50041a5829 - std[70759c8f55707aa4]::panicking::default_hook
[INFO] [stdout]    5:     0x5c500412f780 - test[9d35eded1c95d3be]::test_main_inner::<test[9d35eded1c95d3be]::test_main_static::{closure#0}>::{closure#0}
[INFO] [stdout]    6:     0x5c50041a59e2 - std[70759c8f55707aa4]::panicking::panic_with_hook
[INFO] [stdout]    7:     0x5c5004189502 - std[70759c8f55707aa4]::panicking::panic_handler::{closure#0}
[INFO] [stdout]    8:     0x5c50041821d9 - std[70759c8f55707aa4]::sys::backtrace::__rust_end_short_backtrace::<std[70759c8f55707aa4]::panicking::panic_handler::{closure#0}, !>
[INFO] [stdout]    9:     0x5c500418a0fd - __rustc[8fa7c3cbc660c2b3]::rust_begin_unwind
[INFO] [stdout]   10:     0x5c50041c27ac - core[df12db4294e9bfd3]::panicking::panic_fmt
[INFO] [stdout]   11:     0x5c50041c2582 - core[df12db4294e9bfd3]::result::unwrap_failed
[INFO] [stdout]   12:     0x5c500410c078 - videostream[fe60f199465c85c]::frame::tests::test_frame_handle_after_alloc
[INFO] [stdout]   13:     0x5c500411b7e9 - <videostream[fe60f199465c85c]::frame::tests::test_frame_handle_after_alloc::{closure#0} as core[df12db4294e9bfd3]::ops::function::FnOnce<()>>::call_once
[INFO] [stdout]   14:     0x5c5004122a6b - test[9d35eded1c95d3be]::__rust_begin_short_backtrace::<core[df12db4294e9bfd3]::result::Result<(), alloc[2182bb758b4b3781]::string::String>, fn() -> core[df12db4294e9bfd3]::result::Result<(), alloc[2182bb758b4b3781]::string::String>>
[INFO] [stdout]   15:     0x5c50041300d5 - test[9d35eded1c95d3be]::run_test::{closure#0}
[INFO] [stdout]   16:     0x5c5004129994 - std[70759c8f55707aa4]::sys::backtrace::__rust_begin_short_backtrace::<test[9d35eded1c95d3be]::run_test::{closure#1}, ()>
[INFO] [stdout]   17:     0x5c5004133232 - <std[70759c8f55707aa4]::thread::lifecycle::spawn_unchecked<test[9d35eded1c95d3be]::run_test::{closure#1}, ()>::{closure#1} as core[df12db4294e9bfd3]::ops::function::FnOnce<()>>::call_once::{shim:vtable#0}
[INFO] [stdout]   18:     0x5c50041acf29 - <std[70759c8f55707aa4]::sys::thread::unix::Thread>::new::thread_start
[INFO] [stdout]   19:     0x78b46c586dfa - <unknown>
[INFO] [stdout]   20:     0x78b46c61a3d4 - clone
[INFO] [stdout]   21:                0x0 - <unknown>
[INFO] [stdout] 
[INFO] [stdout] ---- frame::tests::test_frame_mmap_before_alloc stdout ----
[INFO] [stdout] 
[INFO] [stdout] thread 'frame::tests::test_frame_mmap_before_alloc' (742) panicked at src/frame.rs:1301:53:
[INFO] [stdout] called `Result::unwrap()` on an `Err` value: LibraryNotLoaded(DlOpen { source: "libvideostream.so: cannot open shared object file: No such file or directory" })
[INFO] [stdout] stack backtrace:
[INFO] [stdout]    0:     0x5c50041ad681 - <<std[70759c8f55707aa4]::sys::backtrace::BacktraceLock>::print::DisplayBacktrace as core[df12db4294e9bfd3]::fmt::Display>::fmt
[INFO] [stdout]    1:     0x5c50041c1fca - core[df12db4294e9bfd3]::fmt::write
[INFO] [stdout]    2:     0x5c50041b1b7c - <alloc[2182bb758b4b3781]::vec::Vec<u8> as core[df12db4294e9bfd3]::io::write::Write>::write_fmt
[INFO] [stdout]    3:     0x5c5004189456 - std[70759c8f55707aa4]::panicking::default_hook::{closure#0}
[INFO] [stdout]    4:     0x5c50041a5829 - std[70759c8f55707aa4]::panicking::default_hook
[INFO] [stdout]    5:     0x5c500412f780 - test[9d35eded1c95d3be]::test_main_inner::<test[9d35eded1c95d3be]::test_main_static::{closure#0}>::{closure#0}
[INFO] [stdout]    6:     0x5c50041a59e2 - std[70759c8f55707aa4]::panicking::panic_with_hook
[INFO] [stdout]    7:     0x5c5004189502 - std[70759c8f55707aa4]::panicking::panic_handler::{closure#0}
[INFO] [stderr] error: test failed, to rerun pass `--lib`
[INFO] [stdout]    8:     0x5c50041821d9 - std[70759c8f55707aa4]::sys::backtrace::__rust_end_short_backtrace::<std[70759c8f55707aa4]::panicking::panic_handler::{closure#0}, !>
[INFO] [stdout]    9:     0x5c500418a0fd - __rustc[8fa7c3cbc660c2b3]::rust_begin_unwind
[INFO] [stdout]   10:     0x5c50041c27ac - core[df12db4294e9bfd3]::panicking::panic_fmt
[INFO] [stdout]   11:     0x5c50041c2582 - core[df12db4294e9bfd3]::result::unwrap_failed
[INFO] [stdout]   12:     0x5c500410bc64 - videostream[fe60f199465c85c]::frame::tests::test_frame_mmap_before_alloc
[INFO] [stdout]   13:     0x5c500411b7a9 - <videostream[fe60f199465c85c]::frame::tests::test_frame_mmap_before_alloc::{closure#0} as core[df12db4294e9bfd3]::ops::function::FnOnce<()>>::call_once
[INFO] [stdout]   14:     0x5c5004122a6b - test[9d35eded1c95d3be]::__rust_begin_short_backtrace::<core[df12db4294e9bfd3]::result::Result<(), alloc[2182bb758b4b3781]::string::String>, fn() -> core[df12db4294e9bfd3]::result::Result<(), alloc[2182bb758b4b3781]::string::String>>
[INFO] [stdout]   15:     0x5c50041300d5 - test[9d35eded1c95d3be]::run_test::{closure#0}
[INFO] [stdout]   16:     0x5c5004129994 - std[70759c8f55707aa4]::sys::backtrace::__rust_begin_short_backtrace::<test[9d35eded1c95d3be]::run_test::{closure#1}, ()>
[INFO] [stdout]   17:     0x5c5004133232 - <std[70759c8f55707aa4]::thread::lifecycle::spawn_unchecked<test[9d35eded1c95d3be]::run_test::{closure#1}, ()>::{closure#1} as core[df12db4294e9bfd3]::ops::function::FnOnce<()>>::call_once::{shim:vtable#0}
[INFO] [stdout]   18:     0x5c50041acf29 - <std[70759c8f55707aa4]::sys::thread::unix::Thread>::new::thread_start
[INFO] [stdout]   19:     0x78b46c586dfa - <unknown>
[INFO] [stdout]   20:     0x78b46c61a3d4 - clone
[INFO] [stdout]   21:                0x0 - <unknown>
[INFO] [stdout] 
[INFO] [stdout] ---- frame::tests::test_frame_metadata stdout ----
[INFO] [stdout] 
[INFO] [stdout] thread 'frame::tests::test_frame_metadata' (741) panicked at src/frame.rs:1161:62:
[INFO] [stdout] called `Result::unwrap()` on an `Err` value: LibraryNotLoaded(DlOpen { source: "libvideostream.so: cannot open shared object file: No such file or directory" })
[INFO] [stdout] stack backtrace:
[INFO] [stdout]    0:     0x5c50041ad681 - <<std[70759c8f55707aa4]::sys::backtrace::BacktraceLock>::print::DisplayBacktrace as core[df12db4294e9bfd3]::fmt::Display>::fmt
[INFO] [stdout]    1:     0x5c50041c1fca - core[df12db4294e9bfd3]::fmt::write
[INFO] [stdout]    2:     0x5c50041b1b7c - <alloc[2182bb758b4b3781]::vec::Vec<u8> as core[df12db4294e9bfd3]::io::write::Write>::write_fmt
[INFO] [stdout]    3:     0x5c5004189456 - std[70759c8f55707aa4]::panicking::default_hook::{closure#0}
[INFO] [stdout]    4:     0x5c50041a5829 - std[70759c8f55707aa4]::panicking::default_hook
[INFO] [stdout]    5:     0x5c500412f780 - test[9d35eded1c95d3be]::test_main_inner::<test[9d35eded1c95d3be]::test_main_static::{closure#0}>::{closure#0}
[INFO] [stdout]    6:     0x5c50041a59e2 - std[70759c8f55707aa4]::panicking::panic_with_hook
[INFO] [stdout]    7:     0x5c5004189502 - std[70759c8f55707aa4]::panicking::panic_handler::{closure#0}
[INFO] [stdout]    8:     0x5c50041821d9 - std[70759c8f55707aa4]::sys::backtrace::__rust_end_short_backtrace::<std[70759c8f55707aa4]::panicking::panic_handler::{closure#0}, !>
[INFO] [stdout]    9:     0x5c500418a0fd - __rustc[8fa7c3cbc660c2b3]::rust_begin_unwind
[INFO] [stdout]   10:     0x5c50041c27ac - core[df12db4294e9bfd3]::panicking::panic_fmt
[INFO] [stdout]   11:     0x5c50041c2582 - core[df12db4294e9bfd3]::result::unwrap_failed
[INFO] [stdout]   12:     0x5c500410a941 - videostream[fe60f199465c85c]::frame::tests::test_frame_metadata
[INFO] [stdout]   13:     0x5c500411b6e9 - <videostream[fe60f199465c85c]::frame::tests::test_frame_metadata::{closure#0} as core[df12db4294e9bfd3]::ops::function::FnOnce<()>>::call_once
[INFO] [stdout]   14:     0x5c5004122a6b - test[9d35eded1c95d3be]::__rust_begin_short_backtrace::<core[df12db4294e9bfd3]::result::Result<(), alloc[2182bb758b4b3781]::string::String>, fn() -> core[df12db4294e9bfd3]::result::Result<(), alloc[2182bb758b4b3781]::string::String>>
[INFO] [stdout]   15:     0x5c50041300d5 - test[9d35eded1c95d3be]::run_test::{closure#0}
[INFO] [stdout]   16:     0x5c5004129994 - std[70759c8f55707aa4]::sys::backtrace::__rust_begin_short_backtrace::<test[9d35eded1c95d3be]::run_test::{closure#1}, ()>
[INFO] [stdout]   17:     0x5c5004133232 - <std[70759c8f55707aa4]::thread::lifecycle::spawn_unchecked<test[9d35eded1c95d3be]::run_test::{closure#1}, ()>::{closure#1} as core[df12db4294e9bfd3]::ops::function::FnOnce<()>>::call_once::{shim:vtable#0}
[INFO] [stdout]   18:     0x5c50041acf29 - <std[70759c8f55707aa4]::sys::thread::unix::Thread>::new::thread_start
[INFO] [stdout]   19:     0x78b46c586dfa - <unknown>
[INFO] [stdout]   20:     0x78b46c61a3d4 - clone
[INFO] [stdout]   21:                0x0 - <unknown>
[INFO] [stdout] 
[INFO] [stdout] ---- frame::tests::test_frame_stride stdout ----
[INFO] [stdout] 
[INFO] [stdout] thread 'frame::tests::test_frame_stride' (747) panicked at src/frame.rs:1097:56:
[INFO] [stdout] called `Result::unwrap()` on an `Err` value: LibraryNotLoaded(DlOpen { source: "libvideostream.so: cannot open shared object file: No such file or directory" })
[INFO] [stdout] stack backtrace:
[INFO] [stdout]    0:     0x5c50041ad681 - <<std[70759c8f55707aa4]::sys::backtrace::BacktraceLock>::print::DisplayBacktrace as core[df12db4294e9bfd3]::fmt::Display>::fmt
[INFO] [stdout]    1:     0x5c50041c1fca - core[df12db4294e9bfd3]::fmt::write
[INFO] [stdout]    2:     0x5c50041b1b7c - <alloc[2182bb758b4b3781]::vec::Vec<u8> as core[df12db4294e9bfd3]::io::write::Write>::write_fmt
[INFO] [stdout]    3:     0x5c5004189456 - std[70759c8f55707aa4]::panicking::default_hook::{closure#0}
[INFO] [stdout]    4:     0x5c50041a5829 - std[70759c8f55707aa4]::panicking::default_hook
[INFO] [stdout]    5:     0x5c500412f780 - test[9d35eded1c95d3be]::test_main_inner::<test[9d35eded1c95d3be]::test_main_static::{closure#0}>::{closure#0}
[INFO] [stdout]    6:     0x5c50041a59e2 - std[70759c8f55707aa4]::panicking::panic_with_hook
[INFO] [stdout]    7:     0x5c5004189502 - std[70759c8f55707aa4]::panicking::panic_handler::{closure#0}
[INFO] [stdout]    8:     0x5c50041821d9 - std[70759c8f55707aa4]::sys::backtrace::__rust_end_short_backtrace::<std[70759c8f55707aa4]::panicking::panic_handler::{closure#0}, !>
[INFO] [stdout]    9:     0x5c500418a0fd - __rustc[8fa7c3cbc660c2b3]::rust_begin_unwind
[INFO] [stdout]   10:     0x5c50041c27ac - core[df12db4294e9bfd3]::panicking::panic_fmt
[INFO] [stdout]   11:     0x5c50041c2582 - core[df12db4294e9bfd3]::result::unwrap_failed
[INFO] [stdout]   12:     0x5c5004109c47 - videostream[fe60f199465c85c]::frame::tests::test_frame_stride
[INFO] [stdout]   13:     0x5c500411b649 - <videostream[fe60f199465c85c]::frame::tests::test_frame_stride::{closure#0} as core[df12db4294e9bfd3]::ops::function::FnOnce<()>>::call_once
[INFO] [stdout]   14:     0x5c5004122a6b - test[9d35eded1c95d3be]::__rust_begin_short_backtrace::<core[df12db4294e9bfd3]::result::Result<(), alloc[2182bb758b4b3781]::string::String>, fn() -> core[df12db4294e9bfd3]::result::Result<(), alloc[2182bb758b4b3781]::string::String>>
[INFO] [stdout]   15:     0x5c50041300d5 - test[9d35eded1c95d3be]::run_test::{closure#0}
[INFO] [stdout]   16:     0x5c5004129994 - std[70759c8f55707aa4]::sys::backtrace::__rust_begin_short_backtrace::<test[9d35eded1c95d3be]::run_test::{closure#1}, ()>
[INFO] [stdout]   17:     0x5c5004133232 - <std[70759c8f55707aa4]::thread::lifecycle::spawn_unchecked<test[9d35eded1c95d3be]::run_test::{closure#1}, ()>::{closure#1} as core[df12db4294e9bfd3]::ops::function::FnOnce<()>>::call_once::{shim:vtable#0}
[INFO] [stdout]   18:     0x5c50041acf29 - <std[70759c8f55707aa4]::sys::thread::unix::Thread>::new::thread_start
[INFO] [stdout]   19:     0x78b46c586dfa - <unknown>
[INFO] [stdout]   20:     0x78b46c61a3d4 - clone
[INFO] [stdout]   21:                0x0 - <unknown>
[INFO] [stdout] 
[INFO] [stdout] ---- frame::tests::test_frame_timestamps stdout ----
[INFO] [stdout] 
[INFO] [stdout] thread 'frame::tests::test_frame_timestamps' (748) panicked at src/frame.rs:1213:53:
[INFO] [stdout] called `Result::unwrap()` on an `Err` value: LibraryNotLoaded(DlOpen { source: "libvideostream.so: cannot open shared object file: No such file or directory" })
[INFO] [stdout] stack backtrace:
[INFO] [stdout]    0:     0x5c50041ad681 - <<std[70759c8f55707aa4]::sys::backtrace::BacktraceLock>::print::DisplayBacktrace as core[df12db4294e9bfd3]::fmt::Display>::fmt
[INFO] [stdout]    1:     0x5c50041c1fca - core[df12db4294e9bfd3]::fmt::write
[INFO] [stdout]    2:     0x5c50041b1b7c - <alloc[2182bb758b4b3781]::vec::Vec<u8> as core[df12db4294e9bfd3]::io::write::Write>::write_fmt
[INFO] [stdout]    3:     0x5c5004189456 - std[70759c8f55707aa4]::panicking::default_hook::{closure#0}
[INFO] [stdout]    4:     0x5c50041a5829 - std[70759c8f55707aa4]::panicking::default_hook
[INFO] [stdout]    5:     0x5c500412f780 - test[9d35eded1c95d3be]::test_main_inner::<test[9d35eded1c95d3be]::test_main_static::{closure#0}>::{closure#0}
[INFO] [stdout]    6:     0x5c50041a59e2 - std[70759c8f55707aa4]::panicking::panic_with_hook
[INFO] [stdout]    7:     0x5c5004189502 - std[70759c8f55707aa4]::panicking::panic_handler::{closure#0}
[INFO] [stdout]    8:     0x5c50041821d9 - std[70759c8f55707aa4]::sys::backtrace::__rust_end_short_backtrace::<std[70759c8f55707aa4]::panicking::panic_handler::{closure#0}, !>
[INFO] [stdout]    9:     0x5c500418a0fd - __rustc[8fa7c3cbc660c2b3]::rust_begin_unwind
[INFO] [stdout]   10:     0x5c50041c27ac - core[df12db4294e9bfd3]::panicking::panic_fmt
[INFO] [stdout]   11:     0x5c50041c2582 - core[df12db4294e9bfd3]::result::unwrap_failed
[INFO] [stdout]   12:     0x5c500410af75 - videostream[fe60f199465c85c]::frame::tests::test_frame_timestamps
[INFO] [stdout]   13:     0x5c500411b709 - <videostream[fe60f199465c85c]::frame::tests::test_frame_timestamps::{closure#0} as core[df12db4294e9bfd3]::ops::function::FnOnce<()>>::call_once
[INFO] [stdout]   14:     0x5c5004122a6b - test[9d35eded1c95d3be]::__rust_begin_short_backtrace::<core[df12db4294e9bfd3]::result::Result<(), alloc[2182bb758b4b3781]::string::String>, fn() -> core[df12db4294e9bfd3]::result::Result<(), alloc[2182bb758b4b3781]::string::String>>
[INFO] [stdout]   15:     0x5c50041300d5 - test[9d35eded1c95d3be]::run_test::{closure#0}
[INFO] [stdout]   16:     0x5c5004129994 - std[70759c8f55707aa4]::sys::backtrace::__rust_begin_short_backtrace::<test[9d35eded1c95d3be]::run_test::{closure#1}, ()>
[INFO] [stdout]   17:     0x5c5004133232 - <std[70759c8f55707aa4]::thread::lifecycle::spawn_unchecked<test[9d35eded1c95d3be]::run_test::{closure#1}, ()>::{closure#1} as core[df12db4294e9bfd3]::ops::function::FnOnce<()>>::call_once::{shim:vtable#0}
[INFO] [stdout]   18:     0x5c50041acf29 - <std[70759c8f55707aa4]::sys::thread::unix::Thread>::new::thread_start
[INFO] [stdout]   19:     0x78b46c586dfa - <unknown>
[INFO] [stdout]   20:     0x78b46c61a3d4 - clone
[INFO] [stdout]   21:                0x0 - <unknown>
[INFO] [stdout] 
[INFO] [stdout] ---- frame::tests::test_frame_unalloc stdout ----
[INFO] [stdout] 
[INFO] [stdout] thread 'frame::tests::test_frame_unalloc' (750) panicked at src/frame.rs:1132:53:
[INFO] [stdout] called `Result::unwrap()` on an `Err` value: LibraryNotLoaded(DlOpen { source: "libvideostream.so: cannot open shared object file: No such file or directory" })
[INFO] [stdout] stack backtrace:
[INFO] [stdout]    0:     0x5c50041ad681 - <<std[70759c8f55707aa4]::sys::backtrace::BacktraceLock>::print::DisplayBacktrace as core[df12db4294e9bfd3]::fmt::Display>::fmt
[INFO] [stdout]    1:     0x5c50041c1fca - core[df12db4294e9bfd3]::fmt::write
[INFO] [stdout]    2:     0x5c50041b1b7c - <alloc[2182bb758b4b3781]::vec::Vec<u8> as core[df12db4294e9bfd3]::io::write::Write>::write_fmt
[INFO] [stdout]    3:     0x5c5004189456 - std[70759c8f55707aa4]::panicking::default_hook::{closure#0}
[INFO] [stdout]    4:     0x5c50041a5829 - std[70759c8f55707aa4]::panicking::default_hook
[INFO] [stdout]    5:     0x5c500412f780 - test[9d35eded1c95d3be]::test_main_inner::<test[9d35eded1c95d3be]::test_main_static::{closure#0}>::{closure#0}
[INFO] [stdout]    6:     0x5c50041a59e2 - std[70759c8f55707aa4]::panicking::panic_with_hook
[INFO] [stdout]    7:     0x5c5004189502 - std[70759c8f55707aa4]::panicking::panic_handler::{closure#0}
[INFO] [stdout]    8:     0x5c50041821d9 - std[70759c8f55707aa4]::sys::backtrace::__rust_end_short_backtrace::<std[70759c8f55707aa4]::panicking::panic_handler::{closure#0}, !>
[INFO] [stdout]    9:     0x5c500418a0fd - __rustc[8fa7c3cbc660c2b3]::rust_begin_unwind
[INFO] [stdout]   10:     0x5c50041c27ac - core[df12db4294e9bfd3]::panicking::panic_fmt
[INFO] [stdout]   11:     0x5c50041c2582 - core[df12db4294e9bfd3]::result::unwrap_failed
[INFO] [stdout]   12:     0x5c500410a246 - videostream[fe60f199465c85c]::frame::tests::test_frame_unalloc
[INFO] [stdout]   13:     0x5c500411b6a9 - <videostream[fe60f199465c85c]::frame::tests::test_frame_unalloc::{closure#0} as core[df12db4294e9bfd3]::ops::function::FnOnce<()>>::call_once
[INFO] [stdout]   14:     0x5c5004122a6b - test[9d35eded1c95d3be]::__rust_begin_short_backtrace::<core[df12db4294e9bfd3]::result::Result<(), alloc[2182bb758b4b3781]::string::String>, fn() -> core[df12db4294e9bfd3]::result::Result<(), alloc[2182bb758b4b3781]::string::String>>
[INFO] [stdout]   15:     0x5c50041300d5 - test[9d35eded1c95d3be]::run_test::{closure#0}
[INFO] [stdout]   16:     0x5c5004129994 - std[70759c8f55707aa4]::sys::backtrace::__rust_begin_short_backtrace::<test[9d35eded1c95d3be]::run_test::{closure#1}, ()>
[INFO] [stdout]   17:     0x5c5004133232 - <std[70759c8f55707aa4]::thread::lifecycle::spawn_unchecked<test[9d35eded1c95d3be]::run_test::{closure#1}, ()>::{closure#1} as core[df12db4294e9bfd3]::ops::function::FnOnce<()>>::call_once::{shim:vtable#0}
[INFO] [stdout]   18:     0x5c50041acf29 - <std[70759c8f55707aa4]::sys::thread::unix::Thread>::new::thread_start
[INFO] [stdout]   19:     0x78b46c586dfa - <unknown>
[INFO] [stdout]   20:     0x78b46c61a3d4 - clone
[INFO] [stdout]   21:                0x0 - <unknown>
[INFO] [stdout] 
[INFO] [stdout] ---- frame::tests::test_frame_userptr stdout ----
[INFO] [stdout] 
[INFO] [stdout] thread 'frame::tests::test_frame_userptr' (751) panicked at src/frame.rs:1112:53:
[INFO] [stdout] called `Result::unwrap()` on an `Err` value: LibraryNotLoaded(DlOpen { source: "libvideostream.so: cannot open shared object file: No such file or directory" })
[INFO] [stdout] stack backtrace:
[INFO] [stdout]    0:     0x5c50041ad681 - <<std[70759c8f55707aa4]::sys::backtrace::BacktraceLock>::print::DisplayBacktrace as core[df12db4294e9bfd3]::fmt::Display>::fmt
[INFO] [stdout]    1:     0x5c50041c1fca - core[df12db4294e9bfd3]::fmt::write
[INFO] [stdout]    2:     0x5c50041b1b7c - <alloc[2182bb758b4b3781]::vec::Vec<u8> as core[df12db4294e9bfd3]::io::write::Write>::write_fmt
[INFO] [stdout]    3:     0x5c5004189456 - std[70759c8f55707aa4]::panicking::default_hook::{closure#0}
[INFO] [stdout]    4:     0x5c50041a5829 - std[70759c8f55707aa4]::panicking::default_hook
[INFO] [stdout]    5:     0x5c500412f780 - test[9d35eded1c95d3be]::test_main_inner::<test[9d35eded1c95d3be]::test_main_static::{closure#0}>::{closure#0}
[INFO] [stdout]    6:     0x5c50041a59e2 - std[70759c8f55707aa4]::panicking::panic_with_hook
[INFO] [stdout]    7:     0x5c5004189502 - std[70759c8f55707aa4]::panicking::panic_handler::{closure#0}
[INFO] [stdout]    8:     0x5c50041821d9 - std[70759c8f55707aa4]::sys::backtrace::__rust_end_short_backtrace::<std[70759c8f55707aa4]::panicking::panic_handler::{closure#0}, !>
[INFO] [stdout]    9:     0x5c500418a0fd - __rustc[8fa7c3cbc660c2b3]::rust_begin_unwind
[INFO] [stdout]   10:     0x5c50041c27ac - core[df12db4294e9bfd3]::panicking::panic_fmt
[INFO] [stdout]   11:     0x5c50041c2582 - core[df12db4294e9bfd3]::result::unwrap_failed
[INFO] [stdout]   12:     0x5c500410a5ca - videostream[fe60f199465c85c]::frame::tests::test_frame_userptr
[INFO] [stdout]   13:     0x5c500411b6c9 - <videostream[fe60f199465c85c]::frame::tests::test_frame_userptr::{closure#0} as core[df12db4294e9bfd3]::ops::function::FnOnce<()>>::call_once
[INFO] [stdout]   14:     0x5c5004122a6b - test[9d35eded1c95d3be]::__rust_begin_short_backtrace::<core[df12db4294e9bfd3]::result::Result<(), alloc[2182bb758b4b3781]::string::String>, fn() -> core[df12db4294e9bfd3]::result::Result<(), alloc[2182bb758b4b3781]::string::String>>
[INFO] [stdout]   15:     0x5c50041300d5 - test[9d35eded1c95d3be]::run_test::{closure#0}
[INFO] [stdout]   16:     0x5c5004129994 - std[70759c8f55707aa4]::sys::backtrace::__rust_begin_short_backtrace::<test[9d35eded1c95d3be]::run_test::{closure#1}, ()>
[INFO] [stdout]   17:     0x5c5004133232 - <std[70759c8f55707aa4]::thread::lifecycle::spawn_unchecked<test[9d35eded1c95d3be]::run_test::{closure#1}, ()>::{closure#1} as core[df12db4294e9bfd3]::ops::function::FnOnce<()>>::call_once::{shim:vtable#0}
[INFO] [stdout]   18:     0x5c50041acf29 - <std[70759c8f55707aa4]::sys::thread::unix::Thread>::new::thread_start
[INFO] [stdout]   19:     0x78b46c586dfa - <unknown>
[INFO] [stdout]   20:     0x78b46c61a3d4 - clone
[INFO] [stdout]   21:                0x0 - <unknown>
[INFO] [stdout] 
[INFO] [stdout] ---- frame::tests::test_frame_large_dimensions stdout ----
[INFO] [stdout] 
[INFO] [stdout] thread 'frame::tests::test_frame_large_dimensions' (740) panicked at src/frame.rs:1205:9:
[INFO] [stdout] assertion failed: frame.is_ok()
[INFO] [stdout] stack backtrace:
[INFO] [stdout]    0:     0x5c50041ad681 - <<std[70759c8f55707aa4]::sys::backtrace::BacktraceLock>::print::DisplayBacktrace as core[df12db4294e9bfd3]::fmt::Display>::fmt
[INFO] [stdout]    1:     0x5c50041c1fca - core[df12db4294e9bfd3]::fmt::write
[INFO] [stdout]    2:     0x5c50041b1b7c - <alloc[2182bb758b4b3781]::vec::Vec<u8> as core[df12db4294e9bfd3]::io::write::Write>::write_fmt
[INFO] [stdout]    3:     0x5c5004189456 - std[70759c8f55707aa4]::panicking::default_hook::{closure#0}
[INFO] [stdout]    4:     0x5c50041a5829 - std[70759c8f55707aa4]::panicking::default_hook
[INFO] [stdout]    5:     0x5c500412f780 - test[9d35eded1c95d3be]::test_main_inner::<test[9d35eded1c95d3be]::test_main_static::{closure#0}>::{closure#0}
[INFO] [stdout]    6:     0x5c50041a59e2 - std[70759c8f55707aa4]::panicking::panic_with_hook
[INFO] [stdout]    7:     0x5c5004189534 - std[70759c8f55707aa4]::panicking::panic_handler::{closure#0}
[INFO] [stdout]    8:     0x5c50041821d9 - std[70759c8f55707aa4]::sys::backtrace::__rust_end_short_backtrace::<std[70759c8f55707aa4]::panicking::panic_handler::{closure#0}, !>
[INFO] [stdout]    9:     0x5c500418a0fd - __rustc[8fa7c3cbc660c2b3]::rust_begin_unwind
[INFO] [stdout]   10:     0x5c50041c27ac - core[df12db4294e9bfd3]::panicking::panic_fmt
[INFO] [stdout]   11:     0x5c50041c2772 - core[df12db4294e9bfd3]::panicking::panic
[INFO] [stdout]   12:     0x5c500410b507 - videostream[fe60f199465c85c]::frame::tests::test_frame_large_dimensions
[INFO] [stdout]   13:     0x5c500411b749 - <videostream[fe60f199465c85c]::frame::tests::test_frame_large_dimensions::{closure#0} as core[df12db4294e9bfd3]::ops::function::FnOnce<()>>::call_once
[INFO] [stdout]   14:     0x5c5004122a6b - test[9d35eded1c95d3be]::__rust_begin_short_backtrace::<core[df12db4294e9bfd3]::result::Result<(), alloc[2182bb758b4b3781]::string::String>, fn() -> core[df12db4294e9bfd3]::result::Result<(), alloc[2182bb758b4b3781]::string::String>>
[INFO] [stdout]   15:     0x5c50041300d5 - test[9d35eded1c95d3be]::run_test::{closure#0}
[INFO] [stdout]   16:     0x5c5004129994 - std[70759c8f55707aa4]::sys::backtrace::__rust_begin_short_backtrace::<test[9d35eded1c95d3be]::run_test::{closure#1}, ()>
[INFO] [stdout]   17:     0x5c5004133232 - <std[70759c8f55707aa4]::thread::lifecycle::spawn_unchecked<test[9d35eded1c95d3be]::run_test::{closure#1}, ()>::{closure#1} as core[df12db4294e9bfd3]::ops::function::FnOnce<()>>::call_once::{shim:vtable#0}
[INFO] [stdout]   18:     0x5c50041acf29 - <std[70759c8f55707aa4]::sys::thread::unix::Thread>::new::thread_start
[INFO] [stdout]   19:     0x78b46c586dfa - <unknown>
[INFO] [stdout]   20:     0x78b46c61a3d4 - clone
[INFO] [stdout]   21:                0x0 - <unknown>
[INFO] [stdout] 
[INFO] [stdout] ---- frame::tests::test_frame_path_before_alloc stdout ----
[INFO] [stdout] 
[INFO] [stdout] thread 'frame::tests::test_frame_path_before_alloc' (744) panicked at src/frame.rs:1283:53:
[INFO] [stdout] called `Result::unwrap()` on an `Err` value: LibraryNotLoaded(DlOpen { source: "libvideostream.so: cannot open shared object file: No such file or directory" })
[INFO] [stdout] stack backtrace:
[INFO] [stdout]    0:     0x5c50041ad681 - <<std[70759c8f55707aa4]::sys::backtrace::BacktraceLock>::print::DisplayBacktrace as core[df12db4294e9bfd3]::fmt::Display>::fmt
[INFO] [stdout]    1:     0x5c50041c1fca - core[df12db4294e9bfd3]::fmt::write
[INFO] [stdout]    2:     0x5c50041b1b7c - <alloc[2182bb758b4b3781]::vec::Vec<u8> as core[df12db4294e9bfd3]::io::write::Write>::write_fmt
[INFO] [stdout]    3:     0x5c5004189456 - std[70759c8f55707aa4]::panicking::default_hook::{closure#0}
[INFO] [stdout]    4:     0x5c50041a5829 - std[70759c8f55707aa4]::panicking::default_hook
[INFO] [stdout]    5:     0x5c500412f780 - test[9d35eded1c95d3be]::test_main_inner::<test[9d35eded1c95d3be]::test_main_static::{closure#0}>::{closure#0}
[INFO] [stdout]    6:     0x5c50041a59e2 - std[70759c8f55707aa4]::panicking::panic_with_hook
[INFO] [stdout]    7:     0x5c5004189502 - std[70759c8f55707aa4]::panicking::panic_handler::{closure#0}
[INFO] [stdout]    8:     0x5c50041821d9 - std[70759c8f55707aa4]::sys::backtrace::__rust_end_short_backtrace::<std[70759c8f55707aa4]::panicking::panic_handler::{closure#0}, !>
[INFO] [stdout]    9:     0x5c500418a0fd - __rustc[8fa7c3cbc660c2b3]::rust_begin_unwind
[INFO] [stdout]   10:     0x5c50041c27ac - core[df12db4294e9bfd3]::panicking::panic_fmt
[INFO] [stdout]   11:     0x5c50041c2582 - core[df12db4294e9bfd3]::result::unwrap_failed
[INFO] [stdout]   12:     0x5c500410bdf6 - videostream[fe60f199465c85c]::frame::tests::test_frame_path_before_alloc
[INFO] [stdout]   13:     0x5c500411b7c9 - <videostream[fe60f199465c85c]::frame::tests::test_frame_path_before_alloc::{closure#0} as core[df12db4294e9bfd3]::ops::function::FnOnce<()>>::call_once
[INFO] [stdout]   14:     0x5c5004122a6b - test[9d35eded1c95d3be]::__rust_begin_short_backtrace::<core[df12db4294e9bfd3]::result::Result<(), alloc[2182bb758b4b3781]::string::String>, fn() -> core[df12db4294e9bfd3]::result::Result<(), alloc[2182bb758b4b3781]::string::String>>
[INFO] [stdout]   15:     0x5c50041300d5 - test[9d35eded1c95d3be]::run_test::{closure#0}
[INFO] [stdout]   16:     0x5c5004129994 - std[70759c8f55707aa4]::sys::backtrace::__rust_begin_short_backtrace::<test[9d35eded1c95d3be]::run_test::{closure#1}, ()>
[INFO] [stdout]   17:     0x5c5004133232 - <std[70759c8f55707aa4]::thread::lifecycle::spawn_unchecked<test[9d35eded1c95d3be]::run_test::{closure#1}, ()>::{closure#1} as core[df12db4294e9bfd3]::ops::function::FnOnce<()>>::call_once::{shim:vtable#0}
[INFO] [stdout]   18:     0x5c50041acf29 - <std[70759c8f55707aa4]::sys::thread::unix::Thread>::new::thread_start
[INFO] [stdout]   19:     0x78b46c586dfa - <unknown>
[INFO] [stdout]   20:     0x78b46c61a3d4 - clone
[INFO] [stdout]   21:                0x0 - <unknown>
[INFO] [stdout] 
[INFO] [stdout] ---- frame::tests::attach_file stdout ----
[INFO] [stdout] 
[INFO] [stdout] thread 'frame::tests::attach_file' (726) panicked at src/frame.rs:972:53:
[INFO] [stdout] called `Result::unwrap()` on an `Err` value: LibraryNotLoaded(DlOpen { source: "libvideostream.so: cannot open shared object file: No such file or directory" })
[INFO] [stdout] stack backtrace:
[INFO] [stdout]    0:     0x5c50041ad681 - <<std[70759c8f55707aa4]::sys::backtrace::BacktraceLock>::print::DisplayBacktrace as core[df12db4294e9bfd3]::fmt::Display>::fmt
[INFO] [stdout]    1:     0x5c50041c1fca - core[df12db4294e9bfd3]::fmt::write
[INFO] [stdout]    2:     0x5c50041b1b7c - <alloc[2182bb758b4b3781]::vec::Vec<u8> as core[df12db4294e9bfd3]::io::write::Write>::write_fmt
[INFO] [stdout]    3:     0x5c5004189456 - std[70759c8f55707aa4]::panicking::default_hook::{closure#0}
[INFO] [stdout]    4:     0x5c50041a5829 - std[70759c8f55707aa4]::panicking::default_hook
[INFO] [stdout]    5:     0x5c500412f780 - test[9d35eded1c95d3be]::test_main_inner::<test[9d35eded1c95d3be]::test_main_static::{closure#0}>::{closure#0}
[INFO] [stdout]    6:     0x5c50041a59e2 - std[70759c8f55707aa4]::panicking::panic_with_hook
[INFO] [stdout]    7:     0x5c5004189502 - std[70759c8f55707aa4]::panicking::panic_handler::{closure#0}
[INFO] [stdout]    8:     0x5c50041821d9 - std[70759c8f55707aa4]::sys::backtrace::__rust_end_short_backtrace::<std[70759c8f55707aa4]::panicking::panic_handler::{closure#0}, !>
[INFO] [stdout]    9:     0x5c500418a0fd - __rustc[8fa7c3cbc660c2b3]::rust_begin_unwind
[INFO] [stdout]   10:     0x5c50041c27ac - core[df12db4294e9bfd3]::panicking::panic_fmt
[INFO] [stdout]   11:     0x5c50041c2582 - core[df12db4294e9bfd3]::result::unwrap_failed
[INFO] [stdout]   12:     0x5c500410909b - videostream[fe60f199465c85c]::frame::tests::attach_file
[INFO] [stdout]   13:     0x5c500411b5c9 - <videostream[fe60f199465c85c]::frame::tests::attach_file::{closure#0} as core[df12db4294e9bfd3]::ops::function::FnOnce<()>>::call_once
[INFO] [stdout]   14:     0x5c5004122a6b - test[9d35eded1c95d3be]::__rust_begin_short_backtrace::<core[df12db4294e9bfd3]::result::Result<(), alloc[2182bb758b4b3781]::string::String>, fn() -> core[df12db4294e9bfd3]::result::Result<(), alloc[2182bb758b4b3781]::string::String>>
[INFO] [stdout]   15:     0x5c50041300d5 - test[9d35eded1c95d3be]::run_test::{closure#0}
[INFO] [stdout]   16:     0x5c5004129994 - std[70759c8f55707aa4]::sys::backtrace::__rust_begin_short_backtrace::<test[9d35eded1c95d3be]::run_test::{closure#1}, ()>
[INFO] [stdout]   17:     0x5c5004133232 - <std[70759c8f55707aa4]::thread::lifecycle::spawn_unchecked<test[9d35eded1c95d3be]::run_test::{closure#1}, ()>::{closure#1} as core[df12db4294e9bfd3]::ops::function::FnOnce<()>>::call_once::{shim:vtable#0}
[INFO] [stdout]   18:     0x5c50041acf29 - <std[70759c8f55707aa4]::sys::thread::unix::Thread>::new::thread_start
[INFO] [stdout]   19:     0x78b46c586dfa - <unknown>
[INFO] [stdout]   20:     0x78b46c61a3d4 - clone
[INFO] [stdout]   21:                0x0 - <unknown>
[INFO] [stdout] 
[INFO] [stdout] ---- frame::tests::test_frame_small_dimensions stdout ----
[INFO] [stdout] 
[INFO] [stdout] thread 'frame::tests::test_frame_small_dimensions' (746) panicked at src/frame.rs:1195:9:
[INFO] [stdout] assertion failed: frame.is_ok()
[INFO] [stdout] stack backtrace:
[INFO] [stdout]    0:     0x5c50041ad681 - <<std[70759c8f55707aa4]::sys::backtrace::BacktraceLock>::print::DisplayBacktrace as core[df12db4294e9bfd3]::fmt::Display>::fmt
[INFO] [stdout]    1:     0x5c50041c1fca - core[df12db4294e9bfd3]::fmt::write
[INFO] [stdout]    2:     0x5c50041b1b7c - <alloc[2182bb758b4b3781]::vec::Vec<u8> as core[df12db4294e9bfd3]::io::write::Write>::write_fmt
[INFO] [stdout]    3:     0x5c5004189456 - std[70759c8f55707aa4]::panicking::default_hook::{closure#0}
[INFO] [stdout]    4:     0x5c50041a5829 - std[70759c8f55707aa4]::panicking::default_hook
[INFO] [stdout]    5:     0x5c500412f780 - test[9d35eded1c95d3be]::test_main_inner::<test[9d35eded1c95d3be]::test_main_static::{closure#0}>::{closure#0}
[INFO] [stdout]    6:     0x5c50041a59e2 - std[70759c8f55707aa4]::panicking::panic_with_hook
[INFO] [stdout]    7:     0x5c5004189534 - std[70759c8f55707aa4]::panicking::panic_handler::{closure#0}
[INFO] [stdout]    8:     0x5c50041821d9 - std[70759c8f55707aa4]::sys::backtrace::__rust_end_short_backtrace::<std[70759c8f55707aa4]::panicking::panic_handler::{closure#0}, !>
[INFO] [stdout]    9:     0x5c500418a0fd - __rustc[8fa7c3cbc660c2b3]::rust_begin_unwind
[INFO] [stdout]   10:     0x5c50041c27ac - core[df12db4294e9bfd3]::panicking::panic_fmt
[INFO] [stdout]   11:     0x5c50041c2772 - core[df12db4294e9bfd3]::panicking::panic
[INFO] [stdout]   12:     0x5c500410b799 - videostream[fe60f199465c85c]::frame::tests::test_frame_small_dimensions
[INFO] [stdout]   13:     0x5c500411b769 - <videostream[fe60f199465c85c]::frame::tests::test_frame_small_dimensions::{closure#0} as core[df12db4294e9bfd3]::ops::function::FnOnce<()>>::call_once
[INFO] [stdout]   14:     0x5c5004122a6b - test[9d35eded1c95d3be]::__rust_begin_short_backtrace::<core[df12db4294e9bfd3]::result::Result<(), alloc[2182bb758b4b3781]::string::String>, fn() -> core[df12db4294e9bfd3]::result::Result<(), alloc[2182bb758b4b3781]::string::String>>
[INFO] [stdout]   15:     0x5c50041300d5 - test[9d35eded1c95d3be]::run_test::{closure#0}
[INFO] [stdout]   16:     0x5c5004129994 - std[70759c8f55707aa4]::sys::backtrace::__rust_begin_short_backtrace::<test[9d35eded1c95d3be]::run_test::{closure#1}, ()>
[INFO] [stdout]   17:     0x5c5004133232 - <std[70759c8f55707aa4]::thread::lifecycle::spawn_unchecked<test[9d35eded1c95d3be]::run_test::{closure#1}, ()>::{closure#1} as core[df12db4294e9bfd3]::ops::function::FnOnce<()>>::call_once::{shim:vtable#0}
[INFO] [stdout]   18:     0x5c50041acf29 - <std[70759c8f55707aa4]::sys::thread::unix::Thread>::new::thread_start
[INFO] [stdout]   19:     0x78b46c586dfa - <unknown>
[INFO] [stdout]   20:     0x78b46c61a3d4 - clone
[INFO] [stdout]   21:                0x0 - <unknown>
[INFO] [stdout] 
[INFO] [stdout] ---- host::tests::test_host stdout ----
[INFO] [stdout] 
[INFO] [stdout] thread 'host::tests::test_host' (757) panicked at src/host.rs:387:37:
[INFO] [stdout] called `Result::unwrap()` on an `Err` value: LibraryNotLoaded(DlOpen { source: "libvideostream.so: cannot open shared object file: No such file or directory" })
[INFO] [stdout] stack backtrace:
[INFO] [stdout]    0:     0x5c50041ad681 - <<std[70759c8f55707aa4]::sys::backtrace::BacktraceLock>::print::DisplayBacktrace as core[df12db4294e9bfd3]::fmt::Display>::fmt
[INFO] [stdout]    1:     0x5c50041c1fca - core[df12db4294e9bfd3]::fmt::write
[INFO] [stdout]    2:     0x5c50041b1b7c - <alloc[2182bb758b4b3781]::vec::Vec<u8> as core[df12db4294e9bfd3]::io::write::Write>::write_fmt
[INFO] [stdout]    3:     0x5c5004189456 - std[70759c8f55707aa4]::panicking::default_hook::{closure#0}
[INFO] [stdout]    4:     0x5c50041a5829 - std[70759c8f55707aa4]::panicking::default_hook
[INFO] [stdout]    5:     0x5c500412f780 - test[9d35eded1c95d3be]::test_main_inner::<test[9d35eded1c95d3be]::test_main_static::{closure#0}>::{closure#0}
[INFO] [stdout]    6:     0x5c50041a59e2 - std[70759c8f55707aa4]::panicking::panic_with_hook
[INFO] [stdout]    7:     0x5c5004189502 - std[70759c8f55707aa4]::panicking::panic_handler::{closure#0}
[INFO] [stdout]    8:     0x5c50041821d9 - std[70759c8f55707aa4]::sys::backtrace::__rust_end_short_backtrace::<std[70759c8f55707aa4]::panicking::panic_handler::{closure#0}, !>
[INFO] [stdout]    9:     0x5c500418a0fd - __rustc[8fa7c3cbc660c2b3]::rust_begin_unwind
[INFO] [stdout]   10:     0x5c50041c27ac - core[df12db4294e9bfd3]::panicking::panic_fmt
[INFO] [stdout]   11:     0x5c50041c2582 - core[df12db4294e9bfd3]::result::unwrap_failed
[INFO] [stdout]   12:     0x5c500411924f - videostream[fe60f199465c85c]::host::tests::test_host
[INFO] [stdout]   13:     0x5c500411b589 - <videostream[fe60f199465c85c]::host::tests::test_host::{closure#0} as core[df12db4294e9bfd3]::ops::function::FnOnce<()>>::call_once
[INFO] [stdout]   14:     0x5c5004122a6b - test[9d35eded1c95d3be]::__rust_begin_short_backtrace::<core[df12db4294e9bfd3]::result::Result<(), alloc[2182bb758b4b3781]::string::String>, fn() -> core[df12db4294e9bfd3]::result::Result<(), alloc[2182bb758b4b3781]::string::String>>
[INFO] [stdout]   15:     0x5c50041300d5 - test[9d35eded1c95d3be]::run_test::{closure#0}
[INFO] [stdout]   16:     0x5c5004129994 - std[70759c8f55707aa4]::sys::backtrace::__rust_begin_short_backtrace::<test[9d35eded1c95d3be]::run_test::{closure#1}, ()>
[INFO] [stdout]   17:     0x5c5004133232 - <std[70759c8f55707aa4]::thread::lifecycle::spawn_unchecked<test[9d35eded1c95d3be]::run_test::{closure#1}, ()>::{closure#1} as core[df12db4294e9bfd3]::ops::function::FnOnce<()>>::call_once::{shim:vtable#0}
[INFO] [stdout]   18:     0x5c50041acf29 - <std[70759c8f55707aa4]::sys::thread::unix::Thread>::new::thread_start
[INFO] [stdout]   19:     0x78b46c586dfa - <unknown>
[INFO] [stdout]   20:     0x78b46c61a3d4 - clone
[INFO] [stdout]   21:                0x0 - <unknown>
[INFO] [stdout] 
[INFO] [stdout] ---- host::tests::test_host_debug stdout ----
[INFO] [stdout] 
[INFO] [stdout] thread 'host::tests::test_host_debug' (758) panicked at src/host.rs:460:37:
[INFO] [stdout] called `Result::unwrap()` on an `Err` value: LibraryNotLoaded(DlOpen { source: "libvideostream.so: cannot open shared object file: No such file or directory" })
[INFO] [stdout] stack backtrace:
[INFO] [stdout]    0:     0x5c50041ad681 - <<std[70759c8f55707aa4]::sys::backtrace::BacktraceLock>::print::DisplayBacktrace as core[df12db4294e9bfd3]::fmt::Display>::fmt
[INFO] [stdout]    1:     0x5c50041c1fca - core[df12db4294e9bfd3]::fmt::write
[INFO] [stdout]    2:     0x5c50041b1b7c - <alloc[2182bb758b4b3781]::vec::Vec<u8> as core[df12db4294e9bfd3]::io::write::Write>::write_fmt
[INFO] [stdout]    3:     0x5c5004189456 - std[70759c8f55707aa4]::panicking::default_hook::{closure#0}
[INFO] [stdout]    4:     0x5c50041a5829 - std[70759c8f55707aa4]::panicking::default_hook
[INFO] [stdout]    5:     0x5c500412f780 - test[9d35eded1c95d3be]::test_main_inner::<test[9d35eded1c95d3be]::test_main_static::{closure#0}>::{closure#0}
[INFO] [stdout]    6:     0x5c50041a59e2 - std[70759c8f55707aa4]::panicking::panic_with_hook
[INFO] [stdout]    7:     0x5c5004189502 - std[70759c8f55707aa4]::panicking::panic_handler::{closure#0}
[INFO] [stdout]    8:     0x5c50041821d9 - std[70759c8f55707aa4]::sys::backtrace::__rust_end_short_backtrace::<std[70759c8f55707aa4]::panicking::panic_handler::{closure#0}, !>
[INFO] [stdout]    9:     0x5c500418a0fd - __rustc[8fa7c3cbc660c2b3]::rust_begin_unwind
[INFO] [stdout]   10:     0x5c50041c27ac - core[df12db4294e9bfd3]::panicking::panic_fmt
[INFO] [stdout]   11:     0x5c50041c2582 - core[df12db4294e9bfd3]::result::unwrap_failed
[INFO] [stdout]   12:     0x5c50041184ac - videostream[fe60f199465c85c]::host::tests::test_host_debug
[INFO] [stdout]   13:     0x5c500411b4e9 - <videostream[fe60f199465c85c]::host::tests::test_host_debug::{closure#0} as core[df12db4294e9bfd3]::ops::function::FnOnce<()>>::call_once
[INFO] [stdout]   14:     0x5c5004122a6b - test[9d35eded1c95d3be]::__rust_begin_short_backtrace::<core[df12db4294e9bfd3]::result::Result<(), alloc[2182bb758b4b3781]::string::String>, fn() -> core[df12db4294e9bfd3]::result::Result<(), alloc[2182bb758b4b3781]::string::String>>
[INFO] [stdout]   15:     0x5c50041300d5 - test[9d35eded1c95d3be]::run_test::{closure#0}
[INFO] [stdout]   16:     0x5c5004129994 - std[70759c8f55707aa4]::sys::backtrace::__rust_begin_short_backtrace::<test[9d35eded1c95d3be]::run_test::{closure#1}, ()>
[INFO] [stdout]   17:     0x5c5004133232 - <std[70759c8f55707aa4]::thread::lifecycle::spawn_unchecked<test[9d35eded1c95d3be]::run_test::{closure#1}, ()>::{closure#1} as core[df12db4294e9bfd3]::ops::function::FnOnce<()>>::call_once::{shim:vtable#0}
[INFO] [stdout]   18:     0x5c50041acf29 - <std[70759c8f55707aa4]::sys::thread::unix::Thread>::new::thread_start
[INFO] [stdout]   19:     0x78b46c586dfa - <unknown>
[INFO] [stdout]   20:     0x78b46c61a3d4 - clone
[INFO] [stdout]   21:                0x0 - <unknown>
[INFO] [stdout] 
[INFO] [stdout] ---- frame::tests::test_frame_paddr stdout ----
[INFO] [stdout] 
[INFO] [stdout] thread 'frame::tests::test_frame_paddr' (743) panicked at src/frame.rs:1291:53:
[INFO] [stdout] called `Result::unwrap()` on an `Err` value: LibraryNotLoaded(DlOpen { source: "libvideostream.so: cannot open shared object file: No such file or directory" })
[INFO] [stdout] stack backtrace:
[INFO] [stdout]    0:     0x5c50041ad681 - <<std[70759c8f55707aa4]::sys::backtrace::BacktraceLock>::print::DisplayBacktrace as core[df12db4294e9bfd3]::fmt::Display>::fmt
[INFO] [stdout]    1:     0x5c50041c1fca - core[df12db4294e9bfd3]::fmt::write
[INFO] [stdout]    2:     0x5c50041b1b7c - <alloc[2182bb758b4b3781]::vec::Vec<u8> as core[df12db4294e9bfd3]::io::write::Write>::write_fmt
[INFO] [stdout]    3:     0x5c5004189456 - std[70759c8f55707aa4]::panicking::default_hook::{closure#0}
[INFO] [stdout]    4:     0x5c50041a5829 - std[70759c8f55707aa4]::panicking::default_hook
[INFO] [stdout]    5:     0x5c500412f780 - test[9d35eded1c95d3be]::test_main_inner::<test[9d35eded1c95d3be]::test_main_static::{closure#0}>::{closure#0}
[INFO] [stdout]    6:     0x5c50041a59e2 - std[70759c8f55707aa4]::panicking::panic_with_hook
[INFO] [stdout]    7:     0x5c5004189502 - std[70759c8f55707aa4]::panicking::panic_handler::{closure#0}
[INFO] [stdout]    8:     0x5c50041821d9 - std[70759c8f55707aa4]::sys::backtrace::__rust_end_short_backtrace::<std[70759c8f55707aa4]::panicking::panic_handler::{closure#0}, !>
[INFO] [stdout]    9:     0x5c500418a0fd - __rustc[8fa7c3cbc660c2b3]::rust_begin_unwind
[INFO] [stdout]   10:     0x5c50041c27ac - core[df12db4294e9bfd3]::panicking::panic_fmt
[INFO] [stdout]   11:     0x5c50041c2582 - core[df12db4294e9bfd3]::result::unwrap_failed
[INFO] [stdout]   12:     0x5c50041099d6 - videostream[fe60f199465c85c]::frame::tests::test_frame_paddr
[INFO] [stdout]   13:     0x5c500411b629 - <videostream[fe60f199465c85c]::frame::tests::test_frame_paddr::{closure#0} as core[df12db4294e9bfd3]::ops::function::FnOnce<()>>::call_once
[INFO] [stdout]   14:     0x5c5004122a6b - test[9d35eded1c95d3be]::__rust_begin_short_backtrace::<core[df12db4294e9bfd3]::result::Result<(), alloc[2182bb758b4b3781]::string::String>, fn() -> core[df12db4294e9bfd3]::result::Result<(), alloc[2182bb758b4b3781]::string::String>>
[INFO] [stdout]   15:     0x5c50041300d5 - test[9d35eded1c95d3be]::run_test::{closure#0}
[INFO] [stdout]   16:     0x5c5004129994 - std[70759c8f55707aa4]::sys::backtrace::__rust_begin_short_backtrace::<test[9d35eded1c95d3be]::run_test::{closure#1}, ()>
[INFO] [stdout]   17:     0x5c5004133232 - <std[70759c8f55707aa4]::thread::lifecycle::spawn_unchecked<test[9d35eded1c95d3be]::run_test::{closure#1}, ()>::{closure#1} as core[df12db4294e9bfd3]::ops::function::FnOnce<()>>::call_once::{shim:vtable#0}
[INFO] [stdout]   18:     0x5c50041acf29 - <std[70759c8f55707aa4]::sys::thread::unix::Thread>::new::thread_start
[INFO] [stdout]   19:     0x78b46c586dfa - <unknown>
[INFO] [stdout]   20:     0x78b46c61a3d4 - clone
[INFO] [stdout]   21:                0x0 - <unknown>
[INFO] [stdout] 
[INFO] [stdout] ---- frame::tests::test_frame_trylock_unlock stdout ----
[INFO] [stdout] 
[INFO] [stdout] thread 'frame::tests::test_frame_trylock_unlock' (749) panicked at src/frame.rs:1232:53:
[INFO] [stdout] called `Result::unwrap()` on an `Err` value: LibraryNotLoaded(DlOpen { source: "libvideostream.so: cannot open shared object file: No such file or directory" })
[INFO] [stdout] stack backtrace:
[INFO] [stdout]    0:     0x5c50041ad681 - <<std[70759c8f55707aa4]::sys::backtrace::BacktraceLock>::print::DisplayBacktrace as core[df12db4294e9bfd3]::fmt::Display>::fmt
[INFO] [stdout]    1:     0x5c50041c1fca - core[df12db4294e9bfd3]::fmt::write
[INFO] [stdout]    2:     0x5c50041b1b7c - <alloc[2182bb758b4b3781]::vec::Vec<u8> as core[df12db4294e9bfd3]::io::write::Write>::write_fmt
[INFO] [stdout]    3:     0x5c5004189456 - std[70759c8f55707aa4]::panicking::default_hook::{closure#0}
[INFO] [stdout]    4:     0x5c50041a5829 - std[70759c8f55707aa4]::panicking::default_hook
[INFO] [stdout]    5:     0x5c500412f780 - test[9d35eded1c95d3be]::test_main_inner::<test[9d35eded1c95d3be]::test_main_static::{closure#0}>::{closure#0}
[INFO] [stdout]    6:     0x5c50041a59e2 - std[70759c8f55707aa4]::panicking::panic_with_hook
[INFO] [stdout]    7:     0x5c5004189502 - std[70759c8f55707aa4]::panicking::panic_handler::{closure#0}
[INFO] [stdout]    8:     0x5c50041821d9 - std[70759c8f55707aa4]::sys::backtrace::__rust_end_short_backtrace::<std[70759c8f55707aa4]::panicking::panic_handler::{closure#0}, !>
[INFO] [stdout]    9:     0x5c500418a0fd - __rustc[8fa7c3cbc660c2b3]::rust_begin_unwind
[INFO] [stdout]   10:     0x5c50041c27ac - core[df12db4294e9bfd3]::panicking::panic_fmt
[INFO] [stdout]   11:     0x5c50041c2582 - core[df12db4294e9bfd3]::result::unwrap_failed
[INFO] [stdout]   12:     0x5c500410b2b3 - videostream[fe60f199465c85c]::frame::tests::test_frame_trylock_unlock
[INFO] [stdout]   13:     0x5c500411b729 - <videostream[fe60f199465c85c]::frame::tests::test_frame_trylock_unlock::{closure#0} as core[df12db4294e9bfd3]::ops::function::FnOnce<()>>::call_once
[INFO] [stdout]   14:     0x5c5004122a6b - test[9d35eded1c95d3be]::__rust_begin_short_backtrace::<core[df12db4294e9bfd3]::result::Result<(), alloc[2182bb758b4b3781]::string::String>, fn() -> core[df12db4294e9bfd3]::result::Result<(), alloc[2182bb758b4b3781]::string::String>>
[INFO] [stdout]   15:     0x5c50041300d5 - test[9d35eded1c95d3be]::run_test::{closure#0}
[INFO] [stdout]   16:     0x5c5004129994 - std[70759c8f55707aa4]::sys::backtrace::__rust_begin_short_backtrace::<test[9d35eded1c95d3be]::run_test::{closure#1}, ()>
[INFO] [stdout]   17:     0x5c5004133232 - <std[70759c8f55707aa4]::thread::lifecycle::spawn_unchecked<test[9d35eded1c95d3be]::run_test::{closure#1}, ()>::{closure#1} as core[df12db4294e9bfd3]::ops::function::FnOnce<()>>::call_once::{shim:vtable#0}
[INFO] [stdout]   18:     0x5c50041acf29 - <std[70759c8f55707aa4]::sys::thread::unix::Thread>::new::thread_start
[INFO] [stdout]   19:     0x78b46c586dfa - <unknown>
[INFO] [stdout]   20:     0x78b46c61a3d4 - clone
[INFO] [stdout]   21:                0x0 - <unknown>
[INFO] [stdout] 
[INFO] [stdout] ---- host::tests::test_host_drop_frame stdout ----
[INFO] [stdout] 
[INFO] [stdout] thread 'host::tests::test_host_drop_frame' (759) panicked at src/host.rs:446:37:
[INFO] [stdout] called `Result::unwrap()` on an `Err` value: LibraryNotLoaded(DlOpen { source: "libvideostream.so: cannot open shared object file: No such file or directory" })
[INFO] [stdout] stack backtrace:
[INFO] [stdout]    0:     0x5c50041ad681 - <<std[70759c8f55707aa4]::sys::backtrace::BacktraceLock>::print::DisplayBacktrace as core[df12db4294e9bfd3]::fmt::Display>::fmt
[INFO] [stdout]    1:     0x5c50041c1fca - core[df12db4294e9bfd3]::fmt::write
[INFO] [stdout]    2:     0x5c50041b1b7c - <alloc[2182bb758b4b3781]::vec::Vec<u8> as core[df12db4294e9bfd3]::io::write::Write>::write_fmt
[INFO] [stdout]    3:     0x5c5004189456 - std[70759c8f55707aa4]::panicking::default_hook::{closure#0}
[INFO] [stdout]    4:     0x5c50041a5829 - std[70759c8f55707aa4]::panicking::default_hook
[INFO] [stdout]    5:     0x5c500412f780 - test[9d35eded1c95d3be]::test_main_inner::<test[9d35eded1c95d3be]::test_main_static::{closure#0}>::{closure#0}
[INFO] [stdout]    6:     0x5c50041a59e2 - std[70759c8f55707aa4]::panicking::panic_with_hook
[INFO] [stdout]    7:     0x5c5004189502 - std[70759c8f55707aa4]::panicking::panic_handler::{closure#0}
[INFO] [stdout]    8:     0x5c50041821d9 - std[70759c8f55707aa4]::sys::backtrace::__rust_end_short_backtrace::<std[70759c8f55707aa4]::panicking::panic_handler::{closure#0}, !>
[INFO] [stdout]    9:     0x5c500418a0fd - __rustc[8fa7c3cbc660c2b3]::rust_begin_unwind
[INFO] [stdout]   10:     0x5c50041c27ac - core[df12db4294e9bfd3]::panicking::panic_fmt
[INFO] [stdout]   11:     0x5c50041c2582 - core[df12db4294e9bfd3]::result::unwrap_failed
[INFO] [stdout]   12:     0x5c5004118b77 - videostream[fe60f199465c85c]::host::tests::test_host_drop_frame
[INFO] [stdout]   13:     0x5c500411b549 - <videostream[fe60f199465c85c]::host::tests::test_host_drop_frame::{closure#0} as core[df12db4294e9bfd3]::ops::function::FnOnce<()>>::call_once
[INFO] [stdout]   14:     0x5c5004122a6b - test[9d35eded1c95d3be]::__rust_begin_short_backtrace::<core[df12db4294e9bfd3]::result::Result<(), alloc[2182bb758b4b3781]::string::String>, fn() -> core[df12db4294e9bfd3]::result::Result<(), alloc[2182bb758b4b3781]::string::String>>
[INFO] [stdout]   15:     0x5c50041300d5 - test[9d35eded1c95d3be]::run_test::{closure#0}
[INFO] [stdout]   16:     0x5c5004129994 - std[70759c8f55707aa4]::sys::backtrace::__rust_begin_short_backtrace::<test[9d35eded1c95d3be]::run_test::{closure#1}, ()>
[INFO] [stdout]   17:     0x5c5004133232 - <std[70759c8f55707aa4]::thread::lifecycle::spawn_unchecked<test[9d35eded1c95d3be]::run_test::{closure#1}, ()>::{closure#1} as core[df12db4294e9bfd3]::ops::function::FnOnce<()>>::call_once::{shim:vtable#0}
[INFO] [stdout]   18:     0x5c50041acf29 - <std[70759c8f55707aa4]::sys::thread::unix::Thread>::new::thread_start
[INFO] [stdout]   19:     0x78b46c586dfa - <unknown>
[INFO] [stdout]   20:     0x78b46c61a3d4 - clone
[INFO] [stdout]   21:                0x0 - <unknown>
[INFO] [stdout] 
[INFO] [stdout] ---- host::tests::test_host_sockets stdout ----
[INFO] [stdout] 
[INFO] [stdout] thread 'host::tests::test_host_sockets' (762) panicked at src/host.rs:408:37:
[INFO] [stdout] called `Result::unwrap()` on an `Err` value: LibraryNotLoaded(DlOpen { source: "libvideostream.so: cannot open shared object file: No such file or directory" })
[INFO] [stdout] stack backtrace:
[INFO] [stdout]    0:     0x5c50041ad681 - <<std[70759c8f55707aa4]::sys::backtrace::BacktraceLock>::print::DisplayBacktrace as core[df12db4294e9bfd3]::fmt::Display>::fmt
[INFO] [stdout]    1:     0x5c50041c1fca - core[df12db4294e9bfd3]::fmt::write
[INFO] [stdout]    2:     0x5c50041b1b7c - <alloc[2182bb758b4b3781]::vec::Vec<u8> as core[df12db4294e9bfd3]::io::write::Write>::write_fmt
[INFO] [stdout]    3:     0x5c5004189456 - std[70759c8f55707aa4]::panicking::default_hook::{closure#0}
[INFO] [stdout]    4:     0x5c50041a5829 - std[70759c8f55707aa4]::panicking::default_hook
[INFO] [stdout]    5:     0x5c500412f780 - test[9d35eded1c95d3be]::test_main_inner::<test[9d35eded1c95d3be]::test_main_static::{closure#0}>::{closure#0}
[INFO] [stdout]    6:     0x5c50041a59e2 - std[70759c8f55707aa4]::panicking::panic_with_hook
[INFO] [stdout]    7:     0x5c5004189502 - std[70759c8f55707aa4]::panicking::panic_handler::{closure#0}
[INFO] [stdout]    8:     0x5c50041821d9 - std[70759c8f55707aa4]::sys::backtrace::__rust_end_short_backtrace::<std[70759c8f55707aa4]::panicking::panic_handler::{closure#0}, !>
[INFO] [stdout]    9:     0x5c500418a0fd - __rustc[8fa7c3cbc660c2b3]::rust_begin_unwind
[INFO] [stdout]   10:     0x5c50041c27ac - core[df12db4294e9bfd3]::panicking::panic_fmt
[INFO] [stdout]   11:     0x5c50041c2582 - core[df12db4294e9bfd3]::result::unwrap_failed
[INFO] [stdout]   12:     0x5c50041188b1 - videostream[fe60f199465c85c]::host::tests::test_host_sockets
[INFO] [stdout]   13:     0x5c500411b529 - <videostream[fe60f199465c85c]::host::tests::test_host_sockets::{closure#0} as core[df12db4294e9bfd3]::ops::function::FnOnce<()>>::call_once
[INFO] [stdout]   14:     0x5c5004122a6b - test[9d35eded1c95d3be]::__rust_begin_short_backtrace::<core[df12db4294e9bfd3]::result::Result<(), alloc[2182bb758b4b3781]::string::String>, fn() -> core[df12db4294e9bfd3]::result::Result<(), alloc[2182bb758b4b3781]::string::String>>
[INFO] [stdout]   15:     0x5c50041300d5 - test[9d35eded1c95d3be]::run_test::{closure#0}
[INFO] [stdout]   16:     0x5c5004129994 - std[70759c8f55707aa4]::sys::backtrace::__rust_begin_short_backtrace::<test[9d35eded1c95d3be]::run_test::{closure#1}, ()>
[INFO] [stdout]   17:     0x5c5004133232 - <std[70759c8f55707aa4]::thread::lifecycle::spawn_unchecked<test[9d35eded1c95d3be]::run_test::{closure#1}, ()>::{closure#1} as core[df12db4294e9bfd3]::ops::function::FnOnce<()>>::call_once::{shim:vtable#0}
[INFO] [stdout]   18:     0x5c50041acf29 - <std[70759c8f55707aa4]::sys::thread::unix::Thread>::new::thread_start
[INFO] [stdout]   19:     0x78b46c586dfa - <unknown>
[INFO] [stdout]   20:     0x78b46c61a3d4 - clone
[INFO] [stdout]   21:                0x0 - <unknown>
[INFO] [stdout] 
[INFO] [stdout] ---- host::tests::test_host_process stdout ----
[INFO] [stdout] 
[INFO] [stdout] thread 'host::tests::test_host_process' (761) panicked at src/host.rs:434:37:
[INFO] [stdout] called `Result::unwrap()` on an `Err` value: LibraryNotLoaded(DlOpen { source: "libvideostream.so: cannot open shared object file: No such file or directory" })
[INFO] [stdout] stack backtrace:
[INFO] [stdout]    0:     0x5c50041ad681 - <<std[70759c8f55707aa4]::sys::backtrace::BacktraceLock>::print::DisplayBacktrace as core[df12db4294e9bfd3]::fmt::Display>::fmt
[INFO] [stdout]    1:     0x5c50041c1fca - core[df12db4294e9bfd3]::fmt::write
[INFO] [stdout]    2:     0x5c50041b1b7c - <alloc[2182bb758b4b3781]::vec::Vec<u8> as core[df12db4294e9bfd3]::io::write::Write>::write_fmt
[INFO] [stdout]    3:     0x5c5004189456 - std[70759c8f55707aa4]::panicking::default_hook::{closure#0}
[INFO] [stdout]    4:     0x5c50041a5829 - std[70759c8f55707aa4]::panicking::default_hook
[INFO] [stdout]    5:     0x5c500412f780 - test[9d35eded1c95d3be]::test_main_inner::<test[9d35eded1c95d3be]::test_main_static::{closure#0}>::{closure#0}
[INFO] [stdout]    6:     0x5c50041a59e2 - std[70759c8f55707aa4]::panicking::panic_with_hook
[INFO] [stdout]    7:     0x5c5004189502 - std[70759c8f55707aa4]::panicking::panic_handler::{closure#0}
[INFO] [stdout]    8:     0x5c50041821d9 - std[70759c8f55707aa4]::sys::backtrace::__rust_end_short_backtrace::<std[70759c8f55707aa4]::panicking::panic_handler::{closure#0}, !>
[INFO] [stdout]    9:     0x5c500418a0fd - __rustc[8fa7c3cbc660c2b3]::rust_begin_unwind
[INFO] [stdout]   10:     0x5c50041c27ac - core[df12db4294e9bfd3]::panicking::panic_fmt
[INFO] [stdout]   11:     0x5c50041c2582 - core[df12db4294e9bfd3]::result::unwrap_failed
[INFO] [stdout]   12:     0x5c500411868f - videostream[fe60f199465c85c]::host::tests::test_host_process
[INFO] [stdout]   13:     0x5c500411b509 - <videostream[fe60f199465c85c]::host::tests::test_host_process::{closure#0} as core[df12db4294e9bfd3]::ops::function::FnOnce<()>>::call_once
[INFO] [stdout]   14:     0x5c5004122a6b - test[9d35eded1c95d3be]::__rust_begin_short_backtrace::<core[df12db4294e9bfd3]::result::Result<(), alloc[2182bb758b4b3781]::string::String>, fn() -> core[df12db4294e9bfd3]::result::Result<(), alloc[2182bb758b4b3781]::string::String>>
[INFO] [stdout]   15:     0x5c50041300d5 - test[9d35eded1c95d3be]::run_test::{closure#0}
[INFO] [stdout]   16:     0x5c5004129994 - std[70759c8f55707aa4]::sys::backtrace::__rust_begin_short_backtrace::<test[9d35eded1c95d3be]::run_test::{closure#1}, ()>
[INFO] [stdout]   17:     0x5c5004133232 - <std[70759c8f55707aa4]::thread::lifecycle::spawn_unchecked<test[9d35eded1c95d3be]::run_test::{closure#1}, ()>::{closure#1} as core[df12db4294e9bfd3]::ops::function::FnOnce<()>>::call_once::{shim:vtable#0}
[INFO] [stdout]   18:     0x5c50041acf29 - <std[70759c8f55707aa4]::sys::thread::unix::Thread>::new::thread_start
[INFO] [stdout]   19:     0x78b46c586dfa - <unknown>
[INFO] [stdout]   20:     0x78b46c61a3d4 - clone
[INFO] [stdout]   21:                0x0 - <unknown>
[INFO] [stdout] 
[INFO] [stdout] ---- host::tests::test_host_poll_timeout stdout ----
[INFO] [stdout] 
[INFO] [stdout] thread 'host::tests::test_host_poll_timeout' (760) panicked at src/host.rs:424:37:
[INFO] [stdout] called `Result::unwrap()` on an `Err` value: LibraryNotLoaded(DlOpen { source: "libvideostream.so: cannot open shared object file: No such file or directory" })
[INFO] [stdout] stack backtrace:
[INFO] [stdout]    0:     0x5c50041ad681 - <<std[70759c8f55707aa4]::sys::backtrace::BacktraceLock>::print::DisplayBacktrace as core[df12db4294e9bfd3]::fmt::Display>::fmt
[INFO] [stdout]    1:     0x5c50041c1fca - core[df12db4294e9bfd3]::fmt::write
[INFO] [stdout]    2:     0x5c50041b1b7c - <alloc[2182bb758b4b3781]::vec::Vec<u8> as core[df12db4294e9bfd3]::io::write::Write>::write_fmt
[INFO] [stdout]    3:     0x5c5004189456 - std[70759c8f55707aa4]::panicking::default_hook::{closure#0}
[INFO] [stdout]    4:     0x5c50041a5829 - std[70759c8f55707aa4]::panicking::default_hook
[INFO] [stdout]    5:     0x5c500412f780 - test[9d35eded1c95d3be]::test_main_inner::<test[9d35eded1c95d3be]::test_main_static::{closure#0}>::{closure#0}
[INFO] [stdout]    6:     0x5c50041a59e2 - std[70759c8f55707aa4]::panicking::panic_with_hook
[INFO] [stdout]    7:     0x5c5004189502 - std[70759c8f55707aa4]::panicking::panic_handler::{closure#0}
[INFO] [stdout]    8:     0x5c50041821d9 - std[70759c8f55707aa4]::sys::backtrace::__rust_end_short_backtrace::<std[70759c8f55707aa4]::panicking::panic_handler::{closure#0}, !>
[INFO] [stdout]    9:     0x5c500418a0fd - __rustc[8fa7c3cbc660c2b3]::rust_begin_unwind
[INFO] [stdout]   10:     0x5c50041c27ac - core[df12db4294e9bfd3]::panicking::panic_fmt
[INFO] [stdout]   11:     0x5c50041c2582 - core[df12db4294e9bfd3]::result::unwrap_failed
[INFO] [stdout]   12:     0x5c5004118dc9 - videostream[fe60f199465c85c]::host::tests::test_host_poll_timeout
[INFO] [stdout]   13:     0x5c500411b569 - <videostream[fe60f199465c85c]::host::tests::test_host_poll_timeout::{closure#0} as core[df12db4294e9bfd3]::ops::function::FnOnce<()>>::call_once
[INFO] [stdout]   14:     0x5c5004122a6b - test[9d35eded1c95d3be]::__rust_begin_short_backtrace::<core[df12db4294e9bfd3]::result::Result<(), alloc[2182bb758b4b3781]::string::String>, fn() -> core[df12db4294e9bfd3]::result::Result<(), alloc[2182bb758b4b3781]::string::String>>
[INFO] [stdout]   15:     0x5c50041300d5 - test[9d35eded1c95d3be]::run_test::{closure#0}
[INFO] [stdout]   16:     0x5c5004129994 - std[70759c8f55707aa4]::sys::backtrace::__rust_begin_short_backtrace::<test[9d35eded1c95d3be]::run_test::{closure#1}, ()>
[INFO] [stdout]   17:     0x5c5004133232 - <std[70759c8f55707aa4]::thread::lifecycle::spawn_unchecked<test[9d35eded1c95d3be]::run_test::{closure#1}, ()>::{closure#1} as core[df12db4294e9bfd3]::ops::function::FnOnce<()>>::call_once::{shim:vtable#0}
[INFO] [stdout]   18:     0x5c50041acf29 - <std[70759c8f55707aa4]::sys::thread::unix::Thread>::new::thread_start
[INFO] [stdout]   19:     0x78b46c586dfa - <unknown>
[INFO] [stdout]   20:     0x78b46c61a3d4 - clone
[INFO] [stdout]   21:                0x0 - <unknown>
[INFO] [stdout] 
[INFO] [stdout] ---- tests::test_timestamp stdout ----
[INFO] [stdout] 
[INFO] [stdout] thread 'tests::test_timestamp' (776) panicked at src/lib.rs:386:9:
[INFO] [stdout] timestamp() should succeed
[INFO] [stdout] stack backtrace:
[INFO] [stdout]    0:     0x5c50041ad681 - <<std[70759c8f55707aa4]::sys::backtrace::BacktraceLock>::print::DisplayBacktrace as core[df12db4294e9bfd3]::fmt::Display>::fmt
[INFO] [stdout]    1:     0x5c50041c1fca - core[df12db4294e9bfd3]::fmt::write
[INFO] [stdout]    2:     0x5c50041b1b7c - <alloc[2182bb758b4b3781]::vec::Vec<u8> as core[df12db4294e9bfd3]::io::write::Write>::write_fmt
[INFO] [stdout]    3:     0x5c5004189456 - std[70759c8f55707aa4]::panicking::default_hook::{closure#0}
[INFO] [stdout]    4:     0x5c50041a5829 - std[70759c8f55707aa4]::panicking::default_hook
[INFO] [stdout]    5:     0x5c500412f780 - test[9d35eded1c95d3be]::test_main_inner::<test[9d35eded1c95d3be]::test_main_static::{closure#0}>::{closure#0}
[INFO] [stdout]    6:     0x5c50041a59e2 - std[70759c8f55707aa4]::panicking::panic_with_hook
[INFO] [stdout]    7:     0x5c5004189534 - std[70759c8f55707aa4]::panicking::panic_handler::{closure#0}
[INFO] [stdout]    8:     0x5c50041821d9 - std[70759c8f55707aa4]::sys::backtrace::__rust_end_short_backtrace::<std[70759c8f55707aa4]::panicking::panic_handler::{closure#0}, !>
[INFO] [stdout]    9:     0x5c500418a0fd - __rustc[8fa7c3cbc660c2b3]::rust_begin_unwind
[INFO] [stdout]   10:     0x5c50041c27ac - core[df12db4294e9bfd3]::panicking::panic_fmt
[INFO] [stdout]   11:     0x5c50041109a2 - videostream[fe60f199465c85c]::tests::test_timestamp
[INFO] [stdout]   12:     0x5c500411b159 - <videostream[fe60f199465c85c]::tests::test_timestamp::{closure#0} as core[df12db4294e9bfd3]::ops::function::FnOnce<()>>::call_once
[INFO] [stdout]   13:     0x5c5004122a6b - test[9d35eded1c95d3be]::__rust_begin_short_backtrace::<core[df12db4294e9bfd3]::result::Result<(), alloc[2182bb758b4b3781]::string::String>, fn() -> core[df12db4294e9bfd3]::result::Result<(), alloc[2182bb758b4b3781]::string::String>>
[INFO] [stdout]   14:     0x5c50041300d5 - test[9d35eded1c95d3be]::run_test::{closure#0}
[INFO] [stdout]   15:     0x5c5004129994 - std[70759c8f55707aa4]::sys::backtrace::__rust_begin_short_backtrace::<test[9d35eded1c95d3be]::run_test::{closure#1}, ()>
[INFO] [stdout]   16:     0x5c5004133232 - <std[70759c8f55707aa4]::thread::lifecycle::spawn_unchecked<test[9d35eded1c95d3be]::run_test::{closure#1}, ()>::{closure#1} as core[df12db4294e9bfd3]::ops::function::FnOnce<()>>::call_once::{shim:vtable#0}
[INFO] [stdout]   17:     0x5c50041acf29 - <std[70759c8f55707aa4]::sys::thread::unix::Thread>::new::thread_start
[INFO] [stdout]   18:     0x78b46c586dfa - <unknown>
[INFO] [stdout]   19:     0x78b46c61a3d4 - clone
[INFO] [stdout]   20:                0x0 - <unknown>
[INFO] [stdout] 
[INFO] [stdout] 
[INFO] [stdout] failures:
[INFO] [stdout]     client::tests::test_client_debug
[INFO] [stdout]     client::tests::test_client_disconnect
[INFO] [stdout]     client::tests::test_client_get_userptr
[INFO] [stdout]     client::tests::test_client_host_frame_pipeline
[INFO] [stdout]     client::tests::test_client_path
[INFO] [stdout]     client::tests::test_client_set_timeout
[INFO] [stdout]     client::tests::test_reconnect_yes_with_existing_host
[INFO] [stdout]     encoder::tests::test_encoder_is_available_returns_result
[INFO] [stdout]     frame::tests::attach_file
[INFO] [stdout]     frame::tests::bad_attach
[INFO] [stdout]     frame::tests::frame
[INFO] [stdout]     frame::tests::test_frame_debug
[INFO] [stdout]     frame::tests::test_frame_different_formats
[INFO] [stdout]     frame::tests::test_frame_expires
[INFO] [stdout]     frame::tests::test_frame_handle_after_alloc
[INFO] [stdout]     frame::tests::test_frame_handle_before_alloc
[INFO] [stdout]     frame::tests::test_frame_large_dimensions
[INFO] [stdout]     frame::tests::test_frame_metadata
[INFO] [stdout]     frame::tests::test_frame_mmap_before_alloc
[INFO] [stdout]     frame::tests::test_frame_paddr
[INFO] [stdout]     frame::tests::test_frame_path_before_alloc
[INFO] [stdout]     frame::tests::test_frame_small_dimensions
[INFO] [stdout]     frame::tests::test_frame_stride
[INFO] [stdout]     frame::tests::test_frame_timestamps
[INFO] [stdout]     frame::tests::test_frame_trylock_unlock
[INFO] [stdout]     frame::tests::test_frame_unalloc
[INFO] [stdout]     frame::tests::test_frame_userptr
[INFO] [stdout]     host::tests::test_host
[INFO] [stdout]     host::tests::test_host_debug
[INFO] [stdout]     host::tests::test_host_drop_frame
[INFO] [stdout]     host::tests::test_host_poll_timeout
[INFO] [stdout]     host::tests::test_host_process
[INFO] [stdout]     host::tests::test_host_sockets
[INFO] [stdout]     tests::test_timestamp
[INFO] [stdout] 
[INFO] [stdout] test result: FAILED. 114 passed; 34 failed; 18 ignored; 0 measured; 0 filtered out; finished in 0.04s
[INFO] [stdout] 
[INFO] running `Command { std: "docker" "inspect" "7dd5c7da8109eb90fa4726c3e160c7a0339d7cf1e54929ea69e2d35d14d0f7ca", kill_on_drop: false }`
[INFO] running `Command { std: "docker" "rm" "-f" "7dd5c7da8109eb90fa4726c3e160c7a0339d7cf1e54929ea69e2d35d14d0f7ca", kill_on_drop: false }`
[INFO] [stdout] 7dd5c7da8109eb90fa4726c3e160c7a0339d7cf1e54929ea69e2d35d14d0f7ca
