[INFO] fetching crate video-resize 0.2.0...
[INFO] testing video-resize-0.2.0 against 1.100.0-beta.1+cargoflags=--release for beta-release-1.100-2
[INFO] extracting crate video-resize 0.2.0 into /workspace/builds/worker-4-tc2/source
[INFO] started tweaking crates.io crate video-resize 0.2.0
[INFO] finished tweaking crates.io crate video-resize 0.2.0
[INFO] tweaked toml for crates.io crate video-resize 0.2.0 written to /workspace/builds/worker-4-tc2/source/Cargo.toml
[INFO] validating manifest of crates.io crate video-resize 0.2.0 on toolchain 1.100.0-beta.1
[INFO] running `Command { std: CARGO_HOME="/workspace/cargo-home" RUSTUP_HOME="/workspace/rustup-home" "/workspace/cargo-home/bin/cargo" "+1.100.0-beta.1" "metadata" "--manifest-path" "Cargo.toml" "--no-deps", kill_on_drop: false }`
[INFO] crate crates.io crate video-resize 0.2.0 already has a lockfile, it will not be regenerated
[INFO] running `Command { std: CARGO_HOME="/workspace/cargo-home" RUSTUP_HOME="/workspace/rustup-home" "/workspace/cargo-home/bin/cargo" "+1.100.0-beta.1" "fetch" "--manifest-path" "Cargo.toml", kill_on_drop: false }`
[INFO] running `Command { std: "docker" "create" "-v" "/var/lib/crater-agent-workspace/builds/worker-4-tc2/source:/opt/rustwide/workdir:ro,Z" "-v" "/var/lib/crater-agent-workspace/builds/worker-4-tc2/target:/opt/rustwide/target:rw,Z" "-v" "/var/lib/crater-agent-workspace/cargo-home:/opt/rustwide/cargo-home:ro,Z" "-v" "/var/lib/crater-agent-workspace/rustup-home:/opt/rustwide/rustup-home:ro,Z" "-m" "1610612736" "--network" "none" "ghcr.io/rust-lang/crates-build-env/linux@sha256:77db811e55d90add9212f6832c23229e3de5f1c1f9905e8cb07319ea15df73ac" "sleep" "infinity", kill_on_drop: false }`
[INFO] [stdout] ce43d88601acbcb7c46abf93969c1edd4adb57420e44e36ee44f3c28c8d55bb0
[INFO] running `Command { std: "docker" "start" "ce43d88601acbcb7c46abf93969c1edd4adb57420e44e36ee44f3c28c8d55bb0", kill_on_drop: false }`
[INFO] running `Command { std: "docker" "inspect" "ce43d88601acbcb7c46abf93969c1edd4adb57420e44e36ee44f3c28c8d55bb0", kill_on_drop: false }`
[INFO] running `Command { std: "docker" "exec" "-e" "SOURCE_DIR=/opt/rustwide/workdir" "-e" "CARGO_HOME=/opt/rustwide/cargo-home" "-e" "RUSTUP_HOME=/opt/rustwide/rustup-home" "-e" "CARGO_TARGET_DIR=/opt/rustwide/target" "-w" "/opt/rustwide/workdir" "--user" "0:0" "ce43d88601acbcb7c46abf93969c1edd4adb57420e44e36ee44f3c28c8d55bb0" "/opt/rustwide/cargo-home/bin/cargo" "+1.100.0-beta.1" "metadata" "--no-deps" "--format-version=1", kill_on_drop: false }`
[INFO] running `Command { std: "docker" "inspect" "ce43d88601acbcb7c46abf93969c1edd4adb57420e44e36ee44f3c28c8d55bb0", kill_on_drop: false }`
[INFO] running `Command { std: "docker" "exec" "-e" "SOURCE_DIR=/opt/rustwide/workdir" "-e" "CARGO_HOME=/opt/rustwide/cargo-home" "-e" "RUSTUP_HOME=/opt/rustwide/rustup-home" "-e" "CARGO_TARGET_DIR=/opt/rustwide/target" "-e" "CARGO_INCREMENTAL=0" "-e" "RUST_BACKTRACE=full" "-e" "RUSTFLAGS=--cap-lints=warn" "-e" "RUSTDOCFLAGS=--cap-lints=warn" "-w" "/opt/rustwide/workdir" "--user" "0:0" "ce43d88601acbcb7c46abf93969c1edd4adb57420e44e36ee44f3c28c8d55bb0" "/opt/rustwide/cargo-home/bin/cargo" "+1.100.0-beta.1" "build" "--frozen" "--message-format=json" "--release", kill_on_drop: false }`
[INFO] [stderr]    Compiling quote v1.0.44
[INFO] [stderr]    Compiling num-traits v0.2.19
[INFO] [stderr]    Compiling syn v2.0.117
[INFO] [stderr]    Compiling equator-macro v0.4.2
[INFO] [stderr]    Compiling thiserror-impl v2.0.18
[INFO] [stderr]    Compiling equator v0.4.2
[INFO] [stderr]    Compiling aligned-vec v0.6.4
[INFO] [stderr]    Compiling thiserror v2.0.18
[INFO] [stderr]    Compiling v_frame v0.5.1
[INFO] [stderr]    Compiling video-resize v0.2.0 (/opt/rustwide/workdir)
[INFO] [stderr]     Finished `release` profile [optimized] target(s) in 8.16s
[INFO] running `Command { std: "docker" "inspect" "ce43d88601acbcb7c46abf93969c1edd4adb57420e44e36ee44f3c28c8d55bb0", kill_on_drop: false }`
[INFO] running `Command { std: "docker" "exec" "-e" "SOURCE_DIR=/opt/rustwide/workdir" "-e" "CARGO_HOME=/opt/rustwide/cargo-home" "-e" "RUSTUP_HOME=/opt/rustwide/rustup-home" "-e" "CARGO_TARGET_DIR=/opt/rustwide/target" "-e" "CARGO_INCREMENTAL=0" "-e" "RUST_BACKTRACE=full" "-e" "RUSTFLAGS=--cap-lints=warn" "-e" "RUSTDOCFLAGS=--cap-lints=warn" "-w" "/opt/rustwide/workdir" "--user" "0:0" "ce43d88601acbcb7c46abf93969c1edd4adb57420e44e36ee44f3c28c8d55bb0" "/opt/rustwide/cargo-home/bin/cargo" "+1.100.0-beta.1" "test" "--frozen" "--no-run" "--message-format=json" "--release", kill_on_drop: false }`
[INFO] [stderr]    Compiling num-traits v0.2.19
[INFO] [stderr]    Compiling bytemuck v1.25.0
[INFO] [stderr]    Compiling simd-adler32 v0.3.8
[INFO] [stderr]    Compiling bytes v1.11.1
[INFO] [stderr]    Compiling num-derive v0.4.2
[INFO] [stderr]    Compiling bitflags v2.11.0
[INFO] [stderr]    Compiling byteorder-lite v0.1.0
[INFO] [stderr]    Compiling miniz_oxide v0.8.9
[INFO] [stderr]    Compiling fdeflate v0.3.7
[INFO] [stderr]    Compiling safe_arch v1.0.0
[INFO] [stderr]    Compiling flate2 v1.1.9
[INFO] [stderr]    Compiling wide v1.1.1
[INFO] [stderr]    Compiling num-integer v0.1.46
[INFO] [stderr]    Compiling v_frame v0.5.1
[INFO] [stderr]    Compiling pxfm v0.1.27
[INFO] [stderr]    Compiling video-resize v0.2.0 (/opt/rustwide/workdir)
[INFO] [stderr]    Compiling png v0.18.1
[INFO] [stderr]    Compiling num-bigint v0.4.6
[INFO] [stderr]    Compiling num-rational v0.4.2
[INFO] [stderr]    Compiling av-data v0.4.4
[INFO] [stderr]    Compiling yuvxyb-math v0.1.1
[INFO] [stderr]    Compiling moxcms v0.7.11
[INFO] [stderr]    Compiling yuvxyb v0.5.0
[INFO] [stderr]    Compiling image v0.25.9
[INFO] [stderr]     Finished `release` profile [optimized] target(s) in 1m 48s
[INFO] running `Command { std: "docker" "inspect" "ce43d88601acbcb7c46abf93969c1edd4adb57420e44e36ee44f3c28c8d55bb0", kill_on_drop: false }`
[INFO] running `Command { std: "docker" "exec" "-e" "SOURCE_DIR=/opt/rustwide/workdir" "-e" "CARGO_HOME=/opt/rustwide/cargo-home" "-e" "RUSTUP_HOME=/opt/rustwide/rustup-home" "-e" "CARGO_TARGET_DIR=/opt/rustwide/target" "-e" "CARGO_INCREMENTAL=0" "-e" "RUST_BACKTRACE=full" "-e" "RUSTFLAGS=--cap-lints=warn" "-e" "RUSTDOCFLAGS=--cap-lints=warn" "-w" "/opt/rustwide/workdir" "--user" "0:0" "ce43d88601acbcb7c46abf93969c1edd4adb57420e44e36ee44f3c28c8d55bb0" "/opt/rustwide/cargo-home/bin/cargo" "+1.100.0-beta.1" "test" "--frozen" "--release", kill_on_drop: false }`
[INFO] [stderr]     Finished `release` profile [optimized] target(s) in 0.06s
[INFO] [stderr]      Running unittests src/lib.rs (/opt/rustwide/target/release/build/video-resize/b255ba654ce7262a/out/video_resize-b255ba654ce7262a)
[INFO] [stdout] 
[INFO] [stdout] running 22 tests
[INFO] [stdout] test tests::crop_u8 ... FAILED
[INFO] [stdout] test tests::resize_bilinear_u16_down ... FAILED
[INFO] [stdout] test tests::resize_bicubic_u16_up ... FAILED
[INFO] [stdout] test tests::resize_bicubic_u8_up ... FAILED
[INFO] [stdout] test tests::resize_bilinear_u16_up ... FAILED
[INFO] [stdout] test tests::resize_bilinear_u8_up ... FAILED
[INFO] [stdout] test tests::resize_bilinear_u8_down ... FAILED
[INFO] [stdout] test tests::resize_lanczos_u8_up ... FAILED
[INFO] [stdout] test tests::resize_bicubic_u16_down ... FAILED
[INFO] [stdout] test tests::resize_bicubic_u8_down ... FAILED
[INFO] [stdout] test tests::resize_lanczos_u16_down ... FAILED
[INFO] [stdout] test tests::resize_lanczos_u16_up ... FAILED
[INFO] [stdout] test tests::crop_u16 ... FAILED
[INFO] [stdout] test tests::resize_spline64_u16_down ... FAILED
[INFO] [stdout] test tests::resize_spline64_u8_down ... FAILED
[INFO] [stdout] test tests::resize_point_u8_up ... FAILED
[INFO] [stdout] test tests::resize_point_u16_up ... FAILED
[INFO] [stdout] test tests::resize_point_u8_down ... FAILED
[INFO] [stdout] test tests::resize_spline64_u16_up ... FAILED
[INFO] [stdout] test tests::resize_spline64_u8_up ... FAILED
[INFO] [stdout] test tests::resize_point_u16_down ... FAILED
[INFO] [stdout] test tests::resize_lanczos_u8_down ... FAILED
[INFO] [stdout] 
[INFO] [stdout] failures:
[INFO] [stdout] 
[INFO] [stdout] ---- tests::crop_u8 stdout ----
[INFO] [stdout] 
[INFO] [stdout] thread 'tests::crop_u8' (766) panicked at src/lib.rs:421:14:
[INFO] [stdout] called `Result::unwrap()` on an `Err` value: IoError(Os { code: 2, kind: NotFound, message: "No such file or directory" })
[INFO] [stdout] stack backtrace:
[INFO] [stdout]    0:     0x59a4f03f0281 - <<std[617be2ca0a6fd877]::sys::backtrace::BacktraceLock>::print::DisplayBacktrace as core[a373ad73a504971]::fmt::Display>::fmt
[INFO] [stdout]    1:     0x59a4f040513a - core[a373ad73a504971]::fmt::write
[INFO] [stdout]    2:     0x59a4f03f4a8c - <alloc[2e1b2a31b91974c5]::vec::Vec<u8> as core[a373ad73a504971]::io::write::Write>::write_fmt
[INFO] [stdout]    3:     0x59a4f03cb876 - std[617be2ca0a6fd877]::panicking::default_hook::{closure#0}
[INFO] [stdout]    4:     0x59a4f03e88f9 - std[617be2ca0a6fd877]::panicking::default_hook
[INFO] [stdout]    5:     0x59a4f034af90 - test[aada8e7e76ba119b]::test_main_inner::{closure#0}
[INFO] [stdout]    6:     0x59a4f03e8ab2 - std[617be2ca0a6fd877]::panicking::panic_with_hook
[INFO] [stdout]    7:     0x59a4f03cb922 - std[617be2ca0a6fd877]::panicking::panic_handler::{closure#0}
[INFO] [stdout]    8:     0x59a4f03c3f89 - std[617be2ca0a6fd877]::sys::backtrace::__rust_end_short_backtrace::<std[617be2ca0a6fd877]::panicking::panic_handler::{closure#0}, !>
[INFO] [stdout]    9:     0x59a4f03cc63d - __rustc[ea4f61d10b84890b]::rust_begin_unwind
[INFO] [stdout]   10:     0x59a4f040586c - core[a373ad73a504971]::panicking::panic_fmt
[INFO] [stdout]   11:     0x59a4f0405642 - core[a373ad73a504971]::result::unwrap_failed
[INFO] [stdout]   12:     0x59a4f0335ba6 - video_resize[ee27ca441821e610]::tests::get_u8_test_image
[INFO] [stdout]   13:     0x59a4f03394cd - <video_resize[ee27ca441821e610]::tests::crop_u8::{closure#0} as core[a373ad73a504971]::ops::function::FnOnce<()>>::call_once
[INFO] [stdout]   14:     0x59a4f033e3db - test[aada8e7e76ba119b]::__rust_begin_short_backtrace::<core[a373ad73a504971]::result::Result<(), alloc[2e1b2a31b91974c5]::string::String>, fn() -> core[a373ad73a504971]::result::Result<(), alloc[2e1b2a31b91974c5]::string::String>>
[INFO] [stdout]   15:     0x59a4f034b5b5 - test[aada8e7e76ba119b]::run_test::{closure#0}
[INFO] [stdout]   16:     0x59a4f0344ea4 - std[617be2ca0a6fd877]::sys::backtrace::__rust_begin_short_backtrace::<test[aada8e7e76ba119b]::run_test::{closure#1}, ()>
[INFO] [stdout]   17:     0x59a4f034e642 - <std[617be2ca0a6fd877]::thread::lifecycle::spawn_unchecked<test[aada8e7e76ba119b]::run_test::{closure#1}, ()>::{closure#1} as core[a373ad73a504971]::ops::function::FnOnce<()>>::call_once::{shim:vtable#0}
[INFO] [stdout]   18:     0x59a4f03efadf - <std[617be2ca0a6fd877]::sys::thread::unix::Thread>::new::thread_start
[INFO] [stdout]   19:     0x71fc89a60dfa - <unknown>
[INFO] [stdout]   20:     0x71fc89af43d4 - clone
[INFO] [stdout]   21:                0x0 - <unknown>
[INFO] [stdout] 
[INFO] [stdout] ---- tests::resize_bilinear_u16_down stdout ----
[INFO] [stdout] 
[INFO] [stdout] thread 'tests::resize_bilinear_u16_down' (771) panicked at src/lib.rs:451:14:
[INFO] [stdout] called `Result::unwrap()` on an `Err` value: IoError(Os { code: 2, kind: NotFound, message: "No such file or directory" })
[INFO] [stdout] stack backtrace:
[INFO] [stdout]    0:     0x59a4f03f0281 - <<std[617be2ca0a6fd877]::sys::backtrace::BacktraceLock>::print::DisplayBacktrace as core[a373ad73a504971]::fmt::Display>::fmt
[INFO] [stdout]    1:     0x59a4f040513a - core[a373ad73a504971]::fmt::write
[INFO] [stdout]    2:     0x59a4f03f4a8c - <alloc[2e1b2a31b91974c5]::vec::Vec<u8> as core[a373ad73a504971]::io::write::Write>::write_fmt
[INFO] [stdout]    3:     0x59a4f03cb876 - std[617be2ca0a6fd877]::panicking::default_hook::{closure#0}
[INFO] [stdout]    4:     0x59a4f03e88f9 - std[617be2ca0a6fd877]::panicking::default_hook
[INFO] [stdout]    5:     0x59a4f034af90 - test[aada8e7e76ba119b]::test_main_inner::{closure#0}
[INFO] [stdout]    6:     0x59a4f03e8ab2 - std[617be2ca0a6fd877]::panicking::panic_with_hook
[INFO] [stdout]    7:     0x59a4f03cb922 - std[617be2ca0a6fd877]::panicking::panic_handler::{closure#0}
[INFO] [stdout]    8:     0x59a4f03c3f89 - std[617be2ca0a6fd877]::sys::backtrace::__rust_end_short_backtrace::<std[617be2ca0a6fd877]::panicking::panic_handler::{closure#0}, !>
[INFO] [stdout]    9:     0x59a4f03cc63d - __rustc[ea4f61d10b84890b]::rust_begin_unwind
[INFO] [stdout]   10:     0x59a4f040586c - core[a373ad73a504971]::panicking::panic_fmt
[INFO] [stdout]   11:     0x59a4f0405642 - core[a373ad73a504971]::result::unwrap_failed
[INFO] [stdout]   12:     0x59a4f03363dc - video_resize[ee27ca441821e610]::tests::get_u16_test_image
[INFO] [stdout]   13:     0x59a4f03391e8 - <video_resize[ee27ca441821e610]::tests::resize_bilinear_u16_down::{closure#0} as core[a373ad73a504971]::ops::function::FnOnce<()>>::call_once
[INFO] [stdout]   14:     0x59a4f033e3db - test[aada8e7e76ba119b]::__rust_begin_short_backtrace::<core[a373ad73a504971]::result::Result<(), alloc[2e1b2a31b91974c5]::string::String>, fn() -> core[a373ad73a504971]::result::Result<(), alloc[2e1b2a31b91974c5]::string::String>>
[INFO] [stdout]   15:     0x59a4f034b5b5 - test[aada8e7e76ba119b]::run_test::{closure#0}
[INFO] [stdout]   16:     0x59a4f0344ea4 - std[617be2ca0a6fd877]::sys::backtrace::__rust_begin_short_backtrace::<test[aada8e7e76ba119b]::run_test::{closure#1}, ()>
[INFO] [stdout]   17:     0x59a4f034e642 - <std[617be2ca0a6fd877]::thread::lifecycle::spawn_unchecked<test[aada8e7e76ba119b]::run_test::{closure#1}, ()>::{closure#1} as core[a373ad73a504971]::ops::function::FnOnce<()>>::call_once::{shim:vtable#0}
[INFO] [stdout]   18:     0x59a4f03efadf - <std[617be2ca0a6fd877]::sys::thread::unix::Thread>::new::thread_start
[INFO] [stdout]   19:     0x71fc89a60dfa - <unknown>
[INFO] [stdout]   20:     0x71fc89af43d4 - clone
[INFO] [stdout]   21:                0x0 - <unknown>
[INFO] [stdout] 
[INFO] [stdout] ---- tests::resize_bicubic_u16_up stdout ----
[INFO] [stdout] 
[INFO] [stdout] thread 'tests::resize_bicubic_u16_up' (768) panicked at src/lib.rs:451:14:
[INFO] [stdout] called `Result::unwrap()` on an `Err` value: IoError(Os { code: 2, kind: NotFound, message: "No such file or directory" })
[INFO] [stdout] stack backtrace:
[INFO] [stdout]    0:     0x59a4f03f0281 - <<std[617be2ca0a6fd877]::sys::backtrace::BacktraceLock>::print::DisplayBacktrace as core[a373ad73a504971]::fmt::Display>::fmt
[INFO] [stdout]    1:     0x59a4f040513a - core[a373ad73a504971]::fmt::write
[INFO] [stdout]    2:     0x59a4f03f4a8c - <alloc[2e1b2a31b91974c5]::vec::Vec<u8> as core[a373ad73a504971]::io::write::Write>::write_fmt
[INFO] [stdout]    3:     0x59a4f03cb876 - std[617be2ca0a6fd877]::panicking::default_hook::{closure#0}
[INFO] [stdout]    4:     0x59a4f03e88f9 - std[617be2ca0a6fd877]::panicking::default_hook
[INFO] [stdout]    5:     0x59a4f034af90 - test[aada8e7e76ba119b]::test_main_inner::{closure#0}
[INFO] [stdout]    6:     0x59a4f03e8ab2 - std[617be2ca0a6fd877]::panicking::panic_with_hook
[INFO] [stdout]    7:     0x59a4f03cb922 - std[617be2ca0a6fd877]::panicking::panic_handler::{closure#0}
[INFO] [stdout]    8:     0x59a4f03c3f89 - std[617be2ca0a6fd877]::sys::backtrace::__rust_end_short_backtrace::<std[617be2ca0a6fd877]::panicking::panic_handler::{closure#0}, !>
[INFO] [stdout]    9:     0x59a4f03cc63d - __rustc[ea4f61d10b84890b]::rust_begin_unwind
[INFO] [stdout]   10:     0x59a4f040586c - core[a373ad73a504971]::panicking::panic_fmt
[INFO] [stdout]   11:     0x59a4f0405642 - core[a373ad73a504971]::result::unwrap_failed
[INFO] [stdout]   12:     0x59a4f03363dc - video_resize[ee27ca441821e610]::tests::get_u16_test_image
[INFO] [stdout]   13:     0x59a4f0337f98 - <video_resize[ee27ca441821e610]::tests::resize_bicubic_u16_up::{closure#0} as core[a373ad73a504971]::ops::function::FnOnce<()>>::call_once
[INFO] [stdout]   14:     0x59a4f033e3db - test[aada8e7e76ba119b]::__rust_begin_short_backtrace::<core[a373ad73a504971]::result::Result<(), alloc[2e1b2a31b91974c5]::string::String>, fn() -> core[a373ad73a504971]::result::Result<(), alloc[2e1b2a31b91974c5]::string::String>>
[INFO] [stdout]   15:     0x59a4f034b5b5 - test[aada8e7e76ba119b]::run_test::{closure#0}
[INFO] [stdout]   16:     0x59a4f0344ea4 - std[617be2ca0a6fd877]::sys::backtrace::__rust_begin_short_backtrace::<test[aada8e7e76ba119b]::run_test::{closure#1}, ()>
[INFO] [stdout]   17:     0x59a4f034e642 - <std[617be2ca0a6fd877]::thread::lifecycle::spawn_unchecked<test[aada8e7e76ba119b]::run_test::{closure#1}, ()>::{closure#1} as core[a373ad73a504971]::ops::function::FnOnce<()>>::call_once::{shim:vtable#0}
[INFO] [stdout]   18:     0x59a4f03efadf - <std[617be2ca0a6fd877]::sys::thread::unix::Thread>::new::thread_start
[INFO] [stdout]   19:     0x71fc89a60dfa - <unknown>
[INFO] [stdout]   20:     0x71fc89af43d4 - clone
[INFO] [stdout]   21:                0x0 - <unknown>
[INFO] [stdout] 
[INFO] [stdout] ---- tests::resize_bicubic_u8_up stdout ----
[INFO] [stdout] 
[INFO] [stdout] thread 'tests::resize_bicubic_u8_up' (770) panicked at src/lib.rs:421:14:
[INFO] [stdout] called `Result::unwrap()` on an `Err` value: IoError(Os { code: 2, kind: NotFound, message: "No such file or directory" })
[INFO] [stdout] stack backtrace:
[INFO] [stdout]    0:     0x59a4f03f0281 - <<std[617be2ca0a6fd877]::sys::backtrace::BacktraceLock>::print::DisplayBacktrace as core[a373ad73a504971]::fmt::Display>::fmt
[INFO] [stdout]    1:     0x59a4f040513a - core[a373ad73a504971]::fmt::write
[INFO] [stdout]    2:     0x59a4f03f4a8c - <alloc[2e1b2a31b91974c5]::vec::Vec<u8> as core[a373ad73a504971]::io::write::Write>::write_fmt
[INFO] [stdout]    3:     0x59a4f03cb876 - std[617be2ca0a6fd877]::panicking::default_hook::{closure#0}
[INFO] [stdout]    4:     0x59a4f03e88f9 - std[617be2ca0a6fd877]::panicking::default_hook
[INFO] [stdout]    5:     0x59a4f034af90 - test[aada8e7e76ba119b]::test_main_inner::{closure#0}
[INFO] [stdout]    6:     0x59a4f03e8ab2 - std[617be2ca0a6fd877]::panicking::panic_with_hook
[INFO] [stdout]    7:     0x59a4f03cb922 - std[617be2ca0a6fd877]::panicking::panic_handler::{closure#0}
[INFO] [stdout]    8:     0x59a4f03c3f89 - std[617be2ca0a6fd877]::sys::backtrace::__rust_end_short_backtrace::<std[617be2ca0a6fd877]::panicking::panic_handler::{closure#0}, !>
[INFO] [stdout]    9:     0x59a4f03cc63d - __rustc[ea4f61d10b84890b]::rust_begin_unwind
[INFO] [stdout]   10:     0x59a4f040586c - core[a373ad73a504971]::panicking::panic_fmt
[INFO] [stdout]   11:     0x59a4f0405642 - core[a373ad73a504971]::result::unwrap_failed
[INFO] [stdout]   12:     0x59a4f0335ba6 - video_resize[ee27ca441821e610]::tests::get_u8_test_image
[INFO] [stdout]   13:     0x59a4f0337b78 - <video_resize[ee27ca441821e610]::tests::resize_bicubic_u8_up::{closure#0} as core[a373ad73a504971]::ops::function::FnOnce<()>>::call_once
[INFO] [stdout]   14:     0x59a4f033e3db - test[aada8e7e76ba119b]::__rust_begin_short_backtrace::<core[a373ad73a504971]::result::Result<(), alloc[2e1b2a31b91974c5]::string::String>, fn() -> core[a373ad73a504971]::result::Result<(), alloc[2e1b2a31b91974c5]::string::String>>
[INFO] [stdout]   15:     0x59a4f034b5b5 - test[aada8e7e76ba119b]::run_test::{closure#0}
[INFO] [stdout]   16:     0x59a4f0344ea4 - std[617be2ca0a6fd877]::sys::backtrace::__rust_begin_short_backtrace::<test[aada8e7e76ba119b]::run_test::{closure#1}, ()>
[INFO] [stdout]   17:     0x59a4f034e642 - <std[617be2ca0a6fd877]::thread::lifecycle::spawn_unchecked<test[aada8e7e76ba119b]::run_test::{closure#1}, ()>::{closure#1} as core[a373ad73a504971]::ops::function::FnOnce<()>>::call_once::{shim:vtable#0}
[INFO] [stdout]   18:     0x59a4f03efadf - <std[617be2ca0a6fd877]::sys::thread::unix::Thread>::new::thread_start
[INFO] [stdout]   19:     0x71fc89a60dfa - <unknown>
[INFO] [stdout]   20:     0x71fc89af43d4 - clone
[INFO] [stdout]   21:                0x0 - <unknown>
[INFO] [stdout] 
[INFO] [stdout] ---- tests::resize_bilinear_u16_up stdout ----
[INFO] [stdout] 
[INFO] [stdout] thread 'tests::resize_bilinear_u16_up' (772) panicked at src/lib.rs:451:14:
[INFO] [stdout] called `Result::unwrap()` on an `Err` value: IoError(Os { code: 2, kind: NotFound, message: "No such file or directory" })
[INFO] [stdout] stack backtrace:
[INFO] [stdout]    0:     0x59a4f03f0281 - <<std[617be2ca0a6fd877]::sys::backtrace::BacktraceLock>::print::DisplayBacktrace as core[a373ad73a504971]::fmt::Display>::fmt
[INFO] [stdout]    1:     0x59a4f040513a - core[a373ad73a504971]::fmt::write
[INFO] [stdout]    2:     0x59a4f03f4a8c - <alloc[2e1b2a31b91974c5]::vec::Vec<u8> as core[a373ad73a504971]::io::write::Write>::write_fmt
[INFO] [stdout]    3:     0x59a4f03cb876 - std[617be2ca0a6fd877]::panicking::default_hook::{closure#0}
[INFO] [stdout]    4:     0x59a4f03e88f9 - std[617be2ca0a6fd877]::panicking::default_hook
[INFO] [stdout]    5:     0x59a4f034af90 - test[aada8e7e76ba119b]::test_main_inner::{closure#0}
[INFO] [stdout]    6:     0x59a4f03e8ab2 - std[617be2ca0a6fd877]::panicking::panic_with_hook
[INFO] [stdout]    7:     0x59a4f03cb922 - std[617be2ca0a6fd877]::panicking::panic_handler::{closure#0}
[INFO] [stdout]    8:     0x59a4f03c3f89 - std[617be2ca0a6fd877]::sys::backtrace::__rust_end_short_backtrace::<std[617be2ca0a6fd877]::panicking::panic_handler::{closure#0}, !>
[INFO] [stdout]    9:     0x59a4f03cc63d - __rustc[ea4f61d10b84890b]::rust_begin_unwind
[INFO] [stdout]   10:     0x59a4f040586c - core[a373ad73a504971]::panicking::panic_fmt
[INFO] [stdout]   11:     0x59a4f0405642 - core[a373ad73a504971]::result::unwrap_failed
[INFO] [stdout]   12:     0x59a4f03363dc - video_resize[ee27ca441821e610]::tests::get_u16_test_image
[INFO] [stdout]   13:     0x59a4f0338808 - <video_resize[ee27ca441821e610]::tests::resize_bilinear_u16_up::{closure#0} as core[a373ad73a504971]::ops::function::FnOnce<()>>::call_once
[INFO] [stdout]   14:     0x59a4f033e3db - test[aada8e7e76ba119b]::__rust_begin_short_backtrace::<core[a373ad73a504971]::result::Result<(), alloc[2e1b2a31b91974c5]::string::String>, fn() -> core[a373ad73a504971]::result::Result<(), alloc[2e1b2a31b91974c5]::string::String>>
[INFO] [stdout]   15:     0x59a4f034b5b5 - test[aada8e7e76ba119b]::run_test::{closure#0}
[INFO] [stdout]   16:     0x59a4f0344ea4 - std[617be2ca0a6fd877]::sys::backtrace::__rust_begin_short_backtrace::<test[aada8e7e76ba119b]::run_test::{closure#1}, ()>
[INFO] [stdout]   17:     0x59a4f034e642 - <std[617be2ca0a6fd877]::thread::lifecycle::spawn_unchecked<test[aada8e7e76ba119b]::run_test::{closure#1}, ()>::{closure#1} as core[a373ad73a504971]::ops::function::FnOnce<()>>::call_once::{shim:vtable#0}
[INFO] [stdout]   18:     0x59a4f03efadf - <std[617be2ca0a6fd877]::sys::thread::unix::Thread>::new::thread_start
[INFO] [stdout]   19:     0x71fc89a60dfa - <unknown>
[INFO] [stdout]   20:     0x71fc89af43d4 - clone
[INFO] [stdout]   21:                0x0 - <unknown>
[INFO] [stdout] 
[INFO] [stdout] ---- tests::resize_bilinear_u8_up stdout ----
[INFO] [stdout] 
[INFO] [stdout] thread 'tests::resize_bilinear_u8_up' (774) panicked at src/lib.rs:421:14:
[INFO] [stdout] called `Result::unwrap()` on an `Err` value: IoError(Os { code: 2, kind: NotFound, message: "No such file or directory" })
[INFO] [stdout] stack backtrace:
[INFO] [stdout]    0:     0x59a4f03f0281 - <<std[617be2ca0a6fd877]::sys::backtrace::BacktraceLock>::print::DisplayBacktrace as core[a373ad73a504971]::fmt::Display>::fmt
[INFO] [stdout]    1:     0x59a4f040513a - core[a373ad73a504971]::fmt::write
[INFO] [stdout]    2:     0x59a4f03f4a8c - <alloc[2e1b2a31b91974c5]::vec::Vec<u8> as core[a373ad73a504971]::io::write::Write>::write_fmt
[INFO] [stdout]    3:     0x59a4f03cb876 - std[617be2ca0a6fd877]::panicking::default_hook::{closure#0}
[INFO] [stdout]    4:     0x59a4f03e88f9 - std[617be2ca0a6fd877]::panicking::default_hook
[INFO] [stdout]    5:     0x59a4f034af90 - test[aada8e7e76ba119b]::test_main_inner::{closure#0}
[INFO] [stdout]    6:     0x59a4f03e8ab2 - std[617be2ca0a6fd877]::panicking::panic_with_hook
[INFO] [stdout]    7:     0x59a4f03cb922 - std[617be2ca0a6fd877]::panicking::panic_handler::{closure#0}
[INFO] [stdout]    8:     0x59a4f03c3f89 - std[617be2ca0a6fd877]::sys::backtrace::__rust_end_short_backtrace::<std[617be2ca0a6fd877]::panicking::panic_handler::{closure#0}, !>
[INFO] [stdout]    9:     0x59a4f03cc63d - __rustc[ea4f61d10b84890b]::rust_begin_unwind
[INFO] [stdout]   10:     0x59a4f040586c - core[a373ad73a504971]::panicking::panic_fmt
[INFO] [stdout]   11:     0x59a4f0405642 - core[a373ad73a504971]::result::unwrap_failed
[INFO] [stdout]   12:     0x59a4f0335ba6 - video_resize[ee27ca441821e610]::tests::get_u8_test_image
[INFO] [stdout]   13:     0x59a4f0338108 - <video_resize[ee27ca441821e610]::tests::resize_bilinear_u8_up::{closure#0} as core[a373ad73a504971]::ops::function::FnOnce<()>>::call_once
[INFO] [stdout]   14:     0x59a4f033e3db - test[aada8e7e76ba119b]::__rust_begin_short_backtrace::<core[a373ad73a504971]::result::Result<(), alloc[2e1b2a31b91974c5]::string::String>, fn() -> core[a373ad73a504971]::result::Result<(), alloc[2e1b2a31b91974c5]::string::String>>
[INFO] [stdout]   15:     0x59a4f034b5b5 - test[aada8e7e76ba119b]::run_test::{closure#0}
[INFO] [stdout]   16:     0x59a4f0344ea4 - std[617be2ca0a6fd877]::sys::backtrace::__rust_begin_short_backtrace::<test[aada8e7e76ba119b]::run_test::{closure#1}, ()>
[INFO] [stdout]   17:     0x59a4f034e642 - <std[617be2ca0a6fd877]::thread::lifecycle::spawn_unchecked<test[aada8e7e76ba119b]::run_test::{closure#1}, ()>::{closure#1} as core[a373ad73a504971]::ops::function::FnOnce<()>>::call_once::{shim:vtable#0}
[INFO] [stdout]   18:     0x59a4f03efadf - <std[617be2ca0a6fd877]::sys::thread::unix::Thread>::new::thread_start
[INFO] [stdout]   19:     0x71fc89a60dfa - <unknown>
[INFO] [stdout]   20:     0x71fc89af43d4 - clone
[INFO] [stdout]   21:                0x0 - <unknown>
[INFO] [stdout] 
[INFO] [stdout] ---- tests::resize_bilinear_u8_down stdout ----
[INFO] [stdout] 
[INFO] [stdout] thread 'tests::resize_bilinear_u8_down' (773) panicked at src/lib.rs:421:14:
[INFO] [stdout] called `Result::unwrap()` on an `Err` value: IoError(Os { code: 2, kind: NotFound, message: "No such file or directory" })
[INFO] [stdout] stack backtrace:
[INFO] [stdout]    0:     0x59a4f03f0281 - <<std[617be2ca0a6fd877]::sys::backtrace::BacktraceLock>::print::DisplayBacktrace as core[a373ad73a504971]::fmt::Display>::fmt
[INFO] [stdout]    1:     0x59a4f040513a - core[a373ad73a504971]::fmt::write
[INFO] [stdout]    2:     0x59a4f03f4a8c - <alloc[2e1b2a31b91974c5]::vec::Vec<u8> as core[a373ad73a504971]::io::write::Write>::write_fmt
[INFO] [stdout]    3:     0x59a4f03cb876 - std[617be2ca0a6fd877]::panicking::default_hook::{closure#0}
[INFO] [stdout]    4:     0x59a4f03e88f9 - std[617be2ca0a6fd877]::panicking::default_hook
[INFO] [stdout]    5:     0x59a4f034af90 - test[aada8e7e76ba119b]::test_main_inner::{closure#0}
[INFO] [stdout]    6:     0x59a4f03e8ab2 - std[617be2ca0a6fd877]::panicking::panic_with_hook
[INFO] [stdout]    7:     0x59a4f03cb922 - std[617be2ca0a6fd877]::panicking::panic_handler::{closure#0}
[INFO] [stdout]    8:     0x59a4f03c3f89 - std[617be2ca0a6fd877]::sys::backtrace::__rust_end_short_backtrace::<std[617be2ca0a6fd877]::panicking::panic_handler::{closure#0}, !>
[INFO] [stdout]    9:     0x59a4f03cc63d - __rustc[ea4f61d10b84890b]::rust_begin_unwind
[INFO] [stdout]   10:     0x59a4f040586c - core[a373ad73a504971]::panicking::panic_fmt
[INFO] [stdout]   11:     0x59a4f0405642 - core[a373ad73a504971]::result::unwrap_failed
[INFO] [stdout]   12:     0x59a4f0335ba6 - video_resize[ee27ca441821e610]::tests::get_u8_test_image
[INFO] [stdout]   13:     0x59a4f0338db8 - <video_resize[ee27ca441821e610]::tests::resize_bilinear_u8_down::{closure#0} as core[a373ad73a504971]::ops::function::FnOnce<()>>::call_once
[INFO] [stdout]   14:     0x59a4f033e3db - test[aada8e7e76ba119b]::__rust_begin_short_backtrace::<core[a373ad73a504971]::result::Result<(), alloc[2e1b2a31b91974c5]::string::String>, fn() -> core[a373ad73a504971]::result::Result<(), alloc[2e1b2a31b91974c5]::string::String>>
[INFO] [stdout]   15:     0x59a4f034b5b5 - test[aada8e7e76ba119b]::run_test::{closure#0}
[INFO] [stdout]   16:     0x59a4f0344ea4 - std[617be2ca0a6fd877]::sys::backtrace::__rust_begin_short_backtrace::<test[aada8e7e76ba119b]::run_test::{closure#1}, ()>
[INFO] [stdout]   17:     0x59a4f034e642 - <std[617be2ca0a6fd877]::thread::lifecycle::spawn_unchecked<test[aada8e7e76ba119b]::run_test::{closure#1}, ()>::{closure#1} as core[a373ad73a504971]::ops::function::FnOnce<()>>::call_once::{shim:vtable#0}
[INFO] [stdout]   18:     0x59a4f03efadf - <std[617be2ca0a6fd877]::sys::thread::unix::Thread>::new::thread_start
[INFO] [stdout]   19:     0x71fc89a60dfa - <unknown>
[INFO] [stdout]   20:     0x71fc89af43d4 - clone
[INFO] [stdout]   21:                0x0 - <unknown>
[INFO] [stdout] 
[INFO] [stdout] ---- tests::resize_lanczos_u8_up stdout ----
[INFO] [stdout] 
[INFO] [stdout] thread 'tests::resize_lanczos_u8_up' (778) panicked at src/lib.rs:421:14:
[INFO] [stdout] called `Result::unwrap()` on an `Err` value: IoError(Os { code: 2, kind: NotFound, message: "No such file or directory" })
[INFO] [stdout] stack backtrace:
[INFO] [stdout]    0:     0x59a4f03f0281 - <<std[617be2ca0a6fd877]::sys::backtrace::BacktraceLock>::print::DisplayBacktrace as core[a373ad73a504971]::fmt::Display>::fmt
[INFO] [stdout]    1:     0x59a4f040513a - core[a373ad73a504971]::fmt::write
[INFO] [stdout]    2:     0x59a4f03f4a8c - <alloc[2e1b2a31b91974c5]::vec::Vec<u8> as core[a373ad73a504971]::io::write::Write>::write_fmt
[INFO] [stdout]    3:     0x59a4f03cb876 - std[617be2ca0a6fd877]::panicking::default_hook::{closure#0}
[INFO] [stdout]    4:     0x59a4f03e88f9 - std[617be2ca0a6fd877]::panicking::default_hook
[INFO] [stdout]    5:     0x59a4f034af90 - test[aada8e7e76ba119b]::test_main_inner::{closure#0}
[INFO] [stdout]    6:     0x59a4f03e8ab2 - std[617be2ca0a6fd877]::panicking::panic_with_hook
[INFO] [stdout]    7:     0x59a4f03cb922 - std[617be2ca0a6fd877]::panicking::panic_handler::{closure#0}
[INFO] [stdout]    8:     0x59a4f03c3f89 - std[617be2ca0a6fd877]::sys::backtrace::__rust_end_short_backtrace::<std[617be2ca0a6fd877]::panicking::panic_handler::{closure#0}, !>
[INFO] [stdout]    9:     0x59a4f03cc63d - __rustc[ea4f61d10b84890b]::rust_begin_unwind
[INFO] [stdout]   10:     0x59a4f040586c - core[a373ad73a504971]::panicking::panic_fmt
[INFO] [stdout]   11:     0x59a4f0405642 - core[a373ad73a504971]::result::unwrap_failed
[INFO] [stdout]   12:     0x59a4f0335ba6 - video_resize[ee27ca441821e610]::tests::get_u8_test_image
[INFO] [stdout]   13:     0x59a4f0337cd8 - <video_resize[ee27ca441821e610]::tests::resize_lanczos_u8_up::{closure#0} as core[a373ad73a504971]::ops::function::FnOnce<()>>::call_once
[INFO] [stdout]   14:     0x59a4f033e3db - test[aada8e7e76ba119b]::__rust_begin_short_backtrace::<core[a373ad73a504971]::result::Result<(), alloc[2e1b2a31b91974c5]::string::String>, fn() -> core[a373ad73a504971]::result::Result<(), alloc[2e1b2a31b91974c5]::string::String>>
[INFO] [stdout]   15:     0x59a4f034b5b5 - test[aada8e7e76ba119b]::run_test::{closure#0}
[INFO] [stdout]   16:     0x59a4f0344ea4 - std[617be2ca0a6fd877]::sys::backtrace::__rust_begin_short_backtrace::<test[aada8e7e76ba119b]::run_test::{closure#1}, ()>
[INFO] [stdout]   17:     0x59a4f034e642 - <std[617be2ca0a6fd877]::thread::lifecycle::spawn_unchecked<test[aada8e7e76ba119b]::run_test::{closure#1}, ()>::{closure#1} as core[a373ad73a504971]::ops::function::FnOnce<()>>::call_once::{shim:vtable#0}
[INFO] [stdout]   18:     0x59a4f03efadf - <std[617be2ca0a6fd877]::sys::thread::unix::Thread>::new::thread_start
[INFO] [stdout]   19:     0x71fc89a60dfa - <unknown>
[INFO] [stdout]   20:     0x71fc89af43d4 - clone
[INFO] [stdout]   21:                0x0 - <unknown>
[INFO] [stdout] 
[INFO] [stdout] ---- tests::resize_bicubic_u16_down stdout ----
[INFO] [stdout] 
[INFO] [stdout] thread 'tests::resize_bicubic_u16_down' (767) panicked at src/lib.rs:451:14:
[INFO] [stdout] called `Result::unwrap()` on an `Err` value: IoError(Os { code: 2, kind: NotFound, message: "No such file or directory" })
[INFO] [stdout] stack backtrace:
[INFO] [stdout]    0:     0x59a4f03f0281 - <<std[617be2ca0a6fd877]::sys::backtrace::BacktraceLock>::print::DisplayBacktrace as core[a373ad73a504971]::fmt::Display>::fmt
[INFO] [stdout]    1:     0x59a4f040513a - core[a373ad73a504971]::fmt::write
[INFO] [stdout]    2:     0x59a4f03f4a8c - <alloc[2e1b2a31b91974c5]::vec::Vec<u8> as core[a373ad73a504971]::io::write::Write>::write_fmt
[INFO] [stdout]    3:     0x59a4f03cb876 - std[617be2ca0a6fd877]::panicking::default_hook::{closure#0}
[INFO] [stdout]    4:     0x59a4f03e88f9 - std[617be2ca0a6fd877]::panicking::default_hook
[INFO] [stdout]    5:     0x59a4f034af90 - test[aada8e7e76ba119b]::test_main_inner::{closure#0}
[INFO] [stdout]    6:     0x59a4f03e8ab2 - std[617be2ca0a6fd877]::panicking::panic_with_hook
[INFO] [stdout]    7:     0x59a4f03cb922 - std[617be2ca0a6fd877]::panicking::panic_handler::{closure#0}
[INFO] [stdout]    8:     0x59a4f03c3f89 - std[617be2ca0a6fd877]::sys::backtrace::__rust_end_short_backtrace::<std[617be2ca0a6fd877]::panicking::panic_handler::{closure#0}, !>
[INFO] [stdout]    9:     0x59a4f03cc63d - __rustc[ea4f61d10b84890b]::rust_begin_unwind
[INFO] [stdout]   10:     0x59a4f040586c - core[a373ad73a504971]::panicking::panic_fmt
[INFO] [stdout]   11:     0x59a4f0405642 - core[a373ad73a504971]::result::unwrap_failed
[INFO] [stdout]   12:     0x59a4f03363dc - video_resize[ee27ca441821e610]::tests::get_u16_test_image
[INFO] [stdout]   13:     0x59a4f0338c48 - <video_resize[ee27ca441821e610]::tests::resize_bicubic_u16_down::{closure#0} as core[a373ad73a504971]::ops::function::FnOnce<()>>::call_once
[INFO] [stdout]   14:     0x59a4f033e3db - test[aada8e7e76ba119b]::__rust_begin_short_backtrace::<core[a373ad73a504971]::result::Result<(), alloc[2e1b2a31b91974c5]::string::String>, fn() -> core[a373ad73a504971]::result::Result<(), alloc[2e1b2a31b91974c5]::string::String>>
[INFO] [stdout]   15:     0x59a4f034b5b5 - test[aada8e7e76ba119b]::run_test::{closure#0}
[INFO] [stdout]   16:     0x59a4f0344ea4 - std[617be2ca0a6fd877]::sys::backtrace::__rust_begin_short_backtrace::<test[aada8e7e76ba119b]::run_test::{closure#1}, ()>
[INFO] [stdout]   17:     0x59a4f034e642 - <std[617be2ca0a6fd877]::thread::lifecycle::spawn_unchecked<test[aada8e7e76ba119b]::run_test::{closure#1}, ()>::{closure#1} as core[a373ad73a504971]::ops::function::FnOnce<()>>::call_once::{shim:vtable#0}
[INFO] [stdout]   18:     0x59a4f03efadf - <std[617be2ca0a6fd877]::sys::thread::unix::Thread>::new::thread_start
[INFO] [stdout]   19:     0x71fc89a60dfa - <unknown>
[INFO] [stdout]   20:     0x71fc89af43d4 - clone
[INFO] [stdout]   21:                0x0 - <unknown>
[INFO] [stdout] 
[INFO] [stdout] ---- tests::resize_bicubic_u8_down stdout ----
[INFO] [stdout] 
[INFO] [stdout] thread 'tests::resize_bicubic_u8_down' (769) panicked at src/lib.rs:421:14:
[INFO] [stdout] called `Result::unwrap()` on an `Err` value: IoError(Os { code: 2, kind: NotFound, message: "No such file or directory" })
[INFO] [stdout] stack backtrace:
[INFO] [stdout]    0:     0x59a4f03f0281 - <<std[617be2ca0a6fd877]::sys::backtrace::BacktraceLock>::print::DisplayBacktrace as core[a373ad73a504971]::fmt::Display>::fmt
[INFO] [stdout]    1:     0x59a4f040513a - core[a373ad73a504971]::fmt::write
[INFO] [stdout]    2:     0x59a4f03f4a8c - <alloc[2e1b2a31b91974c5]::vec::Vec<u8> as core[a373ad73a504971]::io::write::Write>::write_fmt
[INFO] [stdout]    3:     0x59a4f03cb876 - std[617be2ca0a6fd877]::panicking::default_hook::{closure#0}
[INFO] [stdout]    4:     0x59a4f03e88f9 - std[617be2ca0a6fd877]::panicking::default_hook
[INFO] [stdout]    5:     0x59a4f034af90 - test[aada8e7e76ba119b]::test_main_inner::{closure#0}
[INFO] [stdout]    6:     0x59a4f03e8ab2 - std[617be2ca0a6fd877]::panicking::panic_with_hook
[INFO] [stdout]    7:     0x59a4f03cb922 - std[617be2ca0a6fd877]::panicking::panic_handler::{closure#0}
[INFO] [stdout]    8:     0x59a4f03c3f89 - std[617be2ca0a6fd877]::sys::backtrace::__rust_end_short_backtrace::<std[617be2ca0a6fd877]::panicking::panic_handler::{closure#0}, !>
[INFO] [stdout]    9:     0x59a4f03cc63d - __rustc[ea4f61d10b84890b]::rust_begin_unwind
[INFO] [stdout]   10:     0x59a4f040586c - core[a373ad73a504971]::panicking::panic_fmt
[INFO] [stdout]   11:     0x59a4f0405642 - core[a373ad73a504971]::result::unwrap_failed
[INFO] [stdout]   12:     0x59a4f0335ba6 - video_resize[ee27ca441821e610]::tests::get_u8_test_image
[INFO] [stdout]   13:     0x59a4f03386a8 - <video_resize[ee27ca441821e610]::tests::resize_bicubic_u8_down::{closure#0} as core[a373ad73a504971]::ops::function::FnOnce<()>>::call_once
[INFO] [stdout]   14:     0x59a4f033e3db - test[aada8e7e76ba119b]::__rust_begin_short_backtrace::<core[a373ad73a504971]::result::Result<(), alloc[2e1b2a31b91974c5]::string::String>, fn() -> core[a373ad73a504971]::result::Result<(), alloc[2e1b2a31b91974c5]::string::String>>
[INFO] [stdout]   15:     0x59a4f034b5b5 - test[aada8e7e76ba119b]::run_test::{closure#0}
[INFO] [stdout]   16:     0x59a4f0344ea4 - std[617be2ca0a6fd877]::sys::backtrace::__rust_begin_short_backtrace::<test[aada8e7e76ba119b]::run_test::{closure#1}, ()>
[INFO] [stdout]   17:     0x59a4f034e642 - <std[617be2ca0a6fd877]::thread::lifecycle::spawn_unchecked<test[aada8e7e76ba119b]::run_test::{closure#1}, ()>::{closure#1} as core[a373ad73a504971]::ops::function::FnOnce<()>>::call_once::{shim:vtable#0}
[INFO] [stdout]   18:     0x59a4f03efadf - <std[617be2ca0a6fd877]::sys::thread::unix::Thread>::new::thread_start
[INFO] [stdout]   19:     0x71fc89a60dfa - <unknown>
[INFO] [stdout]   20:     0x71fc89af43d4 - clone
[INFO] [stdout]   21:                0x0 - <unknown>
[INFO] [stdout] 
[INFO] [stdout] ---- tests::resize_lanczos_u16_down stdout ----
[INFO] [stdout] 
[INFO] [stdout] thread 'tests::resize_lanczos_u16_down' (775) panicked at src/lib.rs:451:14:
[INFO] [stdout] called `Result::unwrap()` on an `Err` value: IoError(Os { code: 2, kind: NotFound, message: "No such file or directory" })
[INFO] [stdout] stack backtrace:
[INFO] [stdout]    0:     0x59a4f03f0281 - <<std[617be2ca0a6fd877]::sys::backtrace::BacktraceLock>::print::DisplayBacktrace as core[a373ad73a504971]::fmt::Display>::fmt
[INFO] [stdout]    1:     0x59a4f040513a - core[a373ad73a504971]::fmt::write
[INFO] [stdout]    2:     0x59a4f03f4a8c - <alloc[2e1b2a31b91974c5]::vec::Vec<u8> as core[a373ad73a504971]::io::write::Write>::write_fmt
[INFO] [stdout]    3:     0x59a4f03cb876 - std[617be2ca0a6fd877]::panicking::default_hook::{closure#0}
[INFO] [stdout]    4:     0x59a4f03e88f9 - std[617be2ca0a6fd877]::panicking::default_hook
[INFO] [stdout]    5:     0x59a4f034af90 - test[aada8e7e76ba119b]::test_main_inner::{closure#0}
[INFO] [stdout]    6:     0x59a4f03e8ab2 - std[617be2ca0a6fd877]::panicking::panic_with_hook
[INFO] [stdout]    7:     0x59a4f03cb922 - std[617be2ca0a6fd877]::panicking::panic_handler::{closure#0}
[INFO] [stdout]    8:     0x59a4f03c3f89 - std[617be2ca0a6fd877]::sys::backtrace::__rust_end_short_backtrace::<std[617be2ca0a6fd877]::panicking::panic_handler::{closure#0}, !>
[INFO] [stdout]    9:     0x59a4f03cc63d - __rustc[ea4f61d10b84890b]::rust_begin_unwind
[INFO] [stdout]   10:     0x59a4f040586c - core[a373ad73a504971]::panicking::panic_fmt
[INFO] [stdout]   11:     0x59a4f0405642 - core[a373ad73a504971]::result::unwrap_failed
[INFO] [stdout]   12:     0x59a4f03363dc - video_resize[ee27ca441821e610]::tests::get_u16_test_image
[INFO] [stdout]   13:     0x59a4f0338f18 - <video_resize[ee27ca441821e610]::tests::resize_lanczos_u16_down::{closure#0} as core[a373ad73a504971]::ops::function::FnOnce<()>>::call_once
[INFO] [stdout]   14:     0x59a4f033e3db - test[aada8e7e76ba119b]::__rust_begin_short_backtrace::<core[a373ad73a504971]::result::Result<(), alloc[2e1b2a31b91974c5]::string::String>, fn() -> core[a373ad73a504971]::result::Result<(), alloc[2e1b2a31b91974c5]::string::String>>
[INFO] [stdout]   15:     0x59a4f034b5b5 - test[aada8e7e76ba119b]::run_test::{closure#0}
[INFO] [stdout]   16:     0x59a4f0344ea4 - std[617be2ca0a6fd877]::sys::backtrace::__rust_begin_short_backtrace::<test[aada8e7e76ba119b]::run_test::{closure#1}, ()>
[INFO] [stdout]   17:     0x59a4f034e642 - <std[617be2ca0a6fd877]::thread::lifecycle::spawn_unchecked<test[aada8e7e76ba119b]::run_test::{closure#1}, ()>::{closure#1} as core[a373ad73a504971]::ops::function::FnOnce<()>>::call_once::{shim:vtable#0}
[INFO] [stdout]   18:     0x59a4f03efadf - <std[617be2ca0a6fd877]::sys::thread::unix::Thread>::new::thread_start
[INFO] [stdout]   19:     0x71fc89a60dfa - <unknown>
[INFO] [stdout]   20:     0x71fc89af43d4 - clone
[INFO] [stdout]   21:                0x0 - <unknown>
[INFO] [stdout] 
[INFO] [stdout] ---- tests::resize_lanczos_u16_up stdout ----
[INFO] [stdout] 
[INFO] [stdout] thread 'tests::resize_lanczos_u16_up' (776) panicked at src/lib.rs:451:14:
[INFO] [stdout] called `Result::unwrap()` on an `Err` value: IoError(Os { code: 2, kind: NotFound, message: "No such file or directory" })
[INFO] [stdout] stack backtrace:
[INFO] [stdout]    0:     0x59a4f03f0281 - <<std[617be2ca0a6fd877]::sys::backtrace::BacktraceLock>::print::DisplayBacktrace as core[a373ad73a504971]::fmt::Display>::fmt
[INFO] [stdout]    1:     0x59a4f040513a - core[a373ad73a504971]::fmt::write
[INFO] [stdout]    2:     0x59a4f03f4a8c - <alloc[2e1b2a31b91974c5]::vec::Vec<u8> as core[a373ad73a504971]::io::write::Write>::write_fmt
[INFO] [stdout]    3:     0x59a4f03cb876 - std[617be2ca0a6fd877]::panicking::default_hook::{closure#0}
[INFO] [stdout]    4:     0x59a4f03e88f9 - std[617be2ca0a6fd877]::panicking::default_hook
[INFO] [stdout]    5:     0x59a4f034af90 - test[aada8e7e76ba119b]::test_main_inner::{closure#0}
[INFO] [stdout]    6:     0x59a4f03e8ab2 - std[617be2ca0a6fd877]::panicking::panic_with_hook
[INFO] [stdout]    7:     0x59a4f03cb922 - std[617be2ca0a6fd877]::panicking::panic_handler::{closure#0}
[INFO] [stdout]    8:     0x59a4f03c3f89 - std[617be2ca0a6fd877]::sys::backtrace::__rust_end_short_backtrace::<std[617be2ca0a6fd877]::panicking::panic_handler::{closure#0}, !>
[INFO] [stdout]    9:     0x59a4f03cc63d - __rustc[ea4f61d10b84890b]::rust_begin_unwind
[INFO] [stdout]   10:     0x59a4f040586c - core[a373ad73a504971]::panicking::panic_fmt
[INFO] [stdout]   11:     0x59a4f0405642 - core[a373ad73a504971]::result::unwrap_failed
[INFO] [stdout]   12:     0x59a4f03363dc - video_resize[ee27ca441821e610]::tests::get_u16_test_image
[INFO] [stdout]   13:     0x59a4f0338268 - <video_resize[ee27ca441821e610]::tests::resize_lanczos_u16_up::{closure#0} as core[a373ad73a504971]::ops::function::FnOnce<()>>::call_once
[INFO] [stdout]   14:     0x59a4f033e3db - test[aada8e7e76ba119b]::__rust_begin_short_backtrace::<core[a373ad73a504971]::result::Result<(), alloc[2e1b2a31b91974c5]::string::String>, fn() -> core[a373ad73a504971]::result::Result<(), alloc[2e1b2a31b91974c5]::string::String>>
[INFO] [stdout]   15:     0x59a4f034b5b5 - test[aada8e7e76ba119b]::run_test::{closure#0}
[INFO] [stdout]   16:     0x59a4f0344ea4 - std[617be2ca0a6fd877]::sys::backtrace::__rust_begin_short_backtrace::<test[aada8e7e76ba119b]::run_test::{closure#1}, ()>
[INFO] [stdout]   17:     0x59a4f034e642 - <std[617be2ca0a6fd877]::thread::lifecycle::spawn_unchecked<test[aada8e7e76ba119b]::run_test::{closure#1}, ()>::{closure#1} as core[a373ad73a504971]::ops::function::FnOnce<()>>::call_once::{shim:vtable#0}
[INFO] [stdout]   18:     0x59a4f03efadf - <std[617be2ca0a6fd877]::sys::thread::unix::Thread>::new::thread_start
[INFO] [stdout]   19:     0x71fc89a60dfa - <unknown>
[INFO] [stdout]   20:     0x71fc89af43d4 - clone
[INFO] [stdout]   21:                0x0 - <unknown>
[INFO] [stdout] 
[INFO] [stdout] ---- tests::crop_u16 stdout ----
[INFO] [stdout] 
[INFO] [stdout] thread 'tests::crop_u16' (765) panicked at src/lib.rs:451:14:
[INFO] [stdout] called `Result::unwrap()` on an `Err` value: IoError(Os { code: 2, kind: NotFound, message: "No such file or directory" })
[INFO] [stdout] stack backtrace:
[INFO] [stdout]    0:     0x59a4f03f0281 - <<std[617be2ca0a6fd877]::sys::backtrace::BacktraceLock>::print::DisplayBacktrace as core[a373ad73a504971]::fmt::Display>::fmt
[INFO] [stdout]    1:     0x59a4f040513a - core[a373ad73a504971]::fmt::write
[INFO] [stdout]    2:     0x59a4f03f4a8c - <alloc[2e1b2a31b91974c5]::vec::Vec<u8> as core[a373ad73a504971]::io::write::Write>::write_fmt
[INFO] [stdout]    3:     0x59a4f03cb876 - std[617be2ca0a6fd877]::panicking::default_hook::{closure#0}
[INFO] [stdout]    4:     0x59a4f03e88f9 - std[617be2ca0a6fd877]::panicking::default_hook
[INFO] [stdout]    5:     0x59a4f034af90 - test[aada8e7e76ba119b]::test_main_inner::{closure#0}
[INFO] [stdout]    6:     0x59a4f03e8ab2 - std[617be2ca0a6fd877]::panicking::panic_with_hook
[INFO] [stdout]    7:     0x59a4f03cb922 - std[617be2ca0a6fd877]::panicking::panic_handler::{closure#0}
[INFO] [stdout]    8:     0x59a4f03c3f89 - std[617be2ca0a6fd877]::sys::backtrace::__rust_end_short_backtrace::<std[617be2ca0a6fd877]::panicking::panic_handler::{closure#0}, !>
[INFO] [stdout]    9:     0x59a4f03cc63d - __rustc[ea4f61d10b84890b]::rust_begin_unwind
[INFO] [stdout]   10:     0x59a4f040586c - core[a373ad73a504971]::panicking::panic_fmt
[INFO] [stdout]   11:     0x59a4f0405642 - core[a373ad73a504971]::result::unwrap_failed
[INFO] [stdout]   12:     0x59a4f03363dc - video_resize[ee27ca441821e610]::tests::get_u16_test_image
[INFO] [stdout]   13:     0x59a4f033964d - <video_resize[ee27ca441821e610]::tests::crop_u16::{closure#0} as core[a373ad73a504971]::ops::function::FnOnce<()>>::call_once
[INFO] [stdout]   14:     0x59a4f033e3db - test[aada8e7e76ba119b]::__rust_begin_short_backtrace::<core[a373ad73a504971]::result::Result<(), alloc[2e1b2a31b91974c5]::string::String>, fn() -> core[a373ad73a504971]::result::Result<(), alloc[2e1b2a31b91974c5]::string::String>>
[INFO] [stdout]   15:     0x59a4f034b5b5 - test[aada8e7e76ba119b]::run_test::{closure#0}
[INFO] [stdout]   16:     0x59a4f0344ea4 - std[617be2ca0a6fd877]::sys::backtrace::__rust_begin_short_backtrace::<test[aada8e7e76ba119b]::run_test::{closure#1}, ()>
[INFO] [stdout]   17:     0x59a4f034e642 - <std[617be2ca0a6fd877]::thread::lifecycle::spawn_unchecked<test[aada8e7e76ba119b]::run_test::{closure#1}, ()>::{closure#1} as core[a373ad73a504971]::ops::function::FnOnce<()>>::call_once::{shim:vtable#0}
[INFO] [stdout]   18:     0x59a4f03efadf - <std[617be2ca0a6fd877]::sys::thread::unix::Thread>::new::thread_start
[INFO] [stdout]   19:     0x71fc89a60dfa - <unknown>
[INFO] [stdout]   20:     0x71fc89af43d4 - clone
[INFO] [stdout]   21:                0x0 - <unknown>
[INFO] [stdout] 
[INFO] [stdout] ---- tests::resize_spline64_u16_down stdout ----
[INFO] [stdout] 
[INFO] [stdout] thread 'tests::resize_spline64_u16_down' (783) panicked at src/lib.rs:451:14:
[INFO] [stdout] called `Result::unwrap()` on an `Err` value: IoError(Os { code: 2, kind: NotFound, message: "No such file or directory" })
[INFO] [stdout] stack backtrace:
[INFO] [stdout]    0:     0x59a4f03f0281 - <<std[617be2ca0a6fd877]::sys::backtrace::BacktraceLock>::print::DisplayBacktrace as core[a373ad73a504971]::fmt::Display>::fmt
[INFO] [stdout]    1:     0x59a4f040513a - core[a373ad73a504971]::fmt::write
[INFO] [stdout]    2:     0x59a4f03f4a8c - <alloc[2e1b2a31b91974c5]::vec::Vec<u8> as core[a373ad73a504971]::io::write::Write>::write_fmt
[INFO] [stdout]    3:     0x59a4f03cb876 - std[617be2ca0a6fd877]::panicking::default_hook::{closure#0}
[INFO] [stdout]    4:     0x59a4f03e88f9 - std[617be2ca0a6fd877]::panicking::default_hook
[INFO] [stdout]    5:     0x59a4f034af90 - test[aada8e7e76ba119b]::test_main_inner::{closure#0}
[INFO] [stdout]    6:     0x59a4f03e8ab2 - std[617be2ca0a6fd877]::panicking::panic_with_hook
[INFO] [stdout]    7:     0x59a4f03cb922 - std[617be2ca0a6fd877]::panicking::panic_handler::{closure#0}
[INFO] [stdout]    8:     0x59a4f03c3f89 - std[617be2ca0a6fd877]::sys::backtrace::__rust_end_short_backtrace::<std[617be2ca0a6fd877]::panicking::panic_handler::{closure#0}, !>
[INFO] [stdout]    9:     0x59a4f03cc63d - __rustc[ea4f61d10b84890b]::rust_begin_unwind
[INFO] [stdout]   10:     0x59a4f040586c - core[a373ad73a504971]::panicking::panic_fmt
[INFO] [stdout]   11:     0x59a4f0405642 - core[a373ad73a504971]::result::unwrap_failed
[INFO] [stdout]   12:     0x59a4f03363dc - video_resize[ee27ca441821e610]::tests::get_u16_test_image
[INFO] [stdout]   13:     0x59a4f0339358 - <video_resize[ee27ca441821e610]::tests::resize_spline64_u16_down::{closure#0} as core[a373ad73a504971]::ops::function::FnOnce<()>>::call_once
[INFO] [stdout]   14:     0x59a4f033e3db - test[aada8e7e76ba119b]::__rust_begin_short_backtrace::<core[a373ad73a504971]::result::Result<(), alloc[2e1b2a31b91974c5]::string::String>, fn() -> core[a373ad73a504971]::result::Result<(), alloc[2e1b2a31b91974c5]::string::String>>
[INFO] [stdout]   15:     0x59a4f034b5b5 - test[aada8e7e76ba119b]::run_test::{closure#0}
[INFO] [stdout]   16:     0x59a4f0344ea4 - std[617be2ca0a6fd877]::sys::backtrace::__rust_begin_short_backtrace::<test[aada8e7e76ba119b]::run_test::{closure#1}, ()>
[INFO] [stdout]   17:     0x59a4f034e642 - <std[617be2ca0a6fd877]::thread::lifecycle::spawn_unchecked<test[aada8e7e76ba119b]::run_test::{closure#1}, ()>::{closure#1} as core[a373ad73a504971]::ops::function::FnOnce<()>>::call_once::{shim:vtable#0}
[INFO] [stdout]   18:     0x59a4f03efadf - <std[617be2ca0a6fd877]::sys::thread::unix::Thread>::new::thread_start
[INFO] [stdout]   19:     0x71fc89a60dfa - <unknown>
[INFO] [stdout]   20:     0x71fc89af43d4 - clone
[INFO] [stdout]   21:                0x0 - <unknown>
[INFO] [stdout] 
[INFO] [stdout] ---- tests::resize_spline64_u8_down stdout ----
[INFO] [stdout] 
[INFO] [stdout] thread 'tests::resize_spline64_u8_down' (785) panicked at src/lib.rs:421:14:
[INFO] [stdout] called `Result::unwrap()` on an `Err` value: IoError(Os { code: 2, kind: NotFound, message: "No such file or directory" })
[INFO] [stdout] stack backtrace:
[INFO] [stdout]    0:     0x59a4f03f0281 - <<std[617be2ca0a6fd877]::sys::backtrace::BacktraceLock>::print::DisplayBacktrace as core[a373ad73a504971]::fmt::Display>::fmt
[INFO] [stdout]    1:     0x59a4f040513a - core[a373ad73a504971]::fmt::write
[INFO] [stdout]    2:     0x59a4f03f4a8c - <alloc[2e1b2a31b91974c5]::vec::Vec<u8> as core[a373ad73a504971]::io::write::Write>::write_fmt
[INFO] [stdout]    3:     0x59a4f03cb876 - std[617be2ca0a6fd877]::panicking::default_hook::{closure#0}
[INFO] [stdout]    4:     0x59a4f03e88f9 - std[617be2ca0a6fd877]::panicking::default_hook
[INFO] [stdout]    5:     0x59a4f034af90 - test[aada8e7e76ba119b]::test_main_inner::{closure#0}
[INFO] [stdout]    6:     0x59a4f03e8ab2 - std[617be2ca0a6fd877]::panicking::panic_with_hook
[INFO] [stdout]    7:     0x59a4f03cb922 - std[617be2ca0a6fd877]::panicking::panic_handler::{closure#0}
[INFO] [stdout]    8:     0x59a4f03c3f89 - std[617be2ca0a6fd877]::sys::backtrace::__rust_end_short_backtrace::<std[617be2ca0a6fd877]::panicking::panic_handler::{closure#0}, !>
[INFO] [stdout]    9:     0x59a4f03cc63d - __rustc[ea4f61d10b84890b]::rust_begin_unwind
[INFO] [stdout]   10:     0x59a4f040586c - core[a373ad73a504971]::panicking::panic_fmt
[INFO] [stdout]   11:     0x59a4f0405642 - core[a373ad73a504971]::result::unwrap_failed
[INFO] [stdout]   12:     0x59a4f0335ba6 - video_resize[ee27ca441821e610]::tests::get_u8_test_image
[INFO] [stdout]   13:     0x59a4f0339088 - <video_resize[ee27ca441821e610]::tests::resize_spline64_u8_down::{closure#0} as core[a373ad73a504971]::ops::function::FnOnce<()>>::call_once
[INFO] [stdout]   14:     0x59a4f033e3db - test[aada8e7e76ba119b]::__rust_begin_short_backtrace::<core[a373ad73a504971]::result::Result<(), alloc[2e1b2a31b91974c5]::string::String>, fn() -> core[a373ad73a504971]::result::Result<(), alloc[2e1b2a31b91974c5]::string::String>>
[INFO] [stdout]   15:     0x59a4f034b5b5 - test[aada8e7e76ba119b]::run_test::{closure#0}
[INFO] [stdout]   16:     0x59a4f0344ea4 - std[617be2ca0a6fd877]::sys::backtrace::__rust_begin_short_backtrace::<test[aada8e7e76ba119b]::run_test::{closure#1}, ()>
[INFO] [stdout]   17:     0x59a4f034e642 - <std[617be2ca0a6fd877]::thread::lifecycle::spawn_unchecked<test[aada8e7e76ba119b]::run_test::{closure#1}, ()>::{closure#1} as core[a373ad73a504971]::ops::function::FnOnce<()>>::call_once::{shim:vtable#0}
[INFO] [stdout]   18:     0x59a4f03efadf - <std[617be2ca0a6fd877]::sys::thread::unix::Thread>::new::thread_start
[INFO] [stdout]   19:     0x71fc89a60dfa - <unknown>
[INFO] [stdout]   20:     0x71fc89af43d4 - clone
[INFO] [stdout]   21:                0x0 - <unknown>
[INFO] [stdout] 
[INFO] [stdout] ---- tests::resize_point_u8_up stdout ----
[INFO] [stdout] 
[INFO] [stdout] thread 'tests::resize_point_u8_up' (782) panicked at src/lib.rs:421:14:
[INFO] [stdout] called `Result::unwrap()` on an `Err` value: IoError(Os { code: 2, kind: NotFound, message: "No such file or directory" })
[INFO] [stdout] stack backtrace:
[INFO] [stdout]    0:     0x59a4f03f0281 - <<std[617be2ca0a6fd877]::sys::backtrace::BacktraceLock>::print::DisplayBacktrace as core[a373ad73a504971]::fmt::Display>::fmt
[INFO] [stdout]    1:     0x59a4f040513a - core[a373ad73a504971]::fmt::write
[INFO] [stdout]    2:     0x59a4f03f4a8c - <alloc[2e1b2a31b91974c5]::vec::Vec<u8> as core[a373ad73a504971]::io::write::Write>::write_fmt
[INFO] [stdout]    3:     0x59a4f03cb876 - std[617be2ca0a6fd877]::panicking::default_hook::{closure#0}
[INFO] [stdout]    4:     0x59a4f03e88f9 - std[617be2ca0a6fd877]::panicking::default_hook
[INFO] [stdout]    5:     0x59a4f034af90 - test[aada8e7e76ba119b]::test_main_inner::{closure#0}
[INFO] [stdout]    6:     0x59a4f03e8ab2 - std[617be2ca0a6fd877]::panicking::panic_with_hook
[INFO] [stdout]    7:     0x59a4f03cb922 - std[617be2ca0a6fd877]::panicking::panic_handler::{closure#0}
[INFO] [stdout]    8:     0x59a4f03c3f89 - std[617be2ca0a6fd877]::sys::backtrace::__rust_end_short_backtrace::<std[617be2ca0a6fd877]::panicking::panic_handler::{closure#0}, !>
[INFO] [stdout]    9:     0x59a4f03cc63d - __rustc[ea4f61d10b84890b]::rust_begin_unwind
[INFO] [stdout]   10:     0x59a4f040586c - core[a373ad73a504971]::panicking::panic_fmt
[INFO] [stdout]   11:     0x59a4f0405642 - core[a373ad73a504971]::result::unwrap_failed
[INFO] [stdout]   12:     0x59a4f0335ba6 - video_resize[ee27ca441821e610]::tests::get_u8_test_image
[INFO] [stdout]   13:     0x59a4f03378a8 - <video_resize[ee27ca441821e610]::tests::resize_point_u8_up::{closure#0} as core[a373ad73a504971]::ops::function::FnOnce<()>>::call_once
[INFO] [stdout]   14:     0x59a4f033e3db - test[aada8e7e76ba119b]::__rust_begin_short_backtrace::<core[a373ad73a504971]::result::Result<(), alloc[2e1b2a31b91974c5]::string::String>, fn() -> core[a373ad73a504971]::result::Result<(), alloc[2e1b2a31b91974c5]::string::String>>
[INFO] [stdout]   15:     0x59a4f034b5b5 - test[aada8e7e76ba119b]::run_test::{closure#0}
[INFO] [stdout]   16:     0x59a4f0344ea4 - std[617be2ca0a6fd877]::sys::backtrace::__rust_begin_short_backtrace::<test[aada8e7e76ba119b]::run_test::{closure#1}, ()>
[INFO] [stdout]   17:     0x59a4f034e642 - <std[617be2ca0a6fd877]::thread::lifecycle::spawn_unchecked<test[aada8e7e76ba119b]::run_test::{closure#1}, ()>::{closure#1} as core[a373ad73a504971]::ops::function::FnOnce<()>>::call_once::{shim:vtable#0}
[INFO] [stdout]   18:     0x59a4f03efadf - <std[617be2ca0a6fd877]::sys::thread::unix::Thread>::new::thread_start
[INFO] [stdout]   19:     0x71fc89a60dfa - <unknown>
[INFO] [stdout]   20:     0x71fc89af43d4 - clone
[INFO] [stdout]   21:                0x0 - <unknown>
[INFO] [stdout] 
[INFO] [stdout] ---- tests::resize_point_u16_up stdout ----
[INFO] [stdout] 
[INFO] [stdout] thread 'tests::resize_point_u16_up' (780) panicked at src/lib.rs:451:14:
[INFO] [stdout] called `Result::unwrap()` on an `Err` value: IoError(Os { code: 2, kind: NotFound, message: "No such file or directory" })
[INFO] [stdout] stack backtrace:
[INFO] [stdout]    0:     0x59a4f03f0281 - <<std[617be2ca0a6fd877]::sys::backtrace::BacktraceLock>::print::DisplayBacktrace as core[a373ad73a504971]::fmt::Display>::fmt
[INFO] [stdout]    1:     0x59a4f040513a - core[a373ad73a504971]::fmt::write
[INFO] [stdout]    2:     0x59a4f03f4a8c - <alloc[2e1b2a31b91974c5]::vec::Vec<u8> as core[a373ad73a504971]::io::write::Write>::write_fmt
[INFO] [stdout]    3:     0x59a4f03cb876 - std[617be2ca0a6fd877]::panicking::default_hook::{closure#0}
[INFO] [stdout]    4:     0x59a4f03e88f9 - std[617be2ca0a6fd877]::panicking::default_hook
[INFO] [stdout]    5:     0x59a4f034af90 - test[aada8e7e76ba119b]::test_main_inner::{closure#0}
[INFO] [stdout]    6:     0x59a4f03e8ab2 - std[617be2ca0a6fd877]::panicking::panic_with_hook
[INFO] [stdout]    7:     0x59a4f03cb922 - std[617be2ca0a6fd877]::panicking::panic_handler::{closure#0}
[INFO] [stdout]    8:     0x59a4f03c3f89 - std[617be2ca0a6fd877]::sys::backtrace::__rust_end_short_backtrace::<std[617be2ca0a6fd877]::panicking::panic_handler::{closure#0}, !>
[INFO] [stdout]    9:     0x59a4f03cc63d - __rustc[ea4f61d10b84890b]::rust_begin_unwind
[INFO] [stdout]   10:     0x59a4f040586c - core[a373ad73a504971]::panicking::panic_fmt
[INFO] [stdout]   11:     0x59a4f0405642 - core[a373ad73a504971]::result::unwrap_failed
[INFO] [stdout]   12:     0x59a4f03363dc - video_resize[ee27ca441821e610]::tests::get_u16_test_image
[INFO] [stdout]   13:     0x59a4f0337a08 - <video_resize[ee27ca441821e610]::tests::resize_point_u16_up::{closure#0} as core[a373ad73a504971]::ops::function::FnOnce<()>>::call_once
[INFO] [stdout]   14:     0x59a4f033e3db - test[aada8e7e76ba119b]::__rust_begin_short_backtrace::<core[a373ad73a504971]::result::Result<(), alloc[2e1b2a31b91974c5]::string::String>, fn() -> core[a373ad73a504971]::result::Result<(), alloc[2e1b2a31b91974c5]::string::String>>
[INFO] [stdout]   15:     0x59a4f034b5b5 - test[aada8e7e76ba119b]::run_test::{closure#0}
[INFO] [stdout]   16:     0x59a4f0344ea4 - std[617be2ca0a6fd877]::sys::backtrace::__rust_begin_short_backtrace::<test[aada8e7e76ba119b]::run_test::{closure#1}, ()>
[INFO] [stdout]   17:     0x59a4f034e642 - <std[617be2ca0a6fd877]::thread::lifecycle::spawn_unchecked<test[aada8e7e76ba119b]::run_test::{closure#1}, ()>::{closure#1} as core[a373ad73a504971]::ops::function::FnOnce<()>>::call_once::{shim:vtable#0}
[INFO] [stdout]   18:     0x59a4f03efadf - <std[617be2ca0a6fd877]::sys::thread::unix::Thread>::new::thread_start
[INFO] [stdout]   19:     0x71fc89a60dfa - <unknown>
[INFO] [stdout]   20:     0x71fc89af43d4 - clone
[INFO] [stdout]   21:                0x0 - <unknown>
[INFO] [stdout] 
[INFO] [stdout] ---- tests::resize_point_u8_down stdout ----
[INFO] [stdout] 
[INFO] [stdout] thread 'tests::resize_point_u8_down' (781) panicked at src/lib.rs:421:14:
[INFO] [stdout] called `Result::unwrap()` on an `Err` value: IoError(Os { code: 2, kind: NotFound, message: "No such file or directory" })
[INFO] [stdout] stack backtrace:
[INFO] [stdout]    0:     0x59a4f03f0281 - <<std[617be2ca0a6fd877]::sys::backtrace::BacktraceLock>::print::DisplayBacktrace as core[a373ad73a504971]::fmt::Display>::fmt
[INFO] [stdout]    1:     0x59a4f040513a - core[a373ad73a504971]::fmt::write
[INFO] [stdout]    2:     0x59a4f03f4a8c - <alloc[2e1b2a31b91974c5]::vec::Vec<u8> as core[a373ad73a504971]::io::write::Write>::write_fmt
[INFO] [stdout]    3:     0x59a4f03cb876 - std[617be2ca0a6fd877]::panicking::default_hook::{closure#0}
[INFO] [stdout]    4:     0x59a4f03e88f9 - std[617be2ca0a6fd877]::panicking::default_hook
[INFO] [stdout]    5:     0x59a4f034af90 - test[aada8e7e76ba119b]::test_main_inner::{closure#0}
[INFO] [stdout]    6:     0x59a4f03e8ab2 - std[617be2ca0a6fd877]::panicking::panic_with_hook
[INFO] [stdout]    7:     0x59a4f03cb922 - std[617be2ca0a6fd877]::panicking::panic_handler::{closure#0}
[INFO] [stdout]    8:     0x59a4f03c3f89 - std[617be2ca0a6fd877]::sys::backtrace::__rust_end_short_backtrace::<std[617be2ca0a6fd877]::panicking::panic_handler::{closure#0}, !>
[INFO] [stdout]    9:     0x59a4f03cc63d - __rustc[ea4f61d10b84890b]::rust_begin_unwind
[INFO] [stdout]   10:     0x59a4f040586c - core[a373ad73a504971]::panicking::panic_fmt
[INFO] [stdout]   11:     0x59a4f0405642 - core[a373ad73a504971]::result::unwrap_failed
[INFO] [stdout]   12:     0x59a4f0335ba6 - video_resize[ee27ca441821e610]::tests::get_u8_test_image
[INFO] [stdout]   13:     0x59a4f0337e38 - <video_resize[ee27ca441821e610]::tests::resize_point_u8_down::{closure#0} as core[a373ad73a504971]::ops::function::FnOnce<()>>::call_once
[INFO] [stdout]   14:     0x59a4f033e3db - test[aada8e7e76ba119b]::__rust_begin_short_backtrace::<core[a373ad73a504971]::result::Result<(), alloc[2e1b2a31b91974c5]::string::String>, fn() -> core[a373ad73a504971]::result::Result<(), alloc[2e1b2a31b91974c5]::string::String>>
[INFO] [stdout]   15:     0x59a4f034b5b5 - test[aada8e7e76ba119b]::run_test::{closure#0}
[INFO] [stdout]   16:     0x59a4f0344ea4 - std[617be2ca0a6fd877]::sys::backtrace::__rust_begin_short_backtrace::<test[aada8e7e76ba119b]::run_test::{closure#1}, ()>
[INFO] [stdout]   17:     0x59a4f034e642 - <std[617be2ca0a6fd877]::thread::lifecycle::spawn_unchecked<test[aada8e7e76ba119b]::run_test::{closure#1}, ()>::{closure#1} as core[a373ad73a504971]::ops::function::FnOnce<()>>::call_once::{shim:vtable#0}
[INFO] [stdout]   18:     0x59a4f03efadf - <std[617be2ca0a6fd877]::sys::thread::unix::Thread>::new::thread_start
[INFO] [stdout]   19:     0x71fc89a60dfa - <unknown>
[INFO] [stdout]   20:     0x71fc89af43d4 - clone
[INFO] [stdout]   21:                0x0 - <unknown>
[INFO] [stdout] 
[INFO] [stdout] ---- tests::resize_spline64_u16_up stdout ----
[INFO] [stdout] 
[INFO] [stdout] thread 'tests::resize_spline64_u16_up' (784) panicked at src/lib.rs:451:14:
[INFO] [stdout] called `Result::unwrap()` on an `Err` value: IoError(Os { code: 2, kind: NotFound, message: "No such file or directory" })
[INFO] [stdout] stack backtrace:
[INFO] [stdout]    0:     0x59a4f03f0281 - <<std[617be2ca0a6fd877]::sys::backtrace::BacktraceLock>::print::DisplayBacktrace as core[a373ad73a504971]::fmt::Display>::fmt
[INFO] [stdout]    1:     0x59a4f040513a - core[a373ad73a504971]::fmt::write
[INFO] [stdout]    2:     0x59a4f03f4a8c - <alloc[2e1b2a31b91974c5]::vec::Vec<u8> as core[a373ad73a504971]::io::write::Write>::write_fmt
[INFO] [stdout]    3:     0x59a4f03cb876 - std[617be2ca0a6fd877]::panicking::default_hook::{closure#0}
[INFO] [stdout]    4:     0x59a4f03e88f9 - std[617be2ca0a6fd877]::panicking::default_hook
[INFO] [stdout]    5:     0x59a4f034af90 - test[aada8e7e76ba119b]::test_main_inner::{closure#0}
[INFO] [stdout]    6:     0x59a4f03e8ab2 - std[617be2ca0a6fd877]::panicking::panic_with_hook
[INFO] [stdout]    7:     0x59a4f03cb922 - std[617be2ca0a6fd877]::panicking::panic_handler::{closure#0}
[INFO] [stdout]    8:     0x59a4f03c3f89 - std[617be2ca0a6fd877]::sys::backtrace::__rust_end_short_backtrace::<std[617be2ca0a6fd877]::panicking::panic_handler::{closure#0}, !>
[INFO] [stdout]    9:     0x59a4f03cc63d - __rustc[ea4f61d10b84890b]::rust_begin_unwind
[INFO] [stdout]   10:     0x59a4f040586c - core[a373ad73a504971]::panicking::panic_fmt
[INFO] [stdout]   11:     0x59a4f0405642 - core[a373ad73a504971]::result::unwrap_failed
[INFO] [stdout]   12:     0x59a4f03363dc - video_resize[ee27ca441821e610]::tests::get_u16_test_image
[INFO] [stdout]   13:     0x59a4f0338ad8 - <video_resize[ee27ca441821e610]::tests::resize_spline64_u16_up::{closure#0} as core[a373ad73a504971]::ops::function::FnOnce<()>>::call_once
[INFO] [stdout]   14:     0x59a4f033e3db - test[aada8e7e76ba119b]::__rust_begin_short_backtrace::<core[a373ad73a504971]::result::Result<(), alloc[2e1b2a31b91974c5]::string::String>, fn() -> core[a373ad73a504971]::result::Result<(), alloc[2e1b2a31b91974c5]::string::String>>
[INFO] [stdout]   15:     0x59a4f034b5b5 - test[aada8e7e76ba119b]::run_test::{closure#0}
[INFO] [stdout]   16:     0x59a4f0344ea4 - std[617be2ca0a6fd877]::sys::backtrace::__rust_begin_short_backtrace::<test[aada8e7e76ba119b]::run_test::{closure#1}, ()>
[INFO] [stdout]   17:     0x59a4f034e642 - <std[617be2ca0a6fd877]::thread::lifecycle::spawn_unchecked<test[aada8e7e76ba119b]::run_test::{closure#1}, ()>::{closure#1} as core[a373ad73a504971]::ops::function::FnOnce<()>>::call_once::{shim:vtable#0}
[INFO] [stdout]   18:     0x59a4f03efadf - <std[617be2ca0a6fd877]::sys::thread::unix::Thread>::new::thread_start
[INFO] [stdout]   19:     0x71fc89a60dfa - <unknown>
[INFO] [stdout]   20:     0x71fc89af43d4 - clone
[INFO] [stdout]   21:                0x0 - <unknown>
[INFO] [stdout] 
[INFO] [stdout] ---- tests::resize_spline64_u8_up stdout ----
[INFO] [stdout] 
[INFO] [stdout] thread 'tests::resize_spline64_u8_up' (786) panicked at src/lib.rs:421:14:
[INFO] [stdout] called `Result::unwrap()` on an `Err` value: IoError(Os { code: 2, kind: NotFound, message: "No such file or directory" })
[INFO] [stdout] stack backtrace:
[INFO] [stdout]    0:     0x59a4f03f0281 - <<std[617be2ca0a6fd877]::sys::backtrace::BacktraceLock>::print::DisplayBacktrace as core[a373ad73a504971]::fmt::Display>::fmt
[INFO] [stdout]    1:     0x59a4f040513a - core[a373ad73a504971]::fmt::write
[INFO] [stdout]    2:     0x59a4f03f4a8c - <alloc[2e1b2a31b91974c5]::vec::Vec<u8> as core[a373ad73a504971]::io::write::Write>::write_fmt
[INFO] [stdout]    3:     0x59a4f03cb876 - std[617be2ca0a6fd877]::panicking::default_hook::{closure#0}
[INFO] [stdout]    4:     0x59a4f03e88f9 - std[617be2ca0a6fd877]::panicking::default_hook
[INFO] [stdout]    5:     0x59a4f034af90 - test[aada8e7e76ba119b]::test_main_inner::{closure#0}
[INFO] [stdout]    6:     0x59a4f03e8ab2 - std[617be2ca0a6fd877]::panicking::panic_with_hook
[INFO] [stdout]    7:     0x59a4f03cb922 - std[617be2ca0a6fd877]::panicking::panic_handler::{closure#0}
[INFO] [stdout]    8:     0x59a4f03c3f89 - std[617be2ca0a6fd877]::sys::backtrace::__rust_end_short_backtrace::<std[617be2ca0a6fd877]::panicking::panic_handler::{closure#0}, !>
[INFO] [stdout]    9:     0x59a4f03cc63d - __rustc[ea4f61d10b84890b]::rust_begin_unwind
[INFO] [stdout]   10:     0x59a4f040586c - core[a373ad73a504971]::panicking::panic_fmt
[INFO] [stdout]   11:     0x59a4f0405642 - core[a373ad73a504971]::result::unwrap_failed
[INFO] [stdout]   12:     0x59a4f0335ba6 - video_resize[ee27ca441821e610]::tests::get_u8_test_image
[INFO] [stdout]   13:     0x59a4f0338548 - <video_resize[ee27ca441821e610]::tests::resize_spline64_u8_up::{closure#0} as core[a373ad73a504971]::ops::function::FnOnce<()>>::call_once
[INFO] [stdout]   14:     0x59a4f033e3db - test[aada8e7e76ba119b]::__rust_begin_short_backtrace::<core[a373ad73a504971]::result::Result<(), alloc[2e1b2a31b91974c5]::string::String>, fn() -> core[a373ad73a504971]::result::Result<(), alloc[2e1b2a31b91974c5]::string::String>>
[INFO] [stdout]   15:     0x59a4f034b5b5 - test[aada8e7e76ba119b]::run_test::{closure#0}
[INFO] [stdout]   16:     0x59a4f0344ea4 - std[617be2ca0a6fd877]::sys::backtrace::__rust_begin_short_backtrace::<test[aada8e7e76ba119b]::run_test::{closure#1}, ()>
[INFO] [stdout]   17:     0x59a4f034e642 - <std[617be2ca0a6fd877]::thread::lifecycle::spawn_unchecked<test[aada8e7e76ba119b]::run_test::{closure#1}, ()>::{closure#1} as core[a373ad73a504971]::ops::function::FnOnce<()>>::call_once::{shim:vtable#0}
[INFO] [stdout]   18:     0x59a4f03efadf - <std[617be2ca0a6fd877]::sys::thread::unix::Thread>::new::thread_start
[INFO] [stdout]   19:     0x71fc89a60dfa - <unknown>
[INFO] [stdout]   20:     0x71fc89af43d4 - clone
[INFO] [stdout]   21:                0x0 - <unknown>
[INFO] [stdout] 
[INFO] [stdout] ---- tests::resize_point_u16_down stdout ----
[INFO] [stdout] 
[INFO] [stdout] thread 'tests::resize_point_u16_down' (779) panicked at src/lib.rs:451:14:
[INFO] [stdout] called `Result::unwrap()` on an `Err` value: IoError(Os { code: 2, kind: NotFound, message: "No such file or directory" })
[INFO] [stdout] stack backtrace:
[INFO] [stdout]    0:     0x59a4f03f0281 - <<std[617be2ca0a6fd877]::sys::backtrace::BacktraceLock>::print::DisplayBacktrace as core[a373ad73a504971]::fmt::Display>::fmt
[INFO] [stdout]    1:     0x59a4f040513a - core[a373ad73a504971]::fmt::write
[INFO] [stdout]    2:     0x59a4f03f4a8c - <alloc[2e1b2a31b91974c5]::vec::Vec<u8> as core[a373ad73a504971]::io::write::Write>::write_fmt
[INFO] [stdout]    3:     0x59a4f03cb876 - std[617be2ca0a6fd877]::panicking::default_hook::{closure#0}
[INFO] [stdout]    4:     0x59a4f03e88f9 - std[617be2ca0a6fd877]::panicking::default_hook
[INFO] [stdout]    5:     0x59a4f034af90 - test[aada8e7e76ba119b]::test_main_inner::{closure#0}
[INFO] [stdout]    6:     0x59a4f03e8ab2 - std[617be2ca0a6fd877]::panicking::panic_with_hook
[INFO] [stdout]    7:     0x59a4f03cb922 - std[617be2ca0a6fd877]::panicking::panic_handler::{closure#0}
[INFO] [stdout]    8:     0x59a4f03c3f89 - std[617be2ca0a6fd877]::sys::backtrace::__rust_end_short_backtrace::<std[617be2ca0a6fd877]::panicking::panic_handler::{closure#0}, !>
[INFO] [stdout]    9:     0x59a4f03cc63d - __rustc[ea4f61d10b84890b]::rust_begin_unwind
[INFO] [stdout]   10:     0x59a4f040586c - core[a373ad73a504971]::panicking::panic_fmt
[INFO] [stdout]   11:     0x59a4f0405642 - core[a373ad73a504971]::result::unwrap_failed
[INFO] [stdout]   12:     0x59a4f03363dc - video_resize[ee27ca441821e610]::tests::get_u16_test_image
[INFO] [stdout]   13:     0x59a4f03383d8 - <video_resize[ee27ca441821e610]::tests::resize_point_u16_down::{closure#0} as core[a373ad73a504971]::ops::function::FnOnce<()>>::call_once
[INFO] [stdout]   14:     0x59a4f033e3db - test[aada8e7e76ba119b]::__rust_begin_short_backtrace::<core[a373ad73a504971]::result::Result<(), alloc[2e1b2a31b91974c5]::string::String>, fn() -> core[a373ad73a504971]::result::Result<(), alloc[2e1b2a31b91974c5]::string::String>>
[INFO] [stdout]   15:     0x59a4f034b5b5 - test[aada8e7e76ba119b]::run_test::{closure#0}
[INFO] [stdout]   16:     0x59a4f0344ea4 - std[617be2ca0a6fd877]::sys::backtrace::__rust_begin_short_backtrace::<test[aada8e7e76ba119b]::run_test::{closure#1}, ()>
[INFO] [stdout]   17:     0x59a4f034e642 - <std[617be2ca0a6fd877]::thread::lifecycle::spawn_unchecked<test[aada8e7e76ba119b]::run_test::{closure#1}, ()>::{closure#1} as core[a373ad73a504971]::ops::function::FnOnce<()>>::call_once::{shim:vtable#0}
[INFO] [stdout]   18:     0x59a4f03efadf - <std[617be2ca0a6fd877]::sys::thread::unix::Thread>::new::thread_start
[INFO] [stdout]   19:     0x71fc89a60dfa - <unknown>
[INFO] [stdout]   20:     0x71fc89af43d4 - clone
[INFO] [stdout]   21:                0x0 - <unknown>
[INFO] [stdout] 
[INFO] [stdout] ---- tests::resize_lanczos_u8_down stdout ----
[INFO] [stdout] 
[INFO] [stdout] thread 'tests::resize_lanczos_u8_down' (777) panicked at src/lib.rs:421:14:
[INFO] [stdout] called `Result::unwrap()` on an `Err` value: IoError(Os { code: 2, kind: NotFound, message: "No such file or directory" })
[INFO] [stdout] stack backtrace:
[INFO] [stdout]    0:     0x59a4f03f0281 - <<std[617be2ca0a6fd877]::sys::backtrace::BacktraceLock>::print::DisplayBacktrace as core[a373ad73a504971]::fmt::Display>::fmt
[INFO] [stdout]    1:     0x59a4f040513a - core[a373ad73a504971]::fmt::write
[INFO] [stdout]    2:     0x59a4f03f4a8c - <alloc[2e1b2a31b91974c5]::vec::Vec<u8> as core[a373ad73a504971]::io::write::Write>::write_fmt
[INFO] [stdout]    3:     0x59a4f03cb876 - std[617be2ca0a6fd877]::panicking::default_hook::{closure#0}
[INFO] [stdout]    4:     0x59a4f03e88f9 - std[617be2ca0a6fd877]::panicking::default_hook
[INFO] [stdout]    5:     0x59a4f034af90 - test[aada8e7e76ba119b]::test_main_inner::{closure#0}
[INFO] [stdout]    6:     0x59a4f03e8ab2 - std[617be2ca0a6fd877]::panicking::panic_with_hook
[INFO] [stdout]    7:     0x59a4f03cb922 - std[617be2ca0a6fd877]::panicking::panic_handler::{closure#0}
[INFO] [stdout]    8:     0x59a4f03c3f89 - std[617be2ca0a6fd877]::sys::backtrace::__rust_end_short_backtrace::<std[617be2ca0a6fd877]::panicking::panic_handler::{closure#0}, !>
[INFO] [stdout]    9:     0x59a4f03cc63d - __rustc[ea4f61d10b84890b]::rust_begin_unwind
[INFO] [stdout]   10:     0x59a4f040586c - core[a373ad73a504971]::panicking::panic_fmt
[INFO] [stdout]   11:     0x59a4f0405642 - core[a373ad73a504971]::result::unwrap_failed
[INFO] [stdout]   12:     0x59a4f0335ba6 - video_resize[ee27ca441821e610]::tests::get_u8_test_image
[INFO] [stdout]   13:     0x59a4f0338978 - <video_resize[ee27ca441821e610]::tests::resize_lanczos_u8_down::{closure#0} as core[a373ad73a504971]::ops::function::FnOnce<()>>::call_once
[INFO] [stdout]   14:     0x59a4f033e3db - test[aada8e7e76ba119b]::__rust_begin_short_backtrace::<core[a373ad73a504971]::result::Result<(), alloc[2e1b2a31b91974c5]::string::String>, fn() -> core[a373ad73a504971]::result::Result<(), alloc[2e1b2a31b91974c5]::string::String>>
[INFO] [stdout]   15:     0x59a4f034b5b5 - test[aada8e7e76ba119b]::run_test::{closure#0}
[INFO] [stdout]   16:     0x59a4f0344ea4 - std[617be2ca0a6fd877]::sys::backtrace::__rust_begin_short_backtrace::<test[aada8e7e76ba119b]::run_test::{closure#1}, ()>
[INFO] [stdout]   17:     0x59a4f034e642 - <std[617be2ca0a6fd877]::thread::lifecycle::spawn_unchecked<test[aada8e7e76ba119b]::run_test::{closure#1}, ()>::{closure#1} as core[a373ad73a504971]::ops::function::FnOnce<()>>::call_once::{shim:vtable#0}
[INFO] [stdout]   18:     0x59a4f03efadf - <std[617be2ca0a6fd877]::sys::thread::unix::Thread>::new::thread_start
[INFO] [stdout]   19:     0x71fc89a60dfa - <unknown>
[INFO] [stdout]   20:     0x71fc89af43d4 - clone
[INFO] [stdout]   21:                0x0 - <unknown>
[INFO] [stdout] 
[INFO] [stdout] 
[INFO] [stdout] failures:
[INFO] [stdout]     tests::crop_u16
[INFO] [stdout]     tests::crop_u8
[INFO] [stdout]     tests::resize_bicubic_u16_down
[INFO] [stdout]     tests::resize_bicubic_u16_up
[INFO] [stdout]     tests::resize_bicubic_u8_down
[INFO] [stdout]     tests::resize_bicubic_u8_up
[INFO] [stdout]     tests::resize_bilinear_u16_down
[INFO] [stdout]     tests::resize_bilinear_u16_up
[INFO] [stdout]     tests::resize_bilinear_u8_down
[INFO] [stdout]     tests::resize_bilinear_u8_up
[INFO] [stdout]     tests::resize_lanczos_u16_down
[INFO] [stdout]     tests::resize_lanczos_u16_up
[INFO] [stdout]     tests::resize_lanczos_u8_down
[INFO] [stdout]     tests::resize_lanczos_u8_up
[INFO] [stdout]     tests::resize_point_u16_down
[INFO] [stdout]     tests::resize_point_u16_up
[INFO] [stdout]     tests::resize_point_u8_down
[INFO] [stdout]     tests::resize_point_u8_up
[INFO] [stdout]     tests::resize_spline64_u16_down
[INFO] [stdout]     tests::resize_spline64_u16_up
[INFO] [stdout]     tests::resize_spline64_u8_down
[INFO] [stdout]     tests::resize_spline64_u8_up
[INFO] [stdout] 
[INFO] [stdout] test result: FAILED. 0 passed; 22 failed; 0 ignored; 0 measured; 0 filtered out; finished in 0.02s
[INFO] [stdout] 
[INFO] [stderr] error: test failed, to rerun pass `--lib`
[INFO] running `Command { std: "docker" "inspect" "ce43d88601acbcb7c46abf93969c1edd4adb57420e44e36ee44f3c28c8d55bb0", kill_on_drop: false }`
[INFO] running `Command { std: "docker" "rm" "-f" "ce43d88601acbcb7c46abf93969c1edd4adb57420e44e36ee44f3c28c8d55bb0", kill_on_drop: false }`
[INFO] [stdout] ce43d88601acbcb7c46abf93969c1edd4adb57420e44e36ee44f3c28c8d55bb0
