[INFO] fetching crate vibetree 0.2.5...
[INFO] testing vibetree-0.2.5 against 1.99.0-beta.8+cargoflags=--release for beta-release-1.100-2
[INFO] extracting crate vibetree 0.2.5 into /workspace/builds/worker-3-tc1/source
[INFO] started tweaking crates.io crate vibetree 0.2.5
[INFO] removed 0 missing tests
[INFO] finished tweaking crates.io crate vibetree 0.2.5
[INFO] tweaked toml for crates.io crate vibetree 0.2.5 written to /workspace/builds/worker-3-tc1/source/Cargo.toml
[INFO] validating manifest of crates.io crate vibetree 0.2.5 on toolchain 1.99.0-beta.8
[INFO] running `Command { std: CARGO_HOME="/workspace/cargo-home" RUSTUP_HOME="/workspace/rustup-home" "/workspace/cargo-home/bin/cargo" "+1.99.0-beta.8" "metadata" "--manifest-path" "Cargo.toml" "--no-deps", kill_on_drop: false }`
[INFO] crate crates.io crate vibetree 0.2.5 already has a lockfile, it will not be regenerated
[INFO] running `Command { std: CARGO_HOME="/workspace/cargo-home" RUSTUP_HOME="/workspace/rustup-home" "/workspace/cargo-home/bin/cargo" "+1.99.0-beta.8" "fetch" "--manifest-path" "Cargo.toml", kill_on_drop: false }`
[INFO] [stderr]     Updating crates.io index
[INFO] [stderr]  Downloading crates ...
[INFO] [stderr]   Downloaded cc v1.2.30
[INFO] [stderr]   Downloaded toml v0.9.4
[INFO] [stderr]   Downloaded carapace_spec_clap v1.1.3
[INFO] [stderr]   Downloaded is_executable v1.0.5
[INFO] [stderr]   Downloaded clap_complete v4.5.64
[INFO] [stderr]   Downloaded git2 v0.20.2
[INFO] [stderr]   Downloaded libz-sys v1.1.22
[INFO] [stderr]   Downloaded libgit2-sys v0.18.2+1.9.1
[INFO] [stderr]   Downloaded openssl-src v300.5.1+3.5.1
[INFO] running `Command { std: "docker" "create" "-v" "/var/lib/crater-agent-workspace/builds/worker-3-tc1/source:/opt/rustwide/workdir:ro,Z" "-v" "/var/lib/crater-agent-workspace/builds/worker-3-tc1/target:/opt/rustwide/target:rw,Z" "-v" "/var/lib/crater-agent-workspace/cargo-home:/opt/rustwide/cargo-home:ro,Z" "-v" "/var/lib/crater-agent-workspace/rustup-home:/opt/rustwide/rustup-home:ro,Z" "-m" "1610612736" "--network" "none" "ghcr.io/rust-lang/crates-build-env/linux@sha256:77db811e55d90add9212f6832c23229e3de5f1c1f9905e8cb07319ea15df73ac" "sleep" "infinity", kill_on_drop: false }`
[INFO] [stdout] e50ce40e5755b11ab676fee577d5e37a1b915bb4372c9093a84aca4b92370c2c
[INFO] running `Command { std: "docker" "start" "e50ce40e5755b11ab676fee577d5e37a1b915bb4372c9093a84aca4b92370c2c", kill_on_drop: false }`
[INFO] running `Command { std: "docker" "inspect" "e50ce40e5755b11ab676fee577d5e37a1b915bb4372c9093a84aca4b92370c2c", kill_on_drop: false }`
[INFO] running `Command { std: "docker" "exec" "-e" "SOURCE_DIR=/opt/rustwide/workdir" "-e" "CARGO_HOME=/opt/rustwide/cargo-home" "-e" "RUSTUP_HOME=/opt/rustwide/rustup-home" "-e" "CARGO_TARGET_DIR=/opt/rustwide/target" "-w" "/opt/rustwide/workdir" "--user" "0:0" "e50ce40e5755b11ab676fee577d5e37a1b915bb4372c9093a84aca4b92370c2c" "/opt/rustwide/cargo-home/bin/cargo" "+1.99.0-beta.8" "metadata" "--no-deps" "--format-version=1", kill_on_drop: false }`
[INFO] running `Command { std: "docker" "inspect" "e50ce40e5755b11ab676fee577d5e37a1b915bb4372c9093a84aca4b92370c2c", kill_on_drop: false }`
[INFO] running `Command { std: "docker" "exec" "-e" "SOURCE_DIR=/opt/rustwide/workdir" "-e" "CARGO_HOME=/opt/rustwide/cargo-home" "-e" "RUSTUP_HOME=/opt/rustwide/rustup-home" "-e" "CARGO_TARGET_DIR=/opt/rustwide/target" "-e" "CARGO_INCREMENTAL=0" "-e" "RUST_BACKTRACE=full" "-e" "RUSTFLAGS=--cap-lints=warn" "-e" "RUSTDOCFLAGS=--cap-lints=warn" "-w" "/opt/rustwide/workdir" "--user" "0:0" "e50ce40e5755b11ab676fee577d5e37a1b915bb4372c9093a84aca4b92370c2c" "/opt/rustwide/cargo-home/bin/cargo" "+1.99.0-beta.8" "build" "--frozen" "--message-format=json" "--release", kill_on_drop: false }`
[INFO] [stderr]    Compiling syn v2.0.104
[INFO] [stderr]    Compiling writeable v0.6.1
[INFO] [stderr]    Compiling litemap v0.8.0
[INFO] [stderr]    Compiling icu_normalizer_data v2.0.0
[INFO] [stderr]    Compiling icu_properties_data v2.0.1
[INFO] [stderr]    Compiling anstyle-query v1.1.3
[INFO] [stderr]    Compiling jobserver v0.1.33
[INFO] [stderr]    Compiling indexmap v2.12.1
[INFO] [stderr]    Compiling log v0.4.27
[INFO] [stderr]    Compiling unsafe-libyaml v0.2.11
[INFO] [stderr]    Compiling anyhow v1.0.98
[INFO] [stderr]    Compiling winnow v0.7.12
[INFO] [stderr]    Compiling serde_json v1.0.142
[INFO] [stderr]    Compiling shlex v1.3.0
[INFO] [stderr]    Compiling is_executable v1.0.5
[INFO] [stderr]    Compiling bitflags v2.9.1
[INFO] [stderr]    Compiling anstream v0.6.19
[INFO] [stderr]    Compiling jiff v0.2.15
[INFO] [stderr]    Compiling toml_writer v1.0.2
[INFO] [stderr]    Compiling env_filter v0.1.3
[INFO] [stderr]    Compiling clap_builder v4.5.54
[INFO] [stderr]    Compiling cc v1.2.30
[INFO] [stderr]    Compiling openssl-src v300.5.1+3.5.1
[INFO] [stderr]    Compiling libz-sys v1.1.22
[INFO] [stderr]    Compiling openssl-sys v0.9.109
[INFO] [stderr]    Compiling libgit2-sys v0.18.2+1.9.1
[INFO] [stderr]    Compiling toml_parser v1.0.1
[INFO] [stderr]    Compiling synstructure v0.13.2
[INFO] [stderr]    Compiling env_logger v0.11.8
[INFO] [stderr]    Compiling zerovec-derive v0.11.1
[INFO] [stderr]    Compiling displaydoc v0.2.5
[INFO] [stderr]    Compiling zerofrom-derive v0.1.6
[INFO] [stderr]    Compiling yoke-derive v0.8.0
[INFO] [stderr]    Compiling serde_derive v1.0.228
[INFO] [stderr]    Compiling clap_derive v4.5.49
[INFO] [stderr]    Compiling zerofrom v0.1.6
[INFO] [stderr]    Compiling yoke v0.8.0
[INFO] [stderr]    Compiling zerovec v0.11.2
[INFO] [stderr]    Compiling zerotrie v0.2.2
[INFO] [stderr]    Compiling clap v4.5.54
[INFO] [stderr]    Compiling clap_complete v4.5.64
[INFO] [stderr]    Compiling tinystr v0.8.1
[INFO] [stderr]    Compiling potential_utf v0.1.2
[INFO] [stderr]    Compiling icu_collections v2.0.0
[INFO] [stderr]    Compiling icu_locale_core v2.0.0
[INFO] [stderr]    Compiling serde v1.0.228
[INFO] [stderr]    Compiling icu_provider v2.0.0
[INFO] [stderr]    Compiling icu_normalizer v2.0.0
[INFO] [stderr]    Compiling icu_properties v2.0.1
[INFO] [stderr]    Compiling serde_spanned v1.0.0
[INFO] [stderr]    Compiling toml_datetime v0.7.0
[INFO] [stderr]    Compiling serde_yaml_ng v0.10.0
[INFO] [stderr]    Compiling serde_yaml v0.9.34+deprecated
[INFO] [stderr]    Compiling toml v0.9.4
[INFO] [stderr]    Compiling idna_adapter v1.2.1
[INFO] [stderr]    Compiling idna v1.0.3
[INFO] [stderr]    Compiling url v2.5.4
[INFO] [stderr]    Compiling carapace_spec_clap v1.1.3
[INFO] [stderr]    Compiling git2 v0.20.2
[INFO] [stderr]    Compiling vibetree v0.2.5 (/opt/rustwide/workdir)
[INFO] [stderr]     Finished `release` profile [optimized] target(s) in 3m 54s
[INFO] running `Command { std: "docker" "inspect" "e50ce40e5755b11ab676fee577d5e37a1b915bb4372c9093a84aca4b92370c2c", kill_on_drop: false }`
[INFO] running `Command { std: "docker" "exec" "-e" "SOURCE_DIR=/opt/rustwide/workdir" "-e" "CARGO_HOME=/opt/rustwide/cargo-home" "-e" "RUSTUP_HOME=/opt/rustwide/rustup-home" "-e" "CARGO_TARGET_DIR=/opt/rustwide/target" "-e" "CARGO_INCREMENTAL=0" "-e" "RUST_BACKTRACE=full" "-e" "RUSTFLAGS=--cap-lints=warn" "-e" "RUSTDOCFLAGS=--cap-lints=warn" "-w" "/opt/rustwide/workdir" "--user" "0:0" "e50ce40e5755b11ab676fee577d5e37a1b915bb4372c9093a84aca4b92370c2c" "/opt/rustwide/cargo-home/bin/cargo" "+1.99.0-beta.8" "test" "--frozen" "--no-run" "--message-format=json" "--release", kill_on_drop: false }`
[INFO] [stderr]    Compiling rustix v1.0.8
[INFO] [stderr]    Compiling getrandom v0.3.3
[INFO] [stderr]    Compiling fastrand v2.3.0
[INFO] [stderr]    Compiling git2 v0.20.2
[INFO] [stderr]    Compiling tempfile v3.20.0
[INFO] [stderr]    Compiling vibetree v0.2.5 (/opt/rustwide/workdir)
[INFO] [stderr]     Finished `release` profile [optimized] target(s) in 22.15s
[INFO] running `Command { std: "docker" "inspect" "e50ce40e5755b11ab676fee577d5e37a1b915bb4372c9093a84aca4b92370c2c", kill_on_drop: false }`
[INFO] running `Command { std: "docker" "exec" "-e" "SOURCE_DIR=/opt/rustwide/workdir" "-e" "CARGO_HOME=/opt/rustwide/cargo-home" "-e" "RUSTUP_HOME=/opt/rustwide/rustup-home" "-e" "CARGO_TARGET_DIR=/opt/rustwide/target" "-e" "CARGO_INCREMENTAL=0" "-e" "RUST_BACKTRACE=full" "-e" "RUSTFLAGS=--cap-lints=warn" "-e" "RUSTDOCFLAGS=--cap-lints=warn" "-w" "/opt/rustwide/workdir" "--user" "0:0" "e50ce40e5755b11ab676fee577d5e37a1b915bb4372c9093a84aca4b92370c2c" "/opt/rustwide/cargo-home/bin/cargo" "+1.99.0-beta.8" "test" "--frozen" "--release", kill_on_drop: false }`
[INFO] [stderr]     Finished `release` profile [optimized] target(s) in 0.13s
[INFO] [stderr]      Running unittests src/lib.rs (/opt/rustwide/target/release/deps/vibetree-394ec6a9a4b97f12)
[INFO] [stdout] 
[INFO] [stdout] running 45 tests
[INFO] [stdout] test allocator::tests::test_int_allocation_after_deletion ... ok
[INFO] [stdout] test allocator::tests::test_allocate_static_value ... ok
[INFO] [stdout] test config::tests::test_custom_env_file_path ... ok
[INFO] [stdout] test config::tests::test_default_config ... ok
[INFO] [stdout] test allocator::tests::test_allocate_port_component ... ok
[INFO] [stdout] test allocator::tests::test_port_uniqueness_within_worktree ... ok
[INFO] [stdout] test allocator::tests::test_allocate_int_component ... ok
[INFO] [stdout] test allocator::tests::test_bare_number_with_type ... ok
[INFO] [stdout] test allocator::tests::test_branch_pattern_matching ... ok
[INFO] [stdout] test env::tests::test_gitignore_operations ... ok
[INFO] [stdout] test config::tests::test_remove_worktree ... ok
[INFO] [stdout] test env::tests::test_generate_env_file ... ok
[INFO] [stdout] test config::tests::test_port_allocation ... ok
[INFO] [stdout] test allocator::tests::test_port_conflict_resolution ... ok
[INFO] [stdout] test allocator::tests::test_allocate_template_with_multiple_components ... ok
[INFO] [stdout] test config::tests::test_duplicate_worktree_error ... ok
[INFO] [stdout] test config::tests::test_save_and_load_config ... ok
[INFO] [stdout] test env::tests::test_custom_env_file_path ... ok
[INFO] [stdout] test ports::tests::test_check_port_availability ... ok
[INFO] [stdout] test ports::tests::test_get_system_reserved_ports ... ok
[INFO] [stdout] test ports::tests::test_validate_overlapping_ranges ... ok
[INFO] [stdout] test template::tests::test_parse_multiple_same_type ... ok
[INFO] [stdout] test template::tests::test_edge_case_zero_value ... ok
[INFO] [stdout] test ports::tests::test_validate_port_ranges ... ok
[INFO] [stdout] test env::tests::test_read_env_file ... ok
[INFO] [stdout] test template::tests::test_resolve_with_components ... ok
[INFO] [stdout] test template::tests::test_invalid_component_type ... ok
[INFO] [stdout] test template::tests::test_parse_empty_template ... ok
[INFO] [stdout] test template::tests::test_parse_int_component ... ok
[INFO] [stdout] test template::tests::test_parse_multiple_components ... ok
[INFO] [stdout] test validation::tests::test_duplicate_variable_detection ... ok
[INFO] [stdout] test validation::tests::test_port_conflict_detection ... ok
[INFO] [stdout] test validation::tests::test_valid_env_var_name ... ok
[INFO] [stdout] test template::tests::test_resolve_complex_template ... ok
[INFO] [stdout] test template::tests::test_parse_port_component ... ok
[INFO] [stdout] test template::tests::test_resolve_simple ... ok
[INFO] [stdout] test ports::tests::test_check_ports_availability ... ok
[INFO] [stdout] test ports::tests::test_suggest_alternative_ports ... ok
[INFO] [stdout] test git::tests::test_find_repo_root_not_in_git ... ok
[INFO] [stdout] test git::tests::test_validate_worktree_state ... ok
[INFO] [stdout] test git::tests::test_get_current_branch ... ok
[INFO] [stdout] test tests::test_new_app ... ok
[INFO] [stdout] test tests::test_list_empty_worktrees ... ok
[INFO] [stdout] test git::tests::test_find_repo_root ... ok
[INFO] [stdout] test tests::test_init ... ok
[INFO] [stdout] 
[INFO] [stdout] test result: ok. 45 passed; 0 failed; 0 ignored; 0 measured; 0 filtered out; finished in 0.07s
[INFO] [stdout] 
[INFO] [stderr]      Running unittests src/main.rs (/opt/rustwide/target/release/deps/vibetree-c3756ba81ba8b5f7)
[INFO] [stdout] 
[INFO] [stderr]      Running tests/integration_tests.rs (/opt/rustwide/target/release/deps/integration_tests-7b40481969503546)
[INFO] [stdout] running 0 tests
[INFO] [stdout] 
[INFO] [stdout] test result: ok. 0 passed; 0 failed; 0 ignored; 0 measured; 0 filtered out; finished in 0.00s
[INFO] [stdout] 
[INFO] [stdout] 
[INFO] [stdout] running 27 tests
[INFO] [stdout] test test_merge_cannot_merge_main ... ok
[INFO] [stdout] test test_list_main_worktree_status ... FAILED
[INFO] [stdout] test test_port_conflict_detection ... FAILED
[INFO] [stdout] test test_repair_dry_run ... FAILED
[INFO] [stdout] test test_repair_config_variable_changes ... ok
[INFO] [stdout] test test_add_worktree_with_switch_flag ... ok
[INFO] [stdout] test test_complete_vibetree_workflow ... FAILED
[INFO] [stdout] test test_repair_main_worktree_handling ... FAILED
[INFO] [stdout] test test_merge_nonexistent_branch ... ok
[INFO] [stdout] test test_merge_detects_conflicts ... FAILED
[INFO] [stdout] test test_config_persistence ... FAILED
[INFO] [stdout] test test_merge_already_merged ... FAILED
[INFO] [stdout] test test_merge_detects_uncommitted_changes ... FAILED
[INFO] [stdout] test test_repair_orphaned_worktree_discovery ... FAILED
[INFO] [stdout] test test_error_handling ... ok
[INFO] [stdout] test test_merge_with_remove_flag ... FAILED
[INFO] [stdout] test test_reuse_orphaned_git_worktree ... FAILED
[INFO] [stdout] test test_merge_rebase_happy_path ... FAILED
[INFO] [stdout] test test_switch_to_nonexistent_worktree ... ok
[INFO] [stdout] test test_repair_missing_worktree_cleanup ... ok
[INFO] [stdout] test test_serviceless_vibetree_workflow ... FAILED
[INFO] [stdout] test test_reuse_existing_worktree_in_config ... ok
[INFO] [stdout] test test_reuse_with_switch_flag ... ok
[INFO] [stdout] test test_switch_to_existing_worktree ... ok
[INFO] [stdout] test test_reuse_fails_on_non_git_directory ... ok
[INFO] [stdout] test test_worktree_validation ... ok
[INFO] [stdout] test test_merge_happy_path ... FAILED
[INFO] [stdout] 
[INFO] [stdout] failures:
[INFO] [stdout] 
[INFO] [stdout] ---- test_list_main_worktree_status stdout ----
[INFO] [stdout] 
[INFO] [stdout] thread 'test_list_main_worktree_status' (12624) panicked at tests/integration_tests.rs:816:5:
[INFO] [stdout] Main worktree should be listed
[INFO] [stdout] stack backtrace:
[INFO] [stdout]    0:     0x5c8d015ea861 - <<std[70759c8f55707aa4]::sys::backtrace::BacktraceLock>::print::DisplayBacktrace as core[df12db4294e9bfd3]::fmt::Display>::fmt
[INFO] [stdout]    1:     0x5c8d016038da - core[df12db4294e9bfd3]::fmt::write
[INFO] [stdout]    2:     0x5c8d015ef70c - <alloc[2182bb758b4b3781]::vec::Vec<u8> as core[df12db4294e9bfd3]::io::write::Write>::write_fmt
[INFO] [stdout]    3:     0x5c8d015c2e86 - std[70759c8f55707aa4]::panicking::default_hook::{closure#0}
[INFO] [stdout]    4:     0x5c8d015e0b59 - std[70759c8f55707aa4]::panicking::default_hook
[INFO] [stdout]    5:     0x5c8d013c7350 - test[9d35eded1c95d3be]::test_main_inner::<test[9d35eded1c95d3be]::test_main_static::{closure#0}>::{closure#0}
[INFO] [stdout]    6:     0x5c8d015e0e82 - std[70759c8f55707aa4]::panicking::panic_with_hook
[INFO] [stdout]    7:     0x5c8d015c2f64 - std[70759c8f55707aa4]::panicking::panic_handler::{closure#0}
[INFO] [stdout]    8:     0x5c8d015bb1b9 - std[70759c8f55707aa4]::sys::backtrace::__rust_end_short_backtrace::<std[70759c8f55707aa4]::panicking::panic_handler::{closure#0}, !>
[INFO] [stdout]    9:     0x5c8d015c3f4d - __rustc[8fa7c3cbc660c2b3]::rust_begin_unwind
[INFO] [stdout]   10:     0x5c8d016040fc - core[df12db4294e9bfd3]::panicking::panic_fmt
[INFO] [stdout]   11:     0x5c8d013add11 - <integration_tests[cfdeb23216c86e97]::test_list_main_worktree_status::{closure#0} as core[df12db4294e9bfd3]::ops::function::FnOnce<()>>::call_once
[INFO] [stdout]   12:     0x5c8d013ba63b - test[9d35eded1c95d3be]::__rust_begin_short_backtrace::<core[df12db4294e9bfd3]::result::Result<(), alloc[2182bb758b4b3781]::string::String>, fn() -> core[df12db4294e9bfd3]::result::Result<(), alloc[2182bb758b4b3781]::string::String>>
[INFO] [stdout]   13:     0x5c8d013c7ca5 - test[9d35eded1c95d3be]::run_test::{closure#0}
[INFO] [stdout]   14:     0x5c8d013c1564 - std[70759c8f55707aa4]::sys::backtrace::__rust_begin_short_backtrace::<test[9d35eded1c95d3be]::run_test::{closure#1}, ()>
[INFO] [stdout]   15:     0x5c8d013cae02 - <std[70759c8f55707aa4]::thread::lifecycle::spawn_unchecked<test[9d35eded1c95d3be]::run_test::{closure#1}, ()>::{closure#1} as core[df12db4294e9bfd3]::ops::function::FnOnce<()>>::call_once::{shim:vtable#0}
[INFO] [stdout]   16:     0x5c8d015e9519 - <std[70759c8f55707aa4]::sys::thread::unix::Thread>::new::thread_start
[INFO] [stdout]   17:     0x73a9ba6a2dfa - <unknown>
[INFO] [stdout]   18:     0x73a9ba7363d4 - clone
[INFO] [stdout]   19:                0x0 - <unknown>
[INFO] [stdout] 
[INFO] [stdout] ---- test_port_conflict_detection stdout ----
[INFO] [stdout] 
[INFO] [stdout] thread 'test_port_conflict_detection' (12634) panicked at tests/integration_tests.rs:362:5:
[INFO] [stdout] assertion `left == right` failed
[INFO] [stdout]   left: 1
[INFO] [stdout]  right: 2
[INFO] [stdout] stack backtrace:
[INFO] [stdout]    0:     0x5c8d015ea861 - <<std[70759c8f55707aa4]::sys::backtrace::BacktraceLock>::print::DisplayBacktrace as core[df12db4294e9bfd3]::fmt::Display>::fmt
[INFO] [stdout]    1:     0x5c8d016038da - core[df12db4294e9bfd3]::fmt::write
[INFO] [stdout]    2:     0x5c8d015ef70c - <alloc[2182bb758b4b3781]::vec::Vec<u8> as core[df12db4294e9bfd3]::io::write::Write>::write_fmt
[INFO] [stdout]    3:     0x5c8d015c2e86 - std[70759c8f55707aa4]::panicking::default_hook::{closure#0}
[INFO] [stdout]    4:     0x5c8d015e0b59 - std[70759c8f55707aa4]::panicking::default_hook
[INFO] [stdout]    5:     0x5c8d013c7350 - test[9d35eded1c95d3be]::test_main_inner::<test[9d35eded1c95d3be]::test_main_static::{closure#0}>::{closure#0}
[INFO] [stdout]    6:     0x5c8d015e0e82 - std[70759c8f55707aa4]::panicking::panic_with_hook
[INFO] [stdout]    7:     0x5c8d015c2f32 - std[70759c8f55707aa4]::panicking::panic_handler::{closure#0}
[INFO] [stdout]    8:     0x5c8d015bb1b9 - std[70759c8f55707aa4]::sys::backtrace::__rust_end_short_backtrace::<std[70759c8f55707aa4]::panicking::panic_handler::{closure#0}, !>
[INFO] [stdout]    9:     0x5c8d015c3f4d - __rustc[8fa7c3cbc660c2b3]::rust_begin_unwind
[INFO] [stdout]   10:     0x5c8d016040fc - core[df12db4294e9bfd3]::panicking::panic_fmt
[INFO] [stdout]   11:     0x5c8d01604013 - core[df12db4294e9bfd3]::panicking::assert_failed_inner
[INFO] [stdout]   12:     0x5c8d015fe1cd - core[df12db4294e9bfd3]::panicking::assert_failed::<usize, usize>
[INFO] [stdout]   13:     0x5c8d013ad03a - <integration_tests[cfdeb23216c86e97]::test_port_conflict_detection::{closure#0} as core[df12db4294e9bfd3]::ops::function::FnOnce<()>>::call_once
[INFO] [stdout]   14:     0x5c8d013ba63b - test[9d35eded1c95d3be]::__rust_begin_short_backtrace::<core[df12db4294e9bfd3]::result::Result<(), alloc[2182bb758b4b3781]::string::String>, fn() -> core[df12db4294e9bfd3]::result::Result<(), alloc[2182bb758b4b3781]::string::String>>
[INFO] [stdout]   15:     0x5c8d013c7ca5 - test[9d35eded1c95d3be]::run_test::{closure#0}
[INFO] [stdout]   16:     0x5c8d013c1564 - std[70759c8f55707aa4]::sys::backtrace::__rust_begin_short_backtrace::<test[9d35eded1c95d3be]::run_test::{closure#1}, ()>
[INFO] [stdout]   17:     0x5c8d013cae02 - <std[70759c8f55707aa4]::thread::lifecycle::spawn_unchecked<test[9d35eded1c95d3be]::run_test::{closure#1}, ()>::{closure#1} as core[df12db4294e9bfd3]::ops::function::FnOnce<()>>::call_once::{shim:vtable#0}
[INFO] [stdout]   18:     0x5c8d015e9519 - <std[70759c8f55707aa4]::sys::thread::unix::Thread>::new::thread_start
[INFO] [stdout]   19:     0x73a9ba6a2dfa - <unknown>
[INFO] [stdout]   20:     0x73a9ba7363d4 - clone
[INFO] [stdout]   21:                0x0 - <unknown>
[INFO] [stdout] 
[INFO] [stdout] ---- test_repair_dry_run stdout ----
[INFO] [stdout] Error: Git command failed: fatal: invalid reference: main
[INFO] [stdout] 
[INFO] [stdout] 
[INFO] [stdout] Stack backtrace:
[INFO] [stdout]    0: <anyhow::Error>::msg::<alloc::string::String>
[INFO] [stdout]    1: <integration_tests::IntegrationTestSetup>::run_git_cmd
[INFO] [stdout]    2: <integration_tests::test_repair_dry_run::{closure#0} as core::ops::function::FnOnce<()>>::call_once
[INFO] [stdout]    3: test::__rust_begin_short_backtrace::<core::result::Result<(), alloc::string::String>, fn() -> core::result::Result<(), alloc::string::String>>
[INFO] [stdout]    4: test::run_test::{closure#0}
[INFO] [stdout]    5: std::sys::backtrace::__rust_begin_short_backtrace::<test::run_test::{closure#1}, ()>
[INFO] [stdout]    6: <std::thread::lifecycle::spawn_unchecked<test::run_test::{closure#1}, ()>::{closure#1} as core::ops::function::FnOnce<()>>::call_once::{shim:vtable#0}
[INFO] [stdout]    7: <std::sys::thread::unix::Thread>::new::thread_start
[INFO] [stdout]    8: <unknown>
[INFO] [stdout]    9: clone
[INFO] [stdout] 
[INFO] [stdout] ---- test_complete_vibetree_workflow stdout ----
[INFO] [stdout] Error: Failed to create git worktree
[INFO] [stdout] 
[INFO] [stdout] Caused by:
[INFO] [stdout]     Git worktree creation failed: fatal: invalid reference: main
[INFO] [stdout]     
[INFO] [stdout] 
[INFO] [stdout] Stack backtrace:
[INFO] [stdout]    0: <anyhow::Error>::msg::<alloc::string::String>
[INFO] [stdout]    1: <vibetree::git::GitManager>::create_worktree
[INFO] [stdout]    2: <vibetree::VibeTreeApp>::add_worktree
[INFO] [stdout]    3: <integration_tests::test_complete_vibetree_workflow::{closure#0} as core::ops::function::FnOnce<()>>::call_once
[INFO] [stdout]    4: test::__rust_begin_short_backtrace::<core::result::Result<(), alloc::string::String>, fn() -> core::result::Result<(), alloc::string::String>>
[INFO] [stdout]    5: test::run_test::{closure#0}
[INFO] [stdout]    6: std::sys::backtrace::__rust_begin_short_backtrace::<test::run_test::{closure#1}, ()>
[INFO] [stdout]    7: <std::thread::lifecycle::spawn_unchecked<test::run_test::{closure#1}, ()>::{closure#1} as core::ops::function::FnOnce<()>>::call_once::{shim:vtable#0}
[INFO] [stdout]    8: <std::sys::thread::unix::Thread>::new::thread_start
[INFO] [stdout]    9: <unknown>
[INFO] [stdout]   10: clone
[INFO] [stdout] 
[INFO] [stdout] ---- test_repair_main_worktree_handling stdout ----
[INFO] [stdout] 
[INFO] [stdout] thread 'test_repair_main_worktree_handling' (12765) panicked at tests/integration_tests.rs:720:5:
[INFO] [stdout] assertion failed: app.get_worktrees().contains_key("main")
[INFO] [stdout] stack backtrace:
[INFO] [stdout]    0:     0x5c8d015ea861 - <<std[70759c8f55707aa4]::sys::backtrace::BacktraceLock>::print::DisplayBacktrace as core[df12db4294e9bfd3]::fmt::Display>::fmt
[INFO] [stdout]    1:     0x5c8d016038da - core[df12db4294e9bfd3]::fmt::write
[INFO] [stdout]    2:     0x5c8d015ef70c - <alloc[2182bb758b4b3781]::vec::Vec<u8> as core[df12db4294e9bfd3]::io::write::Write>::write_fmt
[INFO] [stdout]    3:     0x5c8d015c2e86 - std[70759c8f55707aa4]::panicking::default_hook::{closure#0}
[INFO] [stdout]    4:     0x5c8d015e0b59 - std[70759c8f55707aa4]::panicking::default_hook
[INFO] [stdout]    5:     0x5c8d013c7350 - test[9d35eded1c95d3be]::test_main_inner::<test[9d35eded1c95d3be]::test_main_static::{closure#0}>::{closure#0}
[INFO] [stdout]    6:     0x5c8d015e0e82 - std[70759c8f55707aa4]::panicking::panic_with_hook
[INFO] [stdout]    7:     0x5c8d015c2f64 - std[70759c8f55707aa4]::panicking::panic_handler::{closure#0}
[INFO] [stdout]    8:     0x5c8d015bb1b9 - std[70759c8f55707aa4]::sys::backtrace::__rust_end_short_backtrace::<std[70759c8f55707aa4]::panicking::panic_handler::{closure#0}, !>
[INFO] [stdout]    9:     0x5c8d015c3f4d - __rustc[8fa7c3cbc660c2b3]::rust_begin_unwind
[INFO] [stdout]   10:     0x5c8d016040fc - core[df12db4294e9bfd3]::panicking::panic_fmt
[INFO] [stdout]   11:     0x5c8d016040c2 - core[df12db4294e9bfd3]::panicking::panic
[INFO] [stdout]   12:     0x5c8d013b16b5 - <integration_tests[cfdeb23216c86e97]::test_repair_main_worktree_handling::{closure#0} as core[df12db4294e9bfd3]::ops::function::FnOnce<()>>::call_once
[INFO] [stdout]   13:     0x5c8d013ba63b - test[9d35eded1c95d3be]::__rust_begin_short_backtrace::<core[df12db4294e9bfd3]::result::Result<(), alloc[2182bb758b4b3781]::string::String>, fn() -> core[df12db4294e9bfd3]::result::Result<(), alloc[2182bb758b4b3781]::string::String>>
[INFO] [stdout]   14:     0x5c8d013c7ca5 - test[9d35eded1c95d3be]::run_test::{closure#0}
[INFO] [stdout]   15:     0x5c8d013c1564 - std[70759c8f55707aa4]::sys::backtrace::__rust_begin_short_backtrace::<test[9d35eded1c95d3be]::run_test::{closure#1}, ()>
[INFO] [stdout]   16:     0x5c8d013cae02 - <std[70759c8f55707aa4]::thread::lifecycle::spawn_unchecked<test[9d35eded1c95d3be]::run_test::{closure#1}, ()>::{closure#1} as core[df12db4294e9bfd3]::ops::function::FnOnce<()>>::call_once::{shim:vtable#0}
[INFO] [stdout]   17:     0x5c8d015e9519 - <std[70759c8f55707aa4]::sys::thread::unix::Thread>::new::thread_start
[INFO] [stdout]   18:     0x73a9ba6a2dfa - <unknown>
[INFO] [stdout]   19:     0x73a9ba7363d4 - clone
[INFO] [stdout]   20:                0x0 - <unknown>
[INFO] [stdout] 
[INFO] [stdout] ---- test_merge_detects_conflicts stdout ----
[INFO] [stdout] 
[INFO] [stdout] thread 'test_merge_detects_conflicts' (12628) panicked at tests/integration_tests.rs:1236:5:
[INFO] [stdout] assertion failed: result.unwrap_err().to_string().contains("conflicts")
[INFO] [stdout] stack backtrace:
[INFO] [stdout]    0:     0x5c8d015ea861 - <<std[70759c8f55707aa4]::sys::backtrace::BacktraceLock>::print::DisplayBacktrace as core[df12db4294e9bfd3]::fmt::Display>::fmt
[INFO] [stdout]    1:     0x5c8d016038da - core[df12db4294e9bfd3]::fmt::write
[INFO] [stdout]    2:     0x5c8d015ef70c - <alloc[2182bb758b4b3781]::vec::Vec<u8> as core[df12db4294e9bfd3]::io::write::Write>::write_fmt
[INFO] [stdout]    3:     0x5c8d015c2e86 - std[70759c8f55707aa4]::panicking::default_hook::{closure#0}
[INFO] [stdout]    4:     0x5c8d015e0b59 - std[70759c8f55707aa4]::panicking::default_hook
[INFO] [stdout]    5:     0x5c8d013c7350 - test[9d35eded1c95d3be]::test_main_inner::<test[9d35eded1c95d3be]::test_main_static::{closure#0}>::{closure#0}
[INFO] [stdout]    6:     0x5c8d015e0e82 - std[70759c8f55707aa4]::panicking::panic_with_hook
[INFO] [stdout]    7:     0x5c8d015c2f64 - std[70759c8f55707aa4]::panicking::panic_handler::{closure#0}
[INFO] [stdout]    8:     0x5c8d015bb1b9 - std[70759c8f55707aa4]::sys::backtrace::__rust_end_short_backtrace::<std[70759c8f55707aa4]::panicking::panic_handler::{closure#0}, !>
[INFO] [stdout]    9:     0x5c8d015c3f4d - __rustc[8fa7c3cbc660c2b3]::rust_begin_unwind
[INFO] [stdout]   10:     0x5c8d016040fc - core[df12db4294e9bfd3]::panicking::panic_fmt
[INFO] [stdout]   11:     0x5c8d016040c2 - core[df12db4294e9bfd3]::panicking::panic
[INFO] [stdout]   12:     0x5c8d013abb7b - <integration_tests[cfdeb23216c86e97]::test_merge_detects_conflicts::{closure#0} as core[df12db4294e9bfd3]::ops::function::FnOnce<()>>::call_once
[INFO] [stdout]   13:     0x5c8d013ba63b - test[9d35eded1c95d3be]::__rust_begin_short_backtrace::<core[df12db4294e9bfd3]::result::Result<(), alloc[2182bb758b4b3781]::string::String>, fn() -> core[df12db4294e9bfd3]::result::Result<(), alloc[2182bb758b4b3781]::string::String>>
[INFO] [stdout]   14:     0x5c8d013c7ca5 - test[9d35eded1c95d3be]::run_test::{closure#0}
[INFO] [stdout]   15:     0x5c8d013c1564 - std[70759c8f55707aa4]::sys::backtrace::__rust_begin_short_backtrace::<test[9d35eded1c95d3be]::run_test::{closure#1}, ()>
[INFO] [stdout]   16:     0x5c8d013cae02 - <std[70759c8f55707aa4]::thread::lifecycle::spawn_unchecked<test[9d35eded1c95d3be]::run_test::{closure#1}, ()>::{closure#1} as core[df12db4294e9bfd3]::ops::function::FnOnce<()>>::call_once::{shim:vtable#0}
[INFO] [stdout]   17:     0x5c8d015e9519 - <std[70759c8f55707aa4]::sys::thread::unix::Thread>::new::thread_start
[INFO] [stdout]   18:     0x73a9ba6a2dfa - <unknown>
[INFO] [stdout]   19:     0x73a9ba7363d4 - clone
[INFO] [stdout]   20:                0x0 - <unknown>
[INFO] [stdout] 
[INFO] [stdout] ---- test_config_persistence stdout ----
[INFO] [stdout] 
[INFO] [stdout] thread 'test_config_persistence' (12622) panicked at tests/integration_tests.rs:470:9:
[INFO] [stdout] assertion `left == right` failed
[INFO] [stdout]   left: 1
[INFO] [stdout]  right: 2
[INFO] [stdout] stack backtrace:
[INFO] [stdout]    0:     0x5c8d015ea861 - <<std[70759c8f55707aa4]::sys::backtrace::BacktraceLock>::print::DisplayBacktrace as core[df12db4294e9bfd3]::fmt::Display>::fmt
[INFO] [stdout]    1:     0x5c8d016038da - core[df12db4294e9bfd3]::fmt::write
[INFO] [stdout]    2:     0x5c8d015ef70c - <alloc[2182bb758b4b3781]::vec::Vec<u8> as core[df12db4294e9bfd3]::io::write::Write>::write_fmt
[INFO] [stdout]    3:     0x5c8d015c2e86 - std[70759c8f55707aa4]::panicking::default_hook::{closure#0}
[INFO] [stdout]    4:     0x5c8d015e0b59 - std[70759c8f55707aa4]::panicking::default_hook
[INFO] [stdout]    5:     0x5c8d013c7350 - test[9d35eded1c95d3be]::test_main_inner::<test[9d35eded1c95d3be]::test_main_static::{closure#0}>::{closure#0}
[INFO] [stdout]    6:     0x5c8d015e0e82 - std[70759c8f55707aa4]::panicking::panic_with_hook
[INFO] [stdout]    7:     0x5c8d015c2f32 - std[70759c8f55707aa4]::panicking::panic_handler::{closure#0}
[INFO] [stdout]    8:     0x5c8d015bb1b9 - std[70759c8f55707aa4]::sys::backtrace::__rust_end_short_backtrace::<std[70759c8f55707aa4]::panicking::panic_handler::{closure#0}, !>
[INFO] [stdout]    9:     0x5c8d015c3f4d - __rustc[8fa7c3cbc660c2b3]::rust_begin_unwind
[INFO] [stdout]   10:     0x5c8d016040fc - core[df12db4294e9bfd3]::panicking::panic_fmt
[INFO] [stdout]   11:     0x5c8d01604013 - core[df12db4294e9bfd3]::panicking::assert_failed_inner
[INFO] [stdout]   12:     0x5c8d015fe1cd - core[df12db4294e9bfd3]::panicking::assert_failed::<usize, usize>
[INFO] [stdout]   13:     0x5c8d013a81b2 - <integration_tests[cfdeb23216c86e97]::test_config_persistence::{closure#0} as core[df12db4294e9bfd3]::ops::function::FnOnce<()>>::call_once
[INFO] [stdout]   14:     0x5c8d013ba63b - test[9d35eded1c95d3be]::__rust_begin_short_backtrace::<core[df12db4294e9bfd3]::result::Result<(), alloc[2182bb758b4b3781]::string::String>, fn() -> core[df12db4294e9bfd3]::result::Result<(), alloc[2182bb758b4b3781]::string::String>>
[INFO] [stdout]   15:     0x5c8d013c7ca5 - test[9d35eded1c95d3be]::run_test::{closure#0}
[INFO] [stdout]   16:     0x5c8d013c1564 - std[70759c8f55707aa4]::sys::backtrace::__rust_begin_short_backtrace::<test[9d35eded1c95d3be]::run_test::{closure#1}, ()>
[INFO] [stdout]   17:     0x5c8d013cae02 - <std[70759c8f55707aa4]::thread::lifecycle::spawn_unchecked<test[9d35eded1c95d3be]::run_test::{closure#1}, ()>::{closure#1} as core[df12db4294e9bfd3]::ops::function::FnOnce<()>>::call_once::{shim:vtable#0}
[INFO] [stdout]   18:     0x5c8d015e9519 - <std[70759c8f55707aa4]::sys::thread::unix::Thread>::new::thread_start
[INFO] [stdout]   19:     0x73a9ba6a2dfa - <unknown>
[INFO] [stdout]   20:     0x73a9ba7363d4 - clone
[INFO] [stdout]   21:                0x0 - <unknown>
[INFO] [stdout] 
[INFO] [stdout] ---- test_merge_already_merged stdout ----
[INFO] [stdout] Error: Target branch 'main' does not exist
[INFO] [stdout] 
[INFO] [stdout] Stack backtrace:
[INFO] [stdout]    0: <anyhow::Error>::msg::<alloc::string::String>
[INFO] [stdout]    1: <vibetree::VibeTreeApp>::merge_worktree
[INFO] [stdout]    2: <integration_tests::test_merge_already_merged::{closure#0} as core::ops::function::FnOnce<()>>::call_once
[INFO] [stdout]    3: test::__rust_begin_short_backtrace::<core::result::Result<(), alloc::string::String>, fn() -> core::result::Result<(), alloc::string::String>>
[INFO] [stdout]    4: test::run_test::{closure#0}
[INFO] [stdout]    5: std::sys::backtrace::__rust_begin_short_backtrace::<test::run_test::{closure#1}, ()>
[INFO] [stdout]    6: <std::thread::lifecycle::spawn_unchecked<test::run_test::{closure#1}, ()>::{closure#1} as core::ops::function::FnOnce<()>>::call_once::{shim:vtable#0}
[INFO] [stdout]    7: <std::sys::thread::unix::Thread>::new::thread_start
[INFO] [stdout]    8: <unknown>
[INFO] [stdout]    9: clone
[INFO] [stdout] 
[INFO] [stdout] ---- test_merge_detects_uncommitted_changes stdout ----
[INFO] [stdout] 
[INFO] [stdout] thread 'test_merge_detects_uncommitted_changes' (12629) panicked at tests/integration_tests.rs:1185:5:
[INFO] [stdout] assertion failed: result.unwrap_err().to_string().contains("Uncommitted changes")
[INFO] [stdout] stack backtrace:
[INFO] [stdout]    0:     0x5c8d015ea861 - <<std[70759c8f55707aa4]::sys::backtrace::BacktraceLock>::print::DisplayBacktrace as core[df12db4294e9bfd3]::fmt::Display>::fmt
[INFO] [stdout]    1:     0x5c8d016038da - core[df12db4294e9bfd3]::fmt::write
[INFO] [stdout]    2:     0x5c8d015ef70c - <alloc[2182bb758b4b3781]::vec::Vec<u8> as core[df12db4294e9bfd3]::io::write::Write>::write_fmt
[INFO] [stdout]    3:     0x5c8d015c2e86 - std[70759c8f55707aa4]::panicking::default_hook::{closure#0}
[INFO] [stdout]    4:     0x5c8d015e0b59 - std[70759c8f55707aa4]::panicking::default_hook
[INFO] [stdout]    5:     0x5c8d013c7350 - test[9d35eded1c95d3be]::test_main_inner::<test[9d35eded1c95d3be]::test_main_static::{closure#0}>::{closure#0}
[INFO] [stdout]    6:     0x5c8d015e0e82 - std[70759c8f55707aa4]::panicking::panic_with_hook
[INFO] [stdout]    7:     0x5c8d015c2f64 - std[70759c8f55707aa4]::panicking::panic_handler::{closure#0}
[INFO] [stdout]    8:     0x5c8d015bb1b9 - std[70759c8f55707aa4]::sys::backtrace::__rust_end_short_backtrace::<std[70759c8f55707aa4]::panicking::panic_handler::{closure#0}, !>
[INFO] [stdout]    9:     0x5c8d015c3f4d - __rustc[8fa7c3cbc660c2b3]::rust_begin_unwind
[INFO] [stdout]   10:     0x5c8d016040fc - core[df12db4294e9bfd3]::panicking::panic_fmt
[INFO] [stdout]   11:     0x5c8d016040c2 - core[df12db4294e9bfd3]::panicking::panic
[INFO] [stdout]   12:     0x5c8d013b529f - <integration_tests[cfdeb23216c86e97]::test_merge_detects_uncommitted_changes::{closure#0} as core[df12db4294e9bfd3]::ops::function::FnOnce<()>>::call_once
[INFO] [stdout]   13:     0x5c8d013ba63b - test[9d35eded1c95d3be]::__rust_begin_short_backtrace::<core[df12db4294e9bfd3]::result::Result<(), alloc[2182bb758b4b3781]::string::String>, fn() -> core[df12db4294e9bfd3]::result::Result<(), alloc[2182bb758b4b3781]::string::String>>
[INFO] [stdout]   14:     0x5c8d013c7ca5 - test[9d35eded1c95d3be]::run_test::{closure#0}
[INFO] [stdout]   15:     0x5c8d013c1564 - std[70759c8f55707aa4]::sys::backtrace::__rust_begin_short_backtrace::<test[9d35eded1c95d3be]::run_test::{closure#1}, ()>
[INFO] [stdout]   16:     0x5c8d013cae02 - <std[70759c8f55707aa4]::thread::lifecycle::spawn_unchecked<test[9d35eded1c95d3be]::run_test::{closure#1}, ()>::{closure#1} as core[df12db4294e9bfd3]::ops::function::FnOnce<()>>::call_once::{shim:vtable#0}
[INFO] [stdout]   17:     0x5c8d015e9519 - <std[70759c8f55707aa4]::sys::thread::unix::Thread>::new::thread_start
[INFO] [stdout]   18:     0x73a9ba6a2dfa - <unknown>
[INFO] [stdout]   19:     0x73a9ba7363d4 - clone
[INFO] [stdout]   20:                0x0 - <unknown>
[INFO] [stdout] 
[INFO] [stdout] ---- test_repair_orphaned_worktree_discovery stdout ----
[INFO] [stdout] Error: Git command failed: fatal: invalid reference: main
[INFO] [stdout] 
[INFO] [stdout] 
[INFO] [stdout] Stack backtrace:
[INFO] [stdout]    0: <anyhow::Error>::msg::<alloc::string::String>
[INFO] [stdout]    1: <integration_tests::IntegrationTestSetup>::run_git_cmd
[INFO] [stdout]    2: <integration_tests::test_repair_orphaned_worktree_discovery::{closure#0} as core::ops::function::FnOnce<()>>::call_once
[INFO] [stdout]    3: test::__rust_begin_short_backtrace::<core::result::Result<(), alloc::string::String>, fn() -> core::result::Result<(), alloc::string::String>>
[INFO] [stdout]    4: test::run_test::{closure#0}
[INFO] [stdout]    5: std::sys::backtrace::__rust_begin_short_backtrace::<test::run_test::{closure#1}, ()>
[INFO] [stdout]    6: <std::thread::lifecycle::spawn_unchecked<test::run_test::{closure#1}, ()>::{closure#1} as core::ops::function::FnOnce<()>>::call_once::{shim:vtable#0}
[INFO] [stdout]    7: <std::sys::thread::unix::Thread>::new::thread_start
[INFO] [stdout]    8: <unknown>
[INFO] [stdout]    9: clone
[INFO] [stdout] 
[INFO] [stdout] ---- test_merge_with_remove_flag stdout ----
[INFO] [stdout] 
[INFO] [stdout] thread 'test_merge_with_remove_flag' (12633) panicked at tests/integration_tests.rs:970:5:
[INFO] [stdout] assertion failed: result.is_ok()
[INFO] [stdout] stack backtrace:
[INFO] [stdout]    0:     0x5c8d015ea861 - <<std[70759c8f55707aa4]::sys::backtrace::BacktraceLock>::print::DisplayBacktrace as core[df12db4294e9bfd3]::fmt::Display>::fmt
[INFO] [stdout]    1:     0x5c8d016038da - core[df12db4294e9bfd3]::fmt::write
[INFO] [stdout]    2:     0x5c8d015ef70c - <alloc[2182bb758b4b3781]::vec::Vec<u8> as core[df12db4294e9bfd3]::io::write::Write>::write_fmt
[INFO] [stdout]    3:     0x5c8d015c2e86 - std[70759c8f55707aa4]::panicking::default_hook::{closure#0}
[INFO] [stdout]    4:     0x5c8d015e0b59 - std[70759c8f55707aa4]::panicking::default_hook
[INFO] [stdout]    5:     0x5c8d013c7350 - test[9d35eded1c95d3be]::test_main_inner::<test[9d35eded1c95d3be]::test_main_static::{closure#0}>::{closure#0}
[INFO] [stdout]    6:     0x5c8d015e0e82 - std[70759c8f55707aa4]::panicking::panic_with_hook
[INFO] [stdout]    7:     0x5c8d015c2f64 - std[70759c8f55707aa4]::panicking::panic_handler::{closure#0}
[INFO] [stdout]    8:     0x5c8d015bb1b9 - std[70759c8f55707aa4]::sys::backtrace::__rust_end_short_backtrace::<std[70759c8f55707aa4]::panicking::panic_handler::{closure#0}, !>
[INFO] [stdout]    9:     0x5c8d015c3f4d - __rustc[8fa7c3cbc660c2b3]::rust_begin_unwind
[INFO] [stdout]   10:     0x5c8d016040fc - core[df12db4294e9bfd3]::panicking::panic_fmt
[INFO] [stdout]   11:     0x5c8d016040c2 - core[df12db4294e9bfd3]::panicking::panic
[INFO] [stdout]   12:     0x5c8d013a9fc1 - <integration_tests[cfdeb23216c86e97]::test_merge_with_remove_flag::{closure#0} as core[df12db4294e9bfd3]::ops::function::FnOnce<()>>::call_once
[INFO] [stdout]   13:     0x5c8d013ba63b - test[9d35eded1c95d3be]::__rust_begin_short_backtrace::<core[df12db4294e9bfd3]::result::Result<(), alloc[2182bb758b4b3781]::string::String>, fn() -> core[df12db4294e9bfd3]::result::Result<(), alloc[2182bb758b4b3781]::string::String>>
[INFO] [stdout]   14:     0x5c8d013c7ca5 - test[9d35eded1c95d3be]::run_test::{closure#0}
[INFO] [stdout]   15:     0x5c8d013c1564 - std[70759c8f55707aa4]::sys::backtrace::__rust_begin_short_backtrace::<test[9d35eded1c95d3be]::run_test::{closure#1}, ()>
[INFO] [stdout]   16:     0x5c8d013cae02 - <std[70759c8f55707aa4]::thread::lifecycle::spawn_unchecked<test[9d35eded1c95d3be]::run_test::{closure#1}, ()>::{closure#1} as core[df12db4294e9bfd3]::ops::function::FnOnce<()>>::call_once::{shim:vtable#0}
[INFO] [stdout]   17:     0x5c8d015e9519 - <std[70759c8f55707aa4]::sys::thread::unix::Thread>::new::thread_start
[INFO] [stdout]   18:     0x73a9ba6a2dfa - <unknown>
[INFO] [stdout]   19:     0x73a9ba7363d4 - clone
[INFO] [stdout]   20:                0x0 - <unknown>
[INFO] [stdout] 
[INFO] [stdout] ---- test_reuse_orphaned_git_worktree stdout ----
[INFO] [stdout] Error: Git command failed: fatal: invalid reference: main
[INFO] [stdout] 
[INFO] [stdout] 
[INFO] [stdout] Stack backtrace:
[INFO] [stdout]    0: <anyhow::Error>::msg::<alloc::string::String>
[INFO] [stdout]    1: <integration_tests::IntegrationTestSetup>::run_git_cmd
[INFO] [stdout]    2: <integration_tests::test_reuse_orphaned_git_worktree::{closure#0} as core::ops::function::FnOnce<()>>::call_once
[INFO] [stdout]    3: test::__rust_begin_short_backtrace::<core::result::Result<(), alloc::string::String>, fn() -> core::result::Result<(), alloc::string::String>>
[INFO] [stdout]    4: test::run_test::{closure#0}
[INFO] [stdout]    5: std::sys::backtrace::__rust_begin_short_backtrace::<test::run_test::{closure#1}, ()>
[INFO] [stdout]    6: <std::thread::lifecycle::spawn_unchecked<test::run_test::{closure#1}, ()>::{closure#1} as core::ops::function::FnOnce<()>>::call_once::{shim:vtable#0}
[INFO] [stdout]    7: <std::sys::thread::unix::Thread>::new::thread_start
[INFO] [stdout]    8: <unknown>
[INFO] [stdout]    9: clone
[INFO] [stdout] 
[INFO] [stdout] ---- test_merge_rebase_happy_path stdout ----
[INFO] [stdout] 
[INFO] [stdout] thread 'test_merge_rebase_happy_path' (12632) panicked at tests/integration_tests.rs:1075:5:
[INFO] [stdout] Rebase merge failed: Err(Target branch 'main' does not exist
[INFO] [stdout] 
[INFO] [stdout] Stack backtrace:
[INFO] [stdout]    0: <anyhow::Error>::msg::<alloc::string::String>
[INFO] [stdout]    1: <vibetree::VibeTreeApp>::merge_worktree
[INFO] [stdout]    2: <integration_tests::test_merge_rebase_happy_path::{closure#0} as core::ops::function::FnOnce<()>>::call_once
[INFO] [stdout]    3: test::__rust_begin_short_backtrace::<core::result::Result<(), alloc::string::String>, fn() -> core::result::Result<(), alloc::string::String>>
[INFO] [stdout]    4: test::run_test::{closure#0}
[INFO] [stdout]    5: std::sys::backtrace::__rust_begin_short_backtrace::<test::run_test::{closure#1}, ()>
[INFO] [stdout]    6: <std::thread::lifecycle::spawn_unchecked<test::run_test::{closure#1}, ()>::{closure#1} as core::ops::function::FnOnce<()>>::call_once::{shim:vtable#0}
[INFO] [stdout]    7: <std::sys::thread::unix::Thread>::new::thread_start
[INFO] [stdout]    8: <unknown>
[INFO] [stdout]    9: clone)
[INFO] [stdout] stack backtrace:
[INFO] [stdout]    0:     0x5c8d015ea861 - <<std[70759c8f55707aa4]::sys::backtrace::BacktraceLock>::print::DisplayBacktrace as core[df12db4294e9bfd3]::fmt::Display>::fmt
[INFO] [stdout]    1:     0x5c8d016038da - core[df12db4294e9bfd3]::fmt::write
[INFO] [stdout]    2:     0x5c8d015ef70c - <alloc[2182bb758b4b3781]::vec::Vec<u8> as core[df12db4294e9bfd3]::io::write::Write>::write_fmt
[INFO] [stdout]    3:     0x5c8d015c2e86 - std[70759c8f55707aa4]::panicking::default_hook::{closure#0}
[INFO] [stdout]    4:     0x5c8d015e0b59 - std[70759c8f55707aa4]::panicking::default_hook
[INFO] [stdout]    5:     0x5c8d013c7350 - test[9d35eded1c95d3be]::test_main_inner::<test[9d35eded1c95d3be]::test_main_static::{closure#0}>::{closure#0}
[INFO] [stdout]    6:     0x5c8d015e0e82 - std[70759c8f55707aa4]::panicking::panic_with_hook
[INFO] [stdout]    7:     0x5c8d015c2f32 - std[70759c8f55707aa4]::panicking::panic_handler::{closure#0}
[INFO] [stdout]    8:     0x5c8d015bb1b9 - std[70759c8f55707aa4]::sys::backtrace::__rust_end_short_backtrace::<std[70759c8f55707aa4]::panicking::panic_handler::{closure#0}, !>
[INFO] [stdout]    9:     0x5c8d015c3f4d - __rustc[8fa7c3cbc660c2b3]::rust_begin_unwind
[INFO] [stdout]   10:     0x5c8d016040fc - core[df12db4294e9bfd3]::panicking::panic_fmt
[INFO] [stdout]   11:     0x5c8d013ac691 - <integration_tests[cfdeb23216c86e97]::test_merge_rebase_happy_path::{closure#0} as core[df12db4294e9bfd3]::ops::function::FnOnce<()>>::call_once
[INFO] [stdout]   12:     0x5c8d013ba63b - test[9d35eded1c95d3be]::__rust_begin_short_backtrace::<core[df12db4294e9bfd3]::result::Result<(), alloc[2182bb758b4b3781]::string::String>, fn() -> core[df12db4294e9bfd3]::result::Result<(), alloc[2182bb758b4b3781]::string::String>>
[INFO] [stdout]   13:     0x5c8d013c7ca5 - test[9d35eded1c95d3be]::run_test::{closure#0}
[INFO] [stdout]   14:     0x5c8d013c1564 - std[70759c8f55707aa4]::sys::backtrace::__rust_begin_short_backtrace::<test[9d35eded1c95d3be]::run_test::{closure#1}, ()>
[INFO] [stdout]   15:     0x5c8d013cae02 - <std[70759c8f55707aa4]::thread::lifecycle::spawn_unchecked<test[9d35eded1c95d3be]::run_test::{closure#1}, ()>::{closure#1} as core[df12db4294e9bfd3]::ops::function::FnOnce<()>>::call_once::{shim:vtable#0}
[INFO] [stdout]   16:     0x5c8d015e9519 - <std[70759c8f55707aa4]::sys::thread::unix::Thread>::new::thread_start
[INFO] [stdout]   17:     0x73a9ba6a2dfa - <unknown>
[INFO] [stdout]   18:     0x73a9ba7363d4 - clone
[INFO] [stdout]   19:                0x0 - <unknown>
[INFO] [stdout] 
[INFO] [stdout] ---- test_serviceless_vibetree_workflow stdout ----
[INFO] [stdout] Error: Failed to create git worktree
[INFO] [stdout] 
[INFO] [stdout] Caused by:
[INFO] [stdout]     Git worktree creation failed: fatal: invalid reference: main
[INFO] [stdout]     
[INFO] [stdout] 
[INFO] [stdout] Stack backtrace:
[INFO] [stdout]    0: <anyhow::Error>::msg::<alloc::string::String>
[INFO] [stdout]    1: <vibetree::git::GitManager>::create_worktree
[INFO] [stdout]    2: <vibetree::VibeTreeApp>::add_worktree
[INFO] [stdout]    3: <integration_tests::test_serviceless_vibetree_workflow::{closure#0} as core::ops::function::FnOnce<()>>::call_once
[INFO] [stdout]    4: test::__rust_begin_short_backtrace::<core::result::Result<(), alloc::string::String>, fn() -> core::result::Result<(), alloc::string::String>>
[INFO] [stdout]    5: test::run_test::{closure#0}
[INFO] [stdout]    6: std::sys::backtrace::__rust_begin_short_backtrace::<test::run_test::{closure#1}, ()>
[INFO] [stdout]    7: <std::thread::lifecycle::spawn_unchecked<test::run_test::{closure#1}, ()>::{closure#1} as core::ops::function::FnOnce<()>>::call_once::{shim:vtable#0}
[INFO] [stdout]    8: <std::sys::thread::unix::Thread>::new::thread_start
[INFO] [stdout]    9: <unknown>
[INFO] [stdout]   10: clone
[INFO] [stdout] 
[INFO] [stdout] ---- test_merge_happy_path stdout ----
[INFO] [stdout] 
[INFO] [stdout] thread 'test_merge_happy_path' (12630) panicked at tests/integration_tests.rs:920:5:
[INFO] [stdout] assertion failed: result.is_ok()
[INFO] [stdout] stack backtrace:
[INFO] [stdout]    0:     0x5c8d015ea861 - <<std[70759c8f55707aa4]::sys::backtrace::BacktraceLock>::print::DisplayBacktrace as core[df12db4294e9bfd3]::fmt::Display>::fmt
[INFO] [stdout]    1:     0x5c8d016038da - core[df12db4294e9bfd3]::fmt::write
[INFO] [stdout]    2:     0x5c8d015ef70c - <alloc[2182bb758b4b3781]::vec::Vec<u8> as core[df12db4294e9bfd3]::io::write::Write>::write_fmt
[INFO] [stdout]    3:     0x5c8d015c2e86 - std[70759c8f55707aa4]::panicking::default_hook::{closure#0}
[INFO] [stdout]    4:     0x5c8d015e0b59 - std[70759c8f55707aa4]::panicking::default_hook
[INFO] [stdout]    5:     0x5c8d013c7350 - test[9d35eded1c95d3be]::test_main_inner::<test[9d35eded1c95d3be]::test_main_static::{closure#0}>::{closure#0}
[INFO] [stdout]    6:     0x5c8d015e0e82 - std[70759c8f55707aa4]::panicking::panic_with_hook
[INFO] [stdout]    7:     0x5c8d015c2f64 - std[70759c8f55707aa4]::panicking::panic_handler::{closure#0}
[INFO] [stdout]    8:     0x5c8d015bb1b9 - std[70759c8f55707aa4]::sys::backtrace::__rust_end_short_backtrace::<std[70759c8f55707aa4]::panicking::panic_handler::{closure#0}, !>
[INFO] [stdout]    9:     0x5c8d015c3f4d - __rustc[8fa7c3cbc660c2b3]::rust_begin_unwind
[INFO] [stdout]   10:     0x5c8d016040fc - core[df12db4294e9bfd3]::panicking::panic_fmt
[INFO] [stdout]   11:     0x5c8d016040c2 - core[df12db4294e9bfd3]::panicking::panic
[INFO] [stdout]   12:     0x5c8d013a78dc - <integration_tests[cfdeb23216c86e97]::test_merge_happy_path::{closure#0} as core[df12db4294e9bfd3]::ops::function::FnOnce<()>>::call_once
[INFO] [stdout]   13:     0x5c8d013ba63b - test[9d35eded1c95d3be]::__rust_begin_short_backtrace::<core[df12db4294e9bfd3]::result::Result<(), alloc[2182bb758b4b3781]::string::String>, fn() -> core[df12db4294e9bfd3]::result::Result<(), alloc[2182bb758b4b3781]::string::String>>
[INFO] [stdout]   14:     0x5c8d013c7ca5 - test[9d35eded1c95d3be]::run_test::{closure#0}
[INFO] [stdout]   15:     0x5c8d013c1564 - std[70759c8f55707aa4]::sys::backtrace::__rust_begin_short_backtrace::<test[9d35eded1c95d3be]::run_test::{closure#1}, ()>
[INFO] [stdout]   16:     0x5c8d013cae02 - <std[70759c8f55707aa4]::thread::lifecycle::spawn_unchecked<test[9d35eded1c95d3be]::run_test::{closure#1}, ()>::{closure#1} as core[df12db4294e9bfd3]::ops::function::FnOnce<()>>::call_once::{shim:vtable#0}
[INFO] [stdout]   17:     0x5c8d015e9519 - <std[70759c8f55707aa4]::sys::thread::unix::Thread>::new::thread_start
[INFO] [stdout]   18:     0x73a9ba6a2dfa - <unknown>
[INFO] [stdout]   19:     0x73a9ba7363d4 - clone
[INFO] [stdout]   20:                0x0 - <unknown>
[INFO] [stdout] 
[INFO] [stdout] 
[INFO] [stdout] failures:
[INFO] [stdout]     test_complete_vibetree_workflow
[INFO] [stdout]     test_config_persistence
[INFO] [stdout]     test_list_main_worktree_status
[INFO] [stdout]     test_merge_already_merged
[INFO] [stdout]     test_merge_detects_conflicts
[INFO] [stdout]     test_merge_detects_uncommitted_changes
[INFO] [stdout]     test_merge_happy_path
[INFO] [stdout]     test_merge_rebase_happy_path
[INFO] [stdout]     test_merge_with_remove_flag
[INFO] [stdout]     test_port_conflict_detection
[INFO] [stdout]     test_repair_dry_run
[INFO] [stdout]     test_repair_main_worktree_handling
[INFO] [stdout]     test_repair_orphaned_worktree_discovery
[INFO] [stdout]     test_reuse_orphaned_git_worktree
[INFO] [stdout]     test_serviceless_vibetree_workflow
[INFO] [stdout] 
[INFO] [stdout] test result: FAILED. 12 passed; 15 failed; 0 ignored; 0 measured; 0 filtered out; finished in 0.43s
[INFO] [stdout] 
[INFO] [stderr] error: test failed, to rerun pass `--test integration_tests`
[INFO] running `Command { std: "docker" "inspect" "e50ce40e5755b11ab676fee577d5e37a1b915bb4372c9093a84aca4b92370c2c", kill_on_drop: false }`
[INFO] running `Command { std: "docker" "rm" "-f" "e50ce40e5755b11ab676fee577d5e37a1b915bb4372c9093a84aca4b92370c2c", kill_on_drop: false }`
[INFO] [stdout] e50ce40e5755b11ab676fee577d5e37a1b915bb4372c9093a84aca4b92370c2c
