[INFO] fetching crate vibesql-rs 0.1.0...
[INFO] testing vibesql-rs-0.1.0 against 1.99.0-beta.8+cargoflags=--release for beta-release-1.100-2
[INFO] extracting crate vibesql-rs 0.1.0 into /workspace/builds/worker-6-tc1/source
[INFO] started tweaking crates.io crate vibesql-rs 0.1.0
[INFO] removed 0 missing examples
[INFO] finished tweaking crates.io crate vibesql-rs 0.1.0
[INFO] tweaked toml for crates.io crate vibesql-rs 0.1.0 written to /workspace/builds/worker-6-tc1/source/Cargo.toml
[INFO] validating manifest of crates.io crate vibesql-rs 0.1.0 on toolchain 1.99.0-beta.8
[INFO] running `Command { std: CARGO_HOME="/workspace/cargo-home" RUSTUP_HOME="/workspace/rustup-home" "/workspace/cargo-home/bin/cargo" "+1.99.0-beta.8" "metadata" "--manifest-path" "Cargo.toml" "--no-deps", kill_on_drop: false }`
[INFO] crate crates.io crate vibesql-rs 0.1.0 already has a lockfile, it will not be regenerated
[INFO] running `Command { std: CARGO_HOME="/workspace/cargo-home" RUSTUP_HOME="/workspace/rustup-home" "/workspace/cargo-home/bin/cargo" "+1.99.0-beta.8" "fetch" "--manifest-path" "Cargo.toml", kill_on_drop: false }`
[INFO] running `Command { std: "docker" "create" "-v" "/var/lib/crater-agent-workspace/builds/worker-6-tc1/source:/opt/rustwide/workdir:ro,Z" "-v" "/var/lib/crater-agent-workspace/builds/worker-6-tc1/target:/opt/rustwide/target:rw,Z" "-v" "/var/lib/crater-agent-workspace/cargo-home:/opt/rustwide/cargo-home:ro,Z" "-v" "/var/lib/crater-agent-workspace/rustup-home:/opt/rustwide/rustup-home:ro,Z" "-m" "1610612736" "--network" "none" "ghcr.io/rust-lang/crates-build-env/linux@sha256:77db811e55d90add9212f6832c23229e3de5f1c1f9905e8cb07319ea15df73ac" "sleep" "infinity", kill_on_drop: false }`
[INFO] [stdout] 2788bfb3ee3c6979ee024e7357087fffed0ff025e720dd7626d377a01ed0377d
[INFO] running `Command { std: "docker" "start" "2788bfb3ee3c6979ee024e7357087fffed0ff025e720dd7626d377a01ed0377d", kill_on_drop: false }`
[INFO] running `Command { std: "docker" "inspect" "2788bfb3ee3c6979ee024e7357087fffed0ff025e720dd7626d377a01ed0377d", kill_on_drop: false }`
[INFO] running `Command { std: "docker" "exec" "-e" "SOURCE_DIR=/opt/rustwide/workdir" "-e" "CARGO_HOME=/opt/rustwide/cargo-home" "-e" "RUSTUP_HOME=/opt/rustwide/rustup-home" "-e" "CARGO_TARGET_DIR=/opt/rustwide/target" "-w" "/opt/rustwide/workdir" "--user" "0:0" "2788bfb3ee3c6979ee024e7357087fffed0ff025e720dd7626d377a01ed0377d" "/opt/rustwide/cargo-home/bin/cargo" "+1.99.0-beta.8" "metadata" "--no-deps" "--format-version=1", kill_on_drop: false }`
[INFO] running `Command { std: "docker" "inspect" "2788bfb3ee3c6979ee024e7357087fffed0ff025e720dd7626d377a01ed0377d", kill_on_drop: false }`
[INFO] running `Command { std: "docker" "exec" "-e" "SOURCE_DIR=/opt/rustwide/workdir" "-e" "CARGO_HOME=/opt/rustwide/cargo-home" "-e" "RUSTUP_HOME=/opt/rustwide/rustup-home" "-e" "CARGO_TARGET_DIR=/opt/rustwide/target" "-e" "CARGO_INCREMENTAL=0" "-e" "RUST_BACKTRACE=full" "-e" "RUSTFLAGS=--cap-lints=warn" "-e" "RUSTDOCFLAGS=--cap-lints=warn" "-w" "/opt/rustwide/workdir" "--user" "0:0" "2788bfb3ee3c6979ee024e7357087fffed0ff025e720dd7626d377a01ed0377d" "/opt/rustwide/cargo-home/bin/cargo" "+1.99.0-beta.8" "build" "--frozen" "--message-format=json" "--release", kill_on_drop: false }`
[INFO] [stderr]    Compiling vibesql-rs v0.1.0 (/opt/rustwide/workdir)
[INFO] [stderr]     Finished `release` profile [optimized] target(s) in 16.90s
[INFO] running `Command { std: "docker" "inspect" "2788bfb3ee3c6979ee024e7357087fffed0ff025e720dd7626d377a01ed0377d", kill_on_drop: false }`
[INFO] running `Command { std: "docker" "exec" "-e" "SOURCE_DIR=/opt/rustwide/workdir" "-e" "CARGO_HOME=/opt/rustwide/cargo-home" "-e" "RUSTUP_HOME=/opt/rustwide/rustup-home" "-e" "CARGO_TARGET_DIR=/opt/rustwide/target" "-e" "CARGO_INCREMENTAL=0" "-e" "RUST_BACKTRACE=full" "-e" "RUSTFLAGS=--cap-lints=warn" "-e" "RUSTDOCFLAGS=--cap-lints=warn" "-w" "/opt/rustwide/workdir" "--user" "0:0" "2788bfb3ee3c6979ee024e7357087fffed0ff025e720dd7626d377a01ed0377d" "/opt/rustwide/cargo-home/bin/cargo" "+1.99.0-beta.8" "test" "--frozen" "--no-run" "--message-format=json" "--release", kill_on_drop: false }`
[INFO] [stderr]    Compiling vibesql-rs v0.1.0 (/opt/rustwide/workdir)
[INFO] [stderr]     Finished `release` profile [optimized] target(s) in 32.18s
[INFO] running `Command { std: "docker" "inspect" "2788bfb3ee3c6979ee024e7357087fffed0ff025e720dd7626d377a01ed0377d", kill_on_drop: false }`
[INFO] running `Command { std: "docker" "exec" "-e" "SOURCE_DIR=/opt/rustwide/workdir" "-e" "CARGO_HOME=/opt/rustwide/cargo-home" "-e" "RUSTUP_HOME=/opt/rustwide/rustup-home" "-e" "CARGO_TARGET_DIR=/opt/rustwide/target" "-e" "CARGO_INCREMENTAL=0" "-e" "RUST_BACKTRACE=full" "-e" "RUSTFLAGS=--cap-lints=warn" "-e" "RUSTDOCFLAGS=--cap-lints=warn" "-w" "/opt/rustwide/workdir" "--user" "0:0" "2788bfb3ee3c6979ee024e7357087fffed0ff025e720dd7626d377a01ed0377d" "/opt/rustwide/cargo-home/bin/cargo" "+1.99.0-beta.8" "test" "--frozen" "--release", kill_on_drop: false }`
[INFO] [stderr]     Finished `release` profile [optimized] target(s) in 0.02s
[INFO] [stderr]      Running unittests src/lib.rs (/opt/rustwide/target/release/deps/vibesql-c91d07507ffa4a99)
[INFO] [stdout] 
[INFO] [stdout] running 112 tests
[INFO] [stdout] test analyzer::scope::tests::test_scope_ambiguous_column ... ok
[INFO] [stdout] test analyzer::tests::test_column_not_found ... ok
[INFO] [stdout] test analyzer::tests::test_ambiguous_column ... ok
[INFO] [stdout] test analyzer::tests::test_cte ... ok
[INFO] [stdout] test analyzer::tests::test_aggregate ... ok
[INFO] [stdout] test analyzer::tests::test_table_not_found ... ok
[INFO] [stdout] test analyzer::scope::tests::test_scope_table_lookup ... ok
[INFO] [stdout] test catalog::builder::tests::test_builder_table ... ok
[INFO] [stdout] test catalog::builder::tests::test_builder_with_builtins ... ok
[INFO] [stdout] test ast::expr::tests::test_binary_op_precedence ... ok
[INFO] [stdout] test analyzer::tests::test_select_with_alias ... ok
[INFO] [stdout] test analyzer::tests::test_simple_select ... ok
[INFO] [stdout] test analyzer::tests::test_join ... ok
[INFO] [stdout] test analyzer::tests::test_union ... ok
[INFO] [stdout] test ast::expr::tests::test_interval_unit_from_str ... ok
[INFO] [stdout] test ast::types::tests::test_type_classification ... ok
[INFO] [stdout] test catalog::builder::tests::test_builder_custom_function ... ok
[INFO] [stdout] test analyzer::type_checker::tests::test_literal_types ... ok
[INFO] [stdout] test analyzer::type_checker::tests::test_binary_op_types ... ok
[INFO] [stdout] test catalog::function::tests::test_function_signature ... ok
[INFO] [stdout] test ast::expr::tests::test_datetime_part_from_str ... ok
[INFO] [stdout] test ast::types::tests::test_type_display ... ok
[INFO] [stdout] test analyzer::tests::test_select_star ... ok
[INFO] [stdout] test catalog::builder::tests::test_builder_type_alias ... ok
[INFO] [stdout] test catalog::function::tests::test_window_function ... ok
[INFO] [stdout] test catalog::schema::tests::test_table_schema ... ok
[INFO] [stdout] test catalog::tests::test_memory_catalog ... ok
[INFO] [stdout] test catalog::tests::test_builtin_functions ... ok
[INFO] [stdout] test error::tests::test_error_display ... ok
[INFO] [stdout] test error::tests::test_error_with_context ... ok
[INFO] [stdout] test catalog::type_registry::tests::test_standard_aliases ... ok
[INFO] [stdout] test lexer::tests::test_boolean_and_null ... ok
[INFO] [stdout] test lexer::tests::test_bytes_literal ... ok
[INFO] [stdout] test catalog::builder::tests::test_full_builder ... ok
[INFO] [stdout] test catalog::type_registry::tests::test_custom_alias ... ok
[INFO] [stdout] test catalog::type_registry::tests::test_remove_alias ... ok
[INFO] [stdout] test lexer::tests::test_strings ... ok
[INFO] [stdout] test lexer::tests::test_raw_string ... ok
[INFO] [stdout] test lexer::tests::test_simple_select ... ok
[INFO] [stdout] test catalog::type_registry::tests::test_display_name_override ... ok
[INFO] [stdout] test lexer::tests::test_complex_query ... ok
[INFO] [stdout] test lexer::tests::test_quoted_identifier ... ok
[INFO] [stdout] test catalog::type_registry::tests::test_empty_registry ... ok
[INFO] [stdout] test lexer::tests::test_escape_sequences ... ok
[INFO] [stdout] test error::tests::test_span_merge ... ok
[INFO] [stdout] test lexer::tests::test_comments ... ok
[INFO] [stdout] test lexer::tests::test_numbers ... ok
[INFO] [stdout] test analyzer::tests::test_where_clause_type_check ... ok
[INFO] [stdout] test lexer::token::tests::test_keyword_lookup ... ok
[INFO] [stdout] test lexer::tests::test_operators ... ok
[INFO] [stdout] test lexer::token::tests::test_reserved_keywords ... ok
[INFO] [stdout] test lexer::token::tests::test_token_is_keyword ... ok
[INFO] [stdout] test parser::expr::tests::test_array_literal ... ok
[INFO] [stdout] test parser::expr::tests::test_comparison ... ok
[INFO] [stdout] test parser::expr::tests::test_in_list ... ok
[INFO] [stdout] test parser::expr::tests::test_function_call ... ok
[INFO] [stdout] test parser::expr::tests::test_parenthesized ... ok
[INFO] [stdout] test parser::query::tests::test_select_join ... ok
[INFO] [stdout] test parser::query::tests::test_select_where ... ok
[INFO] [stdout] test parser::query::tests::test_simple_select ... ok
[INFO] [stdout] test parser::stmt::tests::test_alter_table ... ok
[INFO] [stdout] test parser::stmt::tests::test_create_view ... ok
[INFO] [stdout] test parser::stmt::tests::test_create_table ... ok
[INFO] [stdout] test parser::expr::tests::test_case_expression ... ok
[INFO] [stdout] test parser::expr::tests::test_literals ... ok
[INFO] [stdout] test parser::expr::tests::test_binary_operations ... ok
[INFO] [stdout] test parser::expr::tests::test_cast ... ok
[INFO] [stdout] test parser::expr::tests::test_logical_operations ... ok
[INFO] [stdout] test parser::query::tests::test_select_from ... ok
[INFO] [stdout] test parser::query::tests::test_select_group_by ... ok
[INFO] [stdout] test parser::query::tests::test_union ... ok
[INFO] [stdout] test parser::query::tests::test_with_clause ... ok
[INFO] [stdout] test parser::expr::tests::test_between ... ok
[INFO] [stdout] test parser::stmt::tests::test_begin_commit ... ok
[INFO] [stdout] test parser::stmt::tests::test_delete ... ok
[INFO] [stdout] test parser::stmt::tests::test_update_multiple_assignments ... ok
[INFO] [stdout] test parser::stmt::tests::test_update_nested_field ... ok
[INFO] [stdout] test parser::stmt::tests::test_explain ... ok
[INFO] [stdout] test parser::tests::test_empty_input ... ok
[INFO] [stdout] test parser::stmt::tests::test_insert_values ... ok
[INFO] [stdout] test parser::tests::test_multiple_statements ... ok
[INFO] [stdout] test parser::tests::test_semicolons ... ok
[INFO] [stdout] test parser::stmt::tests::test_rollback ... ok
[INFO] [stdout] test types::sql_type::tests::test_coercion ... ok
[INFO] [stdout] test parser::stmt::tests::test_update_simple_column ... ok
[INFO] [stdout] test types::sql_type::tests::test_common_supertype ... ok
[INFO] [stdout] test types::sql_type::tests::test_display ... ok
[INFO] [stdout] test parser::expr::tests::test_like ... ok
[INFO] [stdout] test parser::stmt::tests::test_insert_select ... ok
[INFO] [stdout] test parser::query::tests::test_order_by_limit ... ok
[INFO] [stdout] test types::sql_type::tests::test_element_type ... ok
[INFO] [stdout] test parser::expr::tests::test_is_null ... ok
[INFO] [stdout] test parser::stmt::tests::test_drop_table ... ok
[INFO] [stdout] test types::sql_type::tests::test_is_comparable_with ... ok
[INFO] [stdout] test parser::stmt::tests::test_update ... ok
[INFO] [stdout] test types::sql_type::tests::test_is_floating_point ... ok
[INFO] [stdout] test parser::stmt::tests::test_update_deeply_nested_field ... ok
[INFO] [stdout] test types::value::tests::test_value_from_i64 ... ok
[INFO] [stdout] test types::sql_type::tests::test_is_integer ... ok
[INFO] [stdout] test types::value::tests::test_value_from_string ... ok
[INFO] [stdout] test types::sql_type::tests::test_is_datetime ... ok
[INFO] [stdout] test types::value::tests::test_value_from_str ... ok
[INFO] [stdout] test types::sql_type::tests::test_is_signed_unsigned_integer ... ok
[INFO] [stdout] test types::value::tests::test_value_is_null ... ok
[INFO] [stdout] test types::sql_type::tests::test_is_string ... ok
[INFO] [stdout] test types::value::tests::test_value_type_name ... ok
[INFO] [stdout] test types::sql_type::tests::test_numeric_classification ... ok
[INFO] [stdout] test types::sql_type::tests::test_struct_fields ... ok
[INFO] [stdout] test types::value::tests::test_value_from_bool ... ok
[INFO] [stdout] test types::value::tests::test_value_default ... ok
[INFO] [stdout] test types::value::tests::test_value_from_bytes ... ok
[INFO] [stdout] test types::value::tests::test_value_from_f64 ... ok
[INFO] [stdout] 
[INFO] [stdout] test result: ok. 112 passed; 0 failed; 0 ignored; 0 measured; 0 filtered out; finished in 0.02s
[INFO] [stdout] 
[INFO] [stderr]      Running unittests src/main.rs (/opt/rustwide/target/release/deps/vibesql-de279360b4295d94)
[INFO] [stderr]    Doc-tests vibesql
[INFO] [stdout] 
[INFO] [stdout] running 0 tests
[INFO] [stdout] 
[INFO] [stdout] test result: ok. 0 passed; 0 failed; 0 ignored; 0 measured; 0 filtered out; finished in 0.00s
[INFO] [stdout] 
[INFO] [stdout] 
[INFO] [stdout] running 12 tests
[INFO] [stdout] test src/catalog/builder.rs - catalog::builder::CatalogBuilder (line 16) ... FAILED
[INFO] [stdout] test src/catalog/type_registry.rs - catalog::type_registry::TypeRegistry::add_alias (line 131) ... FAILED
[INFO] [stdout] test src/catalog/builder.rs - catalog::builder::CatalogBuilder::add_type_alias (line 56) ... FAILED
[INFO] [stdout] test src/catalog/builder.rs - catalog::builder::CatalogBuilder::add_aggregate_function (line 93) ... FAILED
[INFO] [stdout] test src/catalog/mod.rs - catalog (line 14) ... FAILED
[INFO] [stdout] test src/catalog/builder.rs - catalog::builder::CatalogBuilder::add_scalar_function (line 74) ... ok
[INFO] [stdout] test src/catalog/builder.rs - catalog::builder::CatalogBuilder::add_function (line 129) ... ok
[INFO] [stdout] test src/catalog/type_registry.rs - catalog::type_registry::TypeRegistry (line 15) ... ok
[INFO] [stdout] test src/catalog/builder.rs - catalog::builder::CatalogBuilder::add_window_function (line 111) ... ok
[INFO] [stdout] test src/lib.rs - (line 20) ... ok
[INFO] [stdout] test src/lib.rs - (line 32) ... ok
[INFO] [stdout] test src/catalog/builder.rs - catalog::builder::CatalogBuilder::add_table (line 146) ... ok
[INFO] [stderr] error: doctest failed, to rerun pass `--doc`
[INFO] [stdout] 
[INFO] [stdout] failures:
[INFO] [stdout] 
[INFO] [stdout] ---- src/catalog/builder.rs - catalog::builder::CatalogBuilder (line 16) stdout ----
[INFO] [stdout] Couldn't compile the test.
[INFO] [stdout] ---- src/catalog/type_registry.rs - catalog::type_registry::TypeRegistry::add_alias (line 131) stdout ----
[INFO] [stdout] Couldn't compile the test.
[INFO] [stdout] ---- src/catalog/builder.rs - catalog::builder::CatalogBuilder::add_type_alias (line 56) stdout ----
[INFO] [stdout] Couldn't compile the test.
[INFO] [stdout] ---- src/catalog/builder.rs - catalog::builder::CatalogBuilder::add_aggregate_function (line 93) stdout ----
[INFO] [stdout] Couldn't compile the test.
[INFO] [stdout] ---- src/catalog/mod.rs - catalog (line 14) stdout ----
[INFO] [stdout] Couldn't compile the test.
[INFO] [stdout] 
[INFO] [stdout] failures:
[INFO] [stdout]     src/catalog/builder.rs - catalog::builder::CatalogBuilder (line 16)
[INFO] [stdout]     src/catalog/builder.rs - catalog::builder::CatalogBuilder::add_aggregate_function (line 93)
[INFO] [stdout]     src/catalog/builder.rs - catalog::builder::CatalogBuilder::add_type_alias (line 56)
[INFO] [stdout]     src/catalog/mod.rs - catalog (line 14)
[INFO] [stdout]     src/catalog/type_registry.rs - catalog::type_registry::TypeRegistry::add_alias (line 131)
[INFO] [stdout] 
[INFO] [stdout] test result: FAILED. 7 passed; 5 failed; 0 ignored; 0 measured; 0 filtered out; finished in 16.51s
[INFO] [stdout] 
[INFO] running `Command { std: "docker" "inspect" "2788bfb3ee3c6979ee024e7357087fffed0ff025e720dd7626d377a01ed0377d", kill_on_drop: false }`
[INFO] running `Command { std: "docker" "rm" "-f" "2788bfb3ee3c6979ee024e7357087fffed0ff025e720dd7626d377a01ed0377d", kill_on_drop: false }`
[INFO] [stdout] 2788bfb3ee3c6979ee024e7357087fffed0ff025e720dd7626d377a01ed0377d
