[INFO] fetching crate vibecheck-cli 0.6.0...
[INFO] testing vibecheck-cli-0.6.0 against 1.100.0-beta.1+cargoflags=--release for beta-release-1.100-2
[INFO] extracting crate vibecheck-cli 0.6.0 into /workspace/builds/worker-7-tc2/source
[INFO] started tweaking crates.io crate vibecheck-cli 0.6.0
[INFO] removed 0 missing tests
[INFO] finished tweaking crates.io crate vibecheck-cli 0.6.0
[INFO] tweaked toml for crates.io crate vibecheck-cli 0.6.0 written to /workspace/builds/worker-7-tc2/source/Cargo.toml
[INFO] validating manifest of crates.io crate vibecheck-cli 0.6.0 on toolchain 1.100.0-beta.1
[INFO] running `Command { std: CARGO_HOME="/workspace/cargo-home" RUSTUP_HOME="/workspace/rustup-home" "/workspace/cargo-home/bin/cargo" "+1.100.0-beta.1" "metadata" "--manifest-path" "Cargo.toml" "--no-deps", kill_on_drop: false }`
[INFO] crate crates.io crate vibecheck-cli 0.6.0 already has a lockfile, it will not be regenerated
[INFO] running `Command { std: CARGO_HOME="/workspace/cargo-home" RUSTUP_HOME="/workspace/rustup-home" "/workspace/cargo-home/bin/cargo" "+1.100.0-beta.1" "fetch" "--manifest-path" "Cargo.toml", kill_on_drop: false }`
[INFO] running `Command { std: "docker" "create" "-v" "/var/lib/crater-agent-workspace/builds/worker-7-tc2/source:/opt/rustwide/workdir:ro,Z" "-v" "/var/lib/crater-agent-workspace/builds/worker-7-tc2/target:/opt/rustwide/target:rw,Z" "-v" "/var/lib/crater-agent-workspace/cargo-home:/opt/rustwide/cargo-home:ro,Z" "-v" "/var/lib/crater-agent-workspace/rustup-home:/opt/rustwide/rustup-home:ro,Z" "-m" "1610612736" "--network" "none" "ghcr.io/rust-lang/crates-build-env/linux@sha256:77db811e55d90add9212f6832c23229e3de5f1c1f9905e8cb07319ea15df73ac" "sleep" "infinity", kill_on_drop: false }`
[INFO] [stdout] 332c80d13f5d561f0dbbba468793c2a4f586713285b69c332b05d096c5769d46
[INFO] running `Command { std: "docker" "start" "332c80d13f5d561f0dbbba468793c2a4f586713285b69c332b05d096c5769d46", kill_on_drop: false }`
[INFO] running `Command { std: "docker" "inspect" "332c80d13f5d561f0dbbba468793c2a4f586713285b69c332b05d096c5769d46", kill_on_drop: false }`
[INFO] running `Command { std: "docker" "exec" "-e" "SOURCE_DIR=/opt/rustwide/workdir" "-e" "CARGO_HOME=/opt/rustwide/cargo-home" "-e" "RUSTUP_HOME=/opt/rustwide/rustup-home" "-e" "CARGO_TARGET_DIR=/opt/rustwide/target" "-w" "/opt/rustwide/workdir" "--user" "0:0" "332c80d13f5d561f0dbbba468793c2a4f586713285b69c332b05d096c5769d46" "/opt/rustwide/cargo-home/bin/cargo" "+1.100.0-beta.1" "metadata" "--no-deps" "--format-version=1", kill_on_drop: false }`
[INFO] running `Command { std: "docker" "inspect" "332c80d13f5d561f0dbbba468793c2a4f586713285b69c332b05d096c5769d46", kill_on_drop: false }`
[INFO] running `Command { std: "docker" "exec" "-e" "SOURCE_DIR=/opt/rustwide/workdir" "-e" "CARGO_HOME=/opt/rustwide/cargo-home" "-e" "RUSTUP_HOME=/opt/rustwide/rustup-home" "-e" "CARGO_TARGET_DIR=/opt/rustwide/target" "-e" "CARGO_INCREMENTAL=0" "-e" "RUST_BACKTRACE=full" "-e" "RUSTFLAGS=--cap-lints=warn" "-e" "RUSTDOCFLAGS=--cap-lints=warn" "-w" "/opt/rustwide/workdir" "--user" "0:0" "332c80d13f5d561f0dbbba468793c2a4f586713285b69c332b05d096c5769d46" "/opt/rustwide/cargo-home/bin/cargo" "+1.100.0-beta.1" "build" "--frozen" "--message-format=json" "--release", kill_on_drop: false }`
[INFO] [stderr]    Compiling memchr v2.8.0
[INFO] [stderr]    Compiling tree-sitter-language v0.1.7
[INFO] [stderr]    Compiling crossbeam-utils v0.8.21
[INFO] [stderr]    Compiling zmij v1.0.21
[INFO] [stderr]    Compiling serde_json v1.0.149
[INFO] [stderr]    Compiling toml_write v0.1.2
[INFO] [stderr]    Compiling quote v1.0.44
[INFO] [stderr]    Compiling regex-syntax v0.8.9
[INFO] [stderr]    Compiling redb v2.6.3
[INFO] [stderr]    Compiling tree-sitter-javascript v0.23.1
[INFO] [stderr]    Compiling tree-sitter-go v0.23.4
[INFO] [stderr]    Compiling tree-sitter-python v0.25.0
[INFO] [stderr]    Compiling tree-sitter-rust v0.24.0
[INFO] [stderr]    Compiling aho-corasick v1.1.4
[INFO] [stderr]    Compiling libz-sys v1.1.23
[INFO] [stderr]    Compiling dirs-sys v0.4.1
[INFO] [stderr]    Compiling digest v0.10.7
[INFO] [stderr]    Compiling syn v2.0.117
[INFO] [stderr]    Compiling streaming-iterator v0.1.9
[INFO] [stderr]    Compiling sha2 v0.10.9
[INFO] [stderr]    Compiling dirs v5.0.1
[INFO] [stderr]    Compiling signal-hook v0.3.18
[INFO] [stderr]    Compiling parking_lot_core v0.9.12
[INFO] [stderr]    Compiling libgit2-sys v0.17.0+1.8.1
[INFO] [stderr]    Compiling bstr v1.12.1
[INFO] [stderr]    Compiling crossbeam-epoch v0.9.18
[INFO] [stderr]    Compiling winnow v0.7.14
[INFO] [stderr]    Compiling parking_lot v0.12.5
[INFO] [stderr]    Compiling crossbeam-deque v0.8.6
[INFO] [stderr]    Compiling rustix v0.38.44
[INFO] [stderr]    Compiling signal-hook-mio v0.2.5
[INFO] [stderr]    Compiling compact_str v0.8.1
[INFO] [stderr]    Compiling crossterm v0.28.1
[INFO] [stderr]    Compiling regex-automata v0.4.14
[INFO] [stderr]    Compiling tree-sitter v0.25.10
[INFO] [stderr]    Compiling clap_builder v4.5.60
[INFO] [stderr]    Compiling synstructure v0.13.2
[INFO] [stderr]    Compiling darling_core v0.23.0
[INFO] [stderr]    Compiling regex v1.12.3
[INFO] [stderr]    Compiling globset v0.4.18
[INFO] [stderr]    Compiling ignore v0.4.25
[INFO] [stderr]    Compiling serde_derive v1.0.228
[INFO] [stderr]    Compiling zerofrom-derive v0.1.6
[INFO] [stderr]    Compiling yoke-derive v0.8.1
[INFO] [stderr]    Compiling zerovec-derive v0.11.2
[INFO] [stderr]    Compiling displaydoc v0.2.5
[INFO] [stderr]    Compiling strum_macros v0.26.4
[INFO] [stderr]    Compiling clap_derive v4.5.55
[INFO] [stderr]    Compiling zerofrom v0.1.6
[INFO] [stderr]    Compiling yoke v0.8.1
[INFO] [stderr]    Compiling zerovec v0.11.5
[INFO] [stderr]    Compiling zerotrie v0.2.3
[INFO] [stderr]    Compiling strum v0.26.3
[INFO] [stderr]    Compiling darling_macro v0.23.0
[INFO] [stderr]    Compiling tinystr v0.8.2
[INFO] [stderr]    Compiling potential_utf v0.1.4
[INFO] [stderr]    Compiling icu_locale_core v2.1.1
[INFO] [stderr]    Compiling icu_collections v2.1.1
[INFO] [stderr]    Compiling darling v0.23.0
[INFO] [stderr]    Compiling instability v0.3.11
[INFO] [stderr]    Compiling clap v4.5.60
[INFO] [stderr]    Compiling serde v1.0.228
[INFO] [stderr]    Compiling ratatui v0.29.0
[INFO] [stderr]    Compiling serde_spanned v0.6.9
[INFO] [stderr]    Compiling toml_datetime v0.6.11
[INFO] [stderr]    Compiling icu_provider v2.1.1
[INFO] [stderr]    Compiling toml_edit v0.22.27
[INFO] [stderr]    Compiling icu_normalizer v2.1.1
[INFO] [stderr]    Compiling icu_properties v2.1.2
[INFO] [stderr]    Compiling idna_adapter v1.2.1
[INFO] [stderr]    Compiling idna v1.1.0
[INFO] [stderr]    Compiling url v2.5.8
[INFO] [stderr]    Compiling toml v0.8.23
[INFO] [stderr]    Compiling vibecheck-core v0.6.0
[INFO] [stderr]    Compiling vibecheck-cli v0.6.0 (/opt/rustwide/workdir)
[INFO] [stderr]    Compiling git2 v0.19.0
[INFO] [stderr]     Finished `release` profile [optimized] target(s) in 2m 29s
[INFO] running `Command { std: "docker" "inspect" "332c80d13f5d561f0dbbba468793c2a4f586713285b69c332b05d096c5769d46", kill_on_drop: false }`
[INFO] running `Command { std: "docker" "exec" "-e" "SOURCE_DIR=/opt/rustwide/workdir" "-e" "CARGO_HOME=/opt/rustwide/cargo-home" "-e" "RUSTUP_HOME=/opt/rustwide/rustup-home" "-e" "CARGO_TARGET_DIR=/opt/rustwide/target" "-e" "CARGO_INCREMENTAL=0" "-e" "RUST_BACKTRACE=full" "-e" "RUSTFLAGS=--cap-lints=warn" "-e" "RUSTDOCFLAGS=--cap-lints=warn" "-w" "/opt/rustwide/workdir" "--user" "0:0" "332c80d13f5d561f0dbbba468793c2a4f586713285b69c332b05d096c5769d46" "/opt/rustwide/cargo-home/bin/cargo" "+1.100.0-beta.1" "test" "--frozen" "--no-run" "--message-format=json" "--release", kill_on_drop: false }`
[INFO] [stderr]    Compiling rustix v1.1.4
[INFO] [stderr]    Compiling tempfile v3.25.0
[INFO] [stderr]    Compiling vibecheck-cli v0.6.0 (/opt/rustwide/workdir)
[INFO] [stderr]     Finished `release` profile [optimized] target(s) in 6.86s
[INFO] running `Command { std: "docker" "inspect" "332c80d13f5d561f0dbbba468793c2a4f586713285b69c332b05d096c5769d46", kill_on_drop: false }`
[INFO] running `Command { std: "docker" "exec" "-e" "SOURCE_DIR=/opt/rustwide/workdir" "-e" "CARGO_HOME=/opt/rustwide/cargo-home" "-e" "RUSTUP_HOME=/opt/rustwide/rustup-home" "-e" "CARGO_TARGET_DIR=/opt/rustwide/target" "-e" "CARGO_INCREMENTAL=0" "-e" "RUST_BACKTRACE=full" "-e" "RUSTFLAGS=--cap-lints=warn" "-e" "RUSTDOCFLAGS=--cap-lints=warn" "-w" "/opt/rustwide/workdir" "--user" "0:0" "332c80d13f5d561f0dbbba468793c2a4f586713285b69c332b05d096c5769d46" "/opt/rustwide/cargo-home/bin/cargo" "+1.100.0-beta.1" "test" "--frozen" "--release", kill_on_drop: false }`
[INFO] [stderr]     Finished `release` profile [optimized] target(s) in 0.18s
[INFO] [stderr]      Running unittests src/main.rs (/opt/rustwide/target/release/build/vibecheck-cli/f259790f59411060/out/vibecheck-f259790f59411060)
[INFO] [stdout] 
[INFO] [stdout] running 46 tests
[INFO] [stdout] test commands::tui::tests::flat_tree_single_file_at_root ... ok
[INFO] [stdout] test commands::tui::tests::family_color_all_families_return_a_color ... ok
[INFO] [stdout] test commands::tui::tests::move_down_increments_selected ... ok
[INFO] [stdout] test commands::tui::tests::move_down_skips_hidden_entries_correctly ... ok
[INFO] [stdout] test commands::tui::tests::navigation_resets_scroll_offset ... ok
[INFO] [stdout] test commands::tui::tests::family_abbrev_all_families_return_nonempty ... ok
[INFO] [stdout] test commands::tui::tests::move_up_decrements_selected ... ok
[INFO] [stdout] test commands::tui::tests::scroll_down_clamps_at_content_minus_pane ... ok
[INFO] [stdout] test commands::tui::tests::name_to_family_all_known ... ok
[INFO] [stdout] test commands::tui::tests::scroll_down_increases_offset ... ok
[INFO] [stdout] test commands::tui::tests::scroll_down_accumulates ... ok
[INFO] [stdout] test commands::tui::tests::flat_tree_dirs_appear_before_sibling_files ... ok
[INFO] [stdout] test commands::tui::tests::move_down_clamps_at_last_entry ... ok
[INFO] [stdout] test commands::tui::tests::scroll_up_clamps_at_zero ... ok
[INFO] [stdout] test commands::tui::tests::scroll_up_decreases_offset ... ok
[INFO] [stdout] test commands::tui::tests::scroll_right_clamps_at_content_minus_pane ... ok
[INFO] [stdout] test commands::tui::tests::scroll_up_after_down_returns_to_origin ... ok
[INFO] [stdout] test commands::tui::tests::flat_tree_dir_confidence_is_weighted_average ... ok
[INFO] [stdout] test commands::tui::tests::flat_tree_empty_reports_returns_empty ... ok
[INFO] [stdout] test commands::tui::tests::symbol_lines_name_truncated_when_over_22_chars ... ok
[INFO] [stdout] test commands::tui::tests::symbol_lines_name_fits_within_22_chars_unchanged ... ok
[INFO] [stdout] test commands::tui::tests::move_up_clamps_at_zero ... ok
[INFO] [stdout] test commands::tui::tests::flat_tree_dir_family_is_dominant_by_weighted_score ... ok
[INFO] [stdout] test commands::tui::tests::symbol_lines_unknown_kind_defaults_to_fn ... ok
[INFO] [stdout] test commands::tui::tests::symbol_lines_zero_confidence_has_no_bar ... ok
[INFO] [stdout] test commands::tui::tests::toggle_collapse_collapses_expanded_dir ... ok
[INFO] [stdout] test commands::tui::tests::symbol_lines_header_shows_count ... ok
[INFO] [stdout] test commands::tui::tests::visible_all_entries_shown_when_nothing_collapsed ... ok
[INFO] [stdout] test commands::tui::tests::symbol_lines_one_row_per_symbol ... ok
[INFO] [stdout] test commands::tui::tests::visible_empty_app_returns_empty ... ok
[INFO] [stdout] test commands::tui::tests::flat_tree_synthesises_directory_entry ... ok
[INFO] [stdout] test commands::tui::tests::visible_sibling_dir_stays_visible_when_other_collapsed ... ok
[INFO] [stdout] test commands::tui::tests::flat_tree_files_sorted_alphabetically ... ok
[INFO] [stdout] test commands::tui::tests::symbol_lines_class_kind_tag ... ok
[INFO] [stdout] test commands::tui::tests::toggle_collapse_expands_collapsed_dir ... ok
[INFO] [stdout] test commands::tui::tests::visible_collapsed_dir_hides_direct_children ... ok
[INFO] [stdout] test commands::tui::tests::toggle_collapse_on_file_is_noop ... ok
[INFO] [stdout] test commands::tui::tests::symbol_lines_function_kind_tag ... ok
[INFO] [stdout] test commands::tui::tests::symbol_lines_empty_slice_returns_empty ... ok
[INFO] [stdout] test commands::tui::tests::symbol_lines_full_confidence_fills_bar ... ok
[INFO] [stdout] test commands::tui::tests::symbol_lines_name_called_name_is_unambiguous ... ok
[INFO] [stdout] test commands::tui::tests::symbol_lines_method_kind_tag ... ok
[INFO] [stdout] test commands::tui::tests::name_to_family_unknown_falls_back_to_human ... ok
[INFO] [stdout] test commands::tui::tests::symbol_lines_half_confidence_has_8_blocks ... ok
[INFO] [stdout] test commands::tui::tests::symbol_lines_multiple_count_in_header ... ok
[INFO] [stdout] test commands::tui::tests::visible_collapsed_dir_hides_deeply_nested_entries ... ok
[INFO] [stderr]      Running tests/bump_version.rs (/opt/rustwide/target/release/build/vibecheck-cli/1763be73eefea110/out/bump_version-1763be73eefea110)
[INFO] [stdout] 
[INFO] [stdout] test result: ok. 46 passed; 0 failed; 0 ignored; 0 measured; 0 filtered out; finished in 0.02s
[INFO] [stdout] 
[INFO] [stdout] 
[INFO] [stdout] running 16 tests
[INFO] [stdout] test both_version_occurrences_updated ... FAILED
[INFO] [stdout] test no_arguments_exits_nonzero ... FAILED
[INFO] [stdout] test stdout_contains_commit_hint_with_new_version ... FAILED
[INFO] [stdout] test invalid_level_exits_nonzero ... FAILED
[INFO] [stdout] test stdout_contains_bump_level_label ... FAILED
[INFO] [stdout] test cargo_toml_with_no_version_line_exits_nonzero ... FAILED
[INFO] [stdout] test missing_cargo_toml_exits_nonzero ... FAILED
[INFO] [stdout] test minor_increments_minor_and_resets_patch ... FAILED
[INFO] [stdout] test major_promotes_from_zero_series ... FAILED
[INFO] [stdout] test patch_from_absolute_zero ... FAILED
[INFO] [stdout] test patch_increments_patch ... FAILED
[INFO] [stdout] test stdout_contains_old_to_new_arrow ... FAILED
[INFO] [stdout] test major_increments_major_and_resets_minor_and_patch ... FAILED
[INFO] [stdout] test minor_produces_double_digit_minor ... FAILED
[INFO] [stdout] test old_version_absent_after_bump ... FAILED
[INFO] [stdout] test unrelated_dep_version_strings_untouched ... FAILED
[INFO] [stdout] 
[INFO] [stdout] failures:
[INFO] [stdout] 
[INFO] [stdout] ---- both_version_occurrences_updated stdout ----
[INFO] [stdout] 
[INFO] [stdout] thread 'both_version_occurrences_updated' (3151) panicked at tests/bump_version.rs:58:10:
[INFO] [stdout] failed to spawn bump-version.sh — is it executable?: Os { code: 2, kind: NotFound, message: "No such file or directory" }
[INFO] [stdout] stack backtrace:
[INFO] [stdout]    0:     0x60421c22fd11 - <<std[617be2ca0a6fd877]::sys::backtrace::BacktraceLock>::print::DisplayBacktrace as core[a373ad73a504971]::fmt::Display>::fmt
[INFO] [stdout]    1:     0x60421c243dda - core[a373ad73a504971]::fmt::write
[INFO] [stdout]    2:     0x60421c233f2c - <alloc[2e1b2a31b91974c5]::vec::Vec<u8> as core[a373ad73a504971]::io::write::Write>::write_fmt
[INFO] [stdout]    3:     0x60421c20b836 - std[617be2ca0a6fd877]::panicking::default_hook::{closure#0}
[INFO] [stdout]    4:     0x60421c227f29 - std[617be2ca0a6fd877]::panicking::default_hook
[INFO] [stdout]    5:     0x60421c1c23a0 - test[aada8e7e76ba119b]::test_main_inner::{closure#0}
[INFO] [stdout]    6:     0x60421c2280e2 - std[617be2ca0a6fd877]::panicking::panic_with_hook
[INFO] [stdout]    7:     0x60421c20b8e2 - std[617be2ca0a6fd877]::panicking::panic_handler::{closure#0}
[INFO] [stdout]    8:     0x60421c2043b9 - std[617be2ca0a6fd877]::sys::backtrace::__rust_end_short_backtrace::<std[617be2ca0a6fd877]::panicking::panic_handler::{closure#0}, !>
[INFO] [stdout]    9:     0x60421c20c4ed - __rustc[ea4f61d10b84890b]::rust_begin_unwind
[INFO] [stdout]   10:     0x60421c24450c - core[a373ad73a504971]::panicking::panic_fmt
[INFO] [stdout]   11:     0x60421c2442e2 - core[a373ad73a504971]::result::unwrap_failed
[INFO] [stdout]   12:     0x60421c1b1c11 - bump_version[7fb989fbf4679605]::run
[INFO] [stdout]   13:     0x60421c1b3bbe - <bump_version[7fb989fbf4679605]::both_version_occurrences_updated::{closure#0} as core[a373ad73a504971]::ops::function::FnOnce<()>>::call_once
[INFO] [stdout]   14:     0x60421c1b57eb - test[aada8e7e76ba119b]::__rust_begin_short_backtrace::<core[a373ad73a504971]::result::Result<(), alloc[2e1b2a31b91974c5]::string::String>, fn() -> core[a373ad73a504971]::result::Result<(), alloc[2e1b2a31b91974c5]::string::String>>
[INFO] [stdout]   15:     0x60421c1c29c5 - test[aada8e7e76ba119b]::run_test::{closure#0}
[INFO] [stdout]   16:     0x60421c1bc2b4 - std[617be2ca0a6fd877]::sys::backtrace::__rust_begin_short_backtrace::<test[aada8e7e76ba119b]::run_test::{closure#1}, ()>
[INFO] [stdout]   17:     0x60421c1c5a52 - <std[617be2ca0a6fd877]::thread::lifecycle::spawn_unchecked<test[aada8e7e76ba119b]::run_test::{closure#1}, ()>::{closure#1} as core[a373ad73a504971]::ops::function::FnOnce<()>>::call_once::{shim:vtable#0}
[INFO] [stdout]   18:     0x60421c22f20f - <std[617be2ca0a6fd877]::sys::thread::unix::Thread>::new::thread_start
[INFO] [stdout]   19:     0x7fb37e495dfa - <unknown>
[INFO] [stdout]   20:     0x7fb37e5293d4 - clone
[INFO] [stdout]   21:                0x0 - <unknown>
[INFO] [stdout] 
[INFO] [stdout] ---- no_arguments_exits_nonzero stdout ----
[INFO] [stdout] 
[INFO] [stdout] thread 'no_arguments_exits_nonzero' (3159) panicked at tests/bump_version.rs:204:10:
[INFO] [stdout] called `Result::unwrap()` on an `Err` value: Os { code: 2, kind: NotFound, message: "No such file or directory" }
[INFO] [stdout] stack backtrace:
[INFO] [stdout]    0:     0x60421c22fd11 - <<std[617be2ca0a6fd877]::sys::backtrace::BacktraceLock>::print::DisplayBacktrace as core[a373ad73a504971]::fmt::Display>::fmt
[INFO] [stdout]    1:     0x60421c243dda - core[a373ad73a504971]::fmt::write
[INFO] [stdout]    2:     0x60421c233f2c - <alloc[2e1b2a31b91974c5]::vec::Vec<u8> as core[a373ad73a504971]::io::write::Write>::write_fmt
[INFO] [stdout]    3:     0x60421c20b836 - std[617be2ca0a6fd877]::panicking::default_hook::{closure#0}
[INFO] [stdout]    4:     0x60421c227f29 - std[617be2ca0a6fd877]::panicking::default_hook
[INFO] [stdout]    5:     0x60421c1c23a0 - test[aada8e7e76ba119b]::test_main_inner::{closure#0}
[INFO] [stdout]    6:     0x60421c2280e2 - std[617be2ca0a6fd877]::panicking::panic_with_hook
[INFO] [stdout]    7:     0x60421c20b8e2 - std[617be2ca0a6fd877]::panicking::panic_handler::{closure#0}
[INFO] [stdout]    8:     0x60421c2043b9 - std[617be2ca0a6fd877]::sys::backtrace::__rust_end_short_backtrace::<std[617be2ca0a6fd877]::panicking::panic_handler::{closure#0}, !>
[INFO] [stdout]    9:     0x60421c20c4ed - __rustc[ea4f61d10b84890b]::rust_begin_unwind
[INFO] [stdout]   10:     0x60421c24450c - core[a373ad73a504971]::panicking::panic_fmt
[INFO] [stdout]   11:     0x60421c2442e2 - core[a373ad73a504971]::result::unwrap_failed
[INFO] [stdout]   12:     0x60421c1b346e - <bump_version[7fb989fbf4679605]::no_arguments_exits_nonzero::{closure#0} as core[a373ad73a504971]::ops::function::FnOnce<()>>::call_once
[INFO] [stdout]   13:     0x60421c1b57eb - test[aada8e7e76ba119b]::__rust_begin_short_backtrace::<core[a373ad73a504971]::result::Result<(), alloc[2e1b2a31b91974c5]::string::String>, fn() -> core[a373ad73a504971]::result::Result<(), alloc[2e1b2a31b91974c5]::string::String>>
[INFO] [stdout]   14:     0x60421c1c29c5 - test[aada8e7e76ba119b]::run_test::{closure#0}
[INFO] [stdout]   15:     0x60421c1bc2b4 - std[617be2ca0a6fd877]::sys::backtrace::__rust_begin_short_backtrace::<test[aada8e7e76ba119b]::run_test::{closure#1}, ()>
[INFO] [stdout]   16:     0x60421c1c5a52 - <std[617be2ca0a6fd877]::thread::lifecycle::spawn_unchecked<test[aada8e7e76ba119b]::run_test::{closure#1}, ()>::{closure#1} as core[a373ad73a504971]::ops::function::FnOnce<()>>::call_once::{shim:vtable#0}
[INFO] [stdout]   17:     0x60421c22f20f - <std[617be2ca0a6fd877]::sys::thread::unix::Thread>::new::thread_start
[INFO] [stdout]   18:     0x7fb37e495dfa - <unknown>
[INFO] [stdout]   19:     0x7fb37e5293d4 - clone
[INFO] [stdout]   20:                0x0 - <unknown>
[INFO] [stdout] 
[INFO] [stdout] ---- stdout_contains_commit_hint_with_new_version stdout ----
[INFO] [stdout] 
[INFO] [stdout] thread 'stdout_contains_commit_hint_with_new_version' (3175) panicked at tests/bump_version.rs:58:10:
[INFO] [stdout] failed to spawn bump-version.sh — is it executable?: Os { code: 2, kind: NotFound, message: "No such file or directory" }
[INFO] [stdout] stack backtrace:
[INFO] [stdout]    0:     0x60421c22fd11 - <<std[617be2ca0a6fd877]::sys::backtrace::BacktraceLock>::print::DisplayBacktrace as core[a373ad73a504971]::fmt::Display>::fmt
[INFO] [stdout]    1:     0x60421c243dda - core[a373ad73a504971]::fmt::write
[INFO] [stdout]    2:     0x60421c233f2c - <alloc[2e1b2a31b91974c5]::vec::Vec<u8> as core[a373ad73a504971]::io::write::Write>::write_fmt
[INFO] [stdout]    3:     0x60421c20b836 - std[617be2ca0a6fd877]::panicking::default_hook::{closure#0}
[INFO] [stdout]    4:     0x60421c227f29 - std[617be2ca0a6fd877]::panicking::default_hook
[INFO] [stdout]    5:     0x60421c1c23a0 - test[aada8e7e76ba119b]::test_main_inner::{closure#0}
[INFO] [stdout]    6:     0x60421c2280e2 - std[617be2ca0a6fd877]::panicking::panic_with_hook
[INFO] [stdout]    7:     0x60421c20b8e2 - std[617be2ca0a6fd877]::panicking::panic_handler::{closure#0}
[INFO] [stdout]    8:     0x60421c2043b9 - std[617be2ca0a6fd877]::sys::backtrace::__rust_end_short_backtrace::<std[617be2ca0a6fd877]::panicking::panic_handler::{closure#0}, !>
[INFO] [stdout]    9:     0x60421c20c4ed - __rustc[ea4f61d10b84890b]::rust_begin_unwind
[INFO] [stdout]   10:     0x60421c24450c - core[a373ad73a504971]::panicking::panic_fmt
[INFO] [stdout]   11:     0x60421c2442e2 - core[a373ad73a504971]::result::unwrap_failed
[INFO] [stdout]   12:     0x60421c1b1c11 - bump_version[7fb989fbf4679605]::run
[INFO] [stdout]   13:     0x60421c1b4dbf - <bump_version[7fb989fbf4679605]::stdout_contains_commit_hint_with_new_version::{closure#0} as core[a373ad73a504971]::ops::function::FnOnce<()>>::call_once
[INFO] [stdout]   14:     0x60421c1b57eb - test[aada8e7e76ba119b]::__rust_begin_short_backtrace::<core[a373ad73a504971]::result::Result<(), alloc[2e1b2a31b91974c5]::string::String>, fn() -> core[a373ad73a504971]::result::Result<(), alloc[2e1b2a31b91974c5]::string::String>>
[INFO] [stdout]   15:     0x60421c1c29c5 - test[aada8e7e76ba119b]::run_test::{closure#0}
[INFO] [stdout]   16:     0x60421c1bc2b4 - std[617be2ca0a6fd877]::sys::backtrace::__rust_begin_short_backtrace::<test[aada8e7e76ba119b]::run_test::{closure#1}, ()>
[INFO] [stdout]   17:     0x60421c1c5a52 - <std[617be2ca0a6fd877]::thread::lifecycle::spawn_unchecked<test[aada8e7e76ba119b]::run_test::{closure#1}, ()>::{closure#1} as core[a373ad73a504971]::ops::function::FnOnce<()>>::call_once::{shim:vtable#0}
[INFO] [stdout]   18:     0x60421c22f20f - <std[617be2ca0a6fd877]::sys::thread::unix::Thread>::new::thread_start
[INFO] [stdout]   19:     0x7fb37e495dfa - <unknown>
[INFO] [stdout]   20:     0x7fb37e5293d4 - clone
[INFO] [stdout]   21:                0x0 - <unknown>
[INFO] [stdout] 
[INFO] [stdout] ---- invalid_level_exits_nonzero stdout ----
[INFO] [stdout] 
[INFO] [stdout] thread 'invalid_level_exits_nonzero' (3153) panicked at tests/bump_version.rs:214:10:
[INFO] [stdout] called `Result::unwrap()` on an `Err` value: Os { code: 2, kind: NotFound, message: "No such file or directory" }
[INFO] [stdout] stack backtrace:
[INFO] [stdout]    0:     0x60421c22fd11 - <<std[617be2ca0a6fd877]::sys::backtrace::BacktraceLock>::print::DisplayBacktrace as core[a373ad73a504971]::fmt::Display>::fmt
[INFO] [stdout]    1:     0x60421c243dda - core[a373ad73a504971]::fmt::write
[INFO] [stdout]    2:     0x60421c233f2c - <alloc[2e1b2a31b91974c5]::vec::Vec<u8> as core[a373ad73a504971]::io::write::Write>::write_fmt
[INFO] [stdout]    3:     0x60421c20b836 - std[617be2ca0a6fd877]::panicking::default_hook::{closure#0}
[INFO] [stdout]    4:     0x60421c227f29 - std[617be2ca0a6fd877]::panicking::default_hook
[INFO] [stdout]    5:     0x60421c1c23a0 - test[aada8e7e76ba119b]::test_main_inner::{closure#0}
[INFO] [stdout]    6:     0x60421c2280e2 - std[617be2ca0a6fd877]::panicking::panic_with_hook
[INFO] [stdout]    7:     0x60421c20b8e2 - std[617be2ca0a6fd877]::panicking::panic_handler::{closure#0}
[INFO] [stdout]    8:     0x60421c2043b9 - std[617be2ca0a6fd877]::sys::backtrace::__rust_end_short_backtrace::<std[617be2ca0a6fd877]::panicking::panic_handler::{closure#0}, !>
[INFO] [stdout]    9:     0x60421c20c4ed - __rustc[ea4f61d10b84890b]::rust_begin_unwind
[INFO] [stdout]   10:     0x60421c24450c - core[a373ad73a504971]::panicking::panic_fmt
[INFO] [stdout]   11:     0x60421c2442e2 - core[a373ad73a504971]::result::unwrap_failed
[INFO] [stdout]   12:     0x60421c1b36a8 - <bump_version[7fb989fbf4679605]::invalid_level_exits_nonzero::{closure#0} as core[a373ad73a504971]::ops::function::FnOnce<()>>::call_once
[INFO] [stdout]   13:     0x60421c1b57eb - test[aada8e7e76ba119b]::__rust_begin_short_backtrace::<core[a373ad73a504971]::result::Result<(), alloc[2e1b2a31b91974c5]::string::String>, fn() -> core[a373ad73a504971]::result::Result<(), alloc[2e1b2a31b91974c5]::string::String>>
[INFO] [stdout]   14:     0x60421c1c29c5 - test[aada8e7e76ba119b]::run_test::{closure#0}
[INFO] [stdout]   15:     0x60421c1bc2b4 - std[617be2ca0a6fd877]::sys::backtrace::__rust_begin_short_backtrace::<test[aada8e7e76ba119b]::run_test::{closure#1}, ()>
[INFO] [stdout]   16:     0x60421c1c5a52 - <std[617be2ca0a6fd877]::thread::lifecycle::spawn_unchecked<test[aada8e7e76ba119b]::run_test::{closure#1}, ()>::{closure#1} as core[a373ad73a504971]::ops::function::FnOnce<()>>::call_once::{shim:vtable#0}
[INFO] [stdout]   17:     0x60421c22f20f - <std[617be2ca0a6fd877]::sys::thread::unix::Thread>::new::thread_start
[INFO] [stdout]   18:     0x7fb37e495dfa - <unknown>
[INFO] [stdout]   19:     0x7fb37e5293d4 - clone
[INFO] [stdout]   20:                0x0 - <unknown>
[INFO] [stdout] 
[INFO] [stdout] ---- stdout_contains_bump_level_label stdout ----
[INFO] [stdout] 
[INFO] [stdout] thread 'stdout_contains_bump_level_label' (3163) panicked at tests/bump_version.rs:58:10:
[INFO] [stdout] failed to spawn bump-version.sh — is it executable?: Os { code: 2, kind: NotFound, message: "No such file or directory" }
[INFO] [stdout] stack backtrace:
[INFO] [stdout]    0:     0x60421c22fd11 - <<std[617be2ca0a6fd877]::sys::backtrace::BacktraceLock>::print::DisplayBacktrace as core[a373ad73a504971]::fmt::Display>::fmt
[INFO] [stdout]    1:     0x60421c243dda - core[a373ad73a504971]::fmt::write
[INFO] [stdout]    2:     0x60421c233f2c - <alloc[2e1b2a31b91974c5]::vec::Vec<u8> as core[a373ad73a504971]::io::write::Write>::write_fmt
[INFO] [stdout]    3:     0x60421c20b836 - std[617be2ca0a6fd877]::panicking::default_hook::{closure#0}
[INFO] [stdout]    4:     0x60421c227f29 - std[617be2ca0a6fd877]::panicking::default_hook
[INFO] [stdout]    5:     0x60421c1c23a0 - test[aada8e7e76ba119b]::test_main_inner::{closure#0}
[INFO] [stdout]    6:     0x60421c2280e2 - std[617be2ca0a6fd877]::panicking::panic_with_hook
[INFO] [stdout]    7:     0x60421c20b8e2 - std[617be2ca0a6fd877]::panicking::panic_handler::{closure#0}
[INFO] [stdout]    8:     0x60421c2043b9 - std[617be2ca0a6fd877]::sys::backtrace::__rust_end_short_backtrace::<std[617be2ca0a6fd877]::panicking::panic_handler::{closure#0}, !>
[INFO] [stdout]    9:     0x60421c20c4ed - __rustc[ea4f61d10b84890b]::rust_begin_unwind
[INFO] [stdout]   10:     0x60421c24450c - core[a373ad73a504971]::panicking::panic_fmt
[INFO] [stdout]   11:     0x60421c2442e2 - core[a373ad73a504971]::result::unwrap_failed
[INFO] [stdout]   12:     0x60421c1b1c11 - bump_version[7fb989fbf4679605]::run
[INFO] [stdout]   13:     0x60421c1b412f - <bump_version[7fb989fbf4679605]::stdout_contains_bump_level_label::{closure#0} as core[a373ad73a504971]::ops::function::FnOnce<()>>::call_once
[INFO] [stdout]   14:     0x60421c1b57eb - test[aada8e7e76ba119b]::__rust_begin_short_backtrace::<core[a373ad73a504971]::result::Result<(), alloc[2e1b2a31b91974c5]::string::String>, fn() -> core[a373ad73a504971]::result::Result<(), alloc[2e1b2a31b91974c5]::string::String>>
[INFO] [stdout]   15:     0x60421c1c29c5 - test[aada8e7e76ba119b]::run_test::{closure#0}
[INFO] [stdout]   16:     0x60421c1bc2b4 - std[617be2ca0a6fd877]::sys::backtrace::__rust_begin_short_backtrace::<test[aada8e7e76ba119b]::run_test::{closure#1}, ()>
[INFO] [stdout]   17:     0x60421c1c5a52 - <std[617be2ca0a6fd877]::thread::lifecycle::spawn_unchecked<test[aada8e7e76ba119b]::run_test::{closure#1}, ()>::{closure#1} as core[a373ad73a504971]::ops::function::FnOnce<()>>::call_once::{shim:vtable#0}
[INFO] [stdout]   18:     0x60421c22f20f - <std[617be2ca0a6fd877]::sys::thread::unix::Thread>::new::thread_start
[INFO] [stdout]   19:     0x7fb37e495dfa - <unknown>
[INFO] [stdout]   20:     0x7fb37e5293d4 - clone
[INFO] [stdout]   21:                0x0 - <unknown>
[INFO] [stdout] 
[INFO] [stdout] ---- cargo_toml_with_no_version_line_exits_nonzero stdout ----
[INFO] [stdout] 
[INFO] [stdout] thread 'cargo_toml_with_no_version_line_exits_nonzero' (3152) panicked at tests/bump_version.rs:238:10:
[INFO] [stdout] called `Result::unwrap()` on an `Err` value: Os { code: 2, kind: NotFound, message: "No such file or directory" }
[INFO] [stdout] stack backtrace:
[INFO] [stdout]    0:     0x60421c22fd11 - <<std[617be2ca0a6fd877]::sys::backtrace::BacktraceLock>::print::DisplayBacktrace as core[a373ad73a504971]::fmt::Display>::fmt
[INFO] [stdout]    1:     0x60421c243dda - core[a373ad73a504971]::fmt::write
[INFO] [stdout]    2:     0x60421c233f2c - <alloc[2e1b2a31b91974c5]::vec::Vec<u8> as core[a373ad73a504971]::io::write::Write>::write_fmt
[INFO] [stdout]    3:     0x60421c20b836 - std[617be2ca0a6fd877]::panicking::default_hook::{closure#0}
[INFO] [stdout]    4:     0x60421c227f29 - std[617be2ca0a6fd877]::panicking::default_hook
[INFO] [stdout]    5:     0x60421c1c23a0 - test[aada8e7e76ba119b]::test_main_inner::{closure#0}
[INFO] [stdout]    6:     0x60421c2280e2 - std[617be2ca0a6fd877]::panicking::panic_with_hook
[INFO] [stdout]    7:     0x60421c20b8e2 - std[617be2ca0a6fd877]::panicking::panic_handler::{closure#0}
[INFO] [stdout]    8:     0x60421c2043b9 - std[617be2ca0a6fd877]::sys::backtrace::__rust_end_short_backtrace::<std[617be2ca0a6fd877]::panicking::panic_handler::{closure#0}, !>
[INFO] [stdout]    9:     0x60421c20c4ed - __rustc[ea4f61d10b84890b]::rust_begin_unwind
[INFO] [stdout]   10:     0x60421c24450c - core[a373ad73a504971]::panicking::panic_fmt
[INFO] [stdout]   11:     0x60421c2442e2 - core[a373ad73a504971]::result::unwrap_failed
[INFO] [stdout]   12:     0x60421c1b532e - <bump_version[7fb989fbf4679605]::cargo_toml_with_no_version_line_exits_nonzero::{closure#0} as core[a373ad73a504971]::ops::function::FnOnce<()>>::call_once
[INFO] [stdout]   13:     0x60421c1b57eb - test[aada8e7e76ba119b]::__rust_begin_short_backtrace::<core[a373ad73a504971]::result::Result<(), alloc[2e1b2a31b91974c5]::string::String>, fn() -> core[a373ad73a504971]::result::Result<(), alloc[2e1b2a31b91974c5]::string::String>>
[INFO] [stdout]   14:     0x60421c1c29c5 - test[aada8e7e76ba119b]::run_test::{closure#0}
[INFO] [stdout]   15:     0x60421c1bc2b4 - std[617be2ca0a6fd877]::sys::backtrace::__rust_begin_short_backtrace::<test[aada8e7e76ba119b]::run_test::{closure#1}, ()>
[INFO] [stdout]   16:     0x60421c1c5a52 - <std[617be2ca0a6fd877]::thread::lifecycle::spawn_unchecked<test[aada8e7e76ba119b]::run_test::{closure#1}, ()>::{closure#1} as core[a373ad73a504971]::ops::function::FnOnce<()>>::call_once::{shim:vtable#0}
[INFO] [stdout]   17:     0x60421c22f20f - <std[617be2ca0a6fd877]::sys::thread::unix::Thread>::new::thread_start
[INFO] [stdout]   18:     0x7fb37e495dfa - <unknown>
[INFO] [stdout]   19:     0x7fb37e5293d4 - clone
[INFO] [stdout]   20:                0x0 - <unknown>
[INFO] [stdout] 
[INFO] [stdout] ---- missing_cargo_toml_exits_nonzero stdout ----
[INFO] [stdout] 
[INFO] [stdout] thread 'missing_cargo_toml_exits_nonzero' (3158) panicked at tests/bump_version.rs:225:10:
[INFO] [stdout] called `Result::unwrap()` on an `Err` value: Os { code: 2, kind: NotFound, message: "No such file or directory" }
[INFO] [stdout] stack backtrace:
[INFO] [stdout]    0:     0x60421c22fd11 - <<std[617be2ca0a6fd877]::sys::backtrace::BacktraceLock>::print::DisplayBacktrace as core[a373ad73a504971]::fmt::Display>::fmt
[INFO] [stdout]    1:     0x60421c243dda - core[a373ad73a504971]::fmt::write
[INFO] [stdout]    2:     0x60421c233f2c - <alloc[2e1b2a31b91974c5]::vec::Vec<u8> as core[a373ad73a504971]::io::write::Write>::write_fmt
[INFO] [stdout]    3:     0x60421c20b836 - std[617be2ca0a6fd877]::panicking::default_hook::{closure#0}
[INFO] [stdout]    4:     0x60421c227f29 - std[617be2ca0a6fd877]::panicking::default_hook
[INFO] [stdout]    5:     0x60421c1c23a0 - test[aada8e7e76ba119b]::test_main_inner::{closure#0}
[INFO] [stdout]    6:     0x60421c2280e2 - std[617be2ca0a6fd877]::panicking::panic_with_hook
[INFO] [stdout]    7:     0x60421c20b8e2 - std[617be2ca0a6fd877]::panicking::panic_handler::{closure#0}
[INFO] [stdout]    8:     0x60421c2043b9 - std[617be2ca0a6fd877]::sys::backtrace::__rust_end_short_backtrace::<std[617be2ca0a6fd877]::panicking::panic_handler::{closure#0}, !>
[INFO] [stdout]    9:     0x60421c20c4ed - __rustc[ea4f61d10b84890b]::rust_begin_unwind
[INFO] [stdout]   10:     0x60421c24450c - core[a373ad73a504971]::panicking::panic_fmt
[INFO] [stdout]   11:     0x60421c2442e2 - core[a373ad73a504971]::result::unwrap_failed
[INFO] [stdout]   12:     0x60421c1b407d - <bump_version[7fb989fbf4679605]::missing_cargo_toml_exits_nonzero::{closure#0} as core[a373ad73a504971]::ops::function::FnOnce<()>>::call_once
[INFO] [stdout]   13:     0x60421c1b57eb - test[aada8e7e76ba119b]::__rust_begin_short_backtrace::<core[a373ad73a504971]::result::Result<(), alloc[2e1b2a31b91974c5]::string::String>, fn() -> core[a373ad73a504971]::result::Result<(), alloc[2e1b2a31b91974c5]::string::String>>
[INFO] [stdout]   14:     0x60421c1c29c5 - test[aada8e7e76ba119b]::run_test::{closure#0}
[INFO] [stdout]   15:     0x60421c1bc2b4 - std[617be2ca0a6fd877]::sys::backtrace::__rust_begin_short_backtrace::<test[aada8e7e76ba119b]::run_test::{closure#1}, ()>
[INFO] [stdout]   16:     0x60421c1c5a52 - <std[617be2ca0a6fd877]::thread::lifecycle::spawn_unchecked<test[aada8e7e76ba119b]::run_test::{closure#1}, ()>::{closure#1} as core[a373ad73a504971]::ops::function::FnOnce<()>>::call_once::{shim:vtable#0}
[INFO] [stdout]   17:     0x60421c22f20f - <std[617be2ca0a6fd877]::sys::thread::unix::Thread>::new::thread_start
[INFO] [stdout]   18:     0x7fb37e495dfa - <unknown>
[INFO] [stdout]   19:     0x7fb37e5293d4 - clone
[INFO] [stdout]   20:                0x0 - <unknown>
[INFO] [stdout] 
[INFO] [stdout] ---- minor_increments_minor_and_resets_patch stdout ----
[INFO] [stdout] 
[INFO] [stdout] thread 'minor_increments_minor_and_resets_patch' (3156) panicked at tests/bump_version.rs:58:10:
[INFO] [stdout] failed to spawn bump-version.sh — is it executable?: Os { code: 2, kind: NotFound, message: "No such file or directory" }
[INFO] [stdout] stack backtrace:
[INFO] [stdout]    0:     0x60421c22fd11 - <<std[617be2ca0a6fd877]::sys::backtrace::BacktraceLock>::print::DisplayBacktrace as core[a373ad73a504971]::fmt::Display>::fmt
[INFO] [stdout]    1:     0x60421c243dda - core[a373ad73a504971]::fmt::write
[INFO] [stdout]    2:     0x60421c233f2c - <alloc[2e1b2a31b91974c5]::vec::Vec<u8> as core[a373ad73a504971]::io::write::Write>::write_fmt
[INFO] [stdout]    3:     0x60421c20b836 - std[617be2ca0a6fd877]::panicking::default_hook::{closure#0}
[INFO] [stdout]    4:     0x60421c227f29 - std[617be2ca0a6fd877]::panicking::default_hook
[INFO] [stdout]    5:     0x60421c1c23a0 - test[aada8e7e76ba119b]::test_main_inner::{closure#0}
[INFO] [stdout]    6:     0x60421c2280e2 - std[617be2ca0a6fd877]::panicking::panic_with_hook
[INFO] [stdout]    7:     0x60421c20b8e2 - std[617be2ca0a6fd877]::panicking::panic_handler::{closure#0}
[INFO] [stdout]    8:     0x60421c2043b9 - std[617be2ca0a6fd877]::sys::backtrace::__rust_end_short_backtrace::<std[617be2ca0a6fd877]::panicking::panic_handler::{closure#0}, !>
[INFO] [stdout]    9:     0x60421c20c4ed - __rustc[ea4f61d10b84890b]::rust_begin_unwind
[INFO] [stdout]   10:     0x60421c24450c - core[a373ad73a504971]::panicking::panic_fmt
[INFO] [stdout]   11:     0x60421c2442e2 - core[a373ad73a504971]::result::unwrap_failed
[INFO] [stdout]   12:     0x60421c1b1c11 - bump_version[7fb989fbf4679605]::run
[INFO] [stdout]   13:     0x60421c1b4939 - <bump_version[7fb989fbf4679605]::minor_increments_minor_and_resets_patch::{closure#0} as core[a373ad73a504971]::ops::function::FnOnce<()>>::call_once
[INFO] [stdout]   14:     0x60421c1b57eb - test[aada8e7e76ba119b]::__rust_begin_short_backtrace::<core[a373ad73a504971]::result::Result<(), alloc[2e1b2a31b91974c5]::string::String>, fn() -> core[a373ad73a504971]::result::Result<(), alloc[2e1b2a31b91974c5]::string::String>>
[INFO] [stdout]   15:     0x60421c1c29c5 - test[aada8e7e76ba119b]::run_test::{closure#0}
[INFO] [stdout]   16:     0x60421c1bc2b4 - std[617be2ca0a6fd877]::sys::backtrace::__rust_begin_short_backtrace::<test[aada8e7e76ba119b]::run_test::{closure#1}, ()>
[INFO] [stdout]   17:     0x60421c1c5a52 - <std[617be2ca0a6fd877]::thread::lifecycle::spawn_unchecked<test[aada8e7e76ba119b]::run_test::{closure#1}, ()>::{closure#1} as core[a373ad73a504971]::ops::function::FnOnce<()>>::call_once::{shim:vtable#0}
[INFO] [stdout]   18:     0x60421c22f20f - <std[617be2ca0a6fd877]::sys::thread::unix::Thread>::new::thread_start
[INFO] [stdout]   19:     0x7fb37e495dfa - <unknown>
[INFO] [stdout]   20:     0x7fb37e5293d4 - clone
[INFO] [stdout]   21:                0x0 - <unknown>
[INFO] [stdout] 
[INFO] [stdout] ---- major_promotes_from_zero_series stdout ----
[INFO] [stdout] 
[INFO] [stdout] thread 'major_promotes_from_zero_series' (3155) panicked at tests/bump_version.rs:58:10:
[INFO] [stdout] failed to spawn bump-version.sh — is it executable?: Os { code: 2, kind: NotFound, message: "No such file or directory" }
[INFO] [stdout] stack backtrace:
[INFO] [stdout]    0:     0x60421c22fd11 - <<std[617be2ca0a6fd877]::sys::backtrace::BacktraceLock>::print::DisplayBacktrace as core[a373ad73a504971]::fmt::Display>::fmt
[INFO] [stdout]    1:     0x60421c243dda - core[a373ad73a504971]::fmt::write
[INFO] [stdout]    2:     0x60421c233f2c - <alloc[2e1b2a31b91974c5]::vec::Vec<u8> as core[a373ad73a504971]::io::write::Write>::write_fmt
[INFO] [stdout]    3:     0x60421c20b836 - std[617be2ca0a6fd877]::panicking::default_hook::{closure#0}
[INFO] [stdout]    4:     0x60421c227f29 - std[617be2ca0a6fd877]::panicking::default_hook
[INFO] [stdout]    5:     0x60421c1c23a0 - test[aada8e7e76ba119b]::test_main_inner::{closure#0}
[INFO] [stdout]    6:     0x60421c2280e2 - std[617be2ca0a6fd877]::panicking::panic_with_hook
[INFO] [stdout]    7:     0x60421c20b8e2 - std[617be2ca0a6fd877]::panicking::panic_handler::{closure#0}
[INFO] [stdout]    8:     0x60421c2043b9 - std[617be2ca0a6fd877]::sys::backtrace::__rust_end_short_backtrace::<std[617be2ca0a6fd877]::panicking::panic_handler::{closure#0}, !>
[INFO] [stdout]    9:     0x60421c20c4ed - __rustc[ea4f61d10b84890b]::rust_begin_unwind
[INFO] [stdout]   10:     0x60421c24450c - core[a373ad73a504971]::panicking::panic_fmt
[INFO] [stdout]   11:     0x60421c2442e2 - core[a373ad73a504971]::result::unwrap_failed
[INFO] [stdout]   12:     0x60421c1b1c11 - bump_version[7fb989fbf4679605]::run
[INFO] [stdout]   13:     0x60421c1b3989 - <bump_version[7fb989fbf4679605]::major_promotes_from_zero_series::{closure#0} as core[a373ad73a504971]::ops::function::FnOnce<()>>::call_once
[INFO] [stdout]   14:     0x60421c1b57eb - test[aada8e7e76ba119b]::__rust_begin_short_backtrace::<core[a373ad73a504971]::result::Result<(), alloc[2e1b2a31b91974c5]::string::String>, fn() -> core[a373ad73a504971]::result::Result<(), alloc[2e1b2a31b91974c5]::string::String>>
[INFO] [stdout]   15:     0x60421c1c29c5 - test[aada8e7e76ba119b]::run_test::{closure#0}
[INFO] [stdout]   16:     0x60421c1bc2b4 - std[617be2ca0a6fd877]::sys::backtrace::__rust_begin_short_backtrace::<test[aada8e7e76ba119b]::run_test::{closure#1}, ()>
[INFO] [stdout]   17:     0x60421c1c5a52 - <std[617be2ca0a6fd877]::thread::lifecycle::spawn_unchecked<test[aada8e7e76ba119b]::run_test::{closure#1}, ()>::{closure#1} as core[a373ad73a504971]::ops::function::FnOnce<()>>::call_once::{shim:vtable#0}
[INFO] [stdout]   18:     0x60421c22f20f - <std[617be2ca0a6fd877]::sys::thread::unix::Thread>::new::thread_start
[INFO] [stdout]   19:     0x7fb37e495dfa - <unknown>
[INFO] [stdout]   20:     0x7fb37e5293d4 - clone
[INFO] [stdout]   21:                0x0 - <unknown>
[INFO] [stdout] 
[INFO] [stdout] ---- patch_from_absolute_zero stdout ----
[INFO] [stdout] 
[INFO] [stdout] thread 'patch_from_absolute_zero' (3161) panicked at tests/bump_version.rs:58:10:
[INFO] [stdout] failed to spawn bump-version.sh — is it executable?: Os { code: 2, kind: NotFound, message: "No such file or directory" }
[INFO] [stdout] stack backtrace:
[INFO] [stdout]    0:     0x60421c22fd11 - <<std[617be2ca0a6fd877]::sys::backtrace::BacktraceLock>::print::DisplayBacktrace as core[a373ad73a504971]::fmt::Display>::fmt
[INFO] [stdout]    1:     0x60421c243dda - core[a373ad73a504971]::fmt::write
[INFO] [stdout]    2:     0x60421c233f2c - <alloc[2e1b2a31b91974c5]::vec::Vec<u8> as core[a373ad73a504971]::io::write::Write>::write_fmt
[INFO] [stdout]    3:     0x60421c20b836 - std[617be2ca0a6fd877]::panicking::default_hook::{closure#0}
[INFO] [stdout]    4:     0x60421c227f29 - std[617be2ca0a6fd877]::panicking::default_hook
[INFO] [stdout]    5:     0x60421c1c23a0 - test[aada8e7e76ba119b]::test_main_inner::{closure#0}
[INFO] [stdout]    6:     0x60421c2280e2 - std[617be2ca0a6fd877]::panicking::panic_with_hook
[INFO] [stdout]    7:     0x60421c20b8e2 - std[617be2ca0a6fd877]::panicking::panic_handler::{closure#0}
[INFO] [stdout]    8:     0x60421c2043b9 - std[617be2ca0a6fd877]::sys::backtrace::__rust_end_short_backtrace::<std[617be2ca0a6fd877]::panicking::panic_handler::{closure#0}, !>
[INFO] [stdout]    9:     0x60421c20c4ed - __rustc[ea4f61d10b84890b]::rust_begin_unwind
[INFO] [stdout]   10:     0x60421c24450c - core[a373ad73a504971]::panicking::panic_fmt
[INFO] [stdout]   11:     0x60421c2442e2 - core[a373ad73a504971]::result::unwrap_failed
[INFO] [stdout]   12:     0x60421c1b1c11 - bump_version[7fb989fbf4679605]::run
[INFO] [stdout]   13:     0x60421c1b30d9 - <bump_version[7fb989fbf4679605]::patch_from_absolute_zero::{closure#0} as core[a373ad73a504971]::ops::function::FnOnce<()>>::call_once
[INFO] [stdout]   14:     0x60421c1b57eb - test[aada8e7e76ba119b]::__rust_begin_short_backtrace::<core[a373ad73a504971]::result::Result<(), alloc[2e1b2a31b91974c5]::string::String>, fn() -> core[a373ad73a504971]::result::Result<(), alloc[2e1b2a31b91974c5]::string::String>>
[INFO] [stdout]   15:     0x60421c1c29c5 - test[aada8e7e76ba119b]::run_test::{closure#0}
[INFO] [stdout]   16:     0x60421c1bc2b4 - std[617be2ca0a6fd877]::sys::backtrace::__rust_begin_short_backtrace::<test[aada8e7e76ba119b]::run_test::{closure#1}, ()>
[INFO] [stdout]   17:     0x60421c1c5a52 - <std[617be2ca0a6fd877]::thread::lifecycle::spawn_unchecked<test[aada8e7e76ba119b]::run_test::{closure#1}, ()>::{closure#1} as core[a373ad73a504971]::ops::function::FnOnce<()>>::call_once::{shim:vtable#0}
[INFO] [stdout]   18:     0x60421c22f20f - <std[617be2ca0a6fd877]::sys::thread::unix::Thread>::new::thread_start
[INFO] [stdout]   19:     0x7fb37e495dfa - <unknown>
[INFO] [stdout]   20:     0x7fb37e5293d4 - clone
[INFO] [stdout]   21:                0x0 - <unknown>
[INFO] [stdout] 
[INFO] [stdout] ---- patch_increments_patch stdout ----
[INFO] [stdout] 
[INFO] [stdout] thread 'patch_increments_patch' (3162) panicked at tests/bump_version.rs:58:10:
[INFO] [stdout] failed to spawn bump-version.sh — is it executable?: Os { code: 2, kind: NotFound, message: "No such file or directory" }
[INFO] [stdout] stack backtrace:
[INFO] [stdout]    0:     0x60421c22fd11 - <<std[617be2ca0a6fd877]::sys::backtrace::BacktraceLock>::print::DisplayBacktrace as core[a373ad73a504971]::fmt::Display>::fmt
[INFO] [stdout]    1:     0x60421c243dda - core[a373ad73a504971]::fmt::write
[INFO] [stdout]    2:     0x60421c233f2c - <alloc[2e1b2a31b91974c5]::vec::Vec<u8> as core[a373ad73a504971]::io::write::Write>::write_fmt
[INFO] [stdout]    3:     0x60421c20b836 - std[617be2ca0a6fd877]::panicking::default_hook::{closure#0}
[INFO] [stdout]    4:     0x60421c227f29 - std[617be2ca0a6fd877]::panicking::default_hook
[INFO] [stdout]    5:     0x60421c1c23a0 - test[aada8e7e76ba119b]::test_main_inner::{closure#0}
[INFO] [stdout]    6:     0x60421c2280e2 - std[617be2ca0a6fd877]::panicking::panic_with_hook
[INFO] [stdout]    7:     0x60421c20b8e2 - std[617be2ca0a6fd877]::panicking::panic_handler::{closure#0}
[INFO] [stdout]    8:     0x60421c2043b9 - std[617be2ca0a6fd877]::sys::backtrace::__rust_end_short_backtrace::<std[617be2ca0a6fd877]::panicking::panic_handler::{closure#0}, !>
[INFO] [stdout]    9:     0x60421c20c4ed - __rustc[ea4f61d10b84890b]::rust_begin_unwind
[INFO] [stdout]   10:     0x60421c24450c - core[a373ad73a504971]::panicking::panic_fmt
[INFO] [stdout]   11:     0x60421c2442e2 - core[a373ad73a504971]::result::unwrap_failed
[INFO] [stdout]   12:     0x60421c1b1c11 - bump_version[7fb989fbf4679605]::run
[INFO] [stdout]   13:     0x60421c1b2ea9 - <bump_version[7fb989fbf4679605]::patch_increments_patch::{closure#0} as core[a373ad73a504971]::ops::function::FnOnce<()>>::call_once
[INFO] [stdout]   14:     0x60421c1b57eb - test[aada8e7e76ba119b]::__rust_begin_short_backtrace::<core[a373ad73a504971]::result::Result<(), alloc[2e1b2a31b91974c5]::string::String>, fn() -> core[a373ad73a504971]::result::Result<(), alloc[2e1b2a31b91974c5]::string::String>>
[INFO] [stdout]   15:     0x60421c1c29c5 - test[aada8e7e76ba119b]::run_test::{closure#0}
[INFO] [stdout]   16:     0x60421c1bc2b4 - std[617be2ca0a6fd877]::sys::backtrace::__rust_begin_short_backtrace::<test[aada8e7e76ba119b]::run_test::{closure#1}, ()>
[INFO] [stdout]   17:     0x60421c1c5a52 - <std[617be2ca0a6fd877]::thread::lifecycle::spawn_unchecked<test[aada8e7e76ba119b]::run_test::{closure#1}, ()>::{closure#1} as core[a373ad73a504971]::ops::function::FnOnce<()>>::call_once::{shim:vtable#0}
[INFO] [stdout]   18:     0x60421c22f20f - <std[617be2ca0a6fd877]::sys::thread::unix::Thread>::new::thread_start
[INFO] [stdout]   19:     0x7fb37e495dfa - <unknown>
[INFO] [stdout]   20:     0x7fb37e5293d4 - clone
[INFO] [stdout]   21:                0x0 - <unknown>
[INFO] [stdout] 
[INFO] [stdout] ---- stdout_contains_old_to_new_arrow stdout ----
[INFO] [stdout] 
[INFO] [stdout] thread 'stdout_contains_old_to_new_arrow' (3176) panicked at tests/bump_version.rs:58:10:
[INFO] [stdout] failed to spawn bump-version.sh — is it executable?: Os { code: 2, kind: NotFound, message: "No such file or directory" }
[INFO] [stdout] stack backtrace:
[INFO] [stdout]    0:     0x60421c22fd11 - <<std[617be2ca0a6fd877]::sys::backtrace::BacktraceLock>::print::DisplayBacktrace as core[a373ad73a504971]::fmt::Display>::fmt
[INFO] [stdout]    1:     0x60421c243dda - core[a373ad73a504971]::fmt::write
[INFO] [stdout]    2:     0x60421c233f2c - <alloc[2e1b2a31b91974c5]::vec::Vec<u8> as core[a373ad73a504971]::io::write::Write>::write_fmt
[INFO] [stdout]    3:     0x60421c20b836 - std[617be2ca0a6fd877]::panicking::default_hook::{closure#0}
[INFO] [stdout]    4:     0x60421c227f29 - std[617be2ca0a6fd877]::panicking::default_hook
[INFO] [stdout]    5:     0x60421c1c23a0 - test[aada8e7e76ba119b]::test_main_inner::{closure#0}
[INFO] [stdout]    6:     0x60421c2280e2 - std[617be2ca0a6fd877]::panicking::panic_with_hook
[INFO] [stdout]    7:     0x60421c20b8e2 - std[617be2ca0a6fd877]::panicking::panic_handler::{closure#0}
[INFO] [stdout]    8:     0x60421c2043b9 - std[617be2ca0a6fd877]::sys::backtrace::__rust_end_short_backtrace::<std[617be2ca0a6fd877]::panicking::panic_handler::{closure#0}, !>
[INFO] [stdout]    9:     0x60421c20c4ed - __rustc[ea4f61d10b84890b]::rust_begin_unwind
[INFO] [stdout]   10:     0x60421c24450c - core[a373ad73a504971]::panicking::panic_fmt
[INFO] [stdout]   11:     0x60421c2442e2 - core[a373ad73a504971]::result::unwrap_failed
[INFO] [stdout]   12:     0x60421c1b1c11 - bump_version[7fb989fbf4679605]::run
[INFO] [stdout]   13:     0x60421c1b441f - <bump_version[7fb989fbf4679605]::stdout_contains_old_to_new_arrow::{closure#0} as core[a373ad73a504971]::ops::function::FnOnce<()>>::call_once
[INFO] [stdout]   14:     0x60421c1b57eb - test[aada8e7e76ba119b]::__rust_begin_short_backtrace::<core[a373ad73a504971]::result::Result<(), alloc[2e1b2a31b91974c5]::string::String>, fn() -> core[a373ad73a504971]::result::Result<(), alloc[2e1b2a31b91974c5]::string::String>>
[INFO] [stdout]   15:     0x60421c1c29c5 - test[aada8e7e76ba119b]::run_test::{closure#0}
[INFO] [stdout]   16:     0x60421c1bc2b4 - std[617be2ca0a6fd877]::sys::backtrace::__rust_begin_short_backtrace::<test[aada8e7e76ba119b]::run_test::{closure#1}, ()>
[INFO] [stdout]   17:     0x60421c1c5a52 - <std[617be2ca0a6fd877]::thread::lifecycle::spawn_unchecked<test[aada8e7e76ba119b]::run_test::{closure#1}, ()>::{closure#1} as core[a373ad73a504971]::ops::function::FnOnce<()>>::call_once::{shim:vtable#0}
[INFO] [stdout]   18:     0x60421c22f20f - <std[617be2ca0a6fd877]::sys::thread::unix::Thread>::new::thread_start
[INFO] [stdout]   19:     0x7fb37e495dfa - <unknown>
[INFO] [stdout]   20:     0x7fb37e5293d4 - clone
[INFO] [stdout]   21:                0x0 - <unknown>
[INFO] [stdout] 
[INFO] [stdout] ---- major_increments_major_and_resets_minor_and_patch stdout ----
[INFO] [stdout] 
[INFO] [stdout] thread 'major_increments_major_and_resets_minor_and_patch' (3154) panicked at tests/bump_version.rs:58:10:
[INFO] [stdout] failed to spawn bump-version.sh — is it executable?: Os { code: 2, kind: NotFound, message: "No such file or directory" }
[INFO] [stdout] stack backtrace:
[INFO] [stdout]    0:     0x60421c22fd11 - <<std[617be2ca0a6fd877]::sys::backtrace::BacktraceLock>::print::DisplayBacktrace as core[a373ad73a504971]::fmt::Display>::fmt
[INFO] [stdout]    1:     0x60421c243dda - core[a373ad73a504971]::fmt::write
[INFO] [stdout]    2:     0x60421c233f2c - <alloc[2e1b2a31b91974c5]::vec::Vec<u8> as core[a373ad73a504971]::io::write::Write>::write_fmt
[INFO] [stdout]    3:     0x60421c20b836 - std[617be2ca0a6fd877]::panicking::default_hook::{closure#0}
[INFO] [stdout]    4:     0x60421c227f29 - std[617be2ca0a6fd877]::panicking::default_hook
[INFO] [stdout]    5:     0x60421c1c23a0 - test[aada8e7e76ba119b]::test_main_inner::{closure#0}
[INFO] [stdout]    6:     0x60421c2280e2 - std[617be2ca0a6fd877]::panicking::panic_with_hook
[INFO] [stdout]    7:     0x60421c20b8e2 - std[617be2ca0a6fd877]::panicking::panic_handler::{closure#0}
[INFO] [stdout]    8:     0x60421c2043b9 - std[617be2ca0a6fd877]::sys::backtrace::__rust_end_short_backtrace::<std[617be2ca0a6fd877]::panicking::panic_handler::{closure#0}, !>
[INFO] [stdout]    9:     0x60421c20c4ed - __rustc[ea4f61d10b84890b]::rust_begin_unwind
[INFO] [stdout]   10:     0x60421c24450c - core[a373ad73a504971]::panicking::panic_fmt
[INFO] [stdout]   11:     0x60421c2442e2 - core[a373ad73a504971]::result::unwrap_failed
[INFO] [stdout]   12:     0x60421c1b1c11 - bump_version[7fb989fbf4679605]::run
[INFO] [stdout]   13:     0x60421c1b5449 - <bump_version[7fb989fbf4679605]::major_increments_major_and_resets_minor_and_patch::{closure#0} as core[a373ad73a504971]::ops::function::FnOnce<()>>::call_once
[INFO] [stdout]   14:     0x60421c1b57eb - test[aada8e7e76ba119b]::__rust_begin_short_backtrace::<core[a373ad73a504971]::result::Result<(), alloc[2e1b2a31b91974c5]::string::String>, fn() -> core[a373ad73a504971]::result::Result<(), alloc[2e1b2a31b91974c5]::string::String>>
[INFO] [stdout]   15:     0x60421c1c29c5 - test[aada8e7e76ba119b]::run_test::{closure#0}
[INFO] [stdout]   16:     0x60421c1bc2b4 - std[617be2ca0a6fd877]::sys::backtrace::__rust_begin_short_backtrace::<test[aada8e7e76ba119b]::run_test::{closure#1}, ()>
[INFO] [stdout]   17:     0x60421c1c5a52 - <std[617be2ca0a6fd877]::thread::lifecycle::spawn_unchecked<test[aada8e7e76ba119b]::run_test::{closure#1}, ()>::{closure#1} as core[a373ad73a504971]::ops::function::FnOnce<()>>::call_once::{shim:vtable#0}
[INFO] [stdout]   18:     0x60421c22f20f - <std[617be2ca0a6fd877]::sys::thread::unix::Thread>::new::thread_start
[INFO] [stdout]   19:     0x7fb37e495dfa - <unknown>
[INFO] [stdout]   20:     0x7fb37e5293d4 - clone
[INFO] [stdout]   21:                0x0 - <unknown>
[INFO] [stdout] 
[INFO] [stdout] ---- minor_produces_double_digit_minor stdout ----
[INFO] [stdout] 
[INFO] [stdout] thread 'minor_produces_double_digit_minor' (3157) panicked at tests/bump_version.rs:58:10:
[INFO] [stdout] failed to spawn bump-version.sh — is it executable?: Os { code: 2, kind: NotFound, message: "No such file or directory" }
[INFO] [stdout] stack backtrace:
[INFO] [stdout]    0:     0x60421c22fd11 - <<std[617be2ca0a6fd877]::sys::backtrace::BacktraceLock>::print::DisplayBacktrace as core[a373ad73a504971]::fmt::Display>::fmt
[INFO] [stdout]    1:     0x60421c243dda - core[a373ad73a504971]::fmt::write
[INFO] [stdout]    2:     0x60421c233f2c - <alloc[2e1b2a31b91974c5]::vec::Vec<u8> as core[a373ad73a504971]::io::write::Write>::write_fmt
[INFO] [stdout]    3:     0x60421c20b836 - std[617be2ca0a6fd877]::panicking::default_hook::{closure#0}
[INFO] [stdout]    4:     0x60421c227f29 - std[617be2ca0a6fd877]::panicking::default_hook
[INFO] [stdout]    5:     0x60421c1c23a0 - test[aada8e7e76ba119b]::test_main_inner::{closure#0}
[INFO] [stdout]    6:     0x60421c2280e2 - std[617be2ca0a6fd877]::panicking::panic_with_hook
[INFO] [stdout]    7:     0x60421c20b8e2 - std[617be2ca0a6fd877]::panicking::panic_handler::{closure#0}
[INFO] [stdout]    8:     0x60421c2043b9 - std[617be2ca0a6fd877]::sys::backtrace::__rust_end_short_backtrace::<std[617be2ca0a6fd877]::panicking::panic_handler::{closure#0}, !>
[INFO] [stdout]    9:     0x60421c20c4ed - __rustc[ea4f61d10b84890b]::rust_begin_unwind
[INFO] [stdout]   10:     0x60421c24450c - core[a373ad73a504971]::panicking::panic_fmt
[INFO] [stdout]   11:     0x60421c2442e2 - core[a373ad73a504971]::result::unwrap_failed
[INFO] [stdout]   12:     0x60421c1b1c11 - bump_version[7fb989fbf4679605]::run
[INFO] [stdout]   13:     0x60421c1b4709 - <bump_version[7fb989fbf4679605]::minor_produces_double_digit_minor::{closure#0} as core[a373ad73a504971]::ops::function::FnOnce<()>>::call_once
[INFO] [stdout]   14:     0x60421c1b57eb - test[aada8e7e76ba119b]::__rust_begin_short_backtrace::<core[a373ad73a504971]::result::Result<(), alloc[2e1b2a31b91974c5]::string::String>, fn() -> core[a373ad73a504971]::result::Result<(), alloc[2e1b2a31b91974c5]::string::String>>
[INFO] [stdout]   15:     0x60421c1c29c5 - test[aada8e7e76ba119b]::run_test::{closure#0}
[INFO] [stdout]   16:     0x60421c1bc2b4 - std[617be2ca0a6fd877]::sys::backtrace::__rust_begin_short_backtrace::<test[aada8e7e76ba119b]::run_test::{closure#1}, ()>
[INFO] [stdout]   17:     0x60421c1c5a52 - <std[617be2ca0a6fd877]::thread::lifecycle::spawn_unchecked<test[aada8e7e76ba119b]::run_test::{closure#1}, ()>::{closure#1} as core[a373ad73a504971]::ops::function::FnOnce<()>>::call_once::{shim:vtable#0}
[INFO] [stdout]   18:     0x60421c22f20f - <std[617be2ca0a6fd877]::sys::thread::unix::Thread>::new::thread_start
[INFO] [stdout]   19:     0x7fb37e495dfa - <unknown>
[INFO] [stdout]   20:     0x7fb37e5293d4 - clone
[INFO] [stdout]   21:                0x0 - <unknown>
[INFO] [stdout] 
[INFO] [stdout] ---- old_version_absent_after_bump stdout ----
[INFO] [stdout] 
[INFO] [stdout] thread 'old_version_absent_after_bump' (3160) panicked at tests/bump_version.rs:58:10:
[INFO] [stdout] failed to spawn bump-version.sh — is it executable?: Os { code: 2, kind: NotFound, message: "No such file or directory" }
[INFO] [stdout] stack backtrace:
[INFO] [stdout]    0:     0x60421c22fd11 - <<std[617be2ca0a6fd877]::sys::backtrace::BacktraceLock>::print::DisplayBacktrace as core[a373ad73a504971]::fmt::Display>::fmt
[INFO] [stdout]    1:     0x60421c243dda - core[a373ad73a504971]::fmt::write
[INFO] [stdout]    2:     0x60421c233f2c - <alloc[2e1b2a31b91974c5]::vec::Vec<u8> as core[a373ad73a504971]::io::write::Write>::write_fmt
[INFO] [stdout]    3:     0x60421c20b836 - std[617be2ca0a6fd877]::panicking::default_hook::{closure#0}
[INFO] [stdout]    4:     0x60421c227f29 - std[617be2ca0a6fd877]::panicking::default_hook
[INFO] [stdout]    5:     0x60421c1c23a0 - test[aada8e7e76ba119b]::test_main_inner::{closure#0}
[INFO] [stdout]    6:     0x60421c2280e2 - std[617be2ca0a6fd877]::panicking::panic_with_hook
[INFO] [stdout]    7:     0x60421c20b8e2 - std[617be2ca0a6fd877]::panicking::panic_handler::{closure#0}
[INFO] [stdout]    8:     0x60421c2043b9 - std[617be2ca0a6fd877]::sys::backtrace::__rust_end_short_backtrace::<std[617be2ca0a6fd877]::panicking::panic_handler::{closure#0}, !>
[INFO] [stdout]    9:     0x60421c20c4ed - __rustc[ea4f61d10b84890b]::rust_begin_unwind
[INFO] [stdout]   10:     0x60421c24450c - core[a373ad73a504971]::panicking::panic_fmt
[INFO] [stdout]   11:     0x60421c2442e2 - core[a373ad73a504971]::result::unwrap_failed
[INFO] [stdout]   12:     0x60421c1b1c11 - bump_version[7fb989fbf4679605]::run
[INFO] [stdout]   13:     0x60421c1b3757 - <bump_version[7fb989fbf4679605]::old_version_absent_after_bump::{closure#0} as core[a373ad73a504971]::ops::function::FnOnce<()>>::call_once
[INFO] [stdout]   14:     0x60421c1b57eb - test[aada8e7e76ba119b]::__rust_begin_short_backtrace::<core[a373ad73a504971]::result::Result<(), alloc[2e1b2a31b91974c5]::string::String>, fn() -> core[a373ad73a504971]::result::Result<(), alloc[2e1b2a31b91974c5]::string::String>>
[INFO] [stdout]   15:     0x60421c1c29c5 - test[aada8e7e76ba119b]::run_test::{closure#0}
[INFO] [stdout]   16:     0x60421c1bc2b4 - std[617be2ca0a6fd877]::sys::backtrace::__rust_begin_short_backtrace::<test[aada8e7e76ba119b]::run_test::{closure#1}, ()>
[INFO] [stdout]   17:     0x60421c1c5a52 - <std[617be2ca0a6fd877]::thread::lifecycle::spawn_unchecked<test[aada8e7e76ba119b]::run_test::{closure#1}, ()>::{closure#1} as core[a373ad73a504971]::ops::function::FnOnce<()>>::call_once::{shim:vtable#0}
[INFO] [stdout]   18:     0x60421c22f20f - <std[617be2ca0a6fd877]::sys::thread::unix::Thread>::new::thread_start
[INFO] [stdout]   19:     0x7fb37e495dfa - <unknown>
[INFO] [stdout]   20:     0x7fb37e5293d4 - clone
[INFO] [stdout]   21:                0x0 - <unknown>
[INFO] [stdout] 
[INFO] [stdout] ---- unrelated_dep_version_strings_untouched stdout ----
[INFO] [stdout] 
[INFO] [stdout] thread 'unrelated_dep_version_strings_untouched' (3177) panicked at tests/bump_version.rs:58:10:
[INFO] [stdout] failed to spawn bump-version.sh — is it executable?: Os { code: 2, kind: NotFound, message: "No such file or directory" }
[INFO] [stdout] stack backtrace:
[INFO] [stdout]    0:     0x60421c22fd11 - <<std[617be2ca0a6fd877]::sys::backtrace::BacktraceLock>::print::DisplayBacktrace as core[a373ad73a504971]::fmt::Display>::fmt
[INFO] [stdout]    1:     0x60421c243dda - core[a373ad73a504971]::fmt::write
[INFO] [stdout]    2:     0x60421c233f2c - <alloc[2e1b2a31b91974c5]::vec::Vec<u8> as core[a373ad73a504971]::io::write::Write>::write_fmt
[INFO] [stdout]    3:     0x60421c20b836 - std[617be2ca0a6fd877]::panicking::default_hook::{closure#0}
[INFO] [stdout]    4:     0x60421c227f29 - std[617be2ca0a6fd877]::panicking::default_hook
[INFO] [stdout]    5:     0x60421c1c23a0 - test[aada8e7e76ba119b]::test_main_inner::{closure#0}
[INFO] [stdout]    6:     0x60421c2280e2 - std[617be2ca0a6fd877]::panicking::panic_with_hook
[INFO] [stdout]    7:     0x60421c20b8e2 - std[617be2ca0a6fd877]::panicking::panic_handler::{closure#0}
[INFO] [stdout]    8:     0x60421c2043b9 - std[617be2ca0a6fd877]::sys::backtrace::__rust_end_short_backtrace::<std[617be2ca0a6fd877]::panicking::panic_handler::{closure#0}, !>
[INFO] [stdout]    9:     0x60421c20c4ed - __rustc[ea4f61d10b84890b]::rust_begin_unwind
[INFO] [stdout]   10:     0x60421c24450c - core[a373ad73a504971]::panicking::panic_fmt
[INFO] [stdout]   11:     0x60421c2442e2 - core[a373ad73a504971]::result::unwrap_failed
[INFO] [stdout]   12:     0x60421c1b1c11 - bump_version[7fb989fbf4679605]::run
[INFO] [stdout]   13:     0x60421c1b4b87 - <bump_version[7fb989fbf4679605]::unrelated_dep_version_strings_untouched::{closure#0} as core[a373ad73a504971]::ops::function::FnOnce<()>>::call_once
[INFO] [stdout]   14:     0x60421c1b57eb - test[aada8e7e76ba119b]::__rust_begin_short_backtrace::<core[a373ad73a504971]::result::Result<(), alloc[2e1b2a31b91974c5]::string::String>, fn() -> core[a373ad73a504971]::result::Result<(), alloc[2e1b2a31b91974c5]::string::String>>
[INFO] [stdout]   15:     0x60421c1c29c5 - test[aada8e7e76ba119b]::run_test::{closure#0}
[INFO] [stdout]   16:     0x60421c1bc2b4 - std[617be2ca0a6fd877]::sys::backtrace::__rust_begin_short_backtrace::<test[aada8e7e76ba119b]::run_test::{closure#1}, ()>
[INFO] [stdout]   17:     0x60421c1c5a52 - <std[617be2ca0a6fd877]::thread::lifecycle::spawn_unchecked<test[aada8e7e76ba119b]::run_test::{closure#1}, ()>::{closure#1} as core[a373ad73a504971]::ops::function::FnOnce<()>>::call_once::{shim:vtable#0}
[INFO] [stdout]   18:     0x60421c22f20f - <std[617be2ca0a6fd877]::sys::thread::unix::Thread>::new::thread_start
[INFO] [stdout]   19:     0x7fb37e495dfa - <unknown>
[INFO] [stdout]   20:     0x7fb37e5293d4 - clone
[INFO] [stdout]   21:                0x0 - <unknown>
[INFO] [stdout] 
[INFO] [stdout] 
[INFO] [stdout] failures:
[INFO] [stdout]     both_version_occurrences_updated
[INFO] [stdout]     cargo_toml_with_no_version_line_exits_nonzero
[INFO] [stdout]     invalid_level_exits_nonzero
[INFO] [stdout]     major_increments_major_and_resets_minor_and_patch
[INFO] [stdout]     major_promotes_from_zero_series
[INFO] [stderr] error: test failed, to rerun pass `--test bump_version`
[INFO] [stdout]     minor_increments_minor_and_resets_patch
[INFO] [stdout]     minor_produces_double_digit_minor
[INFO] [stdout]     missing_cargo_toml_exits_nonzero
[INFO] [stdout]     no_arguments_exits_nonzero
[INFO] [stdout]     old_version_absent_after_bump
[INFO] [stdout]     patch_from_absolute_zero
[INFO] [stdout]     patch_increments_patch
[INFO] [stdout]     stdout_contains_bump_level_label
[INFO] [stdout]     stdout_contains_commit_hint_with_new_version
[INFO] [stdout]     stdout_contains_old_to_new_arrow
[INFO] [stdout]     unrelated_dep_version_strings_untouched
[INFO] [stdout] 
[INFO] [stdout] test result: FAILED. 0 passed; 16 failed; 0 ignored; 0 measured; 0 filtered out; finished in 0.02s
[INFO] [stdout] 
[INFO] running `Command { std: "docker" "inspect" "332c80d13f5d561f0dbbba468793c2a4f586713285b69c332b05d096c5769d46", kill_on_drop: false }`
[INFO] running `Command { std: "docker" "rm" "-f" "332c80d13f5d561f0dbbba468793c2a4f586713285b69c332b05d096c5769d46", kill_on_drop: false }`
[INFO] [stdout] 332c80d13f5d561f0dbbba468793c2a4f586713285b69c332b05d096c5769d46
