[INFO] fetching crate vibe-tests 0.0.1...
[INFO] testing vibe-tests-0.0.1 against 1.99.0-beta.8+cargoflags=--release for beta-release-1.100-2
[INFO] extracting crate vibe-tests 0.0.1 into /workspace/builds/worker-0-tc1/source
[INFO] started tweaking crates.io crate vibe-tests 0.0.1
[INFO] removed 0 missing tests
[INFO] finished tweaking crates.io crate vibe-tests 0.0.1
[INFO] tweaked toml for crates.io crate vibe-tests 0.0.1 written to /workspace/builds/worker-0-tc1/source/Cargo.toml
[INFO] validating manifest of crates.io crate vibe-tests 0.0.1 on toolchain 1.99.0-beta.8
[INFO] running `Command { std: CARGO_HOME="/workspace/cargo-home" RUSTUP_HOME="/workspace/rustup-home" "/workspace/cargo-home/bin/cargo" "+1.99.0-beta.8" "metadata" "--manifest-path" "Cargo.toml" "--no-deps", kill_on_drop: false }`
[INFO] crate crates.io crate vibe-tests 0.0.1 already has a lockfile, it will not be regenerated
[INFO] running `Command { std: CARGO_HOME="/workspace/cargo-home" RUSTUP_HOME="/workspace/rustup-home" "/workspace/cargo-home/bin/cargo" "+1.99.0-beta.8" "fetch" "--manifest-path" "Cargo.toml", kill_on_drop: false }`
[INFO] [stderr]  Downloading crates ...
[INFO] [stderr]   Downloaded sse-stream v0.2.3
[INFO] [stderr]   Downloaded rmcp-macros v1.6.0
[INFO] [stderr]   Downloaded pastey v0.2.2
[INFO] [stderr]   Downloaded rmcp v1.6.0
[INFO] [stderr]   Downloaded link-section v0.13.1
[INFO] [stderr]   Downloaded dtor v1.0.0
[INFO] [stderr]   Downloaded linktime-proc-macro v0.1.0
[INFO] [stderr]   Downloaded ctor v1.0.1
[INFO] running `Command { std: "docker" "create" "-v" "/var/lib/crater-agent-workspace/builds/worker-0-tc1/source:/opt/rustwide/workdir:ro,Z" "-v" "/var/lib/crater-agent-workspace/builds/worker-0-tc1/target:/opt/rustwide/target:rw,Z" "-v" "/var/lib/crater-agent-workspace/cargo-home:/opt/rustwide/cargo-home:ro,Z" "-v" "/var/lib/crater-agent-workspace/rustup-home:/opt/rustwide/rustup-home:ro,Z" "-m" "1610612736" "--network" "none" "ghcr.io/rust-lang/crates-build-env/linux@sha256:77db811e55d90add9212f6832c23229e3de5f1c1f9905e8cb07319ea15df73ac" "sleep" "infinity", kill_on_drop: false }`
[INFO] [stdout] 844d30438bb8f1fa5c8f232aa8f49d933c0f6b181eaf4330eafdee395e8a6e55
[INFO] running `Command { std: "docker" "start" "844d30438bb8f1fa5c8f232aa8f49d933c0f6b181eaf4330eafdee395e8a6e55", kill_on_drop: false }`
[INFO] running `Command { std: "docker" "inspect" "844d30438bb8f1fa5c8f232aa8f49d933c0f6b181eaf4330eafdee395e8a6e55", kill_on_drop: false }`
[INFO] running `Command { std: "docker" "exec" "-e" "SOURCE_DIR=/opt/rustwide/workdir" "-e" "CARGO_HOME=/opt/rustwide/cargo-home" "-e" "RUSTUP_HOME=/opt/rustwide/rustup-home" "-e" "CARGO_TARGET_DIR=/opt/rustwide/target" "-w" "/opt/rustwide/workdir" "--user" "0:0" "844d30438bb8f1fa5c8f232aa8f49d933c0f6b181eaf4330eafdee395e8a6e55" "/opt/rustwide/cargo-home/bin/cargo" "+1.99.0-beta.8" "metadata" "--no-deps" "--format-version=1", kill_on_drop: false }`
[INFO] running `Command { std: "docker" "inspect" "844d30438bb8f1fa5c8f232aa8f49d933c0f6b181eaf4330eafdee395e8a6e55", kill_on_drop: false }`
[INFO] running `Command { std: "docker" "exec" "-e" "SOURCE_DIR=/opt/rustwide/workdir" "-e" "CARGO_HOME=/opt/rustwide/cargo-home" "-e" "RUSTUP_HOME=/opt/rustwide/rustup-home" "-e" "CARGO_TARGET_DIR=/opt/rustwide/target" "-e" "CARGO_INCREMENTAL=0" "-e" "RUST_BACKTRACE=full" "-e" "RUSTFLAGS=--cap-lints=warn" "-e" "RUSTDOCFLAGS=--cap-lints=warn" "-w" "/opt/rustwide/workdir" "--user" "0:0" "844d30438bb8f1fa5c8f232aa8f49d933c0f6b181eaf4330eafdee395e8a6e55" "/opt/rustwide/cargo-home/bin/cargo" "+1.99.0-beta.8" "build" "--frozen" "--message-format=json" "--release", kill_on_drop: false }`
[INFO] [stderr]    Compiling cc v1.2.61
[INFO] [stderr]    Compiling openssl v0.10.79
[INFO] [stderr]    Compiling tokio v1.52.2
[INFO] [stderr]    Compiling futures-util v0.3.32
[INFO] [stderr]    Compiling tracing v0.1.44
[INFO] [stderr]    Compiling serde_json v1.0.149
[INFO] [stderr]    Compiling nix v0.31.2
[INFO] [stderr]    Compiling regex-automata v0.4.14
[INFO] [stderr]    Compiling chrono v0.4.44
[INFO] [stderr]    Compiling linktime-proc-macro v0.1.0
[INFO] [stderr]    Compiling rmcp v1.6.0
[INFO] [stderr]    Compiling idna_adapter v1.2.2
[INFO] [stderr]    Compiling rustls-pki-types v1.14.1
[INFO] [stderr]    Compiling pastey v0.2.2
[INFO] [stderr]    Compiling link-section v0.13.1
[INFO] [stderr]    Compiling uuid v1.23.1
[INFO] [stderr]    Compiling os_pipe v1.2.3
[INFO] [stderr]    Compiling idna v1.1.0
[INFO] [stderr]    Compiling ctor v1.0.1
[INFO] [stderr]    Compiling dtor v1.0.0
[INFO] [stderr]    Compiling url v2.5.8
[INFO] [stderr]    Compiling openssl-sys v0.9.115
[INFO] [stderr]    Compiling rmcp-macros v1.6.0
[INFO] [stderr]    Compiling native-tls v0.2.18
[INFO] [stderr]    Compiling ctrlc v3.5.2
[INFO] [stderr]    Compiling schemars v1.2.1
[INFO] [stderr]    Compiling matchers v0.2.0
[INFO] [stderr]    Compiling tracing-subscriber v0.3.23
[INFO] [stderr]    Compiling futures-executor v0.3.32
[INFO] [stderr]    Compiling sse-stream v0.2.3
[INFO] [stderr]    Compiling futures v0.3.32
[INFO] [stderr]    Compiling tokio-util v0.7.18
[INFO] [stderr]    Compiling tower v0.5.3
[INFO] [stderr]    Compiling tokio-native-tls v0.3.1
[INFO] [stderr]    Compiling tokio-stream v0.1.18
[INFO] [stderr]    Compiling tower-http v0.6.10
[INFO] [stderr]    Compiling h2 v0.4.14
[INFO] [stderr]    Compiling hyper v1.9.0
[INFO] [stderr]    Compiling hyper-util v0.1.20
[INFO] [stderr]    Compiling reqwest v0.13.3
[INFO] [stderr]    Compiling hyper-tls v0.6.0
[INFO] [stderr]    Compiling reqwest v0.12.28
[INFO] [stderr]    Compiling vibe-tests v0.0.1 (/opt/rustwide/workdir)
[INFO] [stderr]     Finished `release` profile [optimized] target(s) in 1m 34s
[INFO] running `Command { std: "docker" "inspect" "844d30438bb8f1fa5c8f232aa8f49d933c0f6b181eaf4330eafdee395e8a6e55", kill_on_drop: false }`
[INFO] running `Command { std: "docker" "exec" "-e" "SOURCE_DIR=/opt/rustwide/workdir" "-e" "CARGO_HOME=/opt/rustwide/cargo-home" "-e" "RUSTUP_HOME=/opt/rustwide/rustup-home" "-e" "CARGO_TARGET_DIR=/opt/rustwide/target" "-e" "CARGO_INCREMENTAL=0" "-e" "RUST_BACKTRACE=full" "-e" "RUSTFLAGS=--cap-lints=warn" "-e" "RUSTDOCFLAGS=--cap-lints=warn" "-w" "/opt/rustwide/workdir" "--user" "0:0" "844d30438bb8f1fa5c8f232aa8f49d933c0f6b181eaf4330eafdee395e8a6e55" "/opt/rustwide/cargo-home/bin/cargo" "+1.99.0-beta.8" "test" "--frozen" "--no-run" "--message-format=json" "--release", kill_on_drop: false }`
[INFO] [stderr]    Compiling vibe-tests v0.0.1 (/opt/rustwide/workdir)
[INFO] [stderr]     Finished `release` profile [optimized] target(s) in 28.19s
[INFO] running `Command { std: "docker" "inspect" "844d30438bb8f1fa5c8f232aa8f49d933c0f6b181eaf4330eafdee395e8a6e55", kill_on_drop: false }`
[INFO] running `Command { std: "docker" "exec" "-e" "SOURCE_DIR=/opt/rustwide/workdir" "-e" "CARGO_HOME=/opt/rustwide/cargo-home" "-e" "RUSTUP_HOME=/opt/rustwide/rustup-home" "-e" "CARGO_TARGET_DIR=/opt/rustwide/target" "-e" "CARGO_INCREMENTAL=0" "-e" "RUST_BACKTRACE=full" "-e" "RUSTFLAGS=--cap-lints=warn" "-e" "RUSTDOCFLAGS=--cap-lints=warn" "-w" "/opt/rustwide/workdir" "--user" "0:0" "844d30438bb8f1fa5c8f232aa8f49d933c0f6b181eaf4330eafdee395e8a6e55" "/opt/rustwide/cargo-home/bin/cargo" "+1.99.0-beta.8" "test" "--frozen" "--release", kill_on_drop: false }`
[INFO] [stderr]     Finished `release` profile [optimized] target(s) in 0.24s
[INFO] [stderr]      Running unittests src/lib.rs (/opt/rustwide/target/release/deps/vibe_tests-b462030828335daf)
[INFO] [stdout] 
[INFO] [stdout] running 0 tests
[INFO] [stdout] 
[INFO] [stdout] test result: ok. 0 passed; 0 failed; 0 ignored; 0 measured; 0 filtered out; finished in 0.00s
[INFO] [stdout] 
[INFO] [stderr]      Running tests/integration_test.rs (/opt/rustwide/target/release/deps/integration_test-78ca24851a5d26e4)
[INFO] [stdout] 
[INFO] [stdout] running 3 tests
[INFO] [stdout] test test_search_docs_git ... FAILED
[INFO] [stdout] test test_admin_sync ... FAILED
[INFO] [stdout] test test_show_tree_samples_error ... FAILED
[INFO] [stdout] 
[INFO] [stdout] failures:
[INFO] [stdout] 
[INFO] [stdout] ---- test_search_docs_git stdout ----
[INFO] [stdout] 
[INFO] [stdout] thread 'test_search_docs_git' (1195) panicked at src/base/engines.rs:19:25:
[INFO] [stdout] Failed to initialize engine: Setup("Failed to start docker compose: tests/fixtures/docker-compose.yml")
[INFO] [stdout] stack backtrace:
[INFO] [stdout]    0:     0x61de76777da1 - <<std[70759c8f55707aa4]::sys::backtrace::BacktraceLock>::print::DisplayBacktrace as core[df12db4294e9bfd3]::fmt::Display>::fmt
[INFO] [stdout]    1:     0x61de7678ff8a - core[df12db4294e9bfd3]::fmt::write
[INFO] [stdout]    2:     0x61de7677cedc - <alloc[2182bb758b4b3781]::vec::Vec<u8> as core[df12db4294e9bfd3]::io::write::Write>::write_fmt
[INFO] [stdout]    3:     0x61de76750276 - std[70759c8f55707aa4]::panicking::default_hook::{closure#0}
[INFO] [stdout]    4:     0x61de7676e109 - std[70759c8f55707aa4]::panicking::default_hook
[INFO] [stdout]    5:     0x61de76472fd0 - test[9d35eded1c95d3be]::test_main_inner::<test[9d35eded1c95d3be]::test_main_static::{closure#0}>::{closure#0}
[INFO] [stdout]    6:     0x61de7676e432 - std[70759c8f55707aa4]::panicking::panic_with_hook
[INFO] [stdout]    7:     0x61de76750322 - std[70759c8f55707aa4]::panicking::panic_handler::{closure#0}
[INFO] [stdout]    8:     0x61de76748d19 - std[70759c8f55707aa4]::sys::backtrace::__rust_end_short_backtrace::<std[70759c8f55707aa4]::panicking::panic_handler::{closure#0}, !>
[INFO] [stdout]    9:     0x61de7675110d - __rustc[8fa7c3cbc660c2b3]::rust_begin_unwind
[INFO] [stdout]   10:     0x61de767906ec - core[df12db4294e9bfd3]::panicking::panic_fmt
[INFO] [stdout]   11:     0x61de767904c2 - core[df12db4294e9bfd3]::result::unwrap_failed
[INFO] [stdout]   12:     0x61de7642d93d - vibe_tests[c21935aa6ce25c85]::base::engines::engine::{closure#0}
[INFO] [stdout]   13:     0x61de764216da - integration_test[4d0f57dc357fd5e1]::test_search_docs_git::{closure#0}
[INFO] [stdout]   14:     0x61de763bb791 - <tokio[47576a8b5589713e]::runtime::scheduler::current_thread::CurrentThread>::block_on::<core[df12db4294e9bfd3]::pin::Pin<&mut dyn core[df12db4294e9bfd3]::future::future::Future<Output = ()>>>
[INFO] [stdout]   15:     0x61de763d057d - <tokio[47576a8b5589713e]::runtime::runtime::Runtime>::block_on::<core[df12db4294e9bfd3]::pin::Pin<&mut dyn core[df12db4294e9bfd3]::future::future::Future<Output = ()>>>
[INFO] [stdout]   16:     0x61de7642e2de - <integration_test[4d0f57dc357fd5e1]::test_search_docs_git::{closure#0} as core[df12db4294e9bfd3]::ops::function::FnOnce<()>>::call_once
[INFO] [stdout]   17:     0x61de764662bb - test[9d35eded1c95d3be]::__rust_begin_short_backtrace::<core[df12db4294e9bfd3]::result::Result<(), alloc[2182bb758b4b3781]::string::String>, fn() -> core[df12db4294e9bfd3]::result::Result<(), alloc[2182bb758b4b3781]::string::String>>
[INFO] [stdout]   18:     0x61de76473925 - test[9d35eded1c95d3be]::run_test::{closure#0}
[INFO] [stdout]   19:     0x61de7646d1e4 - std[70759c8f55707aa4]::sys::backtrace::__rust_begin_short_backtrace::<test[9d35eded1c95d3be]::run_test::{closure#1}, ()>
[INFO] [stdout]   20:     0x61de76476a82 - <std[70759c8f55707aa4]::thread::lifecycle::spawn_unchecked<test[9d35eded1c95d3be]::run_test::{closure#1}, ()>::{closure#1} as core[df12db4294e9bfd3]::ops::function::FnOnce<()>>::call_once::{shim:vtable#0}
[INFO] [stdout]   21:     0x61de76776af9 - <std[70759c8f55707aa4]::sys::thread::unix::Thread>::new::thread_start
[INFO] [stdout]   22:     0x793bd38dbdfa - <unknown>
[INFO] [stdout]   23:     0x793bd396f3d4 - clone
[INFO] [stdout]   24:                0x0 - <unknown>
[INFO] [stdout] 
[INFO] [stdout] ---- test_admin_sync stdout ----
[INFO] [stdout] [2m2026-10-18T19:45:03.317696Z[0m [31mERROR[0m [2mrmcp::transport::worker[0m[2m:[0m worker quit with fatal: Transport channel closed, when Client(reqwest::Error { kind: Request, url: "http://localhost:9021/mcp/v1", source: hyper_util::client::legacy::Error(Connect, ConnectError("tcp connect error", 127.0.0.1:9021, Os { code: 111, kind: ConnectionRefused, message: "Connection refused" })) })
[INFO] [stdout] 
[INFO] [stdout] thread 'test_admin_sync' (1194) panicked at src/engine/engine_tests.rs:104:64:
[INFO] [stdout] called `Result::unwrap()` on an `Err` value: Setup("Failed to connect MCP: Send message error Transport [rmcp::transport::worker::WorkerTransport<rmcp::transport::streamable_http_client::StreamableHttpClientWorker<reqwest::async_impl::client::Client>>] error: Client error: error sending request for url (http://localhost:9021/mcp/v1), when send initialize request")
[INFO] [stdout] stack backtrace:
[INFO] [stdout]    0:     0x61de76777da1 - <<std[70759c8f55707aa4]::sys::backtrace::BacktraceLock>::print::DisplayBacktrace as core[df12db4294e9bfd3]::fmt::Display>::fmt
[INFO] [stdout]    1:     0x61de7678ff8a - core[df12db4294e9bfd3]::fmt::write
[INFO] [stdout]    2:     0x61de7677cedc - <alloc[2182bb758b4b3781]::vec::Vec<u8> as core[df12db4294e9bfd3]::io::write::Write>::write_fmt
[INFO] [stdout]    3:     0x61de76750276 - std[70759c8f55707aa4]::panicking::default_hook::{closure#0}
[INFO] [stdout]    4:     0x61de7676e109 - std[70759c8f55707aa4]::panicking::default_hook
[INFO] [stdout]    5:     0x61de76472fd0 - test[9d35eded1c95d3be]::test_main_inner::<test[9d35eded1c95d3be]::test_main_static::{closure#0}>::{closure#0}
[INFO] [stdout]    6:     0x61de7676e432 - std[70759c8f55707aa4]::panicking::panic_with_hook
[INFO] [stdout]    7:     0x61de76750322 - std[70759c8f55707aa4]::panicking::panic_handler::{closure#0}
[INFO] [stdout]    8:     0x61de76748d19 - std[70759c8f55707aa4]::sys::backtrace::__rust_end_short_backtrace::<std[70759c8f55707aa4]::panicking::panic_handler::{closure#0}, !>
[INFO] [stdout]    9:     0x61de7675110d - __rustc[8fa7c3cbc660c2b3]::rust_begin_unwind
[INFO] [stdout]   10:     0x61de767906ec - core[df12db4294e9bfd3]::panicking::panic_fmt
[INFO] [stdout]   11:     0x61de767904c2 - core[df12db4294e9bfd3]::result::unwrap_failed
[INFO] [stdout]   12:     0x61de76427a5e - <vibe_tests[c21935aa6ce25c85]::engine::engine_tests::EngineTests>::test::{closure#0}
[INFO] [stdout]   13:     0x61de76421490 - integration_test[4d0f57dc357fd5e1]::test_admin_sync::{closure#0}
[INFO] [stdout]   14:     0x61de763bb791 - <tokio[47576a8b5589713e]::runtime::scheduler::current_thread::CurrentThread>::block_on::<core[df12db4294e9bfd3]::pin::Pin<&mut dyn core[df12db4294e9bfd3]::future::future::Future<Output = ()>>>
[INFO] [stdout]   15:     0x61de763d057d - <tokio[47576a8b5589713e]::runtime::runtime::Runtime>::block_on::<core[df12db4294e9bfd3]::pin::Pin<&mut dyn core[df12db4294e9bfd3]::future::future::Future<Output = ()>>>
[INFO] [stdout]   16:     0x61de7642e12e - <integration_test[4d0f57dc357fd5e1]::test_admin_sync::{closure#0} as core[df12db4294e9bfd3]::ops::function::FnOnce<()>>::call_once
[INFO] [stdout]   17:     0x61de764662bb - test[9d35eded1c95d3be]::__rust_begin_short_backtrace::<core[df12db4294e9bfd3]::result::Result<(), alloc[2182bb758b4b3781]::string::String>, fn() -> core[df12db4294e9bfd3]::result::Result<(), alloc[2182bb758b4b3781]::string::String>>
[INFO] [stdout]   18:     0x61de76473925 - test[9d35eded1c95d3be]::run_test::{closure#0}
[INFO] [stdout]   19:     0x61de7646d1e4 - std[70759c8f55707aa4]::sys::backtrace::__rust_begin_short_backtrace::<test[9d35eded1c95d3be]::run_test::{closure#1}, ()>
[INFO] [stdout]   20:     0x61de76476a82 - <std[70759c8f55707aa4]::thread::lifecycle::spawn_unchecked<test[9d35eded1c95d3be]::run_test::{closure#1}, ()>::{closure#1} as core[df12db4294e9bfd3]::ops::function::FnOnce<()>>::call_once::{shim:vtable#0}
[INFO] [stdout]   21:     0x61de76776af9 - <std[70759c8f55707aa4]::sys::thread::unix::Thread>::new::thread_start
[INFO] [stdout]   22:     0x793bd38dbdfa - <unknown>
[INFO] [stdout]   23:     0x793bd396f3d4 - clone
[INFO] [stdout]   24:                0x0 - <unknown>
[INFO] [stdout] 
[INFO] [stdout] ---- test_show_tree_samples_error stdout ----
[INFO] [stdout] [2m2026-10-18T19:45:03.383635Z[0m [31mERROR[0m [2mrmcp::transport::worker[0m[2m:[0m worker quit with fatal: Transport channel closed, when Client(reqwest::Error { kind: Request, url: "http://localhost:9021/mcp/v1", source: hyper_util::client::legacy::Error(Connect, ConnectError("tcp connect error", 127.0.0.1:9021, Os { code: 111, kind: ConnectionRefused, message: "Connection refused" })) })
[INFO] [stdout] 
[INFO] [stdout] thread 'test_show_tree_samples_error' (1196) panicked at src/engine/engine_tests.rs:104:64:
[INFO] [stdout] called `Result::unwrap()` on an `Err` value: Setup("Failed to connect MCP: Send message error Transport [rmcp::transport::worker::WorkerTransport<rmcp::transport::streamable_http_client::StreamableHttpClientWorker<reqwest::async_impl::client::Client>>] error: Client error: error sending request for url (http://localhost:9021/mcp/v1), when send initialize request")
[INFO] [stdout] stack backtrace:
[INFO] [stdout]    0:     0x61de76777da1 - <<std[70759c8f55707aa4]::sys::backtrace::BacktraceLock>::print::DisplayBacktrace as core[df12db4294e9bfd3]::fmt::Display>::fmt
[INFO] [stdout]    1:     0x61de7678ff8a - core[df12db4294e9bfd3]::fmt::write
[INFO] [stdout]    2:     0x61de7677cedc - <alloc[2182bb758b4b3781]::vec::Vec<u8> as core[df12db4294e9bfd3]::io::write::Write>::write_fmt
[INFO] [stdout]    3:     0x61de76750276 - std[70759c8f55707aa4]::panicking::default_hook::{closure#0}
[INFO] [stdout]    4:     0x61de7676e109 - std[70759c8f55707aa4]::panicking::default_hook
[INFO] [stdout]    5:     0x61de76472fd0 - test[9d35eded1c95d3be]::test_main_inner::<test[9d35eded1c95d3be]::test_main_static::{closure#0}>::{closure#0}
[INFO] [stdout]    6:     0x61de7676e432 - std[70759c8f55707aa4]::panicking::panic_with_hook
[INFO] [stdout]    7:     0x61de76750322 - std[70759c8f55707aa4]::panicking::panic_handler::{closure#0}
[INFO] [stdout]    8:     0x61de76748d19 - std[70759c8f55707aa4]::sys::backtrace::__rust_end_short_backtrace::<std[70759c8f55707aa4]::panicking::panic_handler::{closure#0}, !>
[INFO] [stdout]    9:     0x61de7675110d - __rustc[8fa7c3cbc660c2b3]::rust_begin_unwind
[INFO] [stdout]   10:     0x61de767906ec - core[df12db4294e9bfd3]::panicking::panic_fmt
[INFO] [stdout]   11:     0x61de767904c2 - core[df12db4294e9bfd3]::result::unwrap_failed
[INFO] [stdout]   12:     0x61de76427a5e - <vibe_tests[c21935aa6ce25c85]::engine::engine_tests::EngineTests>::test::{closure#0}
[INFO] [stdout]   13:     0x61de764219e0 - integration_test[4d0f57dc357fd5e1]::test_show_tree_samples_error::{closure#0}
[INFO] [stdout]   14:     0x61de763bb791 - <tokio[47576a8b5589713e]::runtime::scheduler::current_thread::CurrentThread>::block_on::<core[df12db4294e9bfd3]::pin::Pin<&mut dyn core[df12db4294e9bfd3]::future::future::Future<Output = ()>>>
[INFO] [stdout]   15:     0x61de763d057d - <tokio[47576a8b5589713e]::runtime::runtime::Runtime>::block_on::<core[df12db4294e9bfd3]::pin::Pin<&mut dyn core[df12db4294e9bfd3]::future::future::Future<Output = ()>>>
[INFO] [stdout]   16:     0x61de7642e48e - <integration_test[4d0f57dc357fd5e1]::test_show_tree_samples_error::{closure#0} as core[df12db4294e9bfd3]::ops::function::FnOnce<()>>::call_once
[INFO] [stdout]   17:     0x61de764662bb - test[9d35eded1c95d3be]::__rust_begin_short_backtrace::<core[df12db4294e9bfd3]::result::Result<(), alloc[2182bb758b4b3781]::string::String>, fn() -> core[df12db4294e9bfd3]::result::Result<(), alloc[2182bb758b4b3781]::string::String>>
[INFO] [stdout]   18:     0x61de76473925 - test[9d35eded1c95d3be]::run_test::{closure#0}
[INFO] [stdout]   19:     0x61de7646d1e4 - std[70759c8f55707aa4]::sys::backtrace::__rust_begin_short_backtrace::<test[9d35eded1c95d3be]::run_test::{closure#1}, ()>
[INFO] [stdout]   20:     0x61de76476a82 - <std[70759c8f55707aa4]::thread::lifecycle::spawn_unchecked<test[9d35eded1c95d3be]::run_test::{closure#1}, ()>::{closure#1} as core[df12db4294e9bfd3]::ops::function::FnOnce<()>>::call_once::{shim:vtable#0}
[INFO] [stdout]   21:     0x61de76776af9 - <std[70759c8f55707aa4]::sys::thread::unix::Thread>::new::thread_start
[INFO] [stdout]   22:     0x793bd38dbdfa - <unknown>
[INFO] [stdout]   23:     0x793bd396f3d4 - clone
[INFO] [stdout]   24:                0x0 - <unknown>
[INFO] [stdout] 
[INFO] [stdout] 
[INFO] [stdout] failures:
[INFO] [stdout]     test_admin_sync
[INFO] [stdout]     test_search_docs_git
[INFO] [stdout]     test_show_tree_samples_error
[INFO] [stdout] 
[INFO] [stdout] test result: FAILED. 0 passed; 3 failed; 0 ignored; 0 measured; 0 filtered out; finished in 0.40s
[INFO] [stdout] 
[INFO] [stderr] error: test failed, to rerun pass `--test integration_test`
[INFO] running `Command { std: "docker" "inspect" "844d30438bb8f1fa5c8f232aa8f49d933c0f6b181eaf4330eafdee395e8a6e55", kill_on_drop: false }`
[INFO] running `Command { std: "docker" "rm" "-f" "844d30438bb8f1fa5c8f232aa8f49d933c0f6b181eaf4330eafdee395e8a6e55", kill_on_drop: false }`
[INFO] [stdout] 844d30438bb8f1fa5c8f232aa8f49d933c0f6b181eaf4330eafdee395e8a6e55
