[INFO] fetching crate vibe-emu-core 0.0.2...
[INFO] testing vibe-emu-core-0.0.2 against 1.100.0-beta.1+cargoflags=--release for beta-release-1.100-2
[INFO] extracting crate vibe-emu-core 0.0.2 into /workspace/builds/worker-5-tc2/source
[INFO] started tweaking crates.io crate vibe-emu-core 0.0.2
[INFO] removed 0 missing tests
[INFO] finished tweaking crates.io crate vibe-emu-core 0.0.2
[INFO] tweaked toml for crates.io crate vibe-emu-core 0.0.2 written to /workspace/builds/worker-5-tc2/source/Cargo.toml
[INFO] validating manifest of crates.io crate vibe-emu-core 0.0.2 on toolchain 1.100.0-beta.1
[INFO] running `Command { std: CARGO_HOME="/workspace/cargo-home" RUSTUP_HOME="/workspace/rustup-home" "/workspace/cargo-home/bin/cargo" "+1.100.0-beta.1" "metadata" "--manifest-path" "Cargo.toml" "--no-deps", kill_on_drop: false }`
[INFO] crate crates.io crate vibe-emu-core 0.0.2 already has a lockfile, it will not be regenerated
[INFO] running `Command { std: CARGO_HOME="/workspace/cargo-home" RUSTUP_HOME="/workspace/rustup-home" "/workspace/cargo-home/bin/cargo" "+1.100.0-beta.1" "fetch" "--manifest-path" "Cargo.toml", kill_on_drop: false }`
[INFO] running `Command { std: "docker" "create" "-v" "/var/lib/crater-agent-workspace/builds/worker-5-tc2/source:/opt/rustwide/workdir:ro,Z" "-v" "/var/lib/crater-agent-workspace/builds/worker-5-tc2/target:/opt/rustwide/target:rw,Z" "-v" "/var/lib/crater-agent-workspace/cargo-home:/opt/rustwide/cargo-home:ro,Z" "-v" "/var/lib/crater-agent-workspace/rustup-home:/opt/rustwide/rustup-home:ro,Z" "-m" "1610612736" "--network" "none" "ghcr.io/rust-lang/crates-build-env/linux@sha256:77db811e55d90add9212f6832c23229e3de5f1c1f9905e8cb07319ea15df73ac" "sleep" "infinity", kill_on_drop: false }`
[INFO] [stdout] e164a4600994b6d452ad00868d9184c895ee47961582dfd60e31769faff008cc
[INFO] running `Command { std: "docker" "start" "e164a4600994b6d452ad00868d9184c895ee47961582dfd60e31769faff008cc", kill_on_drop: false }`
[INFO] running `Command { std: "docker" "inspect" "e164a4600994b6d452ad00868d9184c895ee47961582dfd60e31769faff008cc", kill_on_drop: false }`
[INFO] running `Command { std: "docker" "exec" "-e" "SOURCE_DIR=/opt/rustwide/workdir" "-e" "CARGO_HOME=/opt/rustwide/cargo-home" "-e" "RUSTUP_HOME=/opt/rustwide/rustup-home" "-e" "CARGO_TARGET_DIR=/opt/rustwide/target" "-w" "/opt/rustwide/workdir" "--user" "0:0" "e164a4600994b6d452ad00868d9184c895ee47961582dfd60e31769faff008cc" "/opt/rustwide/cargo-home/bin/cargo" "+1.100.0-beta.1" "metadata" "--no-deps" "--format-version=1", kill_on_drop: false }`
[INFO] running `Command { std: "docker" "inspect" "e164a4600994b6d452ad00868d9184c895ee47961582dfd60e31769faff008cc", kill_on_drop: false }`
[INFO] running `Command { std: "docker" "exec" "-e" "SOURCE_DIR=/opt/rustwide/workdir" "-e" "CARGO_HOME=/opt/rustwide/cargo-home" "-e" "RUSTUP_HOME=/opt/rustwide/rustup-home" "-e" "CARGO_TARGET_DIR=/opt/rustwide/target" "-e" "CARGO_INCREMENTAL=0" "-e" "RUST_BACKTRACE=full" "-e" "RUSTFLAGS=--cap-lints=warn" "-e" "RUSTDOCFLAGS=--cap-lints=warn" "-w" "/opt/rustwide/workdir" "--user" "0:0" "e164a4600994b6d452ad00868d9184c895ee47961582dfd60e31769faff008cc" "/opt/rustwide/cargo-home/bin/cargo" "+1.100.0-beta.1" "build" "--frozen" "--message-format=json" "--release", kill_on_drop: false }`
[INFO] [stderr]    Compiling vibe-emu-core v0.0.2 (/opt/rustwide/workdir)
[INFO] [stderr]     Finished `release` profile [optimized] target(s) in 6.95s
[INFO] running `Command { std: "docker" "inspect" "e164a4600994b6d452ad00868d9184c895ee47961582dfd60e31769faff008cc", kill_on_drop: false }`
[INFO] running `Command { std: "docker" "exec" "-e" "SOURCE_DIR=/opt/rustwide/workdir" "-e" "CARGO_HOME=/opt/rustwide/cargo-home" "-e" "RUSTUP_HOME=/opt/rustwide/rustup-home" "-e" "CARGO_TARGET_DIR=/opt/rustwide/target" "-e" "CARGO_INCREMENTAL=0" "-e" "RUST_BACKTRACE=full" "-e" "RUSTFLAGS=--cap-lints=warn" "-e" "RUSTDOCFLAGS=--cap-lints=warn" "-w" "/opt/rustwide/workdir" "--user" "0:0" "e164a4600994b6d452ad00868d9184c895ee47961582dfd60e31769faff008cc" "/opt/rustwide/cargo-home/bin/cargo" "+1.100.0-beta.1" "test" "--frozen" "--no-run" "--message-format=json" "--release", kill_on_drop: false }`
[INFO] [stderr]    Compiling libc v0.2.180
[INFO] [stderr]    Compiling quote v1.0.44
[INFO] [stderr]    Compiling unicode-ident v1.0.22
[INFO] [stderr]    Compiling typenum v1.19.0
[INFO] [stderr]    Compiling bytes v1.11.1
[INFO] [stderr]    Compiling pin-project-lite v0.2.16
[INFO] [stderr]    Compiling stable_deref_trait v1.2.1
[INFO] [stderr]    Compiling generic-array v0.14.7
[INFO] [stderr]    Compiling dunce v1.0.5
[INFO] [stderr]    Compiling subtle v2.6.1
[INFO] [stderr]    Compiling proc-macro2 v1.0.106
[INFO] [stderr]    Compiling fs_extra v1.3.0
[INFO] [stderr]    Compiling once_cell v1.21.3
[INFO] [stderr]    Compiling crc32fast v1.5.0
[INFO] [stderr]    Compiling simd-adler32 v0.3.8
[INFO] [stderr]    Compiling futures-sink v0.3.31
[INFO] [stderr]    Compiling memchr v2.7.6
[INFO] [stderr]    Compiling itoa v1.0.17
[INFO] [stderr]    Compiling aws-lc-rs v1.15.4
[INFO] [stderr]    Compiling syn v2.0.114
[INFO] [stderr]    Compiling adler2 v2.0.1
[INFO] [stderr]    Compiling http v1.4.0
[INFO] [stderr]    Compiling litemap v0.8.1
[INFO] [stderr]    Compiling writeable v0.6.2
[INFO] [stderr]    Compiling slab v0.4.12
[INFO] [stderr]    Compiling smallvec v1.15.1
[INFO] [stderr]    Compiling miniz_oxide v0.8.9
[INFO] [stderr]    Compiling hashbrown v0.16.1
[INFO] [stderr]    Compiling jobserver v0.1.34
[INFO] [stderr]    Compiling mio v1.1.1
[INFO] [stderr]    Compiling socket2 v0.6.2
[INFO] [stderr]    Compiling cc v1.2.56
[INFO] [stderr]    Compiling crypto-common v0.1.7
[INFO] [stderr]    Compiling block-buffer v0.10.4
[INFO] [stderr]    Compiling tokio v1.49.0
[INFO] [stderr]    Compiling icu_normalizer_data v2.1.1
[INFO] [stderr]    Compiling icu_properties_data v2.1.2
[INFO] [stderr]    Compiling pkg-config v0.3.32
[INFO] [stderr]    Compiling zlib-rs v0.6.0
[INFO] [stderr]    Compiling indexmap v2.13.0
[INFO] [stderr]    Compiling cmake v0.1.57
[INFO] [stderr]    Compiling http-body v1.0.1
[INFO] [stderr]    Compiling digest v0.10.7
[INFO] [stderr]    Compiling tracing-core v0.1.36
[INFO] [stderr]    Compiling httparse v1.10.1
[INFO] [stderr]    Compiling rustls v0.23.36
[INFO] [stderr]    Compiling untrusted v0.9.0
[INFO] [stderr]    Compiling futures-util v0.3.31
[INFO] [stderr]    Compiling aws-lc-sys v0.37.1
[INFO] [stderr]    Compiling zstd-sys v2.0.16+zstd.1.5.7
[INFO] [stderr]    Compiling bitflags v2.10.0
[INFO] [stderr]    Compiling tracing v0.1.44
[INFO] [stderr]    Compiling atomic-waker v1.1.2
[INFO] [stderr]    Compiling anstyle-parse v0.2.7
[INFO] [stderr]    Compiling futures-channel v0.3.31
[INFO] [stderr]    Compiling is_terminal_polyfill v1.70.2
[INFO] [stderr]    Compiling anstyle v1.0.13
[INFO] [stderr]    Compiling anstyle-query v1.1.5
[INFO] [stderr]    Compiling synstructure v0.13.2
[INFO] [stderr]    Compiling zstd-safe v7.2.4
[INFO] [stderr]    Compiling log v0.4.29
[INFO] [stderr]    Compiling colorchoice v1.0.4
[INFO] [stderr]    Compiling compression-core v0.4.31
[INFO] [stderr]    Compiling getrandom v0.4.1
[INFO] [stderr]    Compiling anstream v0.6.21
[INFO] [stderr]    Compiling inout v0.1.4
[INFO] [stderr]    Compiling rustix v1.1.3
[INFO] [stderr]    Compiling clap_lex v1.0.0
[INFO] [stderr]    Compiling powerfmt v0.2.0
[INFO] [stderr]    Compiling flate2 v1.1.9
[INFO] [stderr]    Compiling openssl-probe v0.2.1
[INFO] [stderr]    Compiling ipnet v2.11.0
[INFO] [stderr]    Compiling compression-codecs v0.4.36
[INFO] [stderr]    Compiling tokio-util v0.7.18
[INFO] [stderr]    Compiling zerofrom-derive v0.1.6
[INFO] [stderr]    Compiling yoke-derive v0.8.1
[INFO] [stderr]    Compiling zerovec-derive v0.11.2
[INFO] [stderr]    Compiling displaydoc v0.2.5
[INFO] [stderr]    Compiling zeroize_derive v1.4.3
[INFO] [stderr]    Compiling zerofrom v0.1.6
[INFO] [stderr]    Compiling h2 v0.4.13
[INFO] [stderr]    Compiling yoke v0.8.1
[INFO] [stderr]    Compiling zeroize v1.8.2
[INFO] [stderr]    Compiling clap_derive v4.5.55
[INFO] [stderr]    Compiling rustls-pki-types v1.14.0
[INFO] [stderr]    Compiling zerotrie v0.2.3
[INFO] [stderr]    Compiling zerovec v0.11.5
[INFO] [stderr]    Compiling rustls-native-certs v0.8.3
[INFO] [stderr]    Compiling tinystr v0.8.2
[INFO] [stderr]    Compiling icu_locale_core v2.1.1
[INFO] [stderr]    Compiling potential_utf v0.1.4
[INFO] [stderr]    Compiling icu_collections v2.1.1
[INFO] [stderr]    Compiling tower v0.5.3
[INFO] [stderr]    Compiling icu_provider v2.1.1
[INFO] [stderr]    Compiling async-compression v0.4.37
[INFO] [stderr]    Compiling deranged v0.5.5
[INFO] [stderr]    Compiling icu_properties v2.1.2
[INFO] [stderr]    Compiling icu_normalizer v2.1.1
[INFO] [stderr]    Compiling clap_builder v4.5.60
[INFO] [stderr]    Compiling idna_adapter v1.2.1
[INFO] [stderr]    Compiling hyper v1.8.1
[INFO] [stderr]    Compiling idna v1.1.0
[INFO] [stderr]    Compiling cipher v0.4.4
[INFO] [stderr]    Compiling sha2 v0.10.9
[INFO] [stderr]    Compiling form_urlencoded v1.2.2
[INFO] [stderr]    Compiling hmac v0.12.1
[INFO] [stderr]    Compiling http-body-util v0.1.3
[INFO] [stderr]    Compiling linux-raw-sys v0.11.0
[INFO] [stderr]    Compiling time-core v0.1.8
[INFO] [stderr]    Compiling hyper-util v0.1.20
[INFO] [stderr]    Compiling num-conv v0.2.0
[INFO] [stderr]    Compiling libbz2-rs-sys v0.2.2
[INFO] [stderr]    Compiling iri-string v0.7.10
[INFO] [stderr]    Compiling bumpalo v3.19.1
[INFO] [stderr]    Compiling zopfli v0.8.3
[INFO] [stderr]    Compiling bzip2 v0.6.1
[INFO] [stderr]    Compiling time v0.3.47
[INFO] [stderr]    Compiling clap v4.5.60
[INFO] [stderr]    Compiling tower-http v0.6.8
[INFO] [stderr]    Compiling lzma-rust2 v0.16.2
[INFO] [stderr]    Compiling pbkdf2 v0.12.2
[INFO] [stderr]    Compiling url v2.5.8
[INFO] [stderr]    Compiling aes v0.8.4
[INFO] [stderr]    Compiling sha1 v0.10.6
[INFO] [stderr]    Compiling fdeflate v0.3.7
[INFO] [stderr]    Compiling encoding_rs v0.8.35
[INFO] [stderr]    Compiling escape8259 v0.5.3
[INFO] [stderr]    Compiling fastrand v2.3.0
[INFO] [stderr]    Compiling ppmd-rust v1.4.0
[INFO] [stderr]    Compiling typed-path v0.12.2
[INFO] [stderr]    Compiling deflate64 v0.1.10
[INFO] [stderr]    Compiling constant_time_eq v0.4.2
[INFO] [stderr]    Compiling tempfile v3.25.0
[INFO] [stderr]    Compiling libtest-mimic v0.8.1
[INFO] [stderr]    Compiling png v0.18.1
[INFO] [stderr]    Compiling zstd v0.13.3
[INFO] [stderr]    Compiling zip v8.1.0
[INFO] [stderr]    Compiling rustls-webpki v0.103.9
[INFO] [stderr]    Compiling tokio-rustls v0.26.4
[INFO] [stderr]    Compiling rustls-platform-verifier v0.6.2
[INFO] [stderr]    Compiling hyper-rustls v0.27.7
[INFO] [stderr]    Compiling reqwest v0.13.2
[INFO] [stderr]    Compiling vibe-emu-core v0.0.2 (/opt/rustwide/workdir)
[INFO] [stderr]     Finished `release` profile [optimized] target(s) in 7m 19s
[INFO] running `Command { std: "docker" "inspect" "e164a4600994b6d452ad00868d9184c895ee47961582dfd60e31769faff008cc", kill_on_drop: false }`
[INFO] running `Command { std: "docker" "exec" "-e" "SOURCE_DIR=/opt/rustwide/workdir" "-e" "CARGO_HOME=/opt/rustwide/cargo-home" "-e" "RUSTUP_HOME=/opt/rustwide/rustup-home" "-e" "CARGO_TARGET_DIR=/opt/rustwide/target" "-e" "CARGO_INCREMENTAL=0" "-e" "RUST_BACKTRACE=full" "-e" "RUSTFLAGS=--cap-lints=warn" "-e" "RUSTDOCFLAGS=--cap-lints=warn" "-w" "/opt/rustwide/workdir" "--user" "0:0" "e164a4600994b6d452ad00868d9184c895ee47961582dfd60e31769faff008cc" "/opt/rustwide/cargo-home/bin/cargo" "+1.100.0-beta.1" "test" "--frozen" "--release", kill_on_drop: false }`
[INFO] [stderr]     Finished `release` profile [optimized] target(s) in 0.44s
[INFO] [stderr]      Running unittests src/lib.rs (/opt/rustwide/target/release/build/vibe-emu-core/c54bed1783459e93/out/vibe_emu_core-c54bed1783459e93)
[INFO] [stdout] 
[INFO] [stdout] running 70 tests
[INFO] [stdout] test apu::tests::dc_filter_channels_independent ... ok
[INFO] [stdout] test apu::tests::dc_filter_converges_to_zero ... ok
[INFO] [stdout] test apu::tests::dc_filter_reduces_constant_input ... ok
[INFO] [stdout] test apu::tests::square_clock_2mhz_batches_multiple_edges ... ok
[INFO] [stdout] test apu::tests::dc_filter_reset_when_all_dacs_off ... ok
[INFO] [stdout] test apu::tests::wave_step_batches_to_exact_boundary ... ok
[INFO] [stdout] test apu::tests::square_clock_2mhz_consumes_remainder_after_batch ... ok
[INFO] [stdout] test apu::tests::dc_filter_active_when_dac_on ... ok
[INFO] [stdout] test cartridge::tests::rtc_day_overflow_sets_carry ... ok
[INFO] [stdout] test cartridge::tests::rtc_seconds_write_resets_phase ... ok
[INFO] [stdout] test cartridge::tests::rtc_ticks_through_invalid_values ... ok
[INFO] [stdout] test cartridge::tests::tpp1_header_detected ... ok
[INFO] [stdout] test cartridge::tests::tpp1_initial_state ... ok
[INFO] [stdout] test cartridge::tests::tpp1_ram_size_parsing ... ok
[INFO] [stdout] test cartridge::tests::no_mbc_small_ram_mirrors ... ok
[INFO] [stdout] test cartridge::tests::rtc_halt_preserves_subseconds ... ok
[INFO] [stdout] test cartridge::tests::tpp1_control_register_readback ... ok
[INFO] [stdout] test cartridge::tests::tpp1_features_battery_and_rtc ... ok
[INFO] [stdout] test cartridge::tests::tpp1_rtc_full_rollover ... ok
[INFO] [stdout] test cartridge::tests::tpp1_rtc_latch_and_readback ... ok
[INFO] [stdout] test cartridge::tests::tpp1_rtc_serialize_roundtrip ... ok
[INFO] [stdout] test cartridge::tests::tpp1_rtc_ticks_seconds ... ok
[INFO] [stdout] test cartridge::tests::tpp1_rumble_speed_clamped ... ok
[INFO] [stdout] test cartridge::tests::tpp1_sram_read_write ... ok
[INFO] [stdout] test apu::tests::wave_step_clears_just_read_after_remainder ... ok
[INFO] [stdout] test cartridge::tests::cart_ram_initializes_to_ff ... ok
[INFO] [stdout] test gameboy::tests::reset_power_on_preserves_cart_and_boot_rom ... ok
[INFO] [stdout] test gameboy::tests::reset_preserves_cart_and_boot_rom ... ok
[INFO] [stdout] test cartridge::tests::tpp1_rom_banking ... ok
[INFO] [stdout] test cartridge::tests::mbc3_rom_bank_wraps ... ok
[INFO] [stdout] test ppu::lcd_off_frame_timing_tests::lcd_off_keeps_frame_cadence ... ok
[INFO] [stdout] test ppu::mode3_timing_tests::dmg_mode3_cycles_single_sprite_x0 ... ok
[INFO] [stdout] test ppu::mode3_timing_tests::dmg_mode3_cycles_single_sprite_x1 ... ok
[INFO] [stdout] test ppu::mode3_timing_tests::dmg_mode3_cycles_single_sprite_x2 ... ok
[INFO] [stdout] test ppu::mode3_timing_tests::dmg_mode3_cycles_mooneye_intr2_patterns ... ok
[INFO] [stdout] test ppu::mode3_timing_tests::dmg_mode3_cycles_single_sprite_x3 ... ok
[INFO] [stdout] test ppu::mode3_timing_tests::dmg_mode3_cycles_ten_sprites_x160 ... ok
[INFO] [stdout] test ppu::mode3_timing_tests::dmg_mode3_cycles_single_sprite_x4 ... ok
[INFO] [stdout] test ppu::mode3_timing_tests::dmg_mode3_cycles_ten_sprites_x4 ... ok
[INFO] [stdout] test ppu::mode3_timing_tests::dmg_mode3_cycles_ten_sprites_x6 ... ok
[INFO] [stdout] test ppu::mode3_timing_tests::dmg_mode3_cycles_ten_sprites_x7 ... ok
[INFO] [stdout] test ppu::mode3_timing_tests::dmg_mode3_cycles_ten_sprites_x167 ... ok
[INFO] [stdout] test ppu::mode3_timing_tests::dmg_mode3_cycles_single_sprite_x8 ... ok
[INFO] [stdout] test ppu::mode3_timing_tests::dmg_mode3_cycles_split_0_and_160 ... ok
[INFO] [stdout] test ppu::mode3_timing_tests::dmg_mode3_cycles_ten_sprites_x1 ... ok
[INFO] [stdout] test ppu::mode3_timing_tests::dmg_mode3_cycles_ten_sprites_x2 ... ok
[INFO] [stdout] test ppu::mode3_timing_tests::dmg_mode3_cycles_ten_sprites_x8 ... ok
[INFO] [stdout] test ppu::mode3_timing_tests::dmg_mode3_cycles_three_sprites_x0 ... ok
[INFO] [stdout] test ppu::mode3_timing_tests::dmg_mode3_cycles_two_sprites_x0 ... ok
[INFO] [stdout] test ppu::mode3_timing_tests::dmg_mode3_cycles_ten_sprites_x168 ... ok
[INFO] [stdout] test serial::tests::external_clock_latches_and_shifts_partner_byte ... ok
[INFO] [stdout] test serial::tests::external_clock_stalls_without_pulses ... ok
[INFO] [stdout] test serial::tests::internal_clock_rate_cgb_double_speed ... ok
[INFO] [stdout] test serial::tests::internal_clock_rate_cgb_normal_speed ... ok
[INFO] [stdout] test serial::tests::internal_clock_irq_only_on_final_bit_dmg ... ok
[INFO] [stdout] test serial::tests::internal_clock_rate_cgb_fast_clock ... ok
[INFO] [stdout] test serial::tests::internal_clock_transfer_completes_and_requests_irq ... ok
[INFO] [stdout] test serial::tests::open_bus_no_partner_external_clock_receives_ff ... ok
[INFO] [stdout] test serial::tests::internal_clock_waits_for_partner_byte_before_clocking ... ok
[INFO] [stdout] test serial::tests::external_clock_completes_with_pulses ... ok
[INFO] [stdout] test serial::tests::internal_clock_rate_cgb_fast_clock_double_speed ... ok
[INFO] [stdout] test serial::tests::sc_write_during_active_transfer_does_not_cancel ... ok
[INFO] [stdout] test serial::tests::open_bus_no_partner_internal_clock_receives_ff ... ok
[INFO] [stdout] test serial::tests::sc_write_with_bit7_restarts_transfer_using_current_sb ... ok
[INFO] [stdout] test serial::tests::serial_dot_cycles_match_speed_table ... ok
[INFO] [stdout] test ppu::step_fast_path_tests::oam_fast_path_advances_without_contention ... ok
[INFO] [stdout] test watchpoints::tests::read_watchpoint_hits_and_records_details ... ok
[INFO] [stdout] test watchpoints::tests::suspended_disables_hits ... ok
[INFO] [stdout] test watchpoints::tests::value_match_filters_hits ... ok
[INFO] [stdout] test serial::tests::internal_clock_shifts_bits_into_sb ... ok
[INFO] [stdout] 
[INFO] [stdout] test result: ok. 70 passed; 0 failed; 0 ignored; 0 measured; 0 filtered out; finished in 0.04s
[INFO] [stdout] 
[INFO] [stderr]      Running tests/apu.rs (/opt/rustwide/target/release/build/vibe-emu-core/b3bd691c59cbc341/out/apu-b3bd691c59cbc341)
[INFO] [stdout] 
[INFO] [stdout] running 66 tests
[INFO] [stdout] test nr12_write_requires_retrigger ... ok
[INFO] [stdout] test duty_step_reset_when_apu_powered_off ... ok
[INFO] [stdout] test nr12_period_zero_sets_timer_to_8 ... ok
[INFO] [stdout] test nr12_zero_turns_off_dac ... ok
[INFO] [stdout] test nr12_bit3_enables_dac ... ok
[INFO] [stdout] test nr13_period_change_delayed_until_sample_end ... ok
[INFO] [stdout] test dac_off_disables_channel ... ok
[INFO] [stdout] test double_speed_preserves_lf_div_phase ... ok
[INFO] [stdout] test nr14_length_enable_read_write ... ok
[INFO] [stdout] test frame_sequencer_tick ... ok
[INFO] [stdout] test nr11_write_sets_duty_and_length ... ok
[INFO] [stdout] test nr13_write_sets_frequency_low_bits_and_is_write_only ... ok
[INFO] [stdout] test nr14_write_sets_frequency_high_bits_and_is_write_only ... ok
[INFO] [stdout] test nr22_zero_turns_off_dac ... ok
[INFO] [stdout] test nr21_write_sets_duty_and_length ... ok
[INFO] [stdout] test nr22_bit3_enables_dac ... ok
[INFO] [stdout] test nr22_period_zero_sets_timer_to_8 ... ok
[INFO] [stdout] test nr31_write_sets_length ... ok
[INFO] [stdout] test nr22_write_requires_retrigger ... ok
[INFO] [stdout] test nr23_write_sets_frequency_low_bits_and_is_write_only ... ok
[INFO] [stdout] test nr30_dac_off_disables_channel ... ok
[INFO] [stdout] test nr24_length_enable_read_write ... ok
[INFO] [stdout] test nr31_write_updates_length_when_disabled_on_dmg ... ok
[INFO] [stdout] test nr23_period_change_delayed_until_sample_end ... ok
[INFO] [stdout] test nr33_write_sets_frequency_low_bits_and_is_write_only ... ok
[INFO] [stdout] test nr34_length_enable_read_write ... ok
[INFO] [stdout] test nr41_high_bits_ignored ... ok
[INFO] [stdout] test nr42_bit3_enables_dac ... ok
[INFO] [stdout] test nr41_zero_sets_full_length ... ok
[INFO] [stdout] test nr34_retrigger_resets_wave_position ... ok
[INFO] [stdout] test nr34_write_sets_frequency_high_bits_and_is_write_only ... ok
[INFO] [stdout] test nr24_write_sets_frequency_high_bits_and_is_write_only ... ok
[INFO] [stdout] test nr41_write_sets_length ... ok
[INFO] [stdout] test nr42_zero_turns_off_dac ... ok
[INFO] [stdout] test nr42_write_requires_retrigger ... ok
[INFO] [stdout] test nr43_bit15_copies_to_bit7_in_short_mode ... ok
[INFO] [stdout] test nr50_vin_bits_ignored ... ok
[INFO] [stdout] test nr44_length_enable_read_write ... ok
[INFO] [stdout] test nr43_lfsr_first_step ... ok
[INFO] [stdout] test nr42_writes_ignored_when_disabled ... ok
[INFO] [stdout] test nr50_left_vs_right_volume ... ok
[INFO] [stdout] test nr43_output_depends_on_lfsr ... ok
[INFO] [stdout] test nr51_ch2_left_only ... ok
[INFO] [stdout] test nr52_clears_registers_when_off ... ok
[INFO] [stdout] test nr52_power_toggle ... ok
[INFO] [stdout] test nr52_wave_ram_persist ... ok
[INFO] [stdout] test pcm_mask_defaults_to_full_on_reve ... ok
[INFO] [stdout] test nr50_volume_zero_not_muted ... ok
[INFO] [stdout] test nr52_channel_status_bits ... ok
[INFO] [stdout] test pcm_mask_glitch_releases_after_first_sample ... ok
[INFO] [stdout] test nr51_ch2_center ... ok
[INFO] [stdout] test nr52_bits_ignore_dac_only ... ok
[INFO] [stdout] test pcm_mmu_mapping ... ok
[INFO] [stdout] test nr51_ch2_off ... ok
[INFO] [stdout] test nr51_ch2_right_only ... ok
[INFO] [stdout] test pcm_register_open_bus ... ok
[INFO] [stdout] test register_write_read_fidelity ... ok
[INFO] [stdout] test read_mask_unused_bits ... ok
[INFO] [stdout] test sample_generation ... ok
[INFO] [stdout] test retrigger_preserves_timer_low_bits_ch1 ... ok
[INFO] [stdout] test wave_ram_access ... ok
[INFO] [stdout] test wave_ram_locked_write_commits_after_byte_advance ... ok
[INFO] [stdout] test wave_retrigger_emits_last_sample ... ok
[INFO] [stdout] test wave_ram_locked_read_redirects_on_cgb_e ... ok
[INFO] [stdout] test wave_ram_accessible_with_dac_on_when_inactive ... ok
[INFO] [stdout] test wave_ram_locked_read_returns_latched_nibble_on_dmg ... ok
[INFO] [stdout] 
[INFO] [stdout] test result: ok. 66 passed; 0 failed; 0 ignored; 0 measured; 0 filtered out; finished in 0.03s
[INFO] [stdout] 
[INFO] [stderr]      Running tests/apu_quirks.rs (/opt/rustwide/target/release/build/vibe-emu-core/5da538598313de2c/out/apu_quirks-5da538598313de2c)
[INFO] [stdout] 
[INFO] [stdout] running 3 tests
[INFO] [stdout] test wave_retrigger_corrupts_ram ... ok
[INFO] [stdout] test zombie_mode_volume_change ... ok
[INFO] [stdout] test noise_shift_15_freezes_lfsr ... ok
[INFO] [stdout] 
[INFO] [stdout] test result: ok. 3 passed; 0 failed; 0 ignored; 0 measured; 0 filtered out; finished in 0.00s
[INFO] [stdout] 
[INFO] [stderr]      Running tests/bgb_protocol.rs (/opt/rustwide/target/release/build/vibe-emu-core/6506c47f34466f8a/out/bgb_protocol-6506c47f34466f8a)
[INFO] [stdout] 
[INFO] [stdout] running 24 tests
[INFO] [stdout] test rapid_data_exchange ... ok
[INFO] [stdout] test bgb_sync3_sent_only_when_not_ready ... ok
[INFO] [stdout] test serial_no_data_byte_pattern ... ok
[INFO] [stdout] test status_packet_running_paused_reconnect ... ok
[INFO] [stdout] test complete_transfer_cycle ... ok
[INFO] [stdout] test correct_sync1_response_logic ... ok
[INFO] [stdout] test handshake_sequence ... ok
[INFO] [stdout] test packet_roundtrip ... ok
[INFO] [stdout] test pokemon_trade_handshake_81 ... ok
[INFO] [stdout] test sync1_packet_from_log ... ok
[INFO] [stdout] test parse_real_log_packets ... ok
[INFO] [stdout] test sync1_sync2_when_slave_ready ... ok
[INFO] [stdout] test sync1_sync3_ack_when_slave_not_ready ... ok
[INFO] [stdout] test sync3_timestamp_vs_ack_distinction ... ok
[INFO] [stdout] test timestamp_encoding ... ok
[INFO] [stdout] test status_packet_running_reconnect ... ok
[INFO] [stdout] test sync1_creates_correct_packet ... ok
[INFO] [stdout] test version_packet_format ... ok
[INFO] [stdout] test sync3_ack_creates_correct_packet ... ok
[INFO] [stdout] test vibe_incorrect_sync3_for_every_sync1 ... ok
[INFO] [stdout] test sync2_creates_correct_packet ... ok
[INFO] [stdout] test sync2_packet_from_log ... ok
[INFO] [stdout] test sync3_ack_packet_from_log ... ok
[INFO] [stdout] test sync3_timestamp_creates_correct_packet ... ok
[INFO] [stdout] 
[INFO] [stdout] test result: ok. 24 passed; 0 failed; 0 ignored; 0 measured; 0 filtered out; finished in 0.01s
[INFO] [stdout] 
[INFO] [stderr]      Running tests/boot_handoff_state.rs (/opt/rustwide/target/release/build/vibe-emu-core/4d92ed9f72bad7f9/out/boot_handoff_state-4d92ed9f72bad7f9)
[INFO] [stdout] 
[INFO] [stdout] running 2 tests
[INFO] [stdout] test cgb_no_boot_matches_bootrom_handoff ... FAILED
[INFO] [stdout] test dmg_no_boot_matches_bootrom_handoff ... FAILED
[INFO] [stdout] 
[INFO] [stdout] failures:
[INFO] [stdout] 
[INFO] [stdout] ---- cgb_no_boot_matches_bootrom_handoff stdout ----
[INFO] [stdout] 
[INFO] [stdout] thread 'cgb_no_boot_matches_bootrom_handoff' (4980) panicked at tests/common/mod.rs:72:34:
[INFO] [stdout] failed to create test_roms directory: Os { code: 30, kind: ReadOnlyFilesystem, message: "Read-only file system" }
[INFO] [stdout] stack backtrace:
[INFO] [stdout]    0:     0x59b947e50961 - <<std[617be2ca0a6fd877]::sys::backtrace::BacktraceLock>::print::DisplayBacktrace as core[a373ad73a504971]::fmt::Display>::fmt
[INFO] [stdout]    1:     0x59b947e6700a - core[a373ad73a504971]::fmt::write
[INFO] [stdout]    2:     0x59b947e5567c - <alloc[2e1b2a31b91974c5]::vec::Vec<u8> as core[a373ad73a504971]::io::write::Write>::write_fmt
[INFO] [stdout]    3:     0x59b947e29686 - std[617be2ca0a6fd877]::panicking::default_hook::{closure#0}
[INFO] [stdout]    4:     0x59b947e47799 - std[617be2ca0a6fd877]::panicking::default_hook
[INFO] [stdout]    5:     0x59b947db6a30 - test[aada8e7e76ba119b]::test_main_inner::{closure#0}
[INFO] [stdout]    6:     0x59b947e47ac2 - std[617be2ca0a6fd877]::panicking::panic_with_hook
[INFO] [stdout]    7:     0x59b947e29732 - std[617be2ca0a6fd877]::panicking::panic_handler::{closure#0}
[INFO] [stdout]    8:     0x59b947e21f59 - std[617be2ca0a6fd877]::sys::backtrace::__rust_end_short_backtrace::<std[617be2ca0a6fd877]::panicking::panic_handler::{closure#0}, !>
[INFO] [stdout]    9:     0x59b947e2a7cd - __rustc[ea4f61d10b84890b]::rust_begin_unwind
[INFO] [stdout]   10:     0x59b947e6776c - core[a373ad73a504971]::panicking::panic_fmt
[INFO] [stdout]   11:     0x59b947e67542 - core[a373ad73a504971]::result::unwrap_failed
[INFO] [stdout]   12:     0x59b94795e5fc - <once_cell[c9c31ee6b5ed511a]::imp::OnceCell<()>>::initialize::<<once_cell[c9c31ee6b5ed511a]::sync::OnceCell<()>>::get_or_init<boot_handoff_state[b17d4a5ef4c30a67]::common::ensure_test_roms::{closure#0}>::{closure#0}, <once_cell[c9c31ee6b5ed511a]::sync::OnceCell<_>>::get_or_init::Void>::{closure#0}
[INFO] [stdout]   13:     0x59b947e1503f - once_cell[c9c31ee6b5ed511a]::imp::initialize_or_wait
[INFO] [stdout]   14:     0x59b94795e4c2 - <once_cell[c9c31ee6b5ed511a]::imp::OnceCell<()>>::initialize::<<once_cell[c9c31ee6b5ed511a]::sync::OnceCell<()>>::get_or_init<boot_handoff_state[b17d4a5ef4c30a67]::common::ensure_test_roms::{closure#0}>::{closure#0}, <once_cell[c9c31ee6b5ed511a]::sync::OnceCell<_>>::get_or_init::Void>
[INFO] [stdout]   15:     0x59b947949aa0 - boot_handoff_state[b17d4a5ef4c30a67]::common::ensure_bootrom
[INFO] [stdout]   16:     0x59b947947680 - boot_handoff_state[b17d4a5ef4c30a67]::capture_bootrom_handoff_snapshot
[INFO] [stdout]   17:     0x59b947947bfd - <boot_handoff_state[b17d4a5ef4c30a67]::cgb_no_boot_matches_bootrom_handoff::{closure#0} as core[a373ad73a504971]::ops::function::FnOnce<()>>::call_once
[INFO] [stdout]   18:     0x59b947da9e7b - test[aada8e7e76ba119b]::__rust_begin_short_backtrace::<core[a373ad73a504971]::result::Result<(), alloc[2e1b2a31b91974c5]::string::String>, fn() -> core[a373ad73a504971]::result::Result<(), alloc[2e1b2a31b91974c5]::string::String>>
[INFO] [stdout]   19:     0x59b947db7055 - test[aada8e7e76ba119b]::run_test::{closure#0}
[INFO] [stdout]   20:     0x59b947db0944 - std[617be2ca0a6fd877]::sys::backtrace::__rust_begin_short_backtrace::<test[aada8e7e76ba119b]::run_test::{closure#1}, ()>
[INFO] [stdout]   21:     0x59b947dba0e2 - <std[617be2ca0a6fd877]::thread::lifecycle::spawn_unchecked<test[aada8e7e76ba119b]::run_test::{closure#1}, ()>::{closure#1} as core[a373ad73a504971]::ops::function::FnOnce<()>>::call_once::{shim:vtable#0}
[INFO] [stdout]   22:     0x59b947e4f91f - <std[617be2ca0a6fd877]::sys::thread::unix::Thread>::new::thread_start
[INFO] [stdout]   23:     0x7d2651519dfa - <unknown>
[INFO] [stdout]   24:     0x7d26515ad3d4 - clone
[INFO] [stdout]   25:                0x0 - <unknown>
[INFO] [stdout] 
[INFO] [stdout] ---- dmg_no_boot_matches_bootrom_handoff stdout ----
[INFO] [stdout] 
[INFO] [stdout] thread 'dmg_no_boot_matches_bootrom_handoff' (4981) panicked at tests/common/mod.rs:72:34:
[INFO] [stdout] failed to create test_roms directory: Os { code: 30, kind: ReadOnlyFilesystem, message: "Read-only file system" }
[INFO] [stdout] stack backtrace:
[INFO] [stdout]    0:     0x59b947e50961 - <<std[617be2ca0a6fd877]::sys::backtrace::BacktraceLock>::print::DisplayBacktrace as core[a373ad73a504971]::fmt::Display>::fmt
[INFO] [stdout]    1:     0x59b947e6700a - core[a373ad73a504971]::fmt::write
[INFO] [stdout]    2:     0x59b947e5567c - <alloc[2e1b2a31b91974c5]::vec::Vec<u8> as core[a373ad73a504971]::io::write::Write>::write_fmt
[INFO] [stdout]    3:     0x59b947e29686 - std[617be2ca0a6fd877]::panicking::default_hook::{closure#0}
[INFO] [stdout]    4:     0x59b947e47799 - std[617be2ca0a6fd877]::panicking::default_hook
[INFO] [stdout]    5:     0x59b947db6a30 - test[aada8e7e76ba119b]::test_main_inner::{closure#0}
[INFO] [stdout]    6:     0x59b947e47ac2 - std[617be2ca0a6fd877]::panicking::panic_with_hook
[INFO] [stdout]    7:     0x59b947e29732 - std[617be2ca0a6fd877]::panicking::panic_handler::{closure#0}
[INFO] [stdout]    8:     0x59b947e21f59 - std[617be2ca0a6fd877]::sys::backtrace::__rust_end_short_backtrace::<std[617be2ca0a6fd877]::panicking::panic_handler::{closure#0}, !>
[INFO] [stdout]    9:     0x59b947e2a7cd - __rustc[ea4f61d10b84890b]::rust_begin_unwind
[INFO] [stdout]   10:     0x59b947e6776c - core[a373ad73a504971]::panicking::panic_fmt
[INFO] [stdout]   11:     0x59b947e67542 - core[a373ad73a504971]::result::unwrap_failed
[INFO] [stdout]   12:     0x59b94795e5fc - <once_cell[c9c31ee6b5ed511a]::imp::OnceCell<()>>::initialize::<<once_cell[c9c31ee6b5ed511a]::sync::OnceCell<()>>::get_or_init<boot_handoff_state[b17d4a5ef4c30a67]::common::ensure_test_roms::{closure#0}>::{closure#0}, <once_cell[c9c31ee6b5ed511a]::sync::OnceCell<_>>::get_or_init::Void>::{closure#0}
[INFO] [stdout]   13:     0x59b947e1503f - once_cell[c9c31ee6b5ed511a]::imp::initialize_or_wait
[INFO] [stdout]   14:     0x59b94795e4c2 - <once_cell[c9c31ee6b5ed511a]::imp::OnceCell<()>>::initialize::<<once_cell[c9c31ee6b5ed511a]::sync::OnceCell<()>>::get_or_init<boot_handoff_state[b17d4a5ef4c30a67]::common::ensure_test_roms::{closure#0}>::{closure#0}, <once_cell[c9c31ee6b5ed511a]::sync::OnceCell<_>>::get_or_init::Void>
[INFO] [stdout]   15:     0x59b947949aa0 - boot_handoff_state[b17d4a5ef4c30a67]::common::ensure_bootrom
[INFO] [stdout]   16:     0x59b947947680 - boot_handoff_state[b17d4a5ef4c30a67]::capture_bootrom_handoff_snapshot
[INFO] [stdout]   17:     0x59b947947c7a - <boot_handoff_state[b17d4a5ef4c30a67]::dmg_no_boot_matches_bootrom_handoff::{closure#0} as core[a373ad73a504971]::ops::function::FnOnce<()>>::call_once
[INFO] [stdout]   18:     0x59b947da9e7b - test[aada8e7e76ba119b]::__rust_begin_short_backtrace::<core[a373ad73a504971]::result::Result<(), alloc[2e1b2a31b91974c5]::string::String>, fn() -> core[a373ad73a504971]::result::Result<(), alloc[2e1b2a31b91974c5]::string::String>>
[INFO] [stdout]   19:     0x59b947db7055 - test[aada8e7e76ba119b]::run_test::{closure#0}
[INFO] [stdout]   20:     0x59b947db0944 - std[617be2ca0a6fd877]::sys::backtrace::__rust_begin_short_backtrace::<test[aada8e7e76ba119b]::run_test::{closure#1}, ()>
[INFO] [stdout]   21:     0x59b947dba0e2 - <std[617be2ca0a6fd877]::thread::lifecycle::spawn_unchecked<test[aada8e7e76ba119b]::run_test::{closure#1}, ()>::{closure#1} as core[a373ad73a504971]::ops::function::FnOnce<()>>::call_once::{shim:vtable#0}
[INFO] [stdout]   22:     0x59b947e4f91f - <std[617be2ca0a6fd877]::sys::thread::unix::Thread>::new::thread_start
[INFO] [stdout]   23:     0x7d2651519dfa - <unknown>
[INFO] [stdout]   24:     0x7d26515ad3d4 - clone
[INFO] [stdout]   25:                0x0 - <unknown>
[INFO] [stdout] 
[INFO] [stdout] 
[INFO] [stdout] failures:
[INFO] [stdout]     cgb_no_boot_matches_bootrom_handoff
[INFO] [stdout]     dmg_no_boot_matches_bootrom_handoff
[INFO] [stdout] 
[INFO] [stdout] test result: FAILED. 0 passed; 2 failed; 0 ignored; 0 measured; 0 filtered out; finished in 0.00s
[INFO] [stdout] 
[INFO] [stderr] error: test failed, to rerun pass `--test boot_handoff_state`
[INFO] running `Command { std: "docker" "inspect" "e164a4600994b6d452ad00868d9184c895ee47961582dfd60e31769faff008cc", kill_on_drop: false }`
[INFO] running `Command { std: "docker" "rm" "-f" "e164a4600994b6d452ad00868d9184c895ee47961582dfd60e31769faff008cc", kill_on_drop: false }`
[INFO] [stdout] e164a4600994b6d452ad00868d9184c895ee47961582dfd60e31769faff008cc
