[INFO] fetching crate vhd-core 0.1.4...
[INFO] testing vhd-core-0.1.4 against 1.99.0-beta.8+cargoflags=--release for beta-release-1.100-2
[INFO] extracting crate vhd-core 0.1.4 into /workspace/builds/worker-2-tc1/source
[INFO] started tweaking crates.io crate vhd-core 0.1.4
[INFO] removed 0 missing tests
[INFO] finished tweaking crates.io crate vhd-core 0.1.4
[INFO] tweaked toml for crates.io crate vhd-core 0.1.4 written to /workspace/builds/worker-2-tc1/source/Cargo.toml
[INFO] validating manifest of crates.io crate vhd-core 0.1.4 on toolchain 1.99.0-beta.8
[INFO] running `Command { std: CARGO_HOME="/workspace/cargo-home" RUSTUP_HOME="/workspace/rustup-home" "/workspace/cargo-home/bin/cargo" "+1.99.0-beta.8" "metadata" "--manifest-path" "Cargo.toml" "--no-deps", kill_on_drop: false }`
[INFO] crate crates.io crate vhd-core 0.1.4 already has a lockfile, it will not be regenerated
[INFO] running `Command { std: CARGO_HOME="/workspace/cargo-home" RUSTUP_HOME="/workspace/rustup-home" "/workspace/cargo-home/bin/cargo" "+1.99.0-beta.8" "fetch" "--manifest-path" "Cargo.toml", kill_on_drop: false }`
[INFO] [stderr]     Updating crates.io index
[INFO] [stderr]  Downloading crates ...
[INFO] [stderr]   Downloaded forensic-testgate v0.1.0
[INFO] [stderr]   Downloaded state-history-forensic v0.1.0
[INFO] [stderr]   Downloaded forensic-vfs v0.3.0
[INFO] [stderr]   Downloaded forensicnomicon-core v1.2.0
[INFO] running `Command { std: "docker" "create" "-v" "/var/lib/crater-agent-workspace/builds/worker-2-tc1/source:/opt/rustwide/workdir:ro,Z" "-v" "/var/lib/crater-agent-workspace/builds/worker-2-tc1/target:/opt/rustwide/target:rw,Z" "-v" "/var/lib/crater-agent-workspace/cargo-home:/opt/rustwide/cargo-home:ro,Z" "-v" "/var/lib/crater-agent-workspace/rustup-home:/opt/rustwide/rustup-home:ro,Z" "-m" "1610612736" "--network" "none" "ghcr.io/rust-lang/crates-build-env/linux@sha256:77db811e55d90add9212f6832c23229e3de5f1c1f9905e8cb07319ea15df73ac" "sleep" "infinity", kill_on_drop: false }`
[INFO] [stdout] 23375cbdf8fda8458b62a81e2ed9b129910146f1b10adf1e732717b0b8c753ab
[INFO] running `Command { std: "docker" "start" "23375cbdf8fda8458b62a81e2ed9b129910146f1b10adf1e732717b0b8c753ab", kill_on_drop: false }`
[INFO] running `Command { std: "docker" "inspect" "23375cbdf8fda8458b62a81e2ed9b129910146f1b10adf1e732717b0b8c753ab", kill_on_drop: false }`
[INFO] running `Command { std: "docker" "exec" "-e" "SOURCE_DIR=/opt/rustwide/workdir" "-e" "CARGO_HOME=/opt/rustwide/cargo-home" "-e" "RUSTUP_HOME=/opt/rustwide/rustup-home" "-e" "CARGO_TARGET_DIR=/opt/rustwide/target" "-w" "/opt/rustwide/workdir" "--user" "0:0" "23375cbdf8fda8458b62a81e2ed9b129910146f1b10adf1e732717b0b8c753ab" "/opt/rustwide/cargo-home/bin/cargo" "+1.99.0-beta.8" "metadata" "--no-deps" "--format-version=1", kill_on_drop: false }`
[INFO] running `Command { std: "docker" "inspect" "23375cbdf8fda8458b62a81e2ed9b129910146f1b10adf1e732717b0b8c753ab", kill_on_drop: false }`
[INFO] running `Command { std: "docker" "exec" "-e" "SOURCE_DIR=/opt/rustwide/workdir" "-e" "CARGO_HOME=/opt/rustwide/cargo-home" "-e" "RUSTUP_HOME=/opt/rustwide/rustup-home" "-e" "CARGO_TARGET_DIR=/opt/rustwide/target" "-e" "CARGO_INCREMENTAL=0" "-e" "RUST_BACKTRACE=full" "-e" "RUSTFLAGS=--cap-lints=warn" "-e" "RUSTDOCFLAGS=--cap-lints=warn" "-w" "/opt/rustwide/workdir" "--user" "0:0" "23375cbdf8fda8458b62a81e2ed9b129910146f1b10adf1e732717b0b8c753ab" "/opt/rustwide/cargo-home/bin/cargo" "+1.99.0-beta.8" "build" "--frozen" "--message-format=json" "--release", kill_on_drop: false }`
[INFO] [stderr]    Compiling syn v2.0.119
[INFO] [stderr]    Compiling thiserror-impl v2.0.18
[INFO] [stderr]    Compiling thiserror v2.0.18
[INFO] [stderr]    Compiling vhd-core v0.1.4 (/opt/rustwide/workdir)
[INFO] [stderr]     Finished `release` profile [optimized] target(s) in 4.00s
[INFO] running `Command { std: "docker" "inspect" "23375cbdf8fda8458b62a81e2ed9b129910146f1b10adf1e732717b0b8c753ab", kill_on_drop: false }`
[INFO] running `Command { std: "docker" "exec" "-e" "SOURCE_DIR=/opt/rustwide/workdir" "-e" "CARGO_HOME=/opt/rustwide/cargo-home" "-e" "RUSTUP_HOME=/opt/rustwide/rustup-home" "-e" "CARGO_TARGET_DIR=/opt/rustwide/target" "-e" "CARGO_INCREMENTAL=0" "-e" "RUST_BACKTRACE=full" "-e" "RUSTFLAGS=--cap-lints=warn" "-e" "RUSTDOCFLAGS=--cap-lints=warn" "-w" "/opt/rustwide/workdir" "--user" "0:0" "23375cbdf8fda8458b62a81e2ed9b129910146f1b10adf1e732717b0b8c753ab" "/opt/rustwide/cargo-home/bin/cargo" "+1.99.0-beta.8" "test" "--frozen" "--no-run" "--message-format=json" "--release", kill_on_drop: false }`
[INFO] [stderr]    Compiling bitflags v2.13.1
[INFO] [stderr]    Compiling once_cell v1.21.4
[INFO] [stderr]    Compiling forensic-testgate v0.1.0
[INFO] [stderr]    Compiling getrandom v0.4.3
[INFO] [stderr]    Compiling rustix v1.1.4
[INFO] [stderr]    Compiling tempfile v3.27.0
[INFO] [stderr]    Compiling vhd-core v0.1.4 (/opt/rustwide/workdir)
[INFO] [stderr]     Finished `release` profile [optimized] target(s) in 5.28s
[INFO] running `Command { std: "docker" "inspect" "23375cbdf8fda8458b62a81e2ed9b129910146f1b10adf1e732717b0b8c753ab", kill_on_drop: false }`
[INFO] running `Command { std: "docker" "exec" "-e" "SOURCE_DIR=/opt/rustwide/workdir" "-e" "CARGO_HOME=/opt/rustwide/cargo-home" "-e" "RUSTUP_HOME=/opt/rustwide/rustup-home" "-e" "CARGO_TARGET_DIR=/opt/rustwide/target" "-e" "CARGO_INCREMENTAL=0" "-e" "RUST_BACKTRACE=full" "-e" "RUSTFLAGS=--cap-lints=warn" "-e" "RUSTDOCFLAGS=--cap-lints=warn" "-w" "/opt/rustwide/workdir" "--user" "0:0" "23375cbdf8fda8458b62a81e2ed9b129910146f1b10adf1e732717b0b8c753ab" "/opt/rustwide/cargo-home/bin/cargo" "+1.99.0-beta.8" "test" "--frozen" "--release", kill_on_drop: false }`
[INFO] [stderr]     Finished `release` profile [optimized] target(s) in 0.04s
[INFO] [stderr]      Running unittests src/lib.rs (/opt/rustwide/target/release/deps/vhd-080e49e11bb9bc9d)
[INFO] [stdout] 
[INFO] [stdout] running 25 tests
[INFO] [stdout] test dynamic::tests::dynamic_header_parse_huge_offset_returns_err_no_panic ... ok
[INFO] [stdout] test footer::tests::bad_cookie_rejected ... ok
[INFO] [stdout] test footer::tests::checksum_mismatch_rejected ... ok
[INFO] [stdout] test dynamic::tests::bat_parse_overflow_returns_err_no_panic ... ok
[INFO] [stdout] test dynamic::tests::header_end_beyond_data_is_out_of_bounds ... ok
[INFO] [stdout] test footer::tests::differencing_rejected ... ok
[INFO] [stdout] test footer::tests::unknown_disk_type_rejected ... ok
[INFO] [stdout] test footer::tests::unsupported_version_rejected ... ok
[INFO] [stdout] test dynamic::tests::header_bad_cookie_rejected ... ok
[INFO] [stdout] test dynamic::tests::bat_parse_huge_entry_count_is_not_an_alloc_bomb ... ok
[INFO] [stdout] test tests::differencing_disk_returns_err ... ok
[INFO] [stdout] test tests::bitmap_sectors_computed_for_4mib_block_size ... ok
[INFO] [stdout] test tests::dynamic_vhd_block_size_zero_rejected ... ok
[INFO] [stdout] test dynamic::tests::block_index_beyond_bat_is_out_of_bounds ... ok
[INFO] [stdout] test footer::tests::too_small_is_file_too_small ... ok
[INFO] [stdout] test tests::fixed_vhd_size_matches_footer ... ok
[INFO] [stdout] test tests::fixed_vhd_disk_type_is_fixed ... ok
[INFO] [stdout] test tests::fixed_vhd_read_returns_sector_data ... ok
[INFO] [stdout] test tests::open_empty_file_returns_err ... ok
[INFO] [stdout] test tests::open_reader_over_cursor_matches_open_path ... ok
[INFO] [stdout] test tests::open_non_vhd_file_returns_err ... ok
[INFO] [stdout] test tests::seek_and_read_at_offset ... ok
[INFO] [stdout] test tests::open_nonexistent_returns_err ... ok
[INFO] [stderr]      Running tests/corpus.rs (/opt/rustwide/target/release/deps/corpus-b38a5b6479f3e0c9)
[INFO] [stdout] test tests::seek_current_and_end_and_before_start ... ok
[INFO] [stdout] test tests::vhd_reader_is_send ... ok
[INFO] [stdout] 
[INFO] [stdout] test result: ok. 25 passed; 0 failed; 0 ignored; 0 measured; 0 filtered out; finished in 0.01s
[INFO] [stdout] 
[INFO] [stdout] 
[INFO] [stdout] running 4 tests
[INFO] [stdout] test corpus_fixed_vhd_opens_and_has_nonzero_size ... ok
[INFO] [stdout] test corpus_dynamic_vhd_read_is_stable ... ok
[INFO] [stdout] test corpus_dynamic_vhd_opens_and_has_nonzero_size ... ok
[INFO] [stdout] test dynamic_fixture_reports_dynamic_disk_type ... FAILED
[INFO] [stdout] 
[INFO] [stdout] failures:
[INFO] [stdout] 
[INFO] [stdout] ---- dynamic_fixture_reports_dynamic_disk_type stdout ----
[INFO] [stdout] 
[INFO] [stdout] thread 'dynamic_fixture_reports_dynamic_disk_type' (392) panicked at tests/corpus.rs:51:68:
[INFO] [stdout] open: Io(Os { code: 2, kind: NotFound, message: "No such file or directory" })
[INFO] [stdout] stack backtrace:
[INFO] [stdout]    0:     0x58317edfaaa1 - <<std[70759c8f55707aa4]::sys::backtrace::BacktraceLock>::print::DisplayBacktrace as core[df12db4294e9bfd3]::fmt::Display>::fmt
[INFO] [stdout]    1:     0x58317ee0f02a - core[df12db4294e9bfd3]::fmt::write
[INFO] [stdout]    2:     0x58317edff21c - <alloc[2182bb758b4b3781]::vec::Vec<u8> as core[df12db4294e9bfd3]::io::write::Write>::write_fmt
[INFO] [stdout]    3:     0x58317edd6f06 - std[70759c8f55707aa4]::panicking::default_hook::{closure#0}
[INFO] [stdout]    4:     0x58317edf3209 - std[70759c8f55707aa4]::panicking::default_hook
[INFO] [stdout]    5:     0x58317ed8d360 - test[9d35eded1c95d3be]::test_main_inner::<test[9d35eded1c95d3be]::test_main_static::{closure#0}>::{closure#0}
[INFO] [stdout]    6:     0x58317edf33c2 - std[70759c8f55707aa4]::panicking::panic_with_hook
[INFO] [stdout]    7:     0x58317edd6fb2 - std[70759c8f55707aa4]::panicking::panic_handler::{closure#0}
[INFO] [stdout]    8:     0x58317edcfd39 - std[70759c8f55707aa4]::sys::backtrace::__rust_end_short_backtrace::<std[70759c8f55707aa4]::panicking::panic_handler::{closure#0}, !>
[INFO] [stdout]    9:     0x58317edd7bad - __rustc[8fa7c3cbc660c2b3]::rust_begin_unwind
[INFO] [stdout]   10:     0x58317ee0f75c - core[df12db4294e9bfd3]::panicking::panic_fmt
[INFO] [stdout]   11:     0x58317ee0f532 - core[df12db4294e9bfd3]::result::unwrap_failed
[INFO] [stdout]   12:     0x58317ed802a5 - <corpus[a45eaf424cd8b166]::dynamic_fixture_reports_dynamic_disk_type::{closure#0} as core[df12db4294e9bfd3]::ops::function::FnOnce<()>>::call_once
[INFO] [stdout]   13:     0x58317ed8064b - test[9d35eded1c95d3be]::__rust_begin_short_backtrace::<core[df12db4294e9bfd3]::result::Result<(), alloc[2182bb758b4b3781]::string::String>, fn() -> core[df12db4294e9bfd3]::result::Result<(), alloc[2182bb758b4b3781]::string::String>>
[INFO] [stdout]   14:     0x58317ed8dcb5 - test[9d35eded1c95d3be]::run_test::{closure#0}
[INFO] [stdout]   15:     0x58317ed87574 - std[70759c8f55707aa4]::sys::backtrace::__rust_begin_short_backtrace::<test[9d35eded1c95d3be]::run_test::{closure#1}, ()>
[INFO] [stdout]   16:     0x58317ed90e12 - <std[70759c8f55707aa4]::thread::lifecycle::spawn_unchecked<test[9d35eded1c95d3be]::run_test::{closure#1}, ()>::{closure#1} as core[df12db4294e9bfd3]::ops::function::FnOnce<()>>::call_once::{shim:vtable#0}
[INFO] [stderr] error: test failed, to rerun pass `--test corpus`
[INFO] [stdout]   17:     0x58317edfa379 - <std[70759c8f55707aa4]::sys::thread::unix::Thread>::new::thread_start
[INFO] [stdout]   18:     0x7fba1b5cbdfa - <unknown>
[INFO] [stdout]   19:     0x7fba1b65f3d4 - clone
[INFO] [stdout]   20:                0x0 - <unknown>
[INFO] [stdout] 
[INFO] [stdout] 
[INFO] [stdout] failures:
[INFO] [stdout]     dynamic_fixture_reports_dynamic_disk_type
[INFO] [stdout] 
[INFO] [stdout] test result: FAILED. 3 passed; 1 failed; 0 ignored; 0 measured; 0 filtered out; finished in 0.01s
[INFO] [stdout] 
[INFO] running `Command { std: "docker" "inspect" "23375cbdf8fda8458b62a81e2ed9b129910146f1b10adf1e732717b0b8c753ab", kill_on_drop: false }`
[INFO] running `Command { std: "docker" "rm" "-f" "23375cbdf8fda8458b62a81e2ed9b129910146f1b10adf1e732717b0b8c753ab", kill_on_drop: false }`
[INFO] [stdout] 23375cbdf8fda8458b62a81e2ed9b129910146f1b10adf1e732717b0b8c753ab
