[INFO] fetching crate vfy 0.2.0...
[INFO] testing vfy-0.2.0 against 1.100.0-beta.1+cargoflags=--release for beta-release-1.100-2
[INFO] extracting crate vfy 0.2.0 into /workspace/builds/worker-0-tc2/source
[INFO] started tweaking crates.io crate vfy 0.2.0
[INFO] removed 0 missing tests
[INFO] finished tweaking crates.io crate vfy 0.2.0
[INFO] tweaked toml for crates.io crate vfy 0.2.0 written to /workspace/builds/worker-0-tc2/source/Cargo.toml
[INFO] validating manifest of crates.io crate vfy 0.2.0 on toolchain 1.100.0-beta.1
[INFO] running `Command { std: CARGO_HOME="/workspace/cargo-home" RUSTUP_HOME="/workspace/rustup-home" "/workspace/cargo-home/bin/cargo" "+1.100.0-beta.1" "metadata" "--manifest-path" "Cargo.toml" "--no-deps", kill_on_drop: false }`
[INFO] crate crates.io crate vfy 0.2.0 already has a lockfile, it will not be regenerated
[INFO] running `Command { std: CARGO_HOME="/workspace/cargo-home" RUSTUP_HOME="/workspace/rustup-home" "/workspace/cargo-home/bin/cargo" "+1.100.0-beta.1" "fetch" "--manifest-path" "Cargo.toml", kill_on_drop: false }`
[INFO] running `Command { std: "docker" "create" "-v" "/var/lib/crater-agent-workspace/builds/worker-0-tc2/source:/opt/rustwide/workdir:ro,Z" "-v" "/var/lib/crater-agent-workspace/builds/worker-0-tc2/target:/opt/rustwide/target:rw,Z" "-v" "/var/lib/crater-agent-workspace/cargo-home:/opt/rustwide/cargo-home:ro,Z" "-v" "/var/lib/crater-agent-workspace/rustup-home:/opt/rustwide/rustup-home:ro,Z" "-m" "1610612736" "--network" "none" "ghcr.io/rust-lang/crates-build-env/linux@sha256:77db811e55d90add9212f6832c23229e3de5f1c1f9905e8cb07319ea15df73ac" "sleep" "infinity", kill_on_drop: false }`
[INFO] [stdout] 1a1261e68d8284f1053fa1725fb36f1b5158af6c24a38e1fad27347872c9769f
[INFO] running `Command { std: "docker" "start" "1a1261e68d8284f1053fa1725fb36f1b5158af6c24a38e1fad27347872c9769f", kill_on_drop: false }`
[INFO] running `Command { std: "docker" "inspect" "1a1261e68d8284f1053fa1725fb36f1b5158af6c24a38e1fad27347872c9769f", kill_on_drop: false }`
[INFO] running `Command { std: "docker" "exec" "-e" "SOURCE_DIR=/opt/rustwide/workdir" "-e" "CARGO_HOME=/opt/rustwide/cargo-home" "-e" "RUSTUP_HOME=/opt/rustwide/rustup-home" "-e" "CARGO_TARGET_DIR=/opt/rustwide/target" "-w" "/opt/rustwide/workdir" "--user" "0:0" "1a1261e68d8284f1053fa1725fb36f1b5158af6c24a38e1fad27347872c9769f" "/opt/rustwide/cargo-home/bin/cargo" "+1.100.0-beta.1" "metadata" "--no-deps" "--format-version=1", kill_on_drop: false }`
[INFO] running `Command { std: "docker" "inspect" "1a1261e68d8284f1053fa1725fb36f1b5158af6c24a38e1fad27347872c9769f", kill_on_drop: false }`
[INFO] running `Command { std: "docker" "exec" "-e" "SOURCE_DIR=/opt/rustwide/workdir" "-e" "CARGO_HOME=/opt/rustwide/cargo-home" "-e" "RUSTUP_HOME=/opt/rustwide/rustup-home" "-e" "CARGO_TARGET_DIR=/opt/rustwide/target" "-e" "CARGO_INCREMENTAL=0" "-e" "RUST_BACKTRACE=full" "-e" "RUSTFLAGS=--cap-lints=warn" "-e" "RUSTDOCFLAGS=--cap-lints=warn" "-w" "/opt/rustwide/workdir" "--user" "0:0" "1a1261e68d8284f1053fa1725fb36f1b5158af6c24a38e1fad27347872c9769f" "/opt/rustwide/cargo-home/bin/cargo" "+1.100.0-beta.1" "build" "--frozen" "--message-format=json" "--release", kill_on_drop: false }`
[INFO] [stderr]    Compiling libc v0.2.180
[INFO] [stderr]    Compiling crossbeam-utils v0.8.21
[INFO] [stderr]    Compiling zerocopy v0.8.37
[INFO] [stderr]    Compiling find-msvc-tools v0.1.9
[INFO] [stderr]    Compiling anstyle v1.0.13
[INFO] [stderr]    Compiling colorchoice v1.0.4
[INFO] [stderr]    Compiling nix v0.30.1
[INFO] [stderr]    Compiling clap_lex v0.7.7
[INFO] [stderr]    Compiling bitflags v2.10.0
[INFO] [stderr]    Compiling constant_time_eq v0.4.2
[INFO] [stderr]    Compiling either v1.15.0
[INFO] [stderr]    Compiling arrayvec v0.7.6
[INFO] [stderr]    Compiling syn v2.0.114
[INFO] [stderr]    Compiling cc v1.2.55
[INFO] [stderr]    Compiling anstream v0.6.21
[INFO] [stderr]    Compiling clap_builder v4.5.56
[INFO] [stderr]    Compiling crossbeam-epoch v0.9.18
[INFO] [stderr]    Compiling crossbeam-deque v0.8.6
[INFO] [stderr]    Compiling rayon-core v1.13.0
[INFO] [stderr]    Compiling blake3 v1.8.3
[INFO] [stderr]    Compiling rayon v1.11.0
[INFO] [stderr]    Compiling getrandom v0.3.4
[INFO] [stderr]    Compiling memmap2 v0.9.9
[INFO] [stderr]    Compiling rand_core v0.9.5
[INFO] [stderr]    Compiling ctrlc v3.5.1
[INFO] [stderr]    Compiling clap_derive v4.5.55
[INFO] [stderr]    Compiling ppv-lite86 v0.2.21
[INFO] [stderr]    Compiling rand_chacha v0.9.0
[INFO] [stderr]    Compiling rand v0.9.2
[INFO] [stderr]    Compiling clap v4.5.56
[INFO] [stderr]    Compiling vfy v0.2.0 (/opt/rustwide/workdir)
[INFO] [stderr]     Finished `release` profile [optimized] target(s) in 23.26s
[INFO] [stderr] warning: the following packages contain code that will be rejected by a future version of Rust: nix v0.30.1
[INFO] [stderr] note: to see what the problems were, use the option `--future-incompat-report`, or run `cargo report future-incompatibilities --id 8`
[INFO] running `Command { std: "docker" "inspect" "1a1261e68d8284f1053fa1725fb36f1b5158af6c24a38e1fad27347872c9769f", kill_on_drop: false }`
[INFO] running `Command { std: "docker" "exec" "-e" "SOURCE_DIR=/opt/rustwide/workdir" "-e" "CARGO_HOME=/opt/rustwide/cargo-home" "-e" "RUSTUP_HOME=/opt/rustwide/rustup-home" "-e" "CARGO_TARGET_DIR=/opt/rustwide/target" "-e" "CARGO_INCREMENTAL=0" "-e" "RUST_BACKTRACE=full" "-e" "RUSTFLAGS=--cap-lints=warn" "-e" "RUSTDOCFLAGS=--cap-lints=warn" "-w" "/opt/rustwide/workdir" "--user" "0:0" "1a1261e68d8284f1053fa1725fb36f1b5158af6c24a38e1fad27347872c9769f" "/opt/rustwide/cargo-home/bin/cargo" "+1.100.0-beta.1" "test" "--frozen" "--no-run" "--message-format=json" "--release", kill_on_drop: false }`
[INFO] [stderr]    Compiling bitflags v2.10.0
[INFO] [stderr]    Compiling regex-syntax v0.8.9
[INFO] [stderr]    Compiling rustix v1.1.3
[INFO] [stderr]    Compiling predicates-core v1.0.9
[INFO] [stderr]    Compiling parking_lot_core v0.9.12
[INFO] [stderr]    Compiling futures-util v0.3.31
[INFO] [stderr]    Compiling once_cell v1.21.3
[INFO] [stderr]    Compiling assert_cmd v2.1.2
[INFO] [stderr]    Compiling linux-raw-sys v0.11.0
[INFO] [stderr]    Compiling serial_test_derive v3.3.1
[INFO] [stderr]    Compiling wait-timeout v0.2.1
[INFO] [stderr]    Compiling fastrand v2.3.0
[INFO] [stderr]    Compiling predicates-tree v1.0.12
[INFO] [stderr]    Compiling nix v0.30.1
[INFO] [stderr]    Compiling parking_lot v0.12.5
[INFO] [stderr]    Compiling ctrlc v3.5.1
[INFO] [stderr]    Compiling vfy v0.2.0 (/opt/rustwide/workdir)
[INFO] [stderr]    Compiling regex-automata v0.4.14
[INFO] [stderr]    Compiling tempfile v3.24.0
[INFO] [stderr]    Compiling futures-executor v0.3.31
[INFO] [stderr]    Compiling serial_test v3.3.1
[INFO] [stderr]    Compiling regex v1.12.3
[INFO] [stderr]    Compiling bstr v1.12.1
[INFO] [stderr]    Compiling predicates v3.1.3
[INFO] [stderr]     Finished `release` profile [optimized] target(s) in 33.21s
[INFO] [stderr] warning: the following packages contain code that will be rejected by a future version of Rust: nix v0.30.1
[INFO] [stderr] note: to see what the problems were, use the option `--future-incompat-report`, or run `cargo report future-incompatibilities --id 8`
[INFO] running `Command { std: "docker" "inspect" "1a1261e68d8284f1053fa1725fb36f1b5158af6c24a38e1fad27347872c9769f", kill_on_drop: false }`
[INFO] running `Command { std: "docker" "exec" "-e" "SOURCE_DIR=/opt/rustwide/workdir" "-e" "CARGO_HOME=/opt/rustwide/cargo-home" "-e" "RUSTUP_HOME=/opt/rustwide/rustup-home" "-e" "CARGO_TARGET_DIR=/opt/rustwide/target" "-e" "CARGO_INCREMENTAL=0" "-e" "RUST_BACKTRACE=full" "-e" "RUSTFLAGS=--cap-lints=warn" "-e" "RUSTDOCFLAGS=--cap-lints=warn" "-w" "/opt/rustwide/workdir" "--user" "0:0" "1a1261e68d8284f1053fa1725fb36f1b5158af6c24a38e1fad27347872c9769f" "/opt/rustwide/cargo-home/bin/cargo" "+1.100.0-beta.1" "test" "--frozen" "--release", kill_on_drop: false }`
[INFO] [stderr]     Finished `release` profile [optimized] target(s) in 0.17s
[INFO] [stderr] warning: the following packages contain code that will be rejected by a future version of Rust: nix v0.30.1
[INFO] [stderr] note: to see what the problems were, use the option `--future-incompat-report`, or run `cargo report future-incompatibilities --id 8`
[INFO] [stderr]      Running unittests src/main.rs (/opt/rustwide/target/release/build/vfy/f6a00c35a059400c/out/vfy-f6a00c35a059400c)
[INFO] [stderr]      Running tests/integration/main.rs (/opt/rustwide/target/release/build/vfy/8ae0ab9c9a381e1e/out/integration-8ae0ab9c9a381e1e)
[INFO] [stdout] 
[INFO] [stdout] running 0 tests
[INFO] [stdout] 
[INFO] [stdout] test result: ok. 0 passed; 0 failed; 0 ignored; 0 measured; 0 filtered out; finished in 0.00s
[INFO] [stdout] 
[INFO] [stdout] 
[INFO] [stdout] running 270 tests
[INFO] [stdout] test different_fs::baseline_without_one_filesystem_recurses ... ok
[INFO] [stdout] test different_fs::case10_compare_parent_check_inside_symlink ... ok
[INFO] [stdout] test basic::nested_vv ... ok
[INFO] [stdout] test basic::identical ... ok
[INFO] [stdout] test basic::hash_catches_single_byte_difference ... ok
[INFO] [stdout] test basic::different_content_hash ... ok
[INFO] [stdout] test basic::missing_file ... ok
[INFO] [stdout] test different_fs::case2_different_fs_in_report_missing_dir_contains_mount ... ok
[INFO] [stdout] test basic::different_content_no_check ... ok
[INFO] [stdout] test basic::different_size ... ok
[INFO] [stdout] test basic::different_content_sample ... ok
[INFO] [stdout] test basic::different_size_and_hash ... ok
[INFO] [stdout] test basic::nested ... ok
[INFO] [stdout] test basic::extras ... ok
[INFO] [stdout] test different_fs::case13_compare_only_checks_original_not_backup ... ok
[INFO] [stdout] test edge_cases::output_is_sorted ... ok
[INFO] [stdout] test edge_cases::empty_directories ... ok
[INFO] [stdout] test edge_cases::extras_with_zero_originals ... ok
[INFO] [stdout] test different_fs::case12_backup_on_different_fs_than_parent_incorrectly_flagged ... ok
[INFO] [stdout] test edge_cases::same_directory_warning ... ok
[INFO] [stdout] test edge_cases::mixed_results_per_file ... ok
[INFO] [stdout] test edge_cases::deep_identical_tree ... ok
[INFO] [stdout] test edge_cases::special_files_missing_from_backup ... ok
[INFO] [stdout] test edge_cases::special_files_extra_in_backup ... ok
[INFO] [stdout] test edge_cases::symlink_to_dev_dir_with_follow ... ok
[INFO] [stdout] test edge_cases::special_file_missing_from_backup ... ok
[INFO] [stdout] test edge_cases::special_file_vs_symlink ... ok
[INFO] [stdout] test errors::backup_is_file_not_dir ... ok
[INFO] [stdout] test edge_cases::special_file_extra_in_backup ... ok
[INFO] [stdout] test errors::both_files_unreadable_hash ... FAILED
[INFO] [stdout] test errors::both_files_unreadable_samples ... FAILED
[INFO] [stdout] test edge_cases::special_file_via_symlink_follow ... ok
[INFO] [stdout] test edge_cases::zero_byte_files_with_all ... ok
[INFO] [stdout] test errors::nonexistent_backup_exits_2 ... ok
[INFO] [stdout] test edge_cases::zero_byte_files_with_sampling ... ok
[INFO] [stdout] test errors::orig_unreadable_samples ... FAILED
[INFO] [stdout] test errors::nonexistent_original_exits_2 ... ok
[INFO] [stdout] test errors::original_is_file_not_dir ... ok
[INFO] [stdout] test errors::unreadable_dir_in_backup ... FAILED
[INFO] [stdout] test edge_cases::symlink_vs_special_file ... ok
[INFO] [stdout] test errors::unreadable_dir_in_original ... FAILED
[INFO] [stdout] test errors::unreadable_dir_in_original_vs_backup_file ... FAILED
[INFO] [stdout] test errors::type_mismatch_combined ... ok
[INFO] [stdout] test errors::unreadable_file_with_sampling ... FAILED
[INFO] [stdout] test errors::unreadable_file_in_backup ... FAILED
[INFO] [stdout] test errors::unreadable_file_in_backup_counts_missing ... FAILED
[INFO] [stdout] test flags::cmd_line_escapes_single_quotes_in_paths ... ok
[INFO] [stdout] test flags::cmd_line_includes_follow_flag ... ok
[INFO] [stdout] test flags::cmd_line_includes_ignore_flag ... ok
[INFO] [stdout] test errors::type_mismatch_combined_vv ... ok
[INFO] [stdout] test flags::all_with_ignore_skips_hashing ... ok
[INFO] [stdout] test errors::unreadable_file_in_original ... FAILED
[INFO] [stdout] test flags::cmd_line_includes_all_flag ... ok
[INFO] [stdout] test flags::cmd_line_includes_multiple_flags ... ok
[INFO] [stdout] test flags::cmd_line_includes_samples_flag ... ok
[INFO] [stdout] test flags::cmd_line_includes_verbose_flags ... ok
[INFO] [stdout] test flags::cmd_line_includes_short_a_flag ... ok
[INFO] [stdout] test flags::cmd_line_includes_one_filesystem_flag ... ok
[INFO] [stdout] test flags::cmd_line_printed_no_flags ... ok
[INFO] [stdout] test flags::cmd_line_quotes_paths_with_spaces ... ok
[INFO] [stdout] test flags::ignore_applies_to_other_tree_inside_extra_dir ... ok
[INFO] [stdout] test flags::ignore_a_file_not_directory ... ok
[INFO] [stdout] test flags::ignore_backup_path_for_nested_extra ... ok
[INFO] [stdout] test flags::ignore_backup_path_for_backup_extra ... ok
[INFO] [stdout] test flags::ignore_dangling_symlink ... ok
[INFO] [stdout] test flags::ignore_canonical_form_when_root_typed_through_symlink ... ok
[INFO] [stdout] test flags::ignore_canonical_form_backup_side_when_root_typed_through_symlink ... ok
[INFO] [stdout] test flags::ignore_fails_when_tempdir_behind_symlink ... ok
[INFO] [stdout] test flags::ignore_extra_file_in_backup ... ok
[INFO] [stdout] test flags::ignore_multiple_paths ... ok
[INFO] [stdout] test flags::ignore_nested_in_missing_dir_prints_skip ... ok
[INFO] [stdout] test flags::ignore_orig_path_for_nested_missing ... ok
[INFO] [stdout] test flags::ignore_nonexistent_path_errors ... ok
[INFO] [stdout] test flags::ignore_orig_path_for_orig_missing ... ok
[INFO] [stdout] test flags::ignore_path_outside_trees_errors ... ok
[INFO] [stdout] test flags::ignore_nested_in_missing_dir_with_vv_prints_skip ... ok
[INFO] [stdout] test flags::ignore_relative_path_bare_name ... ok
[INFO] [stdout] test flags::ignore_path_through_symlinked_root_works ... ok
[INFO] [stdout] test flags::ignore_relative_path_complex_normalization ... ok
[INFO] [stdout] test flags::ignore_path_through_symlink_parent ... ok
[INFO] [stdout] test flags::ignore_relative_path_deeply_nested_parent_refs ... ok
[INFO] [stdout] test flags::ignore_root_directory ... ok
[INFO] [stdout] test flags::ignore_relative_path_with_dot_component ... ok
[INFO] [stdout] test flags::ignore_through_different_symlink_alias_errors ... ok
[INFO] [stdout] test flags::ignore_subdir_inside_missing_dir ... ok
[INFO] [stdout] test flags::ignore_relative_path_with_parent_component ... ok
[INFO] [stdout] test flags::ignore_symlink_with_follow_does_not_ignore_target ... ok
[INFO] [stdout] test flags::ignore_symlink_to_file ... ok
[INFO] [stdout] test flags::ignore_symlink_to_dir_with_follow ... ok
[INFO] [stdout] test flags::ignore_works_in_backup_tree ... ok
[INFO] [stdout] test flags::ignore_works_in_original_tree ... ok
[INFO] [stdout] test flags::sample_and_hash_combined ... ok
[INFO] [stdout] test flags::sample_on_identical_content ... ok
[INFO] [stdout] test flags::ignore_symlink_skips_symlink_but_not_target_dir ... ok
[INFO] [stdout] test flags::quadruple_verbose_errors ... ok
[INFO] [stdout] test flags::triple_verbose_errors ... ok
[INFO] [stdout] test flags::verbose_dirs_only ... ok
[INFO] [stdout] test flags::verbose_blake3_known_hashes ... ok
[INFO] [stdout] test flags::verbose_files ... ok
[INFO] [stdout] test inside_missing_extra::counting_with_follow_symlink_inside_missing_dir ... ok
[INFO] [stdout] test inside_missing_extra::counting_with_follow_symlink_inside_missing_dir_vv ... ok
[INFO] [stdout] test inside_missing_extra::dangling_symlink_inside_missing_dir_no_follow_vv ... ok
[INFO] [stdout] test inside_missing_extra::dangling_symlink_inside_missing_dir_no_follow ... ok
[INFO] [stdout] test inside_missing_extra::dangling_verbosity_no_v_no_follow ... ok
[INFO] [stdout] test inside_missing_extra::dangling_symlink_inside_missing_dir_with_follow_vv ... ok
[INFO] [stdout] test inside_missing_extra::dangling_verbosity_no_v_with_follow ... ok
[INFO] [stdout] test inside_missing_extra::dangling_symlink_inside_missing_dir_with_follow ... ok
[INFO] [stdout] test inside_missing_extra::dangling_verbosity_vv_with_follow ... ok
[INFO] [stdout] test inside_missing_extra::fifo_nested_deeply_inside_missing_dir ... ok
[INFO] [stdout] test inside_missing_extra::fifo_verbosity_vv ... ok
[INFO] [stdout] test inside_missing_extra::fifo_verbosity_single_v ... ok
[INFO] [stdout] test inside_missing_extra::mixed_content_inside_missing_dir ... ok
[INFO] [stdout] test inside_missing_extra::fifo_inside_missing_dir ... ok
[INFO] [stdout] test inside_missing_extra::fifo_verbosity_no_v ... ok
[INFO] [stdout] test inside_missing_extra::fifo_inside_missing_dir_vv ... ok
[INFO] [stdout] test inside_missing_extra::unreadable_file_inside_missing_dir ... ok
[INFO] [stdout] test inside_missing_extra::unreadable_subdir_inside_missing_dir ... FAILED
[INFO] [stdout] test inside_missing_extra::single_v_missing_dir_contents ... ok
[INFO] [stdout] test inside_missing_extra::fifo_nested_deeply_inside_missing_dir_vv ... ok
[INFO] [stdout] test inside_missing_extra::mixed_content_inside_missing_dir_vv ... ok
[INFO] [stdout] test inside_missing_extra::unreadable_subdir_inside_missing_dir_vv ... FAILED
[INFO] [stdout] test matrix::dir_x_absent ... ok
[INFO] [stdout] test matrix::dir_x_dir ... ok
[INFO] [stdout] test inside_missing_extra::unreadable_file_inside_missing_dir_vv ... ok
[INFO] [stdout] test matrix::dir_x_symlink_dangling ... ok
[INFO] [stdout] test matrix::dir_x_symlink_dangling_follow ... ok
[INFO] [stdout] test matrix::dir_x_symlink_to_dir ... ok
[INFO] [stdout] test matrix::dir_x_symlink_to_file_follow ... ok
[INFO] [stdout] test matrix::dir_x_fifo ... ok
[INFO] [stdout] test matrix::dir_x_symlink_to_dir_follow ... ok
[INFO] [stdout] test matrix::dir_x_symlink_to_file ... ok
[INFO] [stdout] test matrix::file_x_absent ... ok
[INFO] [stdout] test matrix::file_x_dir_vv ... ok
[INFO] [stdout] test matrix::file_x_dir ... ok
[INFO] [stdout] test matrix::fifo_x_absent ... ok
[INFO] [stdout] test inside_missing_extra::multiple_fifos_inside_missing_dir ... ok
[INFO] [stdout] test matrix::file_x_file_diff ... ok
[INFO] [stdout] test matrix::file_x_file_same ... ok
[INFO] [stdout] test matrix::fifo_x_fifo ... ok
[INFO] [stdout] test matrix::file_x_fifo ... ok
[INFO] [stdout] test inside_missing_extra::mixed_content_inside_missing_dir_follow ... ok
[INFO] [stdout] test matrix::file_x_symlink_dangling ... ok
[INFO] [stdout] test matrix::file_x_symlink_dangling_follow ... ok
[INFO] [stdout] test matrix::symdangling_x_symdangling_diff ... ok
[INFO] [stdout] test matrix::symdangling_x_symdangling_diff_follow ... ok
[INFO] [stdout] test matrix::file_x_symlink_to_dir ... ok
[INFO] [stdout] test matrix::file_x_symlink_to_dir_follow ... ok
[INFO] [stdout] test matrix::symdir_x_symdangling_diff_follow ... ok
[INFO] [stdout] test matrix::symdangling_x_symdangling_same ... ok
[INFO] [stdout] test matrix::file_x_symlink_to_file ... ok
[INFO] [stdout] test matrix::file_x_symlink_to_file_follow ... ok
[INFO] [stdout] test matrix::symdangling_x_symdangling_same_follow ... ok
[INFO] [stdout] test matrix::symdir_x_symdangling_diff ... ok
[INFO] [stdout] test matrix::symdir_x_symdangling_same_target ... ok
[INFO] [stdout] test matrix::symdir_x_symdangling_same_target_follow ... ok
[INFO] [stdout] test matrix::symdir_x_symdir_diff ... ok
[INFO] [stdout] test matrix::symdir_x_symdir_diff_follow ... ok
[INFO] [stdout] test matrix::symdir_x_symdir_same ... ok
[INFO] [stdout] test matrix::symdir_x_symdir_same_follow ... ok
[INFO] [stdout] test matrix::symfile_x_symdangling_diff_follow ... ok
[INFO] [stdout] test matrix::symfile_x_symdangling_diff ... ok
[INFO] [stdout] test matrix::symfile_x_symdangling_same_target ... ok
[INFO] [stdout] test matrix::symfile_x_symdir_diff ... ok
[INFO] [stdout] test matrix::symfile_x_symdir_same_target ... ok
[INFO] [stdout] test matrix::symfile_x_symdir_same_target_follow ... ok
[INFO] [stdout] test matrix::symfile_x_symfile_diff ... ok
[INFO] [stdout] test matrix::symfile_x_symfile_same ... ok
[INFO] [stdout] test matrix::symlink_dangling_x_absent ... ok
[INFO] [stdout] test matrix::symlink_dangling_x_absent_follow ... ok
[INFO] [stdout] test matrix::symfile_x_symfile_diff_follow ... ok
[INFO] [stdout] test matrix::symfile_x_symdangling_same_target_follow ... ok
[INFO] [stdout] test matrix::symfile_x_symfile_same_follow ... ok
[INFO] [stdout] test matrix::symlink_dangling_x_fifo ... ok
[INFO] [stdout] test matrix::symlink_to_dir_x_fifo ... ok
[INFO] [stdout] test matrix::symlink_dangling_x_fifo_follow ... ok
[INFO] [stdout] test matrix::symlink_to_file_x_absent ... ok
[INFO] [stdout] test matrix::symfile_x_symdir_diff_follow ... ok
[INFO] [stdout] test matrix::symlink_to_file_x_absent_follow ... ok
[INFO] [stdout] test matrix::symlink_to_dir_x_absent_follow ... ok
[INFO] [stdout] test matrix::symlink_to_dir_x_absent ... ok
[INFO] [stdout] test release_critical::both_empty ... ok
[INFO] [stdout] test release_critical::exit_0_only_when_perfect_match ... ok
[INFO] [stdout] test release_critical::empty_vs_nonempty ... ok
[INFO] [stdout] test matrix::symlink_to_file_x_fifo_follow ... ok
[INFO] [stdout] test matrix::symlink_to_file_x_fifo ... ok
[INFO] [stdout] test release_critical::exit_1_when_errors_and_differences ... ok
[INFO] [stdout] test release_critical::exit_1_when_only_extras ... ok
[INFO] [stdout] test release_critical::exit_1_when_only_different ... ok
[INFO] [stdout] test release_critical::exit_1_when_only_errors_no_differences ... FAILED
[INFO] [stdout] test release_critical::exit_1_when_only_missing ... ok
[INFO] [stdout] test release_critical::filename_with_shell_chars ... ok
[INFO] [stdout] test release_critical::filename_with_emoji ... ok
[INFO] [stdout] test release_critical::filename_with_spaces ... ok
[INFO] [stdout] test release_critical::filename_with_emoji_different ... ok
[INFO] [stdout] test release_critical::filename_with_shell_chars_extra ... ok
[INFO] [stdout] test release_critical::deeply_nested_directory_structure ... ok
[INFO] [stdout] test release_critical::filename_with_spaces_different ... ok
[INFO] [stdout] test release_critical::long_filename_max_length ... ok
[INFO] [stdout] test symlink_loops::backup_loops_original_has_data_is_missing ... ok
[INFO] [stdout] test release_critical::filename_with_unicode ... ok
[INFO] [stdout] test release_critical::long_filename_different_size ... ok
[INFO] [stdout] test matrix::symlink_to_dir_x_fifo_follow ... ok
[INFO] [stdout] test release_critical::filename_with_unicode_missing ... ok
[INFO] [stdout] test symlink_loops::original_loops_backup_has_data_is_not_extra ... ok
[INFO] [stdout] test release_critical::deeply_nested_missing_file ... ok
[INFO] [stdout] test symlink_loops::loop_in_orig_valid_in_backup ... ok
[INFO] [stdout] test release_critical::nonempty_vs_empty ... ok
[INFO] [stdout] test symlink_loops::loop_in_subdir_with_follow ... ok
[INFO] [stdout] test symlink_loops::parent_dir_link_with_follow ... ok
[INFO] [stdout] test symlink_loops::self_loop_with_follow ... ok
[INFO] [stdout] test symlink_loops::loop_inside_missing_dir_with_follow ... ok
[INFO] [stdout] test symlink_loops::self_dir_link_with_follow ... ok
[INFO] [stdout] test symlink_loops::three_link_chain_loop_with_follow ... ok
[INFO] [stdout] test symlink_loops::two_link_loop_with_follow ... ok
[INFO] [stdout] test symlink_loops::self_loop_no_follow ... ok
[INFO] [stdout] test symlink_loops::two_link_loop_no_follow ... ok
[INFO] [stdout] test symlink_loops::valid_in_orig_loop_in_backup ... ok
[INFO] [stdout] test symlinks::dangling_symlinks_different_targets ... ok
[INFO] [stdout] test symlink_loops::two_parent_dir_links_with_follow ... ok
[INFO] [stdout] test symlinks::dir_vs_symlink_to_identical_data_is_not_a_match ... ok
[INFO] [stdout] test symlinks::dangling_orig_resolving_backup_file_with_follow ... ok
[INFO] [stdout] test symlinks::extra_symlink_in_backup ... ok
[INFO] [stdout] test symlinks::dangling_symlinks_same_target_with_follow ... ok
[INFO] [stdout] test symlinks::dangling_symlinks_same_target ... ok
[INFO] [stdout] test symlinks::file_symlink_with_follow_compares_content ... ok
[INFO] [stdout] test symlinks::dangling_backup_resolving_orig_dir_with_follow ... ok
[INFO] [stdout] test symlinks::file_symlink_without_follow_reports_skip ... ok
[INFO] [stdout] test symlinks::matching_symlinks_are_similar ... ok
[INFO] [stdout] test symlinks::missing_symlink_resolution_printed_at_vv ... ok
[INFO] [stdout] test symlinks::missing_symlink_resolution_counted_not_printed ... ok
[INFO] [stdout] test symlinks::missing_symlink_to_dir ... ok
[INFO] [stdout] test symlinks::symlink_dir_different_targets_with_follow ... ok
[INFO] [stdout] test symlinks::symlink_dir_different_targets_no_follow ... ok
[INFO] [stdout] test symlinks::symlink_dir_no_follow ... ok
[INFO] [stdout] test symlinks::symlink_dir_with_follow ... ok
[INFO] [stdout] test symlinks::symlink_missing_from_backup ... ok
[INFO] [stdout] test symlinks::symlink_follow_finds_differences ... ok
[INFO] [stdout] test symlinks::symlink_mismatch_summary ... ok
[INFO] [stdout] test symlinks::symlink_same_target_dir_vs_file_no_follow ... ok
[INFO] [stdout] test symlinks::symlink_same_target_orig_dir_backup_file_follow ... ok
[INFO] [stdout] test symlinks::symlink_type_mismatch ... ok
[INFO] [stdout] test symlinks::symlink_status_mismatch_orig_dir ... ok
[INFO] [stdout] test symlinks::symlinks_one_resolves_to_dir_other_to_file ... ok
[INFO] [stdout] test symlinks::symlink_target_mismatch ... ok
[INFO] [stdout] test symlinks_nested::chain_immediate_target_differs_no_follow ... ok
[INFO] [stdout] test symlinks_nested::chain_to_dangling_no_follow ... ok
[INFO] [stdout] test symlinks::symlink_same_target_orig_file_backup_dir_follow ... ok
[INFO] [stdout] test symlinks_nested::chain_immediate_target_differs_with_follow ... ok
[INFO] [stdout] test symlinks::symlink_status_mismatch_backup_dir ... ok
[INFO] [stdout] test symlinks_nested::chain_to_dir_with_differences_follow ... ok
[INFO] [stdout] test symlinks_nested::chain_to_dir_no_follow ... ok
[INFO] [stdout] test symlinks_nested::chain_to_dangling_with_follow ... ok
[INFO] [stdout] test symlinks_nested::chain_to_file_no_follow ... ok
[INFO] [stdout] test symlinks_nested::deep_chain_three_levels_no_follow ... ok
[INFO] [stdout] test symlinks_nested::chain_to_dir_with_follow ... ok
[INFO] [stdout] test symlinks_nested::dir_containing_symlink_no_follow ... ok
[INFO] [stdout] test symlinks_nested::dir_containing_symlink_with_follow ... ok
[INFO] [stdout] test symlinks_nested::chain_to_file_with_follow ... ok
[INFO] [stdout] test symlinks_nested::chain_to_file_different_content_with_follow ... ok
[INFO] [stdout] test symlinks_nested::symlink_to_dir_containing_symlink_no_follow ... ok
[INFO] [stdout] test symlinks_nested::symlink_to_dir_containing_symlink_with_follow ... ok
[INFO] [stdout] test symlinks_nested::deep_chain_three_levels_with_follow ... ok
[INFO] [stdout] test different_fs::case11_mount_point_as_root_incorrectly_flagged ... ok
[INFO] [stdout] test different_fs::case1_different_fs_in_compare_both_sides_symlink ... ok
[INFO] [stdout] test different_fs::case3_different_fs_symlink_both_sides_match ... ok
[INFO] [stdout] test different_fs::case4_different_fs_symlink_missing_from_backup ... ok
[INFO] [stdout] test different_fs::case6_actual_mount_point_tests_no_follow_branch ... ok
[INFO] [stdout] test different_fs::case8_symlink_to_non_dir_on_different_fs_in_compare ... ok
[INFO] [stdout] test different_fs::case7_symlink_to_non_dir_on_different_fs_in_report ... ok
[INFO] [stdout] test different_fs::case9_report_parent_check_inside_symlink ... ok
[INFO] [stdout] 
[INFO] [stdout] failures:
[INFO] [stdout] 
[INFO] [stdout] ---- errors::both_files_unreadable_hash stdout ----
[INFO] [stdout] 
[INFO] [stdout] thread 'errors::both_files_unreadable_hash' (1648) panicked at tests/integration/harness.rs:541:9:
[INFO] [stdout] [both_files_unreadable_hash (forward)] Line mismatch.
[INFO] [stdout] Expected lines not found: ["ERROR: a/file.txt", "ERROR: b/file.txt"]
[INFO] [stdout] Unexpected lines in output: []
[INFO] [stdout] Full output:
[INFO] [stdout] CMD: /opt/rustwide/target/release/vfy /tmp/bv_harness_both_files_unreadable_hash/a /tmp/bv_harness_both_files_unreadable_hash/b --all
[INFO] [stdout] COMPARISON FINISHED!
[INFO] [stdout] SUMMARY:
[INFO] [stdout]     Original items processed: 2
[INFO] [stdout]     Backup items processed: 2
[INFO] [stdout]     Missing: 0 (0.00%)
[INFO] [stdout]     Different: 0 (0.00%)
[INFO] [stdout]     Extras: 0
[INFO] [stdout]     Special files: 0
[INFO] [stdout]     Similarities: 2
[INFO] [stdout]     Skipped: 0
[INFO] [stdout]     Errors: 0
[INFO] [stdout] 
[INFO] [stdout] stack backtrace:
[INFO] [stdout]    0:     0x5e2142117a21 - <<std[617be2ca0a6fd877]::sys::backtrace::BacktraceLock>::print::DisplayBacktrace as core[a373ad73a504971]::fmt::Display>::fmt
[INFO] [stdout]    1:     0x5e214212ddaa - core[a373ad73a504971]::fmt::write
[INFO] [stdout]    2:     0x5e214211d2fc - <alloc[2e1b2a31b91974c5]::vec::Vec<u8> as core[a373ad73a504971]::io::write::Write>::write_fmt
[INFO] [stdout]    3:     0x5e21420f16b6 - std[617be2ca0a6fd877]::panicking::default_hook::{closure#0}
[INFO] [stdout]    4:     0x5e214210ef19 - std[617be2ca0a6fd877]::panicking::default_hook
[INFO] [stdout]    5:     0x5e21420883a0 - test[aada8e7e76ba119b]::test_main_inner::{closure#0}
[INFO] [stdout]    6:     0x5e214210f0d2 - std[617be2ca0a6fd877]::panicking::panic_with_hook
[INFO] [stdout]    7:     0x5e21420f1762 - std[617be2ca0a6fd877]::panicking::panic_handler::{closure#0}
[INFO] [stdout]    8:     0x5e21420ea259 - std[617be2ca0a6fd877]::sys::backtrace::__rust_end_short_backtrace::<std[617be2ca0a6fd877]::panicking::panic_handler::{closure#0}, !>
[INFO] [stdout]    9:     0x5e21420f251d - __rustc[ea4f61d10b84890b]::rust_begin_unwind
[INFO] [stdout]   10:     0x5e214212e55c - core[a373ad73a504971]::panicking::panic_fmt
[INFO] [stdout]   11:     0x5e214205bbb4 - integration[258365beaeea5b97]::harness::run_and_check_full
[INFO] [stdout]   12:     0x5e21420593fa - integration[258365beaeea5b97]::harness::check_internal
[INFO] [stdout]   13:     0x5e214207431c - <integration[258365beaeea5b97]::errors::both_files_unreadable_hash::{closure#0} as core[a373ad73a504971]::ops::function::FnOnce<()>>::call_once
[INFO] [stdout]   14:     0x5e214207b7eb - test[aada8e7e76ba119b]::__rust_begin_short_backtrace::<core[a373ad73a504971]::result::Result<(), alloc[2e1b2a31b91974c5]::string::String>, fn() -> core[a373ad73a504971]::result::Result<(), alloc[2e1b2a31b91974c5]::string::String>>
[INFO] [stdout]   15:     0x5e21420889c5 - test[aada8e7e76ba119b]::run_test::{closure#0}
[INFO] [stdout]   16:     0x5e21420822b4 - std[617be2ca0a6fd877]::sys::backtrace::__rust_begin_short_backtrace::<test[aada8e7e76ba119b]::run_test::{closure#1}, ()>
[INFO] [stdout]   17:     0x5e214208ba52 - <std[617be2ca0a6fd877]::thread::lifecycle::spawn_unchecked<test[aada8e7e76ba119b]::run_test::{closure#1}, ()>::{closure#1} as core[a373ad73a504971]::ops::function::FnOnce<()>>::call_once::{shim:vtable#0}
[INFO] [stdout]   18:     0x5e2142116fef - <std[617be2ca0a6fd877]::sys::thread::unix::Thread>::new::thread_start
[INFO] [stdout]   19:     0x722571d8cdfa - <unknown>
[INFO] [stdout]   20:     0x722571e203d4 - clone
[INFO] [stdout]   21:                0x0 - <unknown>
[INFO] [stdout] 
[INFO] [stdout] ---- errors::both_files_unreadable_samples stdout ----
[INFO] [stdout] 
[INFO] [stdout] thread 'errors::both_files_unreadable_samples' (1664) panicked at tests/integration/harness.rs:541:9:
[INFO] [stdout] [both_files_unreadable_samples (forward)] Line mismatch.
[INFO] [stdout] Expected lines not found: ["ERROR: a/file.txt", "ERROR: b/file.txt"]
[INFO] [stdout] Unexpected lines in output: []
[INFO] [stdout] Full output:
[INFO] [stdout] CMD: /opt/rustwide/target/release/vfy /tmp/bv_harness_both_files_unreadable_samples/a /tmp/bv_harness_both_files_unreadable_samples/b -s 1
[INFO] [stdout] COMPARISON FINISHED!
[INFO] [stdout] SUMMARY:
[INFO] [stdout]     Original items processed: 2
[INFO] [stdout]     Backup items processed: 2
[INFO] [stdout]     Missing: 0 (0.00%)
[INFO] [stdout]     Different: 0 (0.00%)
[INFO] [stdout]     Extras: 0
[INFO] [stdout]     Special files: 0
[INFO] [stdout]     Similarities: 2
[INFO] [stdout]     Skipped: 0
[INFO] [stdout]     Errors: 0
[INFO] [stdout] 
[INFO] [stdout] stack backtrace:
[INFO] [stdout]    0:     0x5e2142117a21 - <<std[617be2ca0a6fd877]::sys::backtrace::BacktraceLock>::print::DisplayBacktrace as core[a373ad73a504971]::fmt::Display>::fmt
[INFO] [stdout]    1:     0x5e214212ddaa - core[a373ad73a504971]::fmt::write
[INFO] [stdout]    2:     0x5e214211d2fc - <alloc[2e1b2a31b91974c5]::vec::Vec<u8> as core[a373ad73a504971]::io::write::Write>::write_fmt
[INFO] [stdout]    3:     0x5e21420f16b6 - std[617be2ca0a6fd877]::panicking::default_hook::{closure#0}
[INFO] [stdout]    4:     0x5e214210ef19 - std[617be2ca0a6fd877]::panicking::default_hook
[INFO] [stdout]    5:     0x5e21420883a0 - test[aada8e7e76ba119b]::test_main_inner::{closure#0}
[INFO] [stdout]    6:     0x5e214210f0d2 - std[617be2ca0a6fd877]::panicking::panic_with_hook
[INFO] [stdout]    7:     0x5e21420f1762 - std[617be2ca0a6fd877]::panicking::panic_handler::{closure#0}
[INFO] [stdout]    8:     0x5e21420ea259 - std[617be2ca0a6fd877]::sys::backtrace::__rust_end_short_backtrace::<std[617be2ca0a6fd877]::panicking::panic_handler::{closure#0}, !>
[INFO] [stdout]    9:     0x5e21420f251d - __rustc[ea4f61d10b84890b]::rust_begin_unwind
[INFO] [stdout]   10:     0x5e214212e55c - core[a373ad73a504971]::panicking::panic_fmt
[INFO] [stdout]   11:     0x5e214205bbb4 - integration[258365beaeea5b97]::harness::run_and_check_full
[INFO] [stdout]   12:     0x5e21420593fa - integration[258365beaeea5b97]::harness::check_internal
[INFO] [stdout]   13:     0x5e2142074e0c - <integration[258365beaeea5b97]::errors::both_files_unreadable_samples::{closure#0} as core[a373ad73a504971]::ops::function::FnOnce<()>>::call_once
[INFO] [stdout]   14:     0x5e214207b7eb - test[aada8e7e76ba119b]::__rust_begin_short_backtrace::<core[a373ad73a504971]::result::Result<(), alloc[2e1b2a31b91974c5]::string::String>, fn() -> core[a373ad73a504971]::result::Result<(), alloc[2e1b2a31b91974c5]::string::String>>
[INFO] [stdout]   15:     0x5e21420889c5 - test[aada8e7e76ba119b]::run_test::{closure#0}
[INFO] [stdout]   16:     0x5e21420822b4 - std[617be2ca0a6fd877]::sys::backtrace::__rust_begin_short_backtrace::<test[aada8e7e76ba119b]::run_test::{closure#1}, ()>
[INFO] [stdout]   17:     0x5e214208ba52 - <std[617be2ca0a6fd877]::thread::lifecycle::spawn_unchecked<test[aada8e7e76ba119b]::run_test::{closure#1}, ()>::{closure#1} as core[a373ad73a504971]::ops::function::FnOnce<()>>::call_once::{shim:vtable#0}
[INFO] [stdout]   18:     0x5e2142116fef - <std[617be2ca0a6fd877]::sys::thread::unix::Thread>::new::thread_start
[INFO] [stdout]   19:     0x722571d8cdfa - <unknown>
[INFO] [stdout]   20:     0x722571e203d4 - clone
[INFO] [stdout]   21:                0x0 - <unknown>
[INFO] [stdout] 
[INFO] [stdout] ---- errors::orig_unreadable_samples stdout ----
[INFO] [stdout] 
[INFO] [stdout] thread 'errors::orig_unreadable_samples' (1720) panicked at tests/integration/harness.rs:541:9:
[INFO] [stdout] [orig_unreadable_samples (forward)] Line mismatch.
[INFO] [stdout] Expected lines not found: ["ERROR: a/file.txt", "SKIP: b/file.txt"]
[INFO] [stdout] Unexpected lines in output: []
[INFO] [stdout] Full output:
[INFO] [stdout] CMD: /opt/rustwide/target/release/vfy /tmp/bv_harness_orig_unreadable_samples/a /tmp/bv_harness_orig_unreadable_samples/b -s 1
[INFO] [stdout] COMPARISON FINISHED!
[INFO] [stdout] SUMMARY:
[INFO] [stdout]     Original items processed: 2
[INFO] [stdout]     Backup items processed: 2
[INFO] [stdout]     Missing: 0 (0.00%)
[INFO] [stdout]     Different: 0 (0.00%)
[INFO] [stdout]     Extras: 0
[INFO] [stdout]     Special files: 0
[INFO] [stdout]     Similarities: 2
[INFO] [stdout]     Skipped: 0
[INFO] [stdout]     Errors: 0
[INFO] [stdout] 
[INFO] [stdout] stack backtrace:
[INFO] [stdout]    0:     0x5e2142117a21 - <<std[617be2ca0a6fd877]::sys::backtrace::BacktraceLock>::print::DisplayBacktrace as core[a373ad73a504971]::fmt::Display>::fmt
[INFO] [stdout]    1:     0x5e214212ddaa - core[a373ad73a504971]::fmt::write
[INFO] [stdout]    2:     0x5e214211d2fc - <alloc[2e1b2a31b91974c5]::vec::Vec<u8> as core[a373ad73a504971]::io::write::Write>::write_fmt
[INFO] [stdout]    3:     0x5e21420f16b6 - std[617be2ca0a6fd877]::panicking::default_hook::{closure#0}
[INFO] [stdout]    4:     0x5e214210ef19 - std[617be2ca0a6fd877]::panicking::default_hook
[INFO] [stdout]    5:     0x5e21420883a0 - test[aada8e7e76ba119b]::test_main_inner::{closure#0}
[INFO] [stdout]    6:     0x5e214210f0d2 - std[617be2ca0a6fd877]::panicking::panic_with_hook
[INFO] [stdout]    7:     0x5e21420f1762 - std[617be2ca0a6fd877]::panicking::panic_handler::{closure#0}
[INFO] [stdout]    8:     0x5e21420ea259 - std[617be2ca0a6fd877]::sys::backtrace::__rust_end_short_backtrace::<std[617be2ca0a6fd877]::panicking::panic_handler::{closure#0}, !>
[INFO] [stdout]    9:     0x5e21420f251d - __rustc[ea4f61d10b84890b]::rust_begin_unwind
[INFO] [stdout]   10:     0x5e214212e55c - core[a373ad73a504971]::panicking::panic_fmt
[INFO] [stdout]   11:     0x5e214205bbb4 - integration[258365beaeea5b97]::harness::run_and_check_full
[INFO] [stdout]   12:     0x5e21420593fa - integration[258365beaeea5b97]::harness::check_internal
[INFO] [stdout]   13:     0x5e21420738e0 - <integration[258365beaeea5b97]::errors::orig_unreadable_samples::{closure#0} as core[a373ad73a504971]::ops::function::FnOnce<()>>::call_once
[INFO] [stdout]   14:     0x5e214207b7eb - test[aada8e7e76ba119b]::__rust_begin_short_backtrace::<core[a373ad73a504971]::result::Result<(), alloc[2e1b2a31b91974c5]::string::String>, fn() -> core[a373ad73a504971]::result::Result<(), alloc[2e1b2a31b91974c5]::string::String>>
[INFO] [stdout]   15:     0x5e21420889c5 - test[aada8e7e76ba119b]::run_test::{closure#0}
[INFO] [stdout]   16:     0x5e21420822b4 - std[617be2ca0a6fd877]::sys::backtrace::__rust_begin_short_backtrace::<test[aada8e7e76ba119b]::run_test::{closure#1}, ()>
[INFO] [stdout]   17:     0x5e214208ba52 - <std[617be2ca0a6fd877]::thread::lifecycle::spawn_unchecked<test[aada8e7e76ba119b]::run_test::{closure#1}, ()>::{closure#1} as core[a373ad73a504971]::ops::function::FnOnce<()>>::call_once::{shim:vtable#0}
[INFO] [stdout]   18:     0x5e2142116fef - <std[617be2ca0a6fd877]::sys::thread::unix::Thread>::new::thread_start
[INFO] [stdout]   19:     0x722571d8cdfa - <unknown>
[INFO] [stdout]   20:     0x722571e203d4 - clone
[INFO] [stdout]   21:                0x0 - <unknown>
[INFO] [stdout] 
[INFO] [stdout] ---- errors::unreadable_dir_in_backup stdout ----
[INFO] [stdout] 
[INFO] [stdout] thread 'errors::unreadable_dir_in_backup' (1735) panicked at tests/integration/harness.rs:541:9:
[INFO] [stdout] [unreadable_dir_in_backup (forward)] Line mismatch.
[INFO] [stdout] Expected lines not found: ["ERROR: noread_dir", "MISSING-DIR: a/noread_dir"]
[INFO] [stdout] Unexpected lines in output: ["MISSING-FILE: [/tmp/bv_harness_unreadable_dir_in_backup/a/noread_dir/file.txt]"]
[INFO] [stdout] Full output:
[INFO] [stdout] CMD: /opt/rustwide/target/release/vfy /tmp/bv_harness_unreadable_dir_in_backup/a /tmp/bv_harness_unreadable_dir_in_backup/b
[INFO] [stdout] MISSING-FILE: [/tmp/bv_harness_unreadable_dir_in_backup/a/noread_dir/file.txt]
[INFO] [stdout] COMPARISON FINISHED!
[INFO] [stdout] SUMMARY:
[INFO] [stdout]     Original items processed: 4
[INFO] [stdout]     Backup items processed: 3
[INFO] [stdout]     Missing: 1 (25.00%)
[INFO] [stdout]     Different: 0 (0.00%)
[INFO] [stdout]     Extras: 0
[INFO] [stdout]     Special files: 0
[INFO] [stdout]     Similarities: 3
[INFO] [stdout]     Skipped: 0
[INFO] [stdout]     Errors: 0
[INFO] [stdout] 
[INFO] [stdout] stack backtrace:
[INFO] [stdout]    0:     0x5e2142117a21 - <<std[617be2ca0a6fd877]::sys::backtrace::BacktraceLock>::print::DisplayBacktrace as core[a373ad73a504971]::fmt::Display>::fmt
[INFO] [stdout]    1:     0x5e214212ddaa - core[a373ad73a504971]::fmt::write
[INFO] [stdout]    2:     0x5e214211d2fc - <alloc[2e1b2a31b91974c5]::vec::Vec<u8> as core[a373ad73a504971]::io::write::Write>::write_fmt
[INFO] [stdout]    3:     0x5e21420f16b6 - std[617be2ca0a6fd877]::panicking::default_hook::{closure#0}
[INFO] [stdout]    4:     0x5e214210ef19 - std[617be2ca0a6fd877]::panicking::default_hook
[INFO] [stdout]    5:     0x5e21420883a0 - test[aada8e7e76ba119b]::test_main_inner::{closure#0}
[INFO] [stdout]    6:     0x5e214210f0d2 - std[617be2ca0a6fd877]::panicking::panic_with_hook
[INFO] [stdout]    7:     0x5e21420f1762 - std[617be2ca0a6fd877]::panicking::panic_handler::{closure#0}
[INFO] [stdout]    8:     0x5e21420ea259 - std[617be2ca0a6fd877]::sys::backtrace::__rust_end_short_backtrace::<std[617be2ca0a6fd877]::panicking::panic_handler::{closure#0}, !>
[INFO] [stdout]    9:     0x5e21420f251d - __rustc[ea4f61d10b84890b]::rust_begin_unwind
[INFO] [stdout]   10:     0x5e214212e55c - core[a373ad73a504971]::panicking::panic_fmt
[INFO] [stdout]   11:     0x5e214205bbb4 - integration[258365beaeea5b97]::harness::run_and_check_full
[INFO] [stdout]   12:     0x5e21420593fa - integration[258365beaeea5b97]::harness::check_internal
[INFO] [stdout]   13:     0x5e2142073fd1 - <integration[258365beaeea5b97]::errors::unreadable_dir_in_backup::{closure#0} as core[a373ad73a504971]::ops::function::FnOnce<()>>::call_once
[INFO] [stdout]   14:     0x5e214207b7eb - test[aada8e7e76ba119b]::__rust_begin_short_backtrace::<core[a373ad73a504971]::result::Result<(), alloc[2e1b2a31b91974c5]::string::String>, fn() -> core[a373ad73a504971]::result::Result<(), alloc[2e1b2a31b91974c5]::string::String>>
[INFO] [stdout]   15:     0x5e21420889c5 - test[aada8e7e76ba119b]::run_test::{closure#0}
[INFO] [stdout]   16:     0x5e21420822b4 - std[617be2ca0a6fd877]::sys::backtrace::__rust_begin_short_backtrace::<test[aada8e7e76ba119b]::run_test::{closure#1}, ()>
[INFO] [stdout]   17:     0x5e214208ba52 - <std[617be2ca0a6fd877]::thread::lifecycle::spawn_unchecked<test[aada8e7e76ba119b]::run_test::{closure#1}, ()>::{closure#1} as core[a373ad73a504971]::ops::function::FnOnce<()>>::call_once::{shim:vtable#0}
[INFO] [stdout]   18:     0x5e2142116fef - <std[617be2ca0a6fd877]::sys::thread::unix::Thread>::new::thread_start
[INFO] [stdout]   19:     0x722571d8cdfa - <unknown>
[INFO] [stdout]   20:     0x722571e203d4 - clone
[INFO] [stdout]   21:                0x0 - <unknown>
[INFO] [stdout] 
[INFO] [stdout] ---- errors::unreadable_dir_in_original stdout ----
[INFO] [stdout] 
[INFO] [stdout] thread 'errors::unreadable_dir_in_original' (1739) panicked at tests/integration/harness.rs:541:9:
[INFO] [stdout] [unreadable_dir_in_original (forward)] Line mismatch.
[INFO] [stdout] Expected lines not found: ["ERROR: noread_dir", "SKIP: noread_dir"]
[INFO] [stdout] Unexpected lines in output: ["EXTRA-FILE: [/tmp/bv_harness_unreadable_dir_in_original/b/noread_dir/hidden.txt]"]
[INFO] [stdout] Full output:
[INFO] [stdout] CMD: /opt/rustwide/target/release/vfy /tmp/bv_harness_unreadable_dir_in_original/a /tmp/bv_harness_unreadable_dir_in_original/b
[INFO] [stdout] EXTRA-FILE: [/tmp/bv_harness_unreadable_dir_in_original/b/noread_dir/hidden.txt]
[INFO] [stdout] COMPARISON FINISHED!
[INFO] [stdout] SUMMARY:
[INFO] [stdout]     Original items processed: 3
[INFO] [stdout]     Backup items processed: 4
[INFO] [stdout]     Missing: 0 (0.00%)
[INFO] [stdout]     Different: 0 (0.00%)
[INFO] [stdout]     Extras: 1
[INFO] [stdout]     Special files: 0
[INFO] [stdout]     Similarities: 3
[INFO] [stdout]     Skipped: 0
[INFO] [stdout]     Errors: 0
[INFO] [stdout] 
[INFO] [stdout] stack backtrace:
[INFO] [stdout]    0:     0x5e2142117a21 - <<std[617be2ca0a6fd877]::sys::backtrace::BacktraceLock>::print::DisplayBacktrace as core[a373ad73a504971]::fmt::Display>::fmt
[INFO] [stdout]    1:     0x5e214212ddaa - core[a373ad73a504971]::fmt::write
[INFO] [stdout]    2:     0x5e214211d2fc - <alloc[2e1b2a31b91974c5]::vec::Vec<u8> as core[a373ad73a504971]::io::write::Write>::write_fmt
[INFO] [stdout]    3:     0x5e21420f16b6 - std[617be2ca0a6fd877]::panicking::default_hook::{closure#0}
[INFO] [stdout]    4:     0x5e214210ef19 - std[617be2ca0a6fd877]::panicking::default_hook
[INFO] [stdout]    5:     0x5e21420883a0 - test[aada8e7e76ba119b]::test_main_inner::{closure#0}
[INFO] [stdout]    6:     0x5e214210f0d2 - std[617be2ca0a6fd877]::panicking::panic_with_hook
[INFO] [stdout]    7:     0x5e21420f1762 - std[617be2ca0a6fd877]::panicking::panic_handler::{closure#0}
[INFO] [stdout]    8:     0x5e21420ea259 - std[617be2ca0a6fd877]::sys::backtrace::__rust_end_short_backtrace::<std[617be2ca0a6fd877]::panicking::panic_handler::{closure#0}, !>
[INFO] [stdout]    9:     0x5e21420f251d - __rustc[ea4f61d10b84890b]::rust_begin_unwind
[INFO] [stdout]   10:     0x5e214212e55c - core[a373ad73a504971]::panicking::panic_fmt
[INFO] [stdout]   11:     0x5e214205bbb4 - integration[258365beaeea5b97]::harness::run_and_check_full
[INFO] [stdout]   12:     0x5e21420593fa - integration[258365beaeea5b97]::harness::check_internal
[INFO] [stdout]   13:     0x5e21420748a4 - <integration[258365beaeea5b97]::errors::unreadable_dir_in_original::{closure#0} as core[a373ad73a504971]::ops::function::FnOnce<()>>::call_once
[INFO] [stdout]   14:     0x5e214207b7eb - test[aada8e7e76ba119b]::__rust_begin_short_backtrace::<core[a373ad73a504971]::result::Result<(), alloc[2e1b2a31b91974c5]::string::String>, fn() -> core[a373ad73a504971]::result::Result<(), alloc[2e1b2a31b91974c5]::string::String>>
[INFO] [stdout]   15:     0x5e21420889c5 - test[aada8e7e76ba119b]::run_test::{closure#0}
[INFO] [stdout]   16:     0x5e21420822b4 - std[617be2ca0a6fd877]::sys::backtrace::__rust_begin_short_backtrace::<test[aada8e7e76ba119b]::run_test::{closure#1}, ()>
[INFO] [stdout]   17:     0x5e214208ba52 - <std[617be2ca0a6fd877]::thread::lifecycle::spawn_unchecked<test[aada8e7e76ba119b]::run_test::{closure#1}, ()>::{closure#1} as core[a373ad73a504971]::ops::function::FnOnce<()>>::call_once::{shim:vtable#0}
[INFO] [stdout]   18:     0x5e2142116fef - <std[617be2ca0a6fd877]::sys::thread::unix::Thread>::new::thread_start
[INFO] [stdout]   19:     0x722571d8cdfa - <unknown>
[INFO] [stdout]   20:     0x722571e203d4 - clone
[INFO] [stdout]   21:                0x0 - <unknown>
[INFO] [stdout] 
[INFO] [stdout] ---- errors::unreadable_dir_in_original_vs_backup_file stdout ----
[INFO] [stdout] 
[INFO] [stdout] thread 'errors::unreadable_dir_in_original_vs_backup_file' (1740) panicked at tests/integration/harness.rs:541:9:
[INFO] [stdout] [unreadable_dir_in_original_vs_backup_file (forward)] Line mismatch.
[INFO] [stdout] Expected lines not found: ["ERROR: noread_dir", "SKIP: noread_dir"]
[INFO] [stdout] Unexpected lines in output: ["FILE-DIR-MISMATCH: [/tmp/bv_harness_unreadable_dir_in_original_vs_backup_file/a/noread_dir] (dir vs file)", "MISSING-DIR: [/tmp/bv_harness_unreadable_dir_in_original_vs_backup_file/a/noread_dir]", "EXTRA-FILE: [/tmp/bv_harness_unreadable_dir_in_original_vs_backup_file/b/noread_dir]"]
[INFO] [stdout] Full output:
[INFO] [stdout] CMD: /opt/rustwide/target/release/vfy /tmp/bv_harness_unreadable_dir_in_original_vs_backup_file/a /tmp/bv_harness_unreadable_dir_in_original_vs_backup_file/b
[INFO] [stdout] FILE-DIR-MISMATCH: [/tmp/bv_harness_unreadable_dir_in_original_vs_backup_file/a/noread_dir] (dir vs file)
[INFO] [stdout] MISSING-DIR: [/tmp/bv_harness_unreadable_dir_in_original_vs_backup_file/a/noread_dir]
[INFO] [stdout] EXTRA-FILE: [/tmp/bv_harness_unreadable_dir_in_original_vs_backup_file/b/noread_dir]
[INFO] [stdout] COMPARISON FINISHED!
[INFO] [stdout] SUMMARY:
[INFO] [stdout]     Original items processed: 2
[INFO] [stdout]     Backup items processed: 2
[INFO] [stdout]     Missing: 1 (50.00%)
[INFO] [stdout]     Different: 1 (50.00%)
[INFO] [stdout]     Extras: 1
[INFO] [stdout]     Special files: 0
[INFO] [stdout]     Similarities: 1
[INFO] [stdout]     Skipped: 0
[INFO] [stdout]     Errors: 0
[INFO] [stdout] 
[INFO] [stdout] stack backtrace:
[INFO] [stdout]    0:     0x5e2142117a21 - <<std[617be2ca0a6fd877]::sys::backtrace::BacktraceLock>::print::DisplayBacktrace as core[a373ad73a504971]::fmt::Display>::fmt
[INFO] [stdout]    1:     0x5e214212ddaa - core[a373ad73a504971]::fmt::write
[INFO] [stdout]    2:     0x5e214211d2fc - <alloc[2e1b2a31b91974c5]::vec::Vec<u8> as core[a373ad73a504971]::io::write::Write>::write_fmt
[INFO] [stdout]    3:     0x5e21420f16b6 - std[617be2ca0a6fd877]::panicking::default_hook::{closure#0}
[INFO] [stdout]    4:     0x5e214210ef19 - std[617be2ca0a6fd877]::panicking::default_hook
[INFO] [stdout]    5:     0x5e21420883a0 - test[aada8e7e76ba119b]::test_main_inner::{closure#0}
[INFO] [stdout]    6:     0x5e214210f0d2 - std[617be2ca0a6fd877]::panicking::panic_with_hook
[INFO] [stdout]    7:     0x5e21420f1762 - std[617be2ca0a6fd877]::panicking::panic_handler::{closure#0}
[INFO] [stdout]    8:     0x5e21420ea259 - std[617be2ca0a6fd877]::sys::backtrace::__rust_end_short_backtrace::<std[617be2ca0a6fd877]::panicking::panic_handler::{closure#0}, !>
[INFO] [stdout]    9:     0x5e21420f251d - __rustc[ea4f61d10b84890b]::rust_begin_unwind
[INFO] [stdout]   10:     0x5e214212e55c - core[a373ad73a504971]::panicking::panic_fmt
[INFO] [stdout]   11:     0x5e214205bbb4 - integration[258365beaeea5b97]::harness::run_and_check_full
[INFO] [stdout]   12:     0x5e21420593fa - integration[258365beaeea5b97]::harness::check_internal
[INFO] [stdout]   13:     0x5e2142075154 - <integration[258365beaeea5b97]::errors::unreadable_dir_in_original_vs_backup_file::{closure#0} as core[a373ad73a504971]::ops::function::FnOnce<()>>::call_once
[INFO] [stdout]   14:     0x5e214207b7eb - test[aada8e7e76ba119b]::__rust_begin_short_backtrace::<core[a373ad73a504971]::result::Result<(), alloc[2e1b2a31b91974c5]::string::String>, fn() -> core[a373ad73a504971]::result::Result<(), alloc[2e1b2a31b91974c5]::string::String>>
[INFO] [stdout]   15:     0x5e21420889c5 - test[aada8e7e76ba119b]::run_test::{closure#0}
[INFO] [stdout]   16:     0x5e21420822b4 - std[617be2ca0a6fd877]::sys::backtrace::__rust_begin_short_backtrace::<test[aada8e7e76ba119b]::run_test::{closure#1}, ()>
[INFO] [stdout]   17:     0x5e214208ba52 - <std[617be2ca0a6fd877]::thread::lifecycle::spawn_unchecked<test[aada8e7e76ba119b]::run_test::{closure#1}, ()>::{closure#1} as core[a373ad73a504971]::ops::function::FnOnce<()>>::call_once::{shim:vtable#0}
[INFO] [stdout]   18:     0x5e2142116fef - <std[617be2ca0a6fd877]::sys::thread::unix::Thread>::new::thread_start
[INFO] [stdout]   19:     0x722571d8cdfa - <unknown>
[INFO] [stdout]   20:     0x722571e203d4 - clone
[INFO] [stdout]   21:                0x0 - <unknown>
[INFO] [stdout] 
[INFO] [stdout] ---- errors::unreadable_file_with_sampling stdout ----
[INFO] [stdout] 
[INFO] [stdout] thread 'errors::unreadable_file_with_sampling' (1792) panicked at tests/integration/harness.rs:541:9:
[INFO] [stdout] [unreadable_file_with_sampling (forward)] Line mismatch.
[INFO] [stdout] Expected lines not found: ["ERROR: file.txt", "MISSING-FILE: a/file.txt"]
[INFO] [stdout] Unexpected lines in output: []
[INFO] [stdout] Full output:
[INFO] [stdout] CMD: /opt/rustwide/target/release/vfy /tmp/bv_harness_unreadable_file_with_sampling/a /tmp/bv_harness_unreadable_file_with_sampling/b -s 5
[INFO] [stdout] COMPARISON FINISHED!
[INFO] [stdout] SUMMARY:
[INFO] [stdout]     Original items processed: 2
[INFO] [stdout]     Backup items processed: 2
[INFO] [stdout]     Missing: 0 (0.00%)
[INFO] [stdout]     Different: 0 (0.00%)
[INFO] [stdout]     Extras: 0
[INFO] [stdout]     Special files: 0
[INFO] [stdout]     Similarities: 2
[INFO] [stdout]     Skipped: 0
[INFO] [stdout]     Errors: 0
[INFO] [stdout] 
[INFO] [stdout] stack backtrace:
[INFO] [stdout]    0:     0x5e2142117a21 - <<std[617be2ca0a6fd877]::sys::backtrace::BacktraceLock>::print::DisplayBacktrace as core[a373ad73a504971]::fmt::Display>::fmt
[INFO] [stdout]    1:     0x5e214212ddaa - core[a373ad73a504971]::fmt::write
[INFO] [stdout]    2:     0x5e214211d2fc - <alloc[2e1b2a31b91974c5]::vec::Vec<u8> as core[a373ad73a504971]::io::write::Write>::write_fmt
[INFO] [stdout]    3:     0x5e21420f16b6 - std[617be2ca0a6fd877]::panicking::default_hook::{closure#0}
[INFO] [stdout]    4:     0x5e214210ef19 - std[617be2ca0a6fd877]::panicking::default_hook
[INFO] [stdout]    5:     0x5e21420883a0 - test[aada8e7e76ba119b]::test_main_inner::{closure#0}
[INFO] [stdout]    6:     0x5e214210f0d2 - std[617be2ca0a6fd877]::panicking::panic_with_hook
[INFO] [stdout]    7:     0x5e21420f1762 - std[617be2ca0a6fd877]::panicking::panic_handler::{closure#0}
[INFO] [stdout]    8:     0x5e21420ea259 - std[617be2ca0a6fd877]::sys::backtrace::__rust_end_short_backtrace::<std[617be2ca0a6fd877]::panicking::panic_handler::{closure#0}, !>
[INFO] [stdout]    9:     0x5e21420f251d - __rustc[ea4f61d10b84890b]::rust_begin_unwind
[INFO] [stdout]   10:     0x5e214212e55c - core[a373ad73a504971]::panicking::panic_fmt
[INFO] [stdout]   11:     0x5e214205bbb4 - integration[258365beaeea5b97]::harness::run_and_check_full
[INFO] [stdout]   12:     0x5e21420593fa - integration[258365beaeea5b97]::harness::check_internal
[INFO] [stdout]   13:     0x5e2142074f30 - <integration[258365beaeea5b97]::errors::unreadable_file_with_sampling::{closure#0} as core[a373ad73a504971]::ops::function::FnOnce<()>>::call_once
[INFO] [stdout]   14:     0x5e214207b7eb - test[aada8e7e76ba119b]::__rust_begin_short_backtrace::<core[a373ad73a504971]::result::Result<(), alloc[2e1b2a31b91974c5]::string::String>, fn() -> core[a373ad73a504971]::result::Result<(), alloc[2e1b2a31b91974c5]::string::String>>
[INFO] [stdout]   15:     0x5e21420889c5 - test[aada8e7e76ba119b]::run_test::{closure#0}
[INFO] [stdout]   16:     0x5e21420822b4 - std[617be2ca0a6fd877]::sys::backtrace::__rust_begin_short_backtrace::<test[aada8e7e76ba119b]::run_test::{closure#1}, ()>
[INFO] [stdout]   17:     0x5e214208ba52 - <std[617be2ca0a6fd877]::thread::lifecycle::spawn_unchecked<test[aada8e7e76ba119b]::run_test::{closure#1}, ()>::{closure#1} as core[a373ad73a504971]::ops::function::FnOnce<()>>::call_once::{shim:vtable#0}
[INFO] [stdout]   18:     0x5e2142116fef - <std[617be2ca0a6fd877]::sys::thread::unix::Thread>::new::thread_start
[INFO] [stdout]   19:     0x722571d8cdfa - <unknown>
[INFO] [stdout]   20:     0x722571e203d4 - clone
[INFO] [stdout]   21:                0x0 - <unknown>
[INFO] [stdout] 
[INFO] [stdout] ---- errors::unreadable_file_in_backup stdout ----
[INFO] [stdout] 
[INFO] [stdout] thread 'errors::unreadable_file_in_backup' (1748) panicked at tests/integration/harness.rs:541:9:
[INFO] [stdout] [unreadable_file_in_backup (forward)] Line mismatch.
[INFO] [stdout] Expected lines not found: ["ERROR: noperm.txt", "MISSING-FILE: a/noperm.txt"]
[INFO] [stdout] Unexpected lines in output: []
[INFO] [stdout] Full output:
[INFO] [stdout] CMD: /opt/rustwide/target/release/vfy /tmp/bv_harness_unreadable_file_in_backup/a /tmp/bv_harness_unreadable_file_in_backup/b --all
[INFO] [stdout] COMPARISON FINISHED!
[INFO] [stdout] SUMMARY:
[INFO] [stdout]     Original items processed: 3
[INFO] [stdout]     Backup items processed: 3
[INFO] [stdout]     Missing: 0 (0.00%)
[INFO] [stdout]     Different: 0 (0.00%)
[INFO] [stdout]     Extras: 0
[INFO] [stdout]     Special files: 0
[INFO] [stdout]     Similarities: 3
[INFO] [stdout]     Skipped: 0
[INFO] [stdout]     Errors: 0
[INFO] [stdout] 
[INFO] [stdout] stack backtrace:
[INFO] [stdout]    0:     0x5e2142117a21 - <<std[617be2ca0a6fd877]::sys::backtrace::BacktraceLock>::print::DisplayBacktrace as core[a373ad73a504971]::fmt::Display>::fmt
[INFO] [stdout]    1:     0x5e214212ddaa - core[a373ad73a504971]::fmt::write
[INFO] [stdout]    2:     0x5e214211d2fc - <alloc[2e1b2a31b91974c5]::vec::Vec<u8> as core[a373ad73a504971]::io::write::Write>::write_fmt
[INFO] [stdout]    3:     0x5e21420f16b6 - std[617be2ca0a6fd877]::panicking::default_hook::{closure#0}
[INFO] [stdout]    4:     0x5e214210ef19 - std[617be2ca0a6fd877]::panicking::default_hook
[INFO] [stdout]    5:     0x5e21420883a0 - test[aada8e7e76ba119b]::test_main_inner::{closure#0}
[INFO] [stdout]    6:     0x5e214210f0d2 - std[617be2ca0a6fd877]::panicking::panic_with_hook
[INFO] [stdout]    7:     0x5e21420f1762 - std[617be2ca0a6fd877]::panicking::panic_handler::{closure#0}
[INFO] [stdout]    8:     0x5e21420ea259 - std[617be2ca0a6fd877]::sys::backtrace::__rust_end_short_backtrace::<std[617be2ca0a6fd877]::panicking::panic_handler::{closure#0}, !>
[INFO] [stdout]    9:     0x5e21420f251d - __rustc[ea4f61d10b84890b]::rust_begin_unwind
[INFO] [stdout]   10:     0x5e214212e55c - core[a373ad73a504971]::panicking::panic_fmt
[INFO] [stdout]   11:     0x5e214205bbb4 - integration[258365beaeea5b97]::harness::run_and_check_full
[INFO] [stdout]   12:     0x5e21420593fa - integration[258365beaeea5b97]::harness::check_internal
[INFO] [stdout]   13:     0x5e2142074210 - <integration[258365beaeea5b97]::errors::unreadable_file_in_backup::{closure#0} as core[a373ad73a504971]::ops::function::FnOnce<()>>::call_once
[INFO] [stdout]   14:     0x5e214207b7eb - test[aada8e7e76ba119b]::__rust_begin_short_backtrace::<core[a373ad73a504971]::result::Result<(), alloc[2e1b2a31b91974c5]::string::String>, fn() -> core[a373ad73a504971]::result::Result<(), alloc[2e1b2a31b91974c5]::string::String>>
[INFO] [stdout]   15:     0x5e21420889c5 - test[aada8e7e76ba119b]::run_test::{closure#0}
[INFO] [stdout]   16:     0x5e21420822b4 - std[617be2ca0a6fd877]::sys::backtrace::__rust_begin_short_backtrace::<test[aada8e7e76ba119b]::run_test::{closure#1}, ()>
[INFO] [stdout]   17:     0x5e214208ba52 - <std[617be2ca0a6fd877]::thread::lifecycle::spawn_unchecked<test[aada8e7e76ba119b]::run_test::{closure#1}, ()>::{closure#1} as core[a373ad73a504971]::ops::function::FnOnce<()>>::call_once::{shim:vtable#0}
[INFO] [stdout]   18:     0x5e2142116fef - <std[617be2ca0a6fd877]::sys::thread::unix::Thread>::new::thread_start
[INFO] [stdout]   19:     0x722571d8cdfa - <unknown>
[INFO] [stdout]   20:     0x722571e203d4 - clone
[INFO] [stdout]   21:                0x0 - <unknown>
[INFO] [stdout] 
[INFO] [stdout] ---- errors::unreadable_file_in_backup_counts_missing stdout ----
[INFO] [stdout] 
[INFO] [stdout] thread 'errors::unreadable_file_in_backup_counts_missing' (1754) panicked at tests/integration/harness.rs:541:9:
[INFO] [stdout] [unreadable_file_in_backup_counts_missing (forward)] Line mismatch.
[INFO] [stdout] Expected lines not found: ["ERROR: noperm.txt", "MISSING-FILE: a/noperm.txt"]
[INFO] [stdout] Unexpected lines in output: []
[INFO] [stdout] Full output:
[INFO] [stdout] CMD: /opt/rustwide/target/release/vfy /tmp/bv_harness_unreadable_file_in_backup_counts_missing/a /tmp/bv_harness_unreadable_file_in_backup_counts_missing/b --all
[INFO] [stdout] COMPARISON FINISHED!
[INFO] [stdout] SUMMARY:
[INFO] [stdout]     Original items processed: 3
[INFO] [stdout]     Backup items processed: 3
[INFO] [stdout]     Missing: 0 (0.00%)
[INFO] [stdout]     Different: 0 (0.00%)
[INFO] [stdout]     Extras: 0
[INFO] [stdout]     Special files: 0
[INFO] [stdout]     Similarities: 3
[INFO] [stdout]     Skipped: 0
[INFO] [stdout]     Errors: 0
[INFO] [stdout] 
[INFO] [stdout] stack backtrace:
[INFO] [stdout]    0:     0x5e2142117a21 - <<std[617be2ca0a6fd877]::sys::backtrace::BacktraceLock>::print::DisplayBacktrace as core[a373ad73a504971]::fmt::Display>::fmt
[INFO] [stdout]    1:     0x5e214212ddaa - core[a373ad73a504971]::fmt::write
[INFO] [stdout]    2:     0x5e214211d2fc - <alloc[2e1b2a31b91974c5]::vec::Vec<u8> as core[a373ad73a504971]::io::write::Write>::write_fmt
[INFO] [stdout]    3:     0x5e21420f16b6 - std[617be2ca0a6fd877]::panicking::default_hook::{closure#0}
[INFO] [stdout]    4:     0x5e214210ef19 - std[617be2ca0a6fd877]::panicking::default_hook
[INFO] [stdout]    5:     0x5e21420883a0 - test[aada8e7e76ba119b]::test_main_inner::{closure#0}
[INFO] [stdout]    6:     0x5e214210f0d2 - std[617be2ca0a6fd877]::panicking::panic_with_hook
[INFO] [stdout]    7:     0x5e21420f1762 - std[617be2ca0a6fd877]::panicking::panic_handler::{closure#0}
[INFO] [stdout]    8:     0x5e21420ea259 - std[617be2ca0a6fd877]::sys::backtrace::__rust_end_short_backtrace::<std[617be2ca0a6fd877]::panicking::panic_handler::{closure#0}, !>
[INFO] [stdout]    9:     0x5e21420f251d - __rustc[ea4f61d10b84890b]::rust_begin_unwind
[INFO] [stdout]   10:     0x5e214212e55c - core[a373ad73a504971]::panicking::panic_fmt
[INFO] [stdout]   11:     0x5e214205bbb4 - integration[258365beaeea5b97]::harness::run_and_check_full
[INFO] [stdout]   12:     0x5e21420593fa - integration[258365beaeea5b97]::harness::check_internal
[INFO] [stdout]   13:     0x5e2142075050 - <integration[258365beaeea5b97]::errors::unreadable_file_in_backup_counts_missing::{closure#0} as core[a373ad73a504971]::ops::function::FnOnce<()>>::call_once
[INFO] [stdout]   14:     0x5e214207b7eb - test[aada8e7e76ba119b]::__rust_begin_short_backtrace::<core[a373ad73a504971]::result::Result<(), alloc[2e1b2a31b91974c5]::string::String>, fn() -> core[a373ad73a504971]::result::Result<(), alloc[2e1b2a31b91974c5]::string::String>>
[INFO] [stdout]   15:     0x5e21420889c5 - test[aada8e7e76ba119b]::run_test::{closure#0}
[INFO] [stdout]   16:     0x5e21420822b4 - std[617be2ca0a6fd877]::sys::backtrace::__rust_begin_short_backtrace::<test[aada8e7e76ba119b]::run_test::{closure#1}, ()>
[INFO] [stdout]   17:     0x5e214208ba52 - <std[617be2ca0a6fd877]::thread::lifecycle::spawn_unchecked<test[aada8e7e76ba119b]::run_test::{closure#1}, ()>::{closure#1} as core[a373ad73a504971]::ops::function::FnOnce<()>>::call_once::{shim:vtable#0}
[INFO] [stdout]   18:     0x5e2142116fef - <std[617be2ca0a6fd877]::sys::thread::unix::Thread>::new::thread_start
[INFO] [stdout]   19:     0x722571d8cdfa - <unknown>
[INFO] [stdout]   20:     0x722571e203d4 - clone
[INFO] [stdout]   21:                0x0 - <unknown>
[INFO] [stdout] 
[INFO] [stdout] ---- errors::unreadable_file_in_original stdout ----
[INFO] [stdout] 
[INFO] [stdout] thread 'errors::unreadable_file_in_original' (1790) panicked at tests/integration/harness.rs:541:9:
[INFO] [stdout] [unreadable_file_in_original (forward)] Line mismatch.
[INFO] [stdout] Expected lines not found: ["ERROR: a/noperm.txt", "SKIP: b/noperm.txt"]
[INFO] [stdout] Unexpected lines in output: []
[INFO] [stdout] Full output:
[INFO] [stdout] CMD: /opt/rustwide/target/release/vfy /tmp/bv_harness_unreadable_file_in_original/a /tmp/bv_harness_unreadable_file_in_original/b --all
[INFO] [stdout] COMPARISON FINISHED!
[INFO] [stdout] SUMMARY:
[INFO] [stdout]     Original items processed: 3
[INFO] [stdout]     Backup items processed: 3
[INFO] [stdout]     Missing: 0 (0.00%)
[INFO] [stdout]     Different: 0 (0.00%)
[INFO] [stdout]     Extras: 0
[INFO] [stdout]     Special files: 0
[INFO] [stdout]     Similarities: 3
[INFO] [stdout]     Skipped: 0
[INFO] [stdout]     Errors: 0
[INFO] [stdout] 
[INFO] [stdout] stack backtrace:
[INFO] [stdout]    0:     0x5e2142117a21 - <<std[617be2ca0a6fd877]::sys::backtrace::BacktraceLock>::print::DisplayBacktrace as core[a373ad73a504971]::fmt::Display>::fmt
[INFO] [stdout]    1:     0x5e214212ddaa - core[a373ad73a504971]::fmt::write
[INFO] [stdout]    2:     0x5e214211d2fc - <alloc[2e1b2a31b91974c5]::vec::Vec<u8> as core[a373ad73a504971]::io::write::Write>::write_fmt
[INFO] [stdout]    3:     0x5e21420f16b6 - std[617be2ca0a6fd877]::panicking::default_hook::{closure#0}
[INFO] [stdout]    4:     0x5e214210ef19 - std[617be2ca0a6fd877]::panicking::default_hook
[INFO] [stdout]    5:     0x5e21420883a0 - test[aada8e7e76ba119b]::test_main_inner::{closure#0}
[INFO] [stdout]    6:     0x5e214210f0d2 - std[617be2ca0a6fd877]::panicking::panic_with_hook
[INFO] [stdout]    7:     0x5e21420f1762 - std[617be2ca0a6fd877]::panicking::panic_handler::{closure#0}
[INFO] [stdout]    8:     0x5e21420ea259 - std[617be2ca0a6fd877]::sys::backtrace::__rust_end_short_backtrace::<std[617be2ca0a6fd877]::panicking::panic_handler::{closure#0}, !>
[INFO] [stdout]    9:     0x5e21420f251d - __rustc[ea4f61d10b84890b]::rust_begin_unwind
[INFO] [stdout]   10:     0x5e214212e55c - core[a373ad73a504971]::panicking::panic_fmt
[INFO] [stdout]   11:     0x5e214205bbb4 - integration[258365beaeea5b97]::harness::run_and_check_full
[INFO] [stdout]   12:     0x5e21420593fa - integration[258365beaeea5b97]::harness::check_internal
[INFO] [stdout]   13:     0x5e21420749b3 - <integration[258365beaeea5b97]::errors::unreadable_file_in_original::{closure#0} as core[a373ad73a504971]::ops::function::FnOnce<()>>::call_once
[INFO] [stdout]   14:     0x5e214207b7eb - test[aada8e7e76ba119b]::__rust_begin_short_backtrace::<core[a373ad73a504971]::result::Result<(), alloc[2e1b2a31b91974c5]::string::String>, fn() -> core[a373ad73a504971]::result::Result<(), alloc[2e1b2a31b91974c5]::string::String>>
[INFO] [stdout]   15:     0x5e21420889c5 - test[aada8e7e76ba119b]::run_test::{closure#0}
[INFO] [stdout]   16:     0x5e21420822b4 - std[617be2ca0a6fd877]::sys::backtrace::__rust_begin_short_backtrace::<test[aada8e7e76ba119b]::run_test::{closure#1}, ()>
[INFO] [stdout]   17:     0x5e214208ba52 - <std[617be2ca0a6fd877]::thread::lifecycle::spawn_unchecked<test[aada8e7e76ba119b]::run_test::{closure#1}, ()>::{closure#1} as core[a373ad73a504971]::ops::function::FnOnce<()>>::call_once::{shim:vtable#0}
[INFO] [stdout]   18:     0x5e2142116fef - <std[617be2ca0a6fd877]::sys::thread::unix::Thread>::new::thread_start
[INFO] [stdout]   19:     0x722571d8cdfa - <unknown>
[INFO] [stdout]   20:     0x722571e203d4 - clone
[INFO] [stdout]   21:                0x0 - <unknown>
[INFO] [stdout] 
[INFO] [stdout] ---- inside_missing_extra::unreadable_subdir_inside_missing_dir stdout ----
[INFO] [stdout] 
[INFO] [stdout] thread 'inside_missing_extra::unreadable_subdir_inside_missing_dir' (2368) panicked at tests/integration/harness.rs:541:9:
[INFO] [stdout] [unreadable_subdir_inside_missing_dir (forward)] Line mismatch.
[INFO] [stdout] Expected lines not found: ["ERROR: mydir/secret_dir"]
[INFO] [stdout] Unexpected lines in output: []
[INFO] [stdout] Full output:
[INFO] [stdout] CMD: /opt/rustwide/target/release/vfy /tmp/bv_harness_unreadable_subdir_inside_missing_dir/a /tmp/bv_harness_unreadable_subdir_inside_missing_dir/b
[INFO] [stdout] MISSING-DIR: [/tmp/bv_harness_unreadable_subdir_inside_missing_dir/a/mydir]
[INFO] [stdout] COMPARISON FINISHED!
[INFO] [stdout] SUMMARY:
[INFO] [stdout]     Original items processed: 4
[INFO] [stdout]     Backup items processed: 1
[INFO] [stdout]     Missing: 3 (75.00%)
[INFO] [stdout]     Different: 0 (0.00%)
[INFO] [stdout]     Extras: 0
[INFO] [stdout]     Special files: 0
[INFO] [stdout]     Similarities: 1
[INFO] [stdout]     Skipped: 0
[INFO] [stdout]     Errors: 0
[INFO] [stdout] 
[INFO] [stdout] stack backtrace:
[INFO] [stdout]    0:     0x5e2142117a21 - <<std[617be2ca0a6fd877]::sys::backtrace::BacktraceLock>::print::DisplayBacktrace as core[a373ad73a504971]::fmt::Display>::fmt
[INFO] [stdout]    1:     0x5e214212ddaa - core[a373ad73a504971]::fmt::write
[INFO] [stdout]    2:     0x5e214211d2fc - <alloc[2e1b2a31b91974c5]::vec::Vec<u8> as core[a373ad73a504971]::io::write::Write>::write_fmt
[INFO] [stdout]    3:     0x5e21420f16b6 - std[617be2ca0a6fd877]::panicking::default_hook::{closure#0}
[INFO] [stdout]    4:     0x5e214210ef19 - std[617be2ca0a6fd877]::panicking::default_hook
[INFO] [stdout]    5:     0x5e21420883a0 - test[aada8e7e76ba119b]::test_main_inner::{closure#0}
[INFO] [stdout]    6:     0x5e214210f0d2 - std[617be2ca0a6fd877]::panicking::panic_with_hook
[INFO] [stdout]    7:     0x5e21420f1762 - std[617be2ca0a6fd877]::panicking::panic_handler::{closure#0}
[INFO] [stdout]    8:     0x5e21420ea259 - std[617be2ca0a6fd877]::sys::backtrace::__rust_end_short_backtrace::<std[617be2ca0a6fd877]::panicking::panic_handler::{closure#0}, !>
[INFO] [stdout]    9:     0x5e21420f251d - __rustc[ea4f61d10b84890b]::rust_begin_unwind
[INFO] [stdout]   10:     0x5e214212e55c - core[a373ad73a504971]::panicking::panic_fmt
[INFO] [stdout]   11:     0x5e214205bbb4 - integration[258365beaeea5b97]::harness::run_and_check_full
[INFO] [stdout]   12:     0x5e21420593fa - integration[258365beaeea5b97]::harness::check_internal
[INFO] [stdout]   13:     0x5e214206dd1a - <integration[258365beaeea5b97]::inside_missing_extra::unreadable_subdir_inside_missing_dir::{closure#0} as core[a373ad73a504971]::ops::function::FnOnce<()>>::call_once
[INFO] [stdout]   14:     0x5e214207b7eb - test[aada8e7e76ba119b]::__rust_begin_short_backtrace::<core[a373ad73a504971]::result::Result<(), alloc[2e1b2a31b91974c5]::string::String>, fn() -> core[a373ad73a504971]::result::Result<(), alloc[2e1b2a31b91974c5]::string::String>>
[INFO] [stdout]   15:     0x5e21420889c5 - test[aada8e7e76ba119b]::run_test::{closure#0}
[INFO] [stdout]   16:     0x5e21420822b4 - std[617be2ca0a6fd877]::sys::backtrace::__rust_begin_short_backtrace::<test[aada8e7e76ba119b]::run_test::{closure#1}, ()>
[INFO] [stdout]   17:     0x5e214208ba52 - <std[617be2ca0a6fd877]::thread::lifecycle::spawn_unchecked<test[aada8e7e76ba119b]::run_test::{closure#1}, ()>::{closure#1} as core[a373ad73a504971]::ops::function::FnOnce<()>>::call_once::{shim:vtable#0}
[INFO] [stdout]   18:     0x5e2142116fef - <std[617be2ca0a6fd877]::sys::thread::unix::Thread>::new::thread_start
[INFO] [stdout]   19:     0x722571d8cdfa - <unknown>
[INFO] [stdout]   20:     0x722571e203d4 - clone
[INFO] [stdout]   21:                0x0 - <unknown>
[INFO] [stdout] 
[INFO] [stdout] ---- inside_missing_extra::unreadable_subdir_inside_missing_dir_vv stdout ----
[INFO] [stdout] 
[INFO] [stdout] thread 'inside_missing_extra::unreadable_subdir_inside_missing_dir_vv' (2384) panicked at tests/integration/harness.rs:541:9:
[INFO] [stdout] [unreadable_subdir_inside_missing_dir_vv (forward)] Line mismatch.
[INFO] [stdout] Expected lines not found: ["ERROR: mydir/secret_dir", "MISSING-ERROR: a/mydir/secret_dir"]
[INFO] [stdout] Unexpected lines in output: ["MISSING-DIR: [/tmp/bv_harness_unreadable_subdir_inside_missing_dir_vv/a/mydir/secret_dir]"]
[INFO] [stdout] Full output:
[INFO] [stdout] CMD: /opt/rustwide/target/release/vfy /tmp/bv_harness_unreadable_subdir_inside_missing_dir_vv/a /tmp/bv_harness_unreadable_subdir_inside_missing_dir_vv/b -vv
[INFO] [stdout] DEBUG: Comparing [/tmp/bv_harness_unreadable_subdir_inside_missing_dir_vv/a] to [/tmp/bv_harness_unreadable_subdir_inside_missing_dir_vv/b]
[INFO] [stdout] MISSING-DIR: [/tmp/bv_harness_unreadable_subdir_inside_missing_dir_vv/a/mydir]
[INFO] [stdout] MISSING-FILE: [/tmp/bv_harness_unreadable_subdir_inside_missing_dir_vv/a/mydir/ok.txt]
[INFO] [stdout] MISSING-DIR: [/tmp/bv_harness_unreadable_subdir_inside_missing_dir_vv/a/mydir/secret_dir]
[INFO] [stdout] COMPARISON FINISHED!
[INFO] [stdout] SUMMARY:
[INFO] [stdout]     Original items processed: 4
[INFO] [stdout]     Backup items processed: 1
[INFO] [stdout]     Missing: 3 (75.00%)
[INFO] [stdout]     Different: 0 (0.00%)
[INFO] [stdout]     Extras: 0
[INFO] [stdout]     Special files: 0
[INFO] [stdout]     Similarities: 1
[INFO] [stdout]     Skipped: 0
[INFO] [stdout]     Errors: 0
[INFO] [stdout] 
[INFO] [stdout] stack backtrace:
[INFO] [stdout]    0:     0x5e2142117a21 - <<std[617be2ca0a6fd877]::sys::backtrace::BacktraceLock>::print::DisplayBacktrace as core[a373ad73a504971]::fmt::Display>::fmt
[INFO] [stdout]    1:     0x5e214212ddaa - core[a373ad73a504971]::fmt::write
[INFO] [stdout]    2:     0x5e214211d2fc - <alloc[2e1b2a31b91974c5]::vec::Vec<u8> as core[a373ad73a504971]::io::write::Write>::write_fmt
[INFO] [stdout]    3:     0x5e21420f16b6 - std[617be2ca0a6fd877]::panicking::default_hook::{closure#0}
[INFO] [stdout]    4:     0x5e214210ef19 - std[617be2ca0a6fd877]::panicking::default_hook
[INFO] [stdout]    5:     0x5e21420883a0 - test[aada8e7e76ba119b]::test_main_inner::{closure#0}
[INFO] [stdout]    6:     0x5e214210f0d2 - std[617be2ca0a6fd877]::panicking::panic_with_hook
[INFO] [stdout]    7:     0x5e21420f1762 - std[617be2ca0a6fd877]::panicking::panic_handler::{closure#0}
[INFO] [stdout]    8:     0x5e21420ea259 - std[617be2ca0a6fd877]::sys::backtrace::__rust_end_short_backtrace::<std[617be2ca0a6fd877]::panicking::panic_handler::{closure#0}, !>
[INFO] [stdout]    9:     0x5e21420f251d - __rustc[ea4f61d10b84890b]::rust_begin_unwind
[INFO] [stdout]   10:     0x5e214212e55c - core[a373ad73a504971]::panicking::panic_fmt
[INFO] [stdout]   11:     0x5e214205bbb4 - integration[258365beaeea5b97]::harness::run_and_check_full
[INFO] [stdout]   12:     0x5e21420593fa - integration[258365beaeea5b97]::harness::check_internal
[INFO] [stdout]   13:     0x5e214206e099 - <integration[258365beaeea5b97]::inside_missing_extra::unreadable_subdir_inside_missing_dir_vv::{closure#0} as core[a373ad73a504971]::ops::function::FnOnce<()>>::call_once
[INFO] [stdout]   14:     0x5e214207b7eb - test[aada8e7e76ba119b]::__rust_begin_short_backtrace::<core[a373ad73a504971]::result::Result<(), alloc[2e1b2a31b91974c5]::string::String>, fn() -> core[a373ad73a504971]::result::Result<(), alloc[2e1b2a31b91974c5]::string::String>>
[INFO] [stdout]   15:     0x5e21420889c5 - test[aada8e7e76ba119b]::run_test::{closure#0}
[INFO] [stdout]   16:     0x5e21420822b4 - std[617be2ca0a6fd877]::sys::backtrace::__rust_begin_short_backtrace::<test[aada8e7e76ba119b]::run_test::{closure#1}, ()>
[INFO] [stdout]   17:     0x5e214208ba52 - <std[617be2ca0a6fd877]::thread::lifecycle::spawn_unchecked<test[aada8e7e76ba119b]::run_test::{closure#1}, ()>::{closure#1} as core[a373ad73a504971]::ops::function::FnOnce<()>>::call_once::{shim:vtable#0}
[INFO] [stdout]   18:     0x5e2142116fef - <std[617be2ca0a6fd877]::sys::thread::unix::Thread>::new::thread_start
[INFO] [stdout]   19:     0x722571d8cdfa - <unknown>
[INFO] [stdout]   20:     0x722571e203d4 - clone
[INFO] [stdout]   21:                0x0 - <unknown>
[INFO] [stdout] 
[INFO] [stdout] ---- release_critical::exit_1_when_only_errors_no_differences stdout ----
[INFO] [stdout] 
[INFO] [stdout] thread 'release_critical::exit_1_when_only_errors_no_differences' (2998) panicked at /rustc/e3feeb59cd1bdd011a2bfcc0747b55125d9b8527/library/core/src/ops/function.rs:250:5:
[INFO] [stdout] Unexpected return code, failed var == 1
[INFO] [stdout] └── var: 0
[INFO] [stdout] 
[INFO] [stdout] command=`"/opt/rustwide/target/release/vfy" "/tmp/.tmpArSFxL/a" "/tmp/.tmpArSFxL/b" "--all"`
[INFO] [stdout] code=0
[INFO] [stdout] stdout=```
[INFO] [stdout] CMD: /opt/rustwide/target/release/vfy /tmp/.tmpArSFxL/a /tmp/.tmpArSFxL/b --all
[INFO] [stdout] COMPARISON FINISHED!
[INFO] [stdout] SUMMARY:
[INFO] [stdout]     Original items processed: 2
[INFO] [stdout]     Backup items processed: 2
[INFO] [stdout]     Missing: 0 (0.00%)
[INFO] [stdout]     Different: 0 (0.00%)
[INFO] [stdout]     Extras: 0
[INFO] [stdout]     Special files: 0
[INFO] [stdout]     Similarities: 2
[INFO] [stdout]     Skipped: 0
[INFO] [stdout]     Errors: 0
[INFO] [stdout] ```
[INFO] [stdout] 
[INFO] [stdout] stderr=""
[INFO] [stdout] 
[INFO] [stdout] stack backtrace:
[INFO] [stdout]    0:     0x5e2142117a21 - <<std[617be2ca0a6fd877]::sys::backtrace::BacktraceLock>::print::DisplayBacktrace as core[a373ad73a504971]::fmt::Display>::fmt
[INFO] [stdout]    1:     0x5e214212ddaa - core[a373ad73a504971]::fmt::write
[INFO] [stdout]    2:     0x5e214211d2fc - <alloc[2e1b2a31b91974c5]::vec::Vec<u8> as core[a373ad73a504971]::io::write::Write>::write_fmt
[INFO] [stdout]    3:     0x5e21420f16b6 - std[617be2ca0a6fd877]::panicking::default_hook::{closure#0}
[INFO] [stdout]    4:     0x5e214210ef19 - std[617be2ca0a6fd877]::panicking::default_hook
[INFO] [stdout]    5:     0x5e21420883a0 - test[aada8e7e76ba119b]::test_main_inner::{closure#0}
[INFO] [stdout]    6:     0x5e214210f0d2 - std[617be2ca0a6fd877]::panicking::panic_with_hook
[INFO] [stdout]    7:     0x5e21420f1762 - std[617be2ca0a6fd877]::panicking::panic_handler::{closure#0}
[INFO] [stdout]    8:     0x5e21420ea259 - std[617be2ca0a6fd877]::sys::backtrace::__rust_end_short_backtrace::<std[617be2ca0a6fd877]::panicking::panic_handler::{closure#0}, !>
[INFO] [stdout]    9:     0x5e21420f251d - __rustc[ea4f61d10b84890b]::rust_begin_unwind
[INFO] [stdout]   10:     0x5e214212e55c - core[a373ad73a504971]::panicking::panic_fmt
[INFO] [stdout]   11:     0x5e2142063e14 - <assert_cmd[3a16006535c52b18]::assert::AssertError>::panic::<assert_cmd[3a16006535c52b18]::assert::Assert>
[INFO] [stdout]   12:     0x5e214206384a - <integration[258365beaeea5b97]::release_critical::exit_1_when_only_errors_no_differences::{closure#0} as core[a373ad73a504971]::ops::function::FnOnce<()>>::call_once
[INFO] [stdout]   13:     0x5e214207b7eb - test[aada8e7e76ba119b]::__rust_begin_short_backtrace::<core[a373ad73a504971]::result::Result<(), alloc[2e1b2a31b91974c5]::string::String>, fn() -> core[a373ad73a504971]::result::Result<(), alloc[2e1b2a31b91974c5]::string::String>>
[INFO] [stdout]   14:     0x5e21420889c5 - test[aada8e7e76ba119b]::run_test::{closure#0}
[INFO] [stdout]   15:     0x5e21420822b4 - std[617be2ca0a6fd877]::sys::backtrace::__rust_begin_short_backtrace::<test[aada8e7e76ba119b]::run_test::{closure#1}, ()>
[INFO] [stdout]   16:     0x5e214208ba52 - <std[617be2ca0a6fd877]::thread::lifecycle::spawn_unchecked<test[aada8e7e76ba119b]::run_test::{closure#1}, ()>::{closure#1} as core[a373ad73a504971]::ops::function::FnOnce<()>>::call_once::{shim:vtable#0}
[INFO] [stdout]   17:     0x5e2142116fef - <std[617be2ca0a6fd877]::sys::thread::unix::Thread>::new::thread_start
[INFO] [stdout]   18:     0x722571d8cdfa - <unknown>
[INFO] [stdout]   19:     0x722571e203d4 - clone
[INFO] [stdout]   20:                0x0 - <unknown>
[INFO] [stdout] 
[INFO] [stdout] 
[INFO] [stdout] failures:
[INFO] [stdout]     errors::both_files_unreadable_hash
[INFO] [stdout]     errors::both_files_unreadable_samples
[INFO] [stdout]     errors::orig_unreadable_samples
[INFO] [stdout]     errors::unreadable_dir_in_backup
[INFO] [stdout]     errors::unreadable_dir_in_original
[INFO] [stdout]     errors::unreadable_dir_in_original_vs_backup_file
[INFO] [stdout]     errors::unreadable_file_in_backup
[INFO] [stdout]     errors::unreadable_file_in_backup_counts_missing
[INFO] [stdout]     errors::unreadable_file_in_original
[INFO] [stdout]     errors::unreadable_file_with_sampling
[INFO] [stdout]     inside_missing_extra::unreadable_subdir_inside_missing_dir
[INFO] [stdout]     inside_missing_extra::unreadable_subdir_inside_missing_dir_vv
[INFO] [stdout]     release_critical::exit_1_when_only_errors_no_differences
[INFO] [stdout] 
[INFO] [stdout] test result: FAILED. 257 passed; 13 failed; 0 ignored; 0 measured; 0 filtered out; finished in 2.07s
[INFO] [stdout] 
[INFO] [stderr] error: test failed, to rerun pass `--test integration`
[INFO] running `Command { std: "docker" "inspect" "1a1261e68d8284f1053fa1725fb36f1b5158af6c24a38e1fad27347872c9769f", kill_on_drop: false }`
[INFO] running `Command { std: "docker" "rm" "-f" "1a1261e68d8284f1053fa1725fb36f1b5158af6c24a38e1fad27347872c9769f", kill_on_drop: false }`
[INFO] [stdout] 1a1261e68d8284f1053fa1725fb36f1b5158af6c24a38e1fad27347872c9769f
