[INFO] fetching crate vexo_macros 0.1.0...
[INFO] testing vexo_macros-0.1.0 against 1.99.0-beta.8+cargoflags=--release for beta-release-1.100-2
[INFO] extracting crate vexo_macros 0.1.0 into /workspace/builds/worker-2-tc1/source
[INFO] started tweaking crates.io crate vexo_macros 0.1.0
[INFO] removed 0 missing tests
[INFO] finished tweaking crates.io crate vexo_macros 0.1.0
[INFO] tweaked toml for crates.io crate vexo_macros 0.1.0 written to /workspace/builds/worker-2-tc1/source/Cargo.toml
[INFO] validating manifest of crates.io crate vexo_macros 0.1.0 on toolchain 1.99.0-beta.8
[INFO] running `Command { std: CARGO_HOME="/workspace/cargo-home" RUSTUP_HOME="/workspace/rustup-home" "/workspace/cargo-home/bin/cargo" "+1.99.0-beta.8" "metadata" "--manifest-path" "Cargo.toml" "--no-deps", kill_on_drop: false }`
[INFO] crate crates.io crate vexo_macros 0.1.0 already has a lockfile, it will not be regenerated
[INFO] running `Command { std: CARGO_HOME="/workspace/cargo-home" RUSTUP_HOME="/workspace/rustup-home" "/workspace/cargo-home/bin/cargo" "+1.99.0-beta.8" "fetch" "--manifest-path" "Cargo.toml", kill_on_drop: false }`
[INFO] [stderr]  Downloading crates ...
[INFO] [stderr]   Downloaded target-triple v1.0.1
[INFO] [stderr]   Downloaded trybuild v1.0.118
[INFO] running `Command { std: "docker" "create" "-v" "/var/lib/crater-agent-workspace/builds/worker-2-tc1/source:/opt/rustwide/workdir:ro,Z" "-v" "/var/lib/crater-agent-workspace/builds/worker-2-tc1/target:/opt/rustwide/target:rw,Z" "-v" "/var/lib/crater-agent-workspace/cargo-home:/opt/rustwide/cargo-home:ro,Z" "-v" "/var/lib/crater-agent-workspace/rustup-home:/opt/rustwide/rustup-home:ro,Z" "-m" "1610612736" "--network" "none" "ghcr.io/rust-lang/crates-build-env/linux@sha256:77db811e55d90add9212f6832c23229e3de5f1c1f9905e8cb07319ea15df73ac" "sleep" "infinity", kill_on_drop: false }`
[INFO] [stdout] 2bf723097fe3486fd52ee201cbbd9a3a917882da46b4145fc6e11628a25e7d74
[INFO] running `Command { std: "docker" "start" "2bf723097fe3486fd52ee201cbbd9a3a917882da46b4145fc6e11628a25e7d74", kill_on_drop: false }`
[INFO] running `Command { std: "docker" "inspect" "2bf723097fe3486fd52ee201cbbd9a3a917882da46b4145fc6e11628a25e7d74", kill_on_drop: false }`
[INFO] running `Command { std: "docker" "exec" "-e" "SOURCE_DIR=/opt/rustwide/workdir" "-e" "CARGO_HOME=/opt/rustwide/cargo-home" "-e" "RUSTUP_HOME=/opt/rustwide/rustup-home" "-e" "CARGO_TARGET_DIR=/opt/rustwide/target" "-w" "/opt/rustwide/workdir" "--user" "0:0" "2bf723097fe3486fd52ee201cbbd9a3a917882da46b4145fc6e11628a25e7d74" "/opt/rustwide/cargo-home/bin/cargo" "+1.99.0-beta.8" "metadata" "--no-deps" "--format-version=1", kill_on_drop: false }`
[INFO] running `Command { std: "docker" "inspect" "2bf723097fe3486fd52ee201cbbd9a3a917882da46b4145fc6e11628a25e7d74", kill_on_drop: false }`
[INFO] running `Command { std: "docker" "exec" "-e" "SOURCE_DIR=/opt/rustwide/workdir" "-e" "CARGO_HOME=/opt/rustwide/cargo-home" "-e" "RUSTUP_HOME=/opt/rustwide/rustup-home" "-e" "CARGO_TARGET_DIR=/opt/rustwide/target" "-e" "CARGO_INCREMENTAL=0" "-e" "RUST_BACKTRACE=full" "-e" "RUSTFLAGS=--cap-lints=warn" "-e" "RUSTDOCFLAGS=--cap-lints=warn" "-w" "/opt/rustwide/workdir" "--user" "0:0" "2bf723097fe3486fd52ee201cbbd9a3a917882da46b4145fc6e11628a25e7d74" "/opt/rustwide/cargo-home/bin/cargo" "+1.99.0-beta.8" "build" "--frozen" "--message-format=json" "--release", kill_on_drop: false }`
[INFO] [stderr]    Compiling vexo_macros v0.1.0 (/opt/rustwide/workdir)
[INFO] [stderr]     Finished `release` profile [optimized] target(s) in 2.26s
[INFO] running `Command { std: "docker" "inspect" "2bf723097fe3486fd52ee201cbbd9a3a917882da46b4145fc6e11628a25e7d74", kill_on_drop: false }`
[INFO] running `Command { std: "docker" "exec" "-e" "SOURCE_DIR=/opt/rustwide/workdir" "-e" "CARGO_HOME=/opt/rustwide/cargo-home" "-e" "RUSTUP_HOME=/opt/rustwide/rustup-home" "-e" "CARGO_TARGET_DIR=/opt/rustwide/target" "-e" "CARGO_INCREMENTAL=0" "-e" "RUST_BACKTRACE=full" "-e" "RUSTFLAGS=--cap-lints=warn" "-e" "RUSTDOCFLAGS=--cap-lints=warn" "-w" "/opt/rustwide/workdir" "--user" "0:0" "2bf723097fe3486fd52ee201cbbd9a3a917882da46b4145fc6e11628a25e7d74" "/opt/rustwide/cargo-home/bin/cargo" "+1.99.0-beta.8" "test" "--frozen" "--no-run" "--message-format=json" "--release", kill_on_drop: false }`
[INFO] [stderr]    Compiling target-triple v1.0.1
[INFO] [stderr]    Compiling toml_writer v1.1.2+spec-1.1.0
[INFO] [stderr]    Compiling serde v1.0.229
[INFO] [stderr]    Compiling toml_parser v1.1.2+spec-1.1.0
[INFO] [stderr]    Compiling toml_datetime v1.1.1+spec-1.1.0
[INFO] [stderr]    Compiling serde_spanned v1.1.1
[INFO] [stderr]    Compiling syn v3.0.3
[INFO] [stderr]    Compiling serde_json v1.0.151
[INFO] [stderr]    Compiling vexo_macros v0.1.0 (/opt/rustwide/workdir)
[INFO] [stderr]    Compiling syn v2.0.119
[INFO] [stderr]    Compiling toml v1.1.3+spec-1.1.0
[INFO] [stderr]    Compiling serde_derive v1.0.229
[INFO] [stderr]    Compiling trybuild v1.0.118
[INFO] [stderr]     Finished `release` profile [optimized] target(s) in 33.69s
[INFO] running `Command { std: "docker" "inspect" "2bf723097fe3486fd52ee201cbbd9a3a917882da46b4145fc6e11628a25e7d74", kill_on_drop: false }`
[INFO] running `Command { std: "docker" "exec" "-e" "SOURCE_DIR=/opt/rustwide/workdir" "-e" "CARGO_HOME=/opt/rustwide/cargo-home" "-e" "RUSTUP_HOME=/opt/rustwide/rustup-home" "-e" "CARGO_TARGET_DIR=/opt/rustwide/target" "-e" "CARGO_INCREMENTAL=0" "-e" "RUST_BACKTRACE=full" "-e" "RUSTFLAGS=--cap-lints=warn" "-e" "RUSTDOCFLAGS=--cap-lints=warn" "-w" "/opt/rustwide/workdir" "--user" "0:0" "2bf723097fe3486fd52ee201cbbd9a3a917882da46b4145fc6e11628a25e7d74" "/opt/rustwide/cargo-home/bin/cargo" "+1.99.0-beta.8" "test" "--frozen" "--release", kill_on_drop: false }`
[INFO] [stderr]     Finished `release` profile [optimized] target(s) in 0.06s
[INFO] [stderr]      Running unittests src/lib.rs (/opt/rustwide/target/release/deps/vexo_macros-119381bf2eb9e52b)
[INFO] [stdout] 
[INFO] [stdout] running 0 tests
[INFO] [stdout] 
[INFO] [stdout] test result: ok. 0 passed; 0 failed; 0 ignored; 0 measured; 0 filtered out; finished in 0.00s
[INFO] [stdout] 
[INFO] [stderr]      Running tests/ui.rs (/opt/rustwide/target/release/deps/ui-f10101e4547c497e)
[INFO] [stdout] 
[INFO] [stdout] running 1 test
[INFO] [stderr]    Compiling proc-macro2 v1.0.107
[INFO] [stderr]    Compiling quote v1.0.47
[INFO] [stderr]    Compiling unicode-ident v1.0.24
[INFO] [stderr]    Compiling syn v2.0.119
[INFO] [stderr]    Compiling vexo_macros v0.1.0 (/opt/rustwide/workdir)
[INFO] [stderr]    Compiling vexo_macros-tests v0.0.0 (/opt/rustwide/target/tests/trybuild/vexo_macros)
[INFO] [stderr]     Finished `dev` profile [unoptimized + debuginfo] target(s) in 8.10s
[INFO] [stderr] 
[INFO] [stderr] 
[INFO] [stderr] test tests/ui/column_basic_passes.rs [should pass] ... error
[INFO] [stderr] ┈┈┈┈┈┈┈┈┈┈┈┈┈┈┈┈┈┈┈┈┈┈┈┈┈┈┈┈┈┈┈┈┈┈┈┈┈┈┈┈┈┈┈┈┈┈┈┈┈┈┈┈┈┈┈┈┈┈┈┈
[INFO] [stderr] error[E0432]: unresolved import `vexo`
[INFO] [stderr]  --> tests/ui/column_basic_passes.rs:4:5
[INFO] [stderr]   |
[INFO] [stderr] 4 | use vexo::Text;
[INFO] [stderr]   |     ^^^^ use of unresolved module or unlinked crate `vexo`
[INFO] [stderr]   |
[INFO] [stderr]   = help: if you wanted to use a crate named `vexo`, use `cargo add vexo` to add it to your `Cargo.toml`
[INFO] [stderr] 
[INFO] [stderr] error[E0432]: unresolved import `vexo`
[INFO] [stderr]  --> tests/ui/column_basic_passes.rs:5:5
[INFO] [stderr]   |
[INFO] [stderr] 5 | use vexo::{column, row};
[INFO] [stderr]   |     ^^^^ use of unresolved module or unlinked crate `vexo`
[INFO] [stderr]   |
[INFO] [stderr]   = help: if you wanted to use a crate named `vexo`, use `cargo add vexo` to add it to your `Cargo.toml`
[INFO] [stderr] ┈┈┈┈┈┈┈┈┈┈┈┈┈┈┈┈┈┈┈┈┈┈┈┈┈┈┈┈┈┈┈┈┈┈┈┈┈┈┈┈┈┈┈┈┈┈┈┈┈┈┈┈┈┈┈┈┈┈┈┈
[INFO] [stderr] 
[INFO] [stderr] test tests/ui/conditionals_passes.rs [should pass] ... error
[INFO] [stderr] ┈┈┈┈┈┈┈┈┈┈┈┈┈┈┈┈┈┈┈┈┈┈┈┈┈┈┈┈┈┈┈┈┈┈┈┈┈┈┈┈┈┈┈┈┈┈┈┈┈┈┈┈┈┈┈┈┈┈┈┈
[INFO] [stderr] error[E0432]: unresolved import `vexo`
[INFO] [stderr]  --> tests/ui/conditionals_passes.rs:1:5
[INFO] [stderr]   |
[INFO] [stderr] 1 | use vexo::Text;
[INFO] [stderr]   |     ^^^^ use of unresolved module or unlinked crate `vexo`
[INFO] [stderr]   |
[INFO] [stderr]   = help: if you wanted to use a crate named `vexo`, use `cargo add vexo` to add it to your `Cargo.toml`
[INFO] [stderr] 
[INFO] [stderr] error[E0432]: unresolved import `vexo`
[INFO] [stderr]  --> tests/ui/conditionals_passes.rs:2:5
[INFO] [stderr]   |
[INFO] [stderr] 2 | use vexo::{column, row};
[INFO] [stderr]   |     ^^^^ use of unresolved module or unlinked crate `vexo`
[INFO] [stderr]   |
[INFO] [stderr]   = help: if you wanted to use a crate named `vexo`, use `cargo add vexo` to add it to your `Cargo.toml`
[INFO] [stderr] ┈┈┈┈┈┈┈┈┈┈┈┈┈┈┈┈┈┈┈┈┈┈┈┈┈┈┈┈┈┈┈┈┈┈┈┈┈┈┈┈┈┈┈┈┈┈┈┈┈┈┈┈┈┈┈┈┈┈┈┈
[INFO] [stderr] 
[INFO] [stderr] test tests/ui/let_binding_fails.rs [should fail to compile] ... mismatch
[INFO] [stderr] 
[INFO] [stderr] EXPECTED:
[INFO] [stderr] ┈┈┈┈┈┈┈┈┈┈┈┈┈┈┈┈┈┈┈┈┈┈┈┈┈┈┈┈┈┈┈┈┈┈┈┈┈┈┈┈┈┈┈┈┈┈┈┈┈┈┈┈┈┈┈┈┈┈┈┈
[INFO] [stderr] error: let bindings are not allowed inside a builder block; compute outside
[INFO] [stderr]  --> tests/ui/let_binding_fails.rs:6:9
[INFO] [stderr]   |
[INFO] [stderr] 6 |         let x = 42;
[INFO] [stderr]   |         ^^^
[INFO] [stderr] 
[INFO] [stderr] warning: unused import: `vexo::Text`
[INFO] [stderr]  --> tests/ui/let_binding_fails.rs:2:5
[INFO] [stderr]   |
[INFO] [stderr] 2 | use vexo::Text;
[INFO] [stderr]   |     ^^^^^^^^^^
[INFO] [stderr]   |
[INFO] [stderr]   = note: `#[warn(unused_imports)]` (part of `#[warn(unused)]`) on by default
[INFO] [stderr] ┈┈┈┈┈┈┈┈┈┈┈┈┈┈┈┈┈┈┈┈┈┈┈┈┈┈┈┈┈┈┈┈┈┈┈┈┈┈┈┈┈┈┈┈┈┈┈┈┈┈┈┈┈┈┈┈┈┈┈┈
[INFO] [stderr] 
[INFO] [stderr] ACTUAL OUTPUT:
[INFO] [stderr] ┈┈┈┈┈┈┈┈┈┈┈┈┈┈┈┈┈┈┈┈┈┈┈┈┈┈┈┈┈┈┈┈┈┈┈┈┈┈┈┈┈┈┈┈┈┈┈┈┈┈┈┈┈┈┈┈┈┈┈┈
[INFO] [stderr] error[E0432]: unresolved import `vexo`
[INFO] [stderr]  --> tests/ui/let_binding_fails.rs:1:5
[INFO] [stderr]   |
[INFO] [stderr] 1 | use vexo::column;
[INFO] [stderr]   |     ^^^^ use of unresolved module or unlinked crate `vexo`
[INFO] [stderr]   |
[INFO] [stderr]   = help: if you wanted to use a crate named `vexo`, use `cargo add vexo` to add it to your `Cargo.toml`
[INFO] [stderr] 
[INFO] [stderr] error[E0432]: unresolved import `vexo`
[INFO] [stderr]  --> tests/ui/let_binding_fails.rs:2:5
[INFO] [stderr]   |
[INFO] [stderr] 2 | use vexo::Text;
[INFO] [stderr]   |     ^^^^ use of unresolved module or unlinked crate `vexo`
[INFO] [stderr]   |
[INFO] [stderr]   = help: if you wanted to use a crate named `vexo`, use `cargo add vexo` to add it to your `Cargo.toml`
[INFO] [stderr] ┈┈┈┈┈┈┈┈┈┈┈┈┈┈┈┈┈┈┈┈┈┈┈┈┈┈┈┈┈┈┈┈┈┈┈┈┈┈┈┈┈┈┈┈┈┈┈┈┈┈┈┈┈┈┈┈┈┈┈┈
[INFO] [stderr] note: If the actual output is the correct output you can bless it by rerunning
[INFO] [stderr]       your test with the environment variable TRYBUILD=overwrite
[INFO] [stderr] 
[INFO] [stderr] test tests/ui/mixed_separators_fails.rs [should fail to compile] ... mismatch
[INFO] [stdout] test ui ... FAILED
[INFO] [stderr] 
[INFO] [stdout] 
[INFO] [stderr] EXPECTED:
[INFO] [stdout] failures:
[INFO] [stderr] ┈┈┈┈┈┈┈┈┈┈┈┈┈┈┈┈┈┈┈┈┈┈┈┈┈┈┈┈┈┈┈┈┈┈┈┈┈┈┈┈┈┈┈┈┈┈┈┈┈┈┈┈┈┈┈┈┈┈┈┈
[INFO] [stdout] 
[INFO] [stderr] error: mixing `,` and `;` separators is not allowed inside `column!`/`row!`; pick one
[INFO] [stdout] ---- ui stdout ----
[INFO] [stderr]  --> tests/ui/mixed_separators_fails.rs:7:23
[INFO] [stdout] 
[INFO] [stderr]   |
[INFO] [stdout] thread 'ui' (582) panicked at /opt/rustwide/cargo-home/registry/src/index.crates.io-1949cf8c6b5b557f/trybuild-1.0.118/src/run.rs:102:13:
[INFO] [stderr] 7 |         Text::new("b");
[INFO] [stdout] 4 of 4 tests failed
[INFO] [stderr]   |                       ^
[INFO] [stdout] stack backtrace:
[INFO] [stderr] 
[INFO] [stdout]    0:     0x5af10aaa5811 - <<std[70759c8f55707aa4]::sys::backtrace::BacktraceLock>::print::DisplayBacktrace as core[df12db4294e9bfd3]::fmt::Display>::fmt
[INFO] [stderr] warning: unused import: `vexo::Text`
[INFO] [stdout]    1:     0x5af10aabbe9a - core[df12db4294e9bfd3]::fmt::write
[INFO] [stderr]  --> tests/ui/mixed_separators_fails.rs:2:5
[INFO] [stdout]    2:     0x5af10aaaa2dc - <alloc[2182bb758b4b3781]::vec::Vec<u8> as core[df12db4294e9bfd3]::io::write::Write>::write_fmt
[INFO] [stderr]   |
[INFO] [stdout]    3:     0x5af10aa7ecf6 - std[70759c8f55707aa4]::panicking::default_hook::{closure#0}
[INFO] [stderr] 2 | use vexo::Text;
[INFO] [stdout]    4:     0x5af10aa9ce89 - std[70759c8f55707aa4]::panicking::default_hook
[INFO] [stderr]   |     ^^^^^^^^^^
[INFO] [stdout]    5:     0x5af10aa36160 - test[9d35eded1c95d3be]::test_main_inner::<test[9d35eded1c95d3be]::test_main_static::{closure#0}>::{closure#0}
[INFO] [stderr]   |
[INFO] [stdout]    6:     0x5af10aa9d042 - std[70759c8f55707aa4]::panicking::panic_with_hook
[INFO] [stderr]   = note: `#[warn(unused_imports)]` (part of `#[warn(unused)]`) on by default
[INFO] [stdout]    7:     0x5af10aa7eda2 - std[70759c8f55707aa4]::panicking::panic_handler::{closure#0}
[INFO] [stderr] ┈┈┈┈┈┈┈┈┈┈┈┈┈┈┈┈┈┈┈┈┈┈┈┈┈┈┈┈┈┈┈┈┈┈┈┈┈┈┈┈┈┈┈┈┈┈┈┈┈┈┈┈┈┈┈┈┈┈┈┈
[INFO] [stdout]    8:     0x5af10aa77669 - std[70759c8f55707aa4]::sys::backtrace::__rust_end_short_backtrace::<std[70759c8f55707aa4]::panicking::panic_handler::{closure#0}, !>
[INFO] [stderr] 
[INFO] [stdout]    9:     0x5af10aa7f99d - __rustc[8fa7c3cbc660c2b3]::rust_begin_unwind
[INFO] [stderr] ACTUAL OUTPUT:
[INFO] [stdout]   10:     0x5af10aabc60c - core[df12db4294e9bfd3]::panicking::panic_fmt
[INFO] [stderr] ┈┈┈┈┈┈┈┈┈┈┈┈┈┈┈┈┈┈┈┈┈┈┈┈┈┈┈┈┈┈┈┈┈┈┈┈┈┈┈┈┈┈┈┈┈┈┈┈┈┈┈┈┈┈┈┈┈┈┈┈
[INFO] [stdout]   11:     0x5af10a989763 - <trybuild[ceb28c308edcc9]::Runner>::run
[INFO] [stderr] error[E0432]: unresolved import `vexo`
[INFO] [stdout]   12:     0x5af10a98cb40 - <trybuild[ceb28c308edcc9]::TestCases as core[df12db4294e9bfd3]::ops::drop::Drop>::drop
[INFO] [stderr]  --> tests/ui/mixed_separators_fails.rs:1:5
[INFO] [stdout]   13:     0x5af10a983cc6 - ui[53359b0949672d04]::ui
[INFO] [stderr]   |
[INFO] [stdout]   14:     0x5af10a983ef9 - <ui[53359b0949672d04]::ui::{closure#0} as core[df12db4294e9bfd3]::ops::function::FnOnce<()>>::call_once
[INFO] [stderr] 1 | use vexo::column;
[INFO] [stdout]   15:     0x5af10aa2944b - test[9d35eded1c95d3be]::__rust_begin_short_backtrace::<core[df12db4294e9bfd3]::result::Result<(), alloc[2182bb758b4b3781]::string::String>, fn() -> core[df12db4294e9bfd3]::result::Result<(), alloc[2182bb758b4b3781]::string::String>>
[INFO] [stderr]   |     ^^^^ use of unresolved module or unlinked crate `vexo`
[INFO] [stdout]   16:     0x5af10aa36ab5 - test[9d35eded1c95d3be]::run_test::{closure#0}
[INFO] [stderr]   |
[INFO] [stdout]   17:     0x5af10aa30374 - std[70759c8f55707aa4]::sys::backtrace::__rust_begin_short_backtrace::<test[9d35eded1c95d3be]::run_test::{closure#1}, ()>
[INFO] [stderr]   = help: if you wanted to use a crate named `vexo`, use `cargo add vexo` to add it to your `Cargo.toml`
[INFO] [stdout]   18:     0x5af10aa39c12 - <std[70759c8f55707aa4]::thread::lifecycle::spawn_unchecked<test[9d35eded1c95d3be]::run_test::{closure#1}, ()>::{closure#1} as core[df12db4294e9bfd3]::ops::function::FnOnce<()>>::call_once::{shim:vtable#0}
[INFO] [stderr] 
[INFO] [stdout]   19:     0x5af10aaa4ac9 - <std[70759c8f55707aa4]::sys::thread::unix::Thread>::new::thread_start
[INFO] [stderr] error[E0432]: unresolved import `vexo`
[INFO] [stdout]   20:     0x74e5eff3fdfa - <unknown>
[INFO] [stderr]  --> tests/ui/mixed_separators_fails.rs:2:5
[INFO] [stdout]   21:     0x74e5effd33d4 - clone
[INFO] [stderr]   |
[INFO] [stdout]   22:                0x0 - <unknown>
[INFO] [stderr] 2 | use vexo::Text;
[INFO] [stdout] 
[INFO] [stderr]   |     ^^^^ use of unresolved module or unlinked crate `vexo`
[INFO] [stdout] 
[INFO] [stderr]   |
[INFO] [stdout] failures:
[INFO] [stderr]   = help: if you wanted to use a crate named `vexo`, use `cargo add vexo` to add it to your `Cargo.toml`
[INFO] [stdout]     ui
[INFO] [stderr] ┈┈┈┈┈┈┈┈┈┈┈┈┈┈┈┈┈┈┈┈┈┈┈┈┈┈┈┈┈┈┈┈┈┈┈┈┈┈┈┈┈┈┈┈┈┈┈┈┈┈┈┈┈┈┈┈┈┈┈┈
[INFO] [stdout] 
[INFO] [stderr] note: If the actual output is the correct output you can bless it by rerunning
[INFO] [stdout] test result: FAILED. 0 passed; 1 failed; 0 ignored; 0 measured; 0 filtered out; finished in 13.80s
[INFO] [stderr]       your test with the environment variable TRYBUILD=overwrite
[INFO] [stdout] 
[INFO] [stderr] 
[INFO] [stderr] 
[INFO] [stderr] 
[INFO] [stderr] error: test failed, to rerun pass `--test ui`
[INFO] running `Command { std: "docker" "inspect" "2bf723097fe3486fd52ee201cbbd9a3a917882da46b4145fc6e11628a25e7d74", kill_on_drop: false }`
[INFO] running `Command { std: "docker" "rm" "-f" "2bf723097fe3486fd52ee201cbbd9a3a917882da46b4145fc6e11628a25e7d74", kill_on_drop: false }`
[INFO] [stdout] 2bf723097fe3486fd52ee201cbbd9a3a917882da46b4145fc6e11628a25e7d74
