[INFO] fetching crate vexilc 0.6.0...
[INFO] testing vexilc-0.6.0 against 1.99.0-beta.8+cargoflags=--release for beta-release-1.100-2
[INFO] extracting crate vexilc 0.6.0 into /workspace/builds/worker-3-tc1/source
[INFO] started tweaking crates.io crate vexilc 0.6.0
[INFO] removed 0 missing tests
[INFO] finished tweaking crates.io crate vexilc 0.6.0
[INFO] tweaked toml for crates.io crate vexilc 0.6.0 written to /workspace/builds/worker-3-tc1/source/Cargo.toml
[INFO] validating manifest of crates.io crate vexilc 0.6.0 on toolchain 1.99.0-beta.8
[INFO] running `Command { std: CARGO_HOME="/workspace/cargo-home" RUSTUP_HOME="/workspace/rustup-home" "/workspace/cargo-home/bin/cargo" "+1.99.0-beta.8" "metadata" "--manifest-path" "Cargo.toml" "--no-deps", kill_on_drop: false }`
[INFO] crate crates.io crate vexilc 0.6.0 already has a lockfile, it will not be regenerated
[INFO] running `Command { std: CARGO_HOME="/workspace/cargo-home" RUSTUP_HOME="/workspace/rustup-home" "/workspace/cargo-home/bin/cargo" "+1.99.0-beta.8" "fetch" "--manifest-path" "Cargo.toml", kill_on_drop: false }`
[INFO] [stderr]     Updating crates.io index
[INFO] [stderr]  Downloading crates ...
[INFO] [stderr]   Downloaded vexil-lang v0.5.0
[INFO] [stderr]   Downloaded vexil-runtime v0.6.0
[INFO] [stderr]   Downloaded vexil-store v0.5.0
[INFO] [stderr]   Downloaded vexil-codegen-ts v0.5.0
[INFO] [stderr]   Downloaded vexil-codegen-rust v0.5.0
[INFO] [stderr]   Downloaded vexil-codegen-go v0.5.0
[INFO] [stderr]   Downloaded vexil-codegen-py v0.5.0
[INFO] running `Command { std: "docker" "create" "-v" "/var/lib/crater-agent-workspace/builds/worker-3-tc1/source:/opt/rustwide/workdir:ro,Z" "-v" "/var/lib/crater-agent-workspace/builds/worker-3-tc1/target:/opt/rustwide/target:rw,Z" "-v" "/var/lib/crater-agent-workspace/cargo-home:/opt/rustwide/cargo-home:ro,Z" "-v" "/var/lib/crater-agent-workspace/rustup-home:/opt/rustwide/rustup-home:ro,Z" "-m" "1610612736" "--network" "none" "ghcr.io/rust-lang/crates-build-env/linux@sha256:77db811e55d90add9212f6832c23229e3de5f1c1f9905e8cb07319ea15df73ac" "sleep" "infinity", kill_on_drop: false }`
[INFO] [stdout] 8caec1619c08877557d7295d103eca1d3ebaf19553a46a4ae3d753f90546c828
[INFO] running `Command { std: "docker" "start" "8caec1619c08877557d7295d103eca1d3ebaf19553a46a4ae3d753f90546c828", kill_on_drop: false }`
[INFO] running `Command { std: "docker" "inspect" "8caec1619c08877557d7295d103eca1d3ebaf19553a46a4ae3d753f90546c828", kill_on_drop: false }`
[INFO] running `Command { std: "docker" "exec" "-e" "SOURCE_DIR=/opt/rustwide/workdir" "-e" "CARGO_HOME=/opt/rustwide/cargo-home" "-e" "RUSTUP_HOME=/opt/rustwide/rustup-home" "-e" "CARGO_TARGET_DIR=/opt/rustwide/target" "-w" "/opt/rustwide/workdir" "--user" "0:0" "8caec1619c08877557d7295d103eca1d3ebaf19553a46a4ae3d753f90546c828" "/opt/rustwide/cargo-home/bin/cargo" "+1.99.0-beta.8" "metadata" "--no-deps" "--format-version=1", kill_on_drop: false }`
[INFO] running `Command { std: "docker" "inspect" "8caec1619c08877557d7295d103eca1d3ebaf19553a46a4ae3d753f90546c828", kill_on_drop: false }`
[INFO] running `Command { std: "docker" "exec" "-e" "SOURCE_DIR=/opt/rustwide/workdir" "-e" "CARGO_HOME=/opt/rustwide/cargo-home" "-e" "RUSTUP_HOME=/opt/rustwide/rustup-home" "-e" "CARGO_TARGET_DIR=/opt/rustwide/target" "-e" "CARGO_INCREMENTAL=0" "-e" "RUST_BACKTRACE=full" "-e" "RUSTFLAGS=--cap-lints=warn" "-e" "RUSTDOCFLAGS=--cap-lints=warn" "-w" "/opt/rustwide/workdir" "--user" "0:0" "8caec1619c08877557d7295d103eca1d3ebaf19553a46a4ae3d753f90546c828" "/opt/rustwide/cargo-home/bin/cargo" "+1.99.0-beta.8" "build" "--frozen" "--message-format=json" "--release", kill_on_drop: false }`
[INFO] [stderr]    Compiling thiserror v2.0.19
[INFO] [stderr]    Compiling syn v3.0.3
[INFO] [stderr]    Compiling cc v1.2.58
[INFO] [stderr]    Compiling constant_time_eq v0.4.2
[INFO] [stderr]    Compiling arrayvec v0.7.6
[INFO] [stderr]    Compiling arrayref v0.3.9
[INFO] [stderr]    Compiling smol_str v0.3.6
[INFO] [stderr]    Compiling libc v0.2.183
[INFO] [stderr]    Compiling bitflags v2.11.0
[INFO] [stderr]    Compiling yansi v1.0.1
[INFO] [stderr]    Compiling serde_json v1.0.151
[INFO] [stderr]    Compiling notify-types v2.1.0
[INFO] [stderr]    Compiling ariadne v0.6.0
[INFO] [stderr]    Compiling inotify-sys v0.1.5
[INFO] [stderr]    Compiling mio v1.2.0
[INFO] [stderr]    Compiling inotify v0.11.1
[INFO] [stderr]    Compiling blake3 v1.8.5
[INFO] [stderr]    Compiling notify v8.2.0
[INFO] [stderr]    Compiling thiserror-impl v2.0.19
[INFO] [stderr]    Compiling serde_derive v1.0.229
[INFO] [stderr]    Compiling vexil-lang v0.5.0
[INFO] [stderr]    Compiling vexil-runtime v0.6.0
[INFO] [stderr]    Compiling serde v1.0.229
[INFO] [stderr]    Compiling vexil-codegen-rust v0.5.0
[INFO] [stderr]    Compiling vexil-codegen-ts v0.5.0
[INFO] [stderr]    Compiling vexil-codegen-py v0.5.0
[INFO] [stderr]    Compiling vexil-codegen-go v0.5.0
[INFO] [stderr]    Compiling vexil-store v0.5.0
[INFO] [stderr]    Compiling vexilc v0.6.0 (/opt/rustwide/workdir)
[INFO] [stderr]     Finished `release` profile [optimized] target(s) in 42.24s
[INFO] running `Command { std: "docker" "inspect" "8caec1619c08877557d7295d103eca1d3ebaf19553a46a4ae3d753f90546c828", kill_on_drop: false }`
[INFO] running `Command { std: "docker" "exec" "-e" "SOURCE_DIR=/opt/rustwide/workdir" "-e" "CARGO_HOME=/opt/rustwide/cargo-home" "-e" "RUSTUP_HOME=/opt/rustwide/rustup-home" "-e" "CARGO_TARGET_DIR=/opt/rustwide/target" "-e" "CARGO_INCREMENTAL=0" "-e" "RUST_BACKTRACE=full" "-e" "RUSTFLAGS=--cap-lints=warn" "-e" "RUSTDOCFLAGS=--cap-lints=warn" "-w" "/opt/rustwide/workdir" "--user" "0:0" "8caec1619c08877557d7295d103eca1d3ebaf19553a46a4ae3d753f90546c828" "/opt/rustwide/cargo-home/bin/cargo" "+1.99.0-beta.8" "test" "--frozen" "--no-run" "--message-format=json" "--release", kill_on_drop: false }`
[INFO] [stderr]    Compiling notify-types v2.1.0
[INFO] [stderr]    Compiling getrandom v0.4.2
[INFO] [stderr]    Compiling inotify v0.11.1
[INFO] [stderr]    Compiling tempfile v3.27.0
[INFO] [stderr]    Compiling notify v8.2.0
[INFO] [stderr]    Compiling vexilc v0.6.0 (/opt/rustwide/workdir)
[INFO] [stderr]     Finished `release` profile [optimized] target(s) in 7.35s
[INFO] running `Command { std: "docker" "inspect" "8caec1619c08877557d7295d103eca1d3ebaf19553a46a4ae3d753f90546c828", kill_on_drop: false }`
[INFO] running `Command { std: "docker" "exec" "-e" "SOURCE_DIR=/opt/rustwide/workdir" "-e" "CARGO_HOME=/opt/rustwide/cargo-home" "-e" "RUSTUP_HOME=/opt/rustwide/rustup-home" "-e" "CARGO_TARGET_DIR=/opt/rustwide/target" "-e" "CARGO_INCREMENTAL=0" "-e" "RUST_BACKTRACE=full" "-e" "RUSTFLAGS=--cap-lints=warn" "-e" "RUSTDOCFLAGS=--cap-lints=warn" "-w" "/opt/rustwide/workdir" "--user" "0:0" "8caec1619c08877557d7295d103eca1d3ebaf19553a46a4ae3d753f90546c828" "/opt/rustwide/cargo-home/bin/cargo" "+1.99.0-beta.8" "test" "--frozen" "--release", kill_on_drop: false }`
[INFO] [stderr]     Finished `release` profile [optimized] target(s) in 0.08s
[INFO] [stderr]      Running unittests src/main.rs (/opt/rustwide/target/release/deps/vexilc-8427799828abdfb6)
[INFO] [stderr]      Running tests/build.rs (/opt/rustwide/target/release/deps/build-7c51e893fa717501)
[INFO] [stdout] 
[INFO] [stdout] running 0 tests
[INFO] [stdout] 
[INFO] [stdout] test result: ok. 0 passed; 0 failed; 0 ignored; 0 measured; 0 filtered out; finished in 0.00s
[INFO] [stdout] 
[INFO] [stdout] 
[INFO] [stdout] running 3 tests
[INFO] [stdout] test build_with_unknown_qualified_trait_emits_no_partial_files ... ok
[INFO] [stdout] test build_rejects_imported_trait_local_name_collisions_without_partial_files ... ok
[INFO] [stdout] test build_rejects_distinct_imported_trait_name_collisions_without_partial_files ... ok
[INFO] [stdout] 
[INFO] [stdout] test result: ok. 3 passed; 0 failed; 0 ignored; 0 measured; 0 filtered out; finished in 0.04s
[INFO] [stdout] 
[INFO] [stderr]      Running tests/compat.rs (/opt/rustwide/target/release/deps/compat-abacfa9de98632ed)
[INFO] [stdout] 
[INFO] [stdout] running 5 tests
[INFO] [stdout] test compat_json_format ... FAILED
[INFO] [stdout] test compat_different_schemas_detects_namespace_change ... FAILED
[INFO] [stdout] test compat_identical_returns_0 ... FAILED
[INFO] [stdout] test compat_breaking_change_with_tempfiles ... ok
[INFO] [stdout] test compat_compatible_addition_with_tempfiles ... ok
[INFO] [stdout] 
[INFO] [stdout] failures:
[INFO] [stdout] 
[INFO] [stdout] ---- compat_json_format stdout ----
[INFO] [stdout] 
[INFO] [stdout] thread 'compat_json_format' (1084) panicked at tests/compat.rs:52:5:
[INFO] [stdout] expected exit 0, got Some(2)
[INFO] [stdout] stderr: error: /opt/rustwide/workdir/../../corpus/valid/019_evolution_append_field.vexil: No such file or directory (os error 2)
[INFO] [stdout] 
[INFO] [stdout] stack backtrace:
[INFO] [stdout]    0:     0x5d80ce5546b1 - <<std[70759c8f55707aa4]::sys::backtrace::BacktraceLock>::print::DisplayBacktrace as core[df12db4294e9bfd3]::fmt::Display>::fmt
[INFO] [stdout]    1:     0x5d80ce56958a - core[df12db4294e9bfd3]::fmt::write
[INFO] [stdout]    2:     0x5d80ce558dac - <alloc[2182bb758b4b3781]::vec::Vec<u8> as core[df12db4294e9bfd3]::io::write::Write>::write_fmt
[INFO] [stdout]    3:     0x5d80ce52f806 - std[70759c8f55707aa4]::panicking::default_hook::{closure#0}
[INFO] [stdout]    4:     0x5d80ce54c709 - std[70759c8f55707aa4]::panicking::default_hook
[INFO] [stdout]    5:     0x5d80ce4e7c10 - test[9d35eded1c95d3be]::test_main_inner::<test[9d35eded1c95d3be]::test_main_static::{closure#0}>::{closure#0}
[INFO] [stdout]    6:     0x5d80ce54c8c2 - std[70759c8f55707aa4]::panicking::panic_with_hook
[INFO] [stdout]    7:     0x5d80ce52f8b2 - std[70759c8f55707aa4]::panicking::panic_handler::{closure#0}
[INFO] [stdout]    8:     0x5d80ce528519 - std[70759c8f55707aa4]::sys::backtrace::__rust_end_short_backtrace::<std[70759c8f55707aa4]::panicking::panic_handler::{closure#0}, !>
[INFO] [stdout]    9:     0x5d80ce5304ad - __rustc[8fa7c3cbc660c2b3]::rust_begin_unwind
[INFO] [stdout]   10:     0x5d80ce569cbc - core[df12db4294e9bfd3]::panicking::panic_fmt
[INFO] [stdout]   11:     0x5d80ce4ceb4f - <compat[4b5313a73d3ca547]::compat_json_format::{closure#0} as core[df12db4294e9bfd3]::ops::function::FnOnce<()>>::call_once
[INFO] [stdout]   12:     0x5d80ce4daefb - test[9d35eded1c95d3be]::__rust_begin_short_backtrace::<core[df12db4294e9bfd3]::result::Result<(), alloc[2182bb758b4b3781]::string::String>, fn() -> core[df12db4294e9bfd3]::result::Result<(), alloc[2182bb758b4b3781]::string::String>>
[INFO] [stdout]   13:     0x5d80ce4e8565 - test[9d35eded1c95d3be]::run_test::{closure#0}
[INFO] [stdout]   14:     0x5d80ce4e1e24 - std[70759c8f55707aa4]::sys::backtrace::__rust_begin_short_backtrace::<test[9d35eded1c95d3be]::run_test::{closure#1}, ()>
[INFO] [stdout]   15:     0x5d80ce4eb6c2 - <std[70759c8f55707aa4]::thread::lifecycle::spawn_unchecked<test[9d35eded1c95d3be]::run_test::{closure#1}, ()>::{closure#1} as core[df12db4294e9bfd3]::ops::function::FnOnce<()>>::call_once::{shim:vtable#0}
[INFO] [stdout]   16:     0x5d80ce553f89 - <std[70759c8f55707aa4]::sys::thread::unix::Thread>::new::thread_start
[INFO] [stdout]   17:     0x785424816dfa - <unknown>
[INFO] [stdout]   18:     0x7854248aa3d4 - clone
[INFO] [stdout]   19:                0x0 - <unknown>
[INFO] [stdout] 
[INFO] [stdout] ---- compat_different_schemas_detects_namespace_change stdout ----
[INFO] [stdout] 
[INFO] [stdout] thread 'compat_different_schemas_detects_namespace_change' (1082) panicked at tests/compat.rs:80:5:
[INFO] [stdout] assertion `left == right` failed: expected exit 1 for breaking changes
[INFO] [stdout] stdout: 
[INFO] [stdout] stderr: error: /opt/rustwide/workdir/../../corpus/valid/001_minimal.vexil: No such file or directory (os error 2)
[INFO] [stdout] 
[INFO] [stdout]   left: Some(2)
[INFO] [stdout]  right: Some(1)
[INFO] [stdout] stack backtrace:
[INFO] [stdout]    0:     0x5d80ce5546b1 - <<std[70759c8f55707aa4]::sys::backtrace::BacktraceLock>::print::DisplayBacktrace as core[df12db4294e9bfd3]::fmt::Display>::fmt
[INFO] [stdout]    1:     0x5d80ce56958a - core[df12db4294e9bfd3]::fmt::write
[INFO] [stdout]    2:     0x5d80ce558dac - <alloc[2182bb758b4b3781]::vec::Vec<u8> as core[df12db4294e9bfd3]::io::write::Write>::write_fmt
[INFO] [stdout]    3:     0x5d80ce52f806 - std[70759c8f55707aa4]::panicking::default_hook::{closure#0}
[INFO] [stdout]    4:     0x5d80ce54c709 - std[70759c8f55707aa4]::panicking::default_hook
[INFO] [stdout]    5:     0x5d80ce4e7c10 - test[9d35eded1c95d3be]::test_main_inner::<test[9d35eded1c95d3be]::test_main_static::{closure#0}>::{closure#0}
[INFO] [stdout]    6:     0x5d80ce54c8c2 - std[70759c8f55707aa4]::panicking::panic_with_hook
[INFO] [stdout]    7:     0x5d80ce52f8b2 - std[70759c8f55707aa4]::panicking::panic_handler::{closure#0}
[INFO] [stdout]    8:     0x5d80ce528519 - std[70759c8f55707aa4]::sys::backtrace::__rust_end_short_backtrace::<std[70759c8f55707aa4]::panicking::panic_handler::{closure#0}, !>
[INFO] [stdout]    9:     0x5d80ce5304ad - __rustc[8fa7c3cbc660c2b3]::rust_begin_unwind
[INFO] [stdout]   10:     0x5d80ce569cbc - core[df12db4294e9bfd3]::panicking::panic_fmt
[INFO] [stdout]   11:     0x5d80ce569c33 - core[df12db4294e9bfd3]::panicking::assert_failed_inner
[INFO] [stdout]   12:     0x5d80ce4d0e49 - core[df12db4294e9bfd3]::panicking::assert_failed::<core[df12db4294e9bfd3]::option::Option<i32>, core[df12db4294e9bfd3]::option::Option<i32>>
[INFO] [stdout]   13:     0x5d80ce4d082f - <compat[4b5313a73d3ca547]::compat_different_schemas_detects_namespace_change::{closure#0} as core[df12db4294e9bfd3]::ops::function::FnOnce<()>>::call_once
[INFO] [stdout]   14:     0x5d80ce4daefb - test[9d35eded1c95d3be]::__rust_begin_short_backtrace::<core[df12db4294e9bfd3]::result::Result<(), alloc[2182bb758b4b3781]::string::String>, fn() -> core[df12db4294e9bfd3]::result::Result<(), alloc[2182bb758b4b3781]::string::String>>
[INFO] [stdout]   15:     0x5d80ce4e8565 - test[9d35eded1c95d3be]::run_test::{closure#0}
[INFO] [stdout]   16:     0x5d80ce4e1e24 - std[70759c8f55707aa4]::sys::backtrace::__rust_begin_short_backtrace::<test[9d35eded1c95d3be]::run_test::{closure#1}, ()>
[INFO] [stdout]   17:     0x5d80ce4eb6c2 - <std[70759c8f55707aa4]::thread::lifecycle::spawn_unchecked<test[9d35eded1c95d3be]::run_test::{closure#1}, ()>::{closure#1} as core[df12db4294e9bfd3]::ops::function::FnOnce<()>>::call_once::{shim:vtable#0}
[INFO] [stdout]   18:     0x5d80ce553f89 - <std[70759c8f55707aa4]::sys::thread::unix::Thread>::new::thread_start
[INFO] [stdout]   19:     0x785424816dfa - <unknown>
[INFO] [stdout]   20:     0x7854248aa3d4 - clone
[INFO] [stdout]   21:                0x0 - <unknown>
[INFO] [stdout] 
[INFO] [stdout] ---- compat_identical_returns_0 stdout ----
[INFO] [stdout] 
[INFO] [stdout] thread 'compat_identical_returns_0' (1083) panicked at tests/compat.rs:25:5:
[INFO] [stdout] expected exit 0, got Some(2)
[INFO] [stdout] stdout: 
[INFO] [stdout] stderr: error: /opt/rustwide/workdir/../../corpus/valid/019_evolution_append_field.vexil: No such file or directory (os error 2)
[INFO] [stdout] 
[INFO] [stdout] stack backtrace:
[INFO] [stdout]    0:     0x5d80ce5546b1 - <<std[70759c8f55707aa4]::sys::backtrace::BacktraceLock>::print::DisplayBacktrace as core[df12db4294e9bfd3]::fmt::Display>::fmt
[INFO] [stdout]    1:     0x5d80ce56958a - core[df12db4294e9bfd3]::fmt::write
[INFO] [stdout]    2:     0x5d80ce558dac - <alloc[2182bb758b4b3781]::vec::Vec<u8> as core[df12db4294e9bfd3]::io::write::Write>::write_fmt
[INFO] [stdout]    3:     0x5d80ce52f806 - std[70759c8f55707aa4]::panicking::default_hook::{closure#0}
[INFO] [stdout]    4:     0x5d80ce54c709 - std[70759c8f55707aa4]::panicking::default_hook
[INFO] [stdout]    5:     0x5d80ce4e7c10 - test[9d35eded1c95d3be]::test_main_inner::<test[9d35eded1c95d3be]::test_main_static::{closure#0}>::{closure#0}
[INFO] [stdout]    6:     0x5d80ce54c8c2 - std[70759c8f55707aa4]::panicking::panic_with_hook
[INFO] [stdout]    7:     0x5d80ce52f8b2 - std[70759c8f55707aa4]::panicking::panic_handler::{closure#0}
[INFO] [stdout]    8:     0x5d80ce528519 - std[70759c8f55707aa4]::sys::backtrace::__rust_end_short_backtrace::<std[70759c8f55707aa4]::panicking::panic_handler::{closure#0}, !>
[INFO] [stdout]    9:     0x5d80ce5304ad - __rustc[8fa7c3cbc660c2b3]::rust_begin_unwind
[INFO] [stdout]   10:     0x5d80ce569cbc - core[df12db4294e9bfd3]::panicking::panic_fmt
[INFO] [stdout]   11:     0x5d80ce4ceff1 - <compat[4b5313a73d3ca547]::compat_identical_returns_0::{closure#0} as core[df12db4294e9bfd3]::ops::function::FnOnce<()>>::call_once
[INFO] [stdout]   12:     0x5d80ce4daefb - test[9d35eded1c95d3be]::__rust_begin_short_backtrace::<core[df12db4294e9bfd3]::result::Result<(), alloc[2182bb758b4b3781]::string::String>, fn() -> core[df12db4294e9bfd3]::result::Result<(), alloc[2182bb758b4b3781]::string::String>>
[INFO] [stdout]   13:     0x5d80ce4e8565 - test[9d35eded1c95d3be]::run_test::{closure#0}
[INFO] [stdout]   14:     0x5d80ce4e1e24 - std[70759c8f55707aa4]::sys::backtrace::__rust_begin_short_backtrace::<test[9d35eded1c95d3be]::run_test::{closure#1}, ()>
[INFO] [stdout]   15:     0x5d80ce4eb6c2 - <std[70759c8f55707aa4]::thread::lifecycle::spawn_unchecked<test[9d35eded1c95d3be]::run_test::{closure#1}, ()>::{closure#1} as core[df12db4294e9bfd3]::ops::function::FnOnce<()>>::call_once::{shim:vtable#0}
[INFO] [stdout]   16:     0x5d80ce553f89 - <std[70759c8f55707aa4]::sys::thread::unix::Thread>::new::thread_start
[INFO] [stdout]   17:     0x785424816dfa - <unknown>
[INFO] [stdout]   18:     0x7854248aa3d4 - clone
[INFO] [stdout]   19:                0x0 - <unknown>
[INFO] [stdout] 
[INFO] [stdout] 
[INFO] [stdout] failures:
[INFO] [stdout]     compat_different_schemas_detects_namespace_change
[INFO] [stdout]     compat_identical_returns_0
[INFO] [stdout]     compat_json_format
[INFO] [stdout] 
[INFO] [stdout] test result: FAILED. 2 passed; 3 failed; 0 ignored; 0 measured; 0 filtered out; finished in 0.02s
[INFO] [stdout] 
[INFO] [stderr] error: test failed, to rerun pass `--test compat`
[INFO] running `Command { std: "docker" "inspect" "8caec1619c08877557d7295d103eca1d3ebaf19553a46a4ae3d753f90546c828", kill_on_drop: false }`
[INFO] running `Command { std: "docker" "rm" "-f" "8caec1619c08877557d7295d103eca1d3ebaf19553a46a4ae3d753f90546c828", kill_on_drop: false }`
[INFO] [stdout] 8caec1619c08877557d7295d103eca1d3ebaf19553a46a4ae3d753f90546c828
