[INFO] fetching crate vex2pdf 4.1.1...
[INFO] testing vex2pdf-4.1.1 against 1.100.0-beta.1+cargoflags=--release for beta-release-1.100-2
[INFO] extracting crate vex2pdf 4.1.1 into /workspace/builds/worker-6-tc2/source
[INFO] started tweaking crates.io crate vex2pdf 4.1.1
[INFO] removed 0 missing examples
[INFO] removed 0 missing tests
[INFO] finished tweaking crates.io crate vex2pdf 4.1.1
[INFO] tweaked toml for crates.io crate vex2pdf 4.1.1 written to /workspace/builds/worker-6-tc2/source/Cargo.toml
[INFO] validating manifest of crates.io crate vex2pdf 4.1.1 on toolchain 1.100.0-beta.1
[INFO] running `Command { std: CARGO_HOME="/workspace/cargo-home" RUSTUP_HOME="/workspace/rustup-home" "/workspace/cargo-home/bin/cargo" "+1.100.0-beta.1" "metadata" "--manifest-path" "Cargo.toml" "--no-deps", kill_on_drop: false }`
[INFO] crate crates.io crate vex2pdf 4.1.1 already has a lockfile, it will not be regenerated
[INFO] running `Command { std: CARGO_HOME="/workspace/cargo-home" RUSTUP_HOME="/workspace/rustup-home" "/workspace/cargo-home/bin/cargo" "+1.100.0-beta.1" "fetch" "--manifest-path" "Cargo.toml", kill_on_drop: false }`
[INFO] running `Command { std: "docker" "create" "-v" "/var/lib/crater-agent-workspace/builds/worker-6-tc2/source:/opt/rustwide/workdir:ro,Z" "-v" "/var/lib/crater-agent-workspace/builds/worker-6-tc2/target:/opt/rustwide/target:rw,Z" "-v" "/var/lib/crater-agent-workspace/cargo-home:/opt/rustwide/cargo-home:ro,Z" "-v" "/var/lib/crater-agent-workspace/rustup-home:/opt/rustwide/rustup-home:ro,Z" "-m" "1610612736" "--network" "none" "ghcr.io/rust-lang/crates-build-env/linux@sha256:77db811e55d90add9212f6832c23229e3de5f1c1f9905e8cb07319ea15df73ac" "sleep" "infinity", kill_on_drop: false }`
[INFO] [stdout] afa0a7632d2c6c14f02752207c6db05fb43ec76115ad8f957d945c8cab89cda4
[INFO] running `Command { std: "docker" "start" "afa0a7632d2c6c14f02752207c6db05fb43ec76115ad8f957d945c8cab89cda4", kill_on_drop: false }`
[INFO] running `Command { std: "docker" "inspect" "afa0a7632d2c6c14f02752207c6db05fb43ec76115ad8f957d945c8cab89cda4", kill_on_drop: false }`
[INFO] running `Command { std: "docker" "exec" "-e" "SOURCE_DIR=/opt/rustwide/workdir" "-e" "CARGO_HOME=/opt/rustwide/cargo-home" "-e" "RUSTUP_HOME=/opt/rustwide/rustup-home" "-e" "CARGO_TARGET_DIR=/opt/rustwide/target" "-w" "/opt/rustwide/workdir" "--user" "0:0" "afa0a7632d2c6c14f02752207c6db05fb43ec76115ad8f957d945c8cab89cda4" "/opt/rustwide/cargo-home/bin/cargo" "+1.100.0-beta.1" "metadata" "--no-deps" "--format-version=1", kill_on_drop: false }`
[INFO] running `Command { std: "docker" "inspect" "afa0a7632d2c6c14f02752207c6db05fb43ec76115ad8f957d945c8cab89cda4", kill_on_drop: false }`
[INFO] running `Command { std: "docker" "exec" "-e" "SOURCE_DIR=/opt/rustwide/workdir" "-e" "CARGO_HOME=/opt/rustwide/cargo-home" "-e" "RUSTUP_HOME=/opt/rustwide/rustup-home" "-e" "CARGO_TARGET_DIR=/opt/rustwide/target" "-e" "CARGO_INCREMENTAL=0" "-e" "RUST_BACKTRACE=full" "-e" "RUSTFLAGS=--cap-lints=warn" "-e" "RUSTDOCFLAGS=--cap-lints=warn" "-w" "/opt/rustwide/workdir" "--user" "0:0" "afa0a7632d2c6c14f02752207c6db05fb43ec76115ad8f957d945c8cab89cda4" "/opt/rustwide/cargo-home/bin/cargo" "+1.100.0-beta.1" "build" "--frozen" "--message-format=json" "--release", kill_on_drop: false }`
[INFO] [stderr]    Compiling proc-macro2 v1.0.106
[INFO] [stderr]    Compiling quote v1.0.45
[INFO] [stderr]    Compiling unicode-ident v1.0.24
[INFO] [stderr]    Compiling version_check v0.9.5
[INFO] [stderr]    Compiling autocfg v1.5.1
[INFO] [stderr]    Compiling memchr v2.8.2
[INFO] [stderr]    Compiling regex-syntax v0.8.11
[INFO] [stderr]    Compiling libc v0.2.186
[INFO] [stderr]    Compiling encoding_index_tests v0.1.4
[INFO] [stderr]    Compiling cfg-if v1.0.4
[INFO] [stderr]    Compiling proc-macro-hack v0.5.20+deprecated
[INFO] [stderr]    Compiling syn v1.0.109
[INFO] [stderr]    Compiling log v0.4.32
[INFO] [stderr]    Compiling const_fn v0.4.12
[INFO] [stderr]    Compiling crc32fast v1.5.0
[INFO] [stderr]    Compiling serde_core v1.0.228
[INFO] [stderr]    Compiling utf8parse v0.2.2
[INFO] [stderr]    Compiling heck v0.5.0
[INFO] [stderr]    Compiling adler2 v2.0.1
[INFO] [stderr]    Compiling simd-adler32 v0.3.9
[INFO] [stderr]    Compiling anstyle-parse v1.0.0
[INFO] [stderr]    Compiling encoding-index-singlebyte v1.20141219.5
[INFO] [stderr]    Compiling encoding-index-simpchinese v1.20141219.5
[INFO] [stderr]    Compiling miniz_oxide v0.8.9
[INFO] [stderr]    Compiling encoding-index-korean v1.20141219.5
[INFO] [stderr]    Compiling standback v0.2.17
[INFO] [stderr]    Compiling time v0.2.27
[INFO] [stderr]    Compiling encoding-index-tradchinese v1.20141219.5
[INFO] [stderr]    Compiling encoding-index-japanese v1.20141219.5
[INFO] [stderr]    Compiling ref-cast v1.0.25
[INFO] [stderr]    Compiling is_terminal_polyfill v1.70.2
[INFO] [stderr]    Compiling getrandom v0.4.2
[INFO] [stderr]    Compiling anstyle v1.0.14
[INFO] [stderr]    Compiling colorchoice v1.0.5
[INFO] [stderr]    Compiling thiserror v2.0.18
[INFO] [stderr]    Compiling zmij v1.0.21
[INFO] [stderr]    Compiling byteorder v1.5.0
[INFO] [stderr]    Compiling anstyle-query v1.1.5
[INFO] [stderr]    Compiling iana-time-zone v0.1.65
[INFO] [stderr]    Compiling encoding v0.2.33
[INFO] [stderr]    Compiling serde_json v1.0.150
[INFO] [stderr]    Compiling num-traits v0.2.19
[INFO] [stderr]    Compiling anstream v1.0.0
[INFO] [stderr]    Compiling dtoa v0.4.8
[INFO] [stderr]    Compiling itoa v0.4.8
[INFO] [stderr]    Compiling stb_truetype v0.3.1
[INFO] [stderr]    Compiling lzw v0.10.0
[INFO] [stderr]    Compiling aho-corasick v1.1.4
[INFO] [stderr]    Compiling linked-hash-map v0.5.6
[INFO] [stderr]    Compiling serde v1.0.228
[INFO] [stderr]    Compiling num-conv v0.2.2
[INFO] [stderr]    Compiling syn v2.0.117
[INFO] [stderr]    Compiling flate2 v1.1.9
[INFO] [stderr]    Compiling hex v0.4.3
[INFO] [stderr]    Compiling powerfmt v0.2.0
[INFO] [stderr]    Compiling clap_lex v1.1.0
[INFO] [stderr]    Compiling deranged v0.5.8
[INFO] [stderr]    Compiling borrow-or-share v0.2.4
[INFO] [stderr]    Compiling equivalent v1.0.2
[INFO] [stderr]    Compiling time-core v0.1.9
[INFO] [stderr]    Compiling strsim v0.11.1
[INFO] [stderr]    Compiling smallvec v1.15.2
[INFO] [stderr]    Compiling itoa v1.0.18
[INFO] [stderr]    Compiling percent-encoding v2.3.2
[INFO] [stderr]    Compiling hashbrown v0.17.1
[INFO] [stderr]    Compiling spdx v0.13.4
[INFO] [stderr]    Compiling chrono v0.4.45
[INFO] [stderr]    Compiling ordered-float v1.1.1
[INFO] [stderr]    Compiling approx v0.3.2
[INFO] [stderr]    Compiling ordered-float v5.3.0
[INFO] [stderr]    Compiling clap_builder v4.6.0
[INFO] [stderr]    Compiling rusttype v0.8.3
[INFO] [stderr]    Compiling uuid v1.23.3
[INFO] [stderr]    Compiling base64 v0.22.1
[INFO] [stderr]    Compiling xml-rs v0.8.28
[INFO] [stderr]    Compiling time-macros-impl v0.1.2
[INFO] [stderr]    Compiling once_cell v1.21.4
[INFO] [stderr]    Compiling indexmap v2.14.0
[INFO] [stderr]    Compiling jiff v0.2.28
[INFO] [stderr]    Compiling jlizard-simple-threadpool v0.3.0
[INFO] [stderr]    Compiling regex-automata v0.4.14
[INFO] [stderr]    Compiling time-macros v0.1.1
[INFO] [stderr]    Compiling time v0.3.49
[INFO] [stderr]    Compiling ref-cast-impl v1.0.25
[INFO] [stderr]    Compiling thiserror-impl v2.0.18
[INFO] [stderr]    Compiling serde_derive v1.0.228
[INFO] [stderr]    Compiling strum_macros v0.28.0
[INFO] [stderr]    Compiling fluent-uri v0.4.1
[INFO] [stderr]    Compiling cyclonedx-bom-macros v0.1.0
[INFO] [stderr]    Compiling clap_derive v4.6.1
[INFO] [stderr]    Compiling derive_more v0.99.20
[INFO] [stderr]    Compiling bstr v1.12.1
[INFO] [stderr]    Compiling regex v1.12.4
[INFO] [stderr]    Compiling pom v3.4.0
[INFO] [stderr]    Compiling env_filter v1.0.1
[INFO] [stderr]    Compiling purl v0.1.6
[INFO] [stderr]    Compiling lopdf v0.26.0
[INFO] [stderr]    Compiling clap v4.6.1
[INFO] [stderr]    Compiling strum v0.28.0
[INFO] [stderr]    Compiling env_logger v0.11.10
[INFO] [stderr]    Compiling printpdf v0.3.4
[INFO] [stderr]    Compiling cyclonedx-bom v0.8.1
[INFO] [stderr]    Compiling genpdf v0.2.0
[INFO] [stderr]    Compiling vex2pdf v4.1.1 (/opt/rustwide/workdir)
[INFO] [stderr]     Finished `release` profile [optimized] target(s) in 2m 26s
[INFO] running `Command { std: "docker" "inspect" "afa0a7632d2c6c14f02752207c6db05fb43ec76115ad8f957d945c8cab89cda4", kill_on_drop: false }`
[INFO] running `Command { std: "docker" "exec" "-e" "SOURCE_DIR=/opt/rustwide/workdir" "-e" "CARGO_HOME=/opt/rustwide/cargo-home" "-e" "RUSTUP_HOME=/opt/rustwide/rustup-home" "-e" "CARGO_TARGET_DIR=/opt/rustwide/target" "-e" "CARGO_INCREMENTAL=0" "-e" "RUST_BACKTRACE=full" "-e" "RUSTFLAGS=--cap-lints=warn" "-e" "RUSTDOCFLAGS=--cap-lints=warn" "-w" "/opt/rustwide/workdir" "--user" "0:0" "afa0a7632d2c6c14f02752207c6db05fb43ec76115ad8f957d945c8cab89cda4" "/opt/rustwide/cargo-home/bin/cargo" "+1.100.0-beta.1" "test" "--frozen" "--no-run" "--message-format=json" "--release", kill_on_drop: false }`
[INFO] [stderr]    Compiling shlex v2.0.1
[INFO] [stderr]    Compiling find-msvc-tools v0.1.9
[INFO] [stderr]    Compiling rustix v1.1.4
[INFO] [stderr]    Compiling linux-raw-sys v0.12.1
[INFO] [stderr]    Compiling bitflags v2.13.0
[INFO] [stderr]    Compiling cpufeatures v0.3.0
[INFO] [stderr]    Compiling constant_time_eq v0.4.2
[INFO] [stderr]    Compiling arrayvec v0.7.6
[INFO] [stderr]    Compiling arrayref v0.3.9
[INFO] [stderr]    Compiling fastrand v2.4.1
[INFO] [stderr]    Compiling cc v1.2.64
[INFO] [stderr]    Compiling blake3 v1.8.5
[INFO] [stderr]    Compiling tempfile v3.27.0
[INFO] [stderr]    Compiling vex2pdf v4.1.1 (/opt/rustwide/workdir)
[INFO] [stderr]     Finished `release` profile [optimized] target(s) in 33.63s
[INFO] running `Command { std: "docker" "inspect" "afa0a7632d2c6c14f02752207c6db05fb43ec76115ad8f957d945c8cab89cda4", kill_on_drop: false }`
[INFO] running `Command { std: "docker" "exec" "-e" "SOURCE_DIR=/opt/rustwide/workdir" "-e" "CARGO_HOME=/opt/rustwide/cargo-home" "-e" "RUSTUP_HOME=/opt/rustwide/rustup-home" "-e" "CARGO_TARGET_DIR=/opt/rustwide/target" "-e" "CARGO_INCREMENTAL=0" "-e" "RUST_BACKTRACE=full" "-e" "RUSTFLAGS=--cap-lints=warn" "-e" "RUSTDOCFLAGS=--cap-lints=warn" "-w" "/opt/rustwide/workdir" "--user" "0:0" "afa0a7632d2c6c14f02752207c6db05fb43ec76115ad8f957d945c8cab89cda4" "/opt/rustwide/cargo-home/bin/cargo" "+1.100.0-beta.1" "test" "--frozen" "--release", kill_on_drop: false }`
[INFO] [stderr]     Finished `release` profile [optimized] target(s) in 0.15s
[INFO] [stderr]      Running unittests src/lib.rs (/opt/rustwide/target/release/build/vex2pdf/40b66281c3953945/out/vex2pdf-40b66281c3953945)
[INFO] [stdout] 
[INFO] [stdout] running 80 tests
[INFO] [stdout] test files_proc::model::files_pending_proc::tests::test_add_sup_file_ignore_unsupported ... ok
[INFO] [stdout] test files_proc::model::files_pending_proc::tests::test_get_files_immutable_reference ... ok
[INFO] [stdout] test files_proc::model::files_pending_proc::tests::test_add_sup_file_ignore_is_ignored ... ok
[INFO] [stdout] test files_proc::model::file_ident::tests::test_supported_file ... ok
[INFO] [stdout] test files_proc::model::files_pending_proc::tests::test_consuming_iter ... ok
[INFO] [stdout] test files_proc::model::files_pending_proc::tests::test_add_supported_file_success ... ok
[INFO] [stdout] test files_proc::model::files_pending_proc::tests::test_with_capacity ... ok
[INFO] [stdout] test files_proc::model::input_file_type::tests::test_extension_handling ... ok
[INFO] [stdout] test files_proc::model::file_ident::tests::test_file_ident ... ok
[INFO] [stdout] test files_proc::model::files_pending_proc::tests::test_file_count ... ok
[INFO] [stdout] test files_proc::model::files_pending_proc::tests::test_add_sup_file_ignore_not_ignored ... ok
[INFO] [stdout] test files_proc::model::files_pending_proc::tests::test_file_count_by_type ... ok
[INFO] [stdout] test files_proc::model::input_file_type::tests::test_unsupported_conv_lowercase - should panic ... ok
[INFO] [stdout] test files_proc::processor::tests::test_processor_ready_holds_state ... ok
[INFO] [stdout] test files_proc::model::files_pending_proc::tests::test_new ... ok
[INFO] [stdout] test files_proc::model::file_ident::tests::test_file_path_getter ... ok
[INFO] [stdout] test files_proc::processor::tests::test_single_file_processor_creation ... ok
[INFO] [stdout] test lib_utils::cli_args::tests::test_validate_can_create_and_delete_test_file ... ok
[INFO] [stdout] test lib_utils::cli_args::tests::test_validate_no_output_dir ... ok
[INFO] [stdout] test lib_utils::cli_args::tests::test_validate_nonexistent_directory ... ok
[INFO] [stdout] test files_proc::processor::tests::test_default_files_processor_new ... ok
[INFO] [stdout] test files_proc::model::files_pending_proc::tests::test_add_supported_file_duplicate ... ok
[INFO] [stdout] test files_proc::model::input_file_type::tests::test_conversions ... ok
[INFO] [stdout] test files_proc::model::file_ident::tests::test_nonexisting_files ... ok
[INFO] [stdout] test lib_utils::cli_args::tests::test_validate_path_is_file_not_dir ... ok
[INFO] [stdout] test lib_utils::config::tests::test_builder_show_components ... ok
[INFO] [stdout] test lib_utils::cli_args::tests::test_validate_valid_directory ... ok
[INFO] [stdout] test lib_utils::env_vars::tests::test_is_value_on_private ... ok
[INFO] [stdout] test files_proc::model::files_pending_proc::tests::test_multiple_supported_files ... ok
[INFO] [stdout] test lib_utils::config::tests::test_builder_max_jobs ... ok
[INFO] [stdout] test lib_utils::config::tests::test_builder_output_dir ... ok
[INFO] [stdout] test lib_utils::config::tests::test_builder_pdf_meta_name ... ok
[INFO] [stdout] test lib_utils::config::tests::test_builder_pure_bom_novulns ... ok
[INFO] [stdout] test lib_utils::config::tests::test_builder_show_novulns_msg ... ok
[INFO] [stdout] test lib_utils::config::tests::test_get_default_titles ... ok
[INFO] [stdout] test lib_utils::config::tests::test_builder_working_path ... ok
[INFO] [stdout] test lib_utils::config::tests::test_default_values ... ok
[INFO] [stdout] test lib_utils::cli_args::tests::test_validate_readonly_directory ... FAILED
[INFO] [stdout] test lib_utils::config::tests::test_builder_report_title ... ok
[INFO] [stdout] test pdf::generator::tests::test_component_label_parts_without_version_omits_colon ... ok
[INFO] [stdout] test pdf::generator::tests::test_get_styled_vector_as_paragraph_empty ... ok
[INFO] [stdout] test pdf::generator::tests::test_get_styled_vector_as_paragraph_with_key ... ok
[INFO] [stdout] test pdf::generator::tests::test_flatten_components_is_depth_first_in_document_order ... ok
[INFO] [stdout] test pdf::generator::tests::test_get_formatted_key_val_text ... ok
[INFO] [stdout] test pdf::generator::tests::test_get_style_analysis_state_exploitable ... ok
[INFO] [stdout] test pdf::generator::tests::test_get_styled_vector_as_paragraph_without_key ... ok
[INFO] [stdout] test pdf::generator::tests::test_get_style_analysis_state_resolved ... ok
[INFO] [stdout] test pdf::generator::tests::test_index_components_ancestor_without_version ... ok
[INFO] [stdout] test lib_utils::run_utils::tests::test_path_build_file_as_dest_dir_fails ... ok
[INFO] [stdout] test lib_utils::config::tests::test_builder_chaining ... ok
[INFO] [stdout] test lib_utils::run_utils::tests::test_path_build_no_dest_dir ... ok
[INFO] [stdout] test lib_utils::run_utils::tests::test_path_build_real_dir_pdf ... ok
[INFO] [stdout] test pdf::generator::tests::test_index_components_duplicate_bom_ref_last_one_wins ... ok
[INFO] [stdout] test pdf::generator::tests::test_get_style_analysis_response_update ... ok
[INFO] [stdout] test lib_utils::run_utils::tests::test_path_build_with_dest_dir ... ok
[INFO] [stdout] test files_proc::model::files_pending_proc::tests::test_add_supported_file_unsupported ... ok
[INFO] [stdout] test pdf::generator::tests::test_prettify_string_analysis ... ok
[INFO] [stdout] test pdf::generator::tests::test_via_suffix_parts_reuse_component_and_version_styles ... ok
[INFO] [stdout] test pdf::generator::tests::test_via_suffix_parts_wording ... ok
[INFO] [stdout] test pdf::generator::tests::test_index_components_two_levels_are_outermost_first ... ok
[INFO] [stdout] test pdf::generator::tests::test_nested_fixture_affected_labels_json ... ok
[INFO] [stdout] test files_proc::model::input_file_type::tests::test_unsupported_conv_uppercase - should panic ... ok
[INFO] [stdout] test pdf::generator::tests::test_index_components_one_nested_level ... ok
[INFO] [stdout] test pdf::generator::tests::test_nested_edge_cases_affected_labels_xml ... ok
[INFO] [stdout] test pdf::generator::tests::test_nested_edge_cases_component_section_order_xml ... ok
[INFO] [stdout] test pdf::generator::tests::test_nested_fixture_affected_labels_xml ... ok
[INFO] [stdout] test pdf::generator::tests::test_index_components_flat_list_has_no_ancestors ... ok
[INFO] [stdout] test pdf::generator::tests::test_nested_edge_cases_affected_labels_json ... ok
[INFO] [stdout] test pdf::generator::tests::test_xml_reader_keeps_nested_components ... ok
[INFO] [stdout] test pdf::generator::tests::test_index_components_keeps_undefined_version_fallback ... ok
[INFO] [stdout] test tests::test_novulns_msg_env_var_handling ... ok
[INFO] [stdout] test tests::tests::test_get_value ... ok
[INFO] [stdout] test tests::test_vex_serialization ... ok
[INFO] [stdout] test tests::test_generate_sample_file ... FAILED
[INFO] [stdout] test pdf::generator::tests::test_index_components_parent_without_bom_ref_still_names_children ... ok
[INFO] [stdout] test tests::test_vex_json_file_io ... ok
[INFO] [stdout] test pdf::generator::tests::test_nested_fixture_component_section_order_json ... ok
[INFO] [stdout] test tests::tests::test_env_var_behavior ... ok
[INFO] [stdout] test tests::test_vex_xml_file_io ... ok
[INFO] [stdout] test tests::test_embedded_fonts_load_correctly ... ok
[INFO] [stdout] 
[INFO] [stdout] failures:
[INFO] [stdout] 
[INFO] [stdout] ---- lib_utils::cli_args::tests::test_validate_readonly_directory stdout ----
[INFO] [stdout] 
[INFO] [stdout] thread 'lib_utils::cli_args::tests::test_validate_readonly_directory' (2775) panicked at src/lib_utils/cli_args.rs:150:35:
[INFO] [stdout] called `Result::unwrap_err()` on an `Ok` value: ()
[INFO] [stdout] stack backtrace:
[INFO] [stdout]    0:     0x626d48599771 - <unknown>
[INFO] [stdout]    1:     0x626d485b166a - <unknown>
[INFO] [stdout]    2:     0x626d4859dc0c - <unknown>
[INFO] [stdout]    3:     0x626d485736c6 - <unknown>
[INFO] [stdout]    4:     0x626d48590cd9 - <unknown>
[INFO] [stdout]    5:     0x626d4824f0d0 - <unknown>
[INFO] [stdout]    6:     0x626d48590e92 - <unknown>
[INFO] [stdout]    7:     0x626d48573772 - <unknown>
[INFO] [stdout]    8:     0x626d4856c049 - <unknown>
[INFO] [stdout]    9:     0x626d4857465d - <unknown>
[INFO] [stdout]   10:     0x626d485b1e4c - <unknown>
[INFO] [stdout]   11:     0x626d485b1c22 - <unknown>
[INFO] [stdout]   12:     0x626d48133136 - <unknown>
[INFO] [stdout]   13:     0x626d4824251b - <unknown>
[INFO] [stdout]   14:     0x626d4824f6f5 - <unknown>
[INFO] [stdout]   15:     0x626d48248fe4 - <unknown>
[INFO] [stdout]   16:     0x626d48252782 - <unknown>
[INFO] [stdout]   17:     0x626d48598aaf - <unknown>
[INFO] [stdout]   18:     0x768aef6cbdfa - <unknown>
[INFO] [stdout]   19:     0x768aef75f3d4 - clone
[INFO] [stdout]   20:                0x0 - <unknown>
[INFO] [stdout] 
[INFO] [stdout] ---- tests::test_generate_sample_file stdout ----
[INFO] [stdout] 
[INFO] [stdout] thread 'tests::test_generate_sample_file' (2820) panicked at src/lib.rs:435:48:
[INFO] [stdout] Failed to write sample file: Os { code: 30, kind: ReadOnlyFilesystem, message: "Read-only file system" }
[INFO] [stdout] stack backtrace:
[INFO] [stdout]    0:     0x626d48599771 - <unknown>
[INFO] [stdout]    1:     0x626d485b166a - <unknown>
[INFO] [stdout]    2:     0x626d4859dc0c - <unknown>
[INFO] [stdout]    3:     0x626d485736c6 - <unknown>
[INFO] [stdout]    4:     0x626d48590cd9 - <unknown>
[INFO] [stdout]    5:     0x626d4824f0d0 - <unknown>
[INFO] [stdout]    6:     0x626d48590e92 - <unknown>
[INFO] [stdout]    7:     0x626d48573772 - <unknown>
[INFO] [stdout]    8:     0x626d4856c049 - <unknown>
[INFO] [stdout]    9:     0x626d4857465d - <unknown>
[INFO] [stdout]   10:     0x626d485b1e4c - <unknown>
[INFO] [stdout]   11:     0x626d485b1c22 - <unknown>
[INFO] [stdout]   12:     0x626d48150f4b - <unknown>
[INFO] [stdout]   13:     0x626d4824251b - <unknown>
[INFO] [stdout]   14:     0x626d4824f6f5 - <unknown>
[INFO] [stdout]   15:     0x626d48248fe4 - <unknown>
[INFO] [stdout]   16:     0x626d48252782 - <unknown>
[INFO] [stdout]   17:     0x626d48598aaf - <unknown>
[INFO] [stdout]   18:     0x768aef6cbdfa - <unknown>
[INFO] [stdout]   19:     0x768aef75f3d4 - clone
[INFO] [stdout]   20:                0x0 - <unknown>
[INFO] [stdout] 
[INFO] [stdout] 
[INFO] [stdout] failures:
[INFO] [stdout]     lib_utils::cli_args::tests::test_validate_readonly_directory
[INFO] [stdout]     tests::test_generate_sample_file
[INFO] [stdout] 
[INFO] [stdout] test result: FAILED. 78 passed; 2 failed; 0 ignored; 0 measured; 0 filtered out; finished in 0.02s
[INFO] [stdout] 
[INFO] [stderr] error: test failed, to rerun pass `--lib`
[INFO] running `Command { std: "docker" "inspect" "afa0a7632d2c6c14f02752207c6db05fb43ec76115ad8f957d945c8cab89cda4", kill_on_drop: false }`
[INFO] running `Command { std: "docker" "rm" "-f" "afa0a7632d2c6c14f02752207c6db05fb43ec76115ad8f957d945c8cab89cda4", kill_on_drop: false }`
[INFO] [stdout] afa0a7632d2c6c14f02752207c6db05fb43ec76115ad8f957d945c8cab89cda4
