[INFO] fetching crate vetis 0.1.7-beta.6...
[INFO] testing vetis-0.1.7-beta.6 against 1.100.0-beta.1+cargoflags=--release for beta-release-1.100-2
[INFO] extracting crate vetis 0.1.7-beta.6 into /workspace/builds/worker-1-tc2/source
[INFO] started tweaking crates.io crate vetis 0.1.7-beta.6
[INFO] finished tweaking crates.io crate vetis 0.1.7-beta.6
[INFO] tweaked toml for crates.io crate vetis 0.1.7-beta.6 written to /workspace/builds/worker-1-tc2/source/Cargo.toml
[INFO] validating manifest of crates.io crate vetis 0.1.7-beta.6 on toolchain 1.100.0-beta.1
[INFO] running `Command { std: CARGO_HOME="/workspace/cargo-home" RUSTUP_HOME="/workspace/rustup-home" "/workspace/cargo-home/bin/cargo" "+1.100.0-beta.1" "metadata" "--manifest-path" "Cargo.toml" "--no-deps", kill_on_drop: false }`
[INFO] crate crates.io crate vetis 0.1.7-beta.6 already has a lockfile, it will not be regenerated
[INFO] running `Command { std: CARGO_HOME="/workspace/cargo-home" RUSTUP_HOME="/workspace/rustup-home" "/workspace/cargo-home/bin/cargo" "+1.100.0-beta.1" "fetch" "--manifest-path" "Cargo.toml", kill_on_drop: false }`
[INFO] [stderr] warning: `package.homepage` is redundant with `package.repository`
[INFO] [stderr]   --> Cargo.toml:73:12
[INFO] [stderr]    |
[INFO] [stderr] 73 | homepage = "https://github.com/vetis-server/vetis"
[INFO] [stderr]    |            ^^^^^^^^^^^^^^^^^^^^^^^^^^^^^^^^^^^^^^^
[INFO] [stderr] ...
[INFO] [stderr] 79 | repository = "https://github.com/vetis-server/vetis"
[INFO] [stderr]    |              ---------------------------------------
[INFO] [stderr]    |
[INFO] [stderr]    = note: `cargo::redundant_homepage` is set to `warn` by default
[INFO] [stderr] help: consider removing `package.homepage`
[INFO] [stderr] warning: `vetis` (manifest) generated 1 warning
[INFO] running `Command { std: "docker" "create" "-v" "/var/lib/crater-agent-workspace/builds/worker-1-tc2/source:/opt/rustwide/workdir:ro,Z" "-v" "/var/lib/crater-agent-workspace/builds/worker-1-tc2/target:/opt/rustwide/target:rw,Z" "-v" "/var/lib/crater-agent-workspace/cargo-home:/opt/rustwide/cargo-home:ro,Z" "-v" "/var/lib/crater-agent-workspace/rustup-home:/opt/rustwide/rustup-home:ro,Z" "-m" "1610612736" "--network" "none" "ghcr.io/rust-lang/crates-build-env/linux@sha256:77db811e55d90add9212f6832c23229e3de5f1c1f9905e8cb07319ea15df73ac" "sleep" "infinity", kill_on_drop: false }`
[INFO] [stdout] 22f11322b0bc46699b775d85ac20a50344ba3d5bef3f2b94a179ae37502941b2
[INFO] running `Command { std: "docker" "start" "22f11322b0bc46699b775d85ac20a50344ba3d5bef3f2b94a179ae37502941b2", kill_on_drop: false }`
[INFO] running `Command { std: "docker" "inspect" "22f11322b0bc46699b775d85ac20a50344ba3d5bef3f2b94a179ae37502941b2", kill_on_drop: false }`
[INFO] running `Command { std: "docker" "exec" "-e" "SOURCE_DIR=/opt/rustwide/workdir" "-e" "CARGO_HOME=/opt/rustwide/cargo-home" "-e" "RUSTUP_HOME=/opt/rustwide/rustup-home" "-e" "CARGO_TARGET_DIR=/opt/rustwide/target" "-w" "/opt/rustwide/workdir" "--user" "0:0" "22f11322b0bc46699b775d85ac20a50344ba3d5bef3f2b94a179ae37502941b2" "/opt/rustwide/cargo-home/bin/cargo" "+1.100.0-beta.1" "metadata" "--no-deps" "--format-version=1", kill_on_drop: false }`
[INFO] running `Command { std: "docker" "inspect" "22f11322b0bc46699b775d85ac20a50344ba3d5bef3f2b94a179ae37502941b2", kill_on_drop: false }`
[INFO] running `Command { std: "docker" "exec" "-e" "SOURCE_DIR=/opt/rustwide/workdir" "-e" "CARGO_HOME=/opt/rustwide/cargo-home" "-e" "RUSTUP_HOME=/opt/rustwide/rustup-home" "-e" "CARGO_TARGET_DIR=/opt/rustwide/target" "-e" "CARGO_INCREMENTAL=0" "-e" "RUST_BACKTRACE=full" "-e" "RUSTFLAGS=--cap-lints=warn" "-e" "RUSTDOCFLAGS=--cap-lints=warn" "-w" "/opt/rustwide/workdir" "--user" "0:0" "22f11322b0bc46699b775d85ac20a50344ba3d5bef3f2b94a179ae37502941b2" "/opt/rustwide/cargo-home/bin/cargo" "+1.100.0-beta.1" "build" "--frozen" "--message-format=json" "--release", kill_on_drop: false }`
[INFO] [stderr] warning: `package.homepage` is redundant with `package.repository`
[INFO] [stderr]   --> Cargo.toml:73:12
[INFO] [stderr]    |
[INFO] [stderr] 73 | homepage = "https://github.com/vetis-server/vetis"
[INFO] [stderr]    |            ^^^^^^^^^^^^^^^^^^^^^^^^^^^^^^^^^^^^^^^
[INFO] [stderr] ...
[INFO] [stderr] 79 | repository = "https://github.com/vetis-server/vetis"
[INFO] [stderr]    |              ---------------------------------------
[INFO] [stderr]    |
[INFO] [stderr]    = note: `cargo::redundant_homepage` is set to `warn` by default
[INFO] [stderr] help: consider removing `package.homepage`
[INFO] [stderr] warning: `vetis` (manifest) generated 1 warning
[INFO] [stderr]    Compiling serde_core v1.0.229
[INFO] [stderr]    Compiling libc v0.2.190
[INFO] [stderr]    Compiling smallvec v1.16.3
[INFO] [stderr]    Compiling futures-sink v0.3.34
[INFO] [stderr]    Compiling serde v1.0.229
[INFO] [stderr]    Compiling serde_derive v1.0.229
[INFO] [stderr]    Compiling http-body v1.1.0
[INFO] [stderr]    Compiling crossbeam-utils v0.8.23
[INFO] [stderr]    Compiling futures-util v0.3.34
[INFO] [stderr]    Compiling anyhow v1.0.104
[INFO] [stderr]    Compiling futures-channel v0.3.34
[INFO] [stderr]    Compiling tokio v1.53.3
[INFO] [stderr]    Compiling typetag v0.2.23
[INFO] [stderr]    Compiling httpdate v1.0.3
[INFO] [stderr]    Compiling futures-io v0.3.34
[INFO] [stderr]    Compiling thiserror v2.0.21
[INFO] [stderr]    Compiling http-body-util v0.1.5
[INFO] [stderr]    Compiling thiserror-impl v2.0.21
[INFO] [stderr]    Compiling typetag-impl v0.2.23
[INFO] [stderr]    Compiling deranged v0.5.9
[INFO] [stderr]    Compiling inventory v0.3.25
[INFO] [stderr]    Compiling pointers v0.2.1
[INFO] [stderr]    Compiling logforth-core v0.4.0
[INFO] [stderr]    Compiling parking_lot_core v0.9.12
[INFO] [stderr]    Compiling parking_lot v0.12.5
[INFO] [stderr]    Compiling hyper v1.12.0
[INFO] [stderr]    Compiling seize v0.5.1
[INFO] [stderr]    Compiling papaya v0.2.5
[INFO] [stderr]    Compiling crossfire v3.1.20
[INFO] [stderr]    Compiling patricia_tree v0.10.2
[INFO] [stderr]    Compiling erased-serde v0.4.10
[INFO] [stderr]    Compiling futures v0.3.34
[INFO] [stderr]    Compiling async-fn-stream v0.3.2
[INFO] [stderr]    Compiling time v0.3.55
[INFO] [stderr]    Compiling hyper-body-utils v0.1.18
[INFO] [stderr]    Compiling arcstr v1.2.0
[INFO] [stderr]    Compiling http-serde-ext v1.0.2
[INFO] [stderr]    Compiling vetis v0.1.7-beta.6 (/opt/rustwide/workdir)
[INFO] [stderr]     Finished `release` profile [optimized] target(s) in 32.67s
[INFO] running `Command { std: "docker" "inspect" "22f11322b0bc46699b775d85ac20a50344ba3d5bef3f2b94a179ae37502941b2", kill_on_drop: false }`
[INFO] running `Command { std: "docker" "exec" "-e" "SOURCE_DIR=/opt/rustwide/workdir" "-e" "CARGO_HOME=/opt/rustwide/cargo-home" "-e" "RUSTUP_HOME=/opt/rustwide/rustup-home" "-e" "CARGO_TARGET_DIR=/opt/rustwide/target" "-e" "CARGO_INCREMENTAL=0" "-e" "RUST_BACKTRACE=full" "-e" "RUSTFLAGS=--cap-lints=warn" "-e" "RUSTDOCFLAGS=--cap-lints=warn" "-w" "/opt/rustwide/workdir" "--user" "0:0" "22f11322b0bc46699b775d85ac20a50344ba3d5bef3f2b94a179ae37502941b2" "/opt/rustwide/cargo-home/bin/cargo" "+1.100.0-beta.1" "test" "--frozen" "--no-run" "--message-format=json" "--release", kill_on_drop: false }`
[INFO] [stderr] warning: `package.homepage` is redundant with `package.repository`
[INFO] [stderr]   --> Cargo.toml:73:12
[INFO] [stderr]    |
[INFO] [stderr] 73 | homepage = "https://github.com/vetis-server/vetis"
[INFO] [stderr]    |            ^^^^^^^^^^^^^^^^^^^^^^^^^^^^^^^^^^^^^^^
[INFO] [stderr] ...
[INFO] [stderr] 79 | repository = "https://github.com/vetis-server/vetis"
[INFO] [stderr]    |              ---------------------------------------
[INFO] [stderr]    |
[INFO] [stderr]    = note: `cargo::redundant_homepage` is set to `warn` by default
[INFO] [stderr] help: consider removing `package.homepage`
[INFO] [stderr] warning: `vetis` (manifest) generated 1 warning
[INFO] [stderr]    Compiling thiserror v2.0.21
[INFO] [stderr]    Compiling ucd-trie v0.1.7
[INFO] [stderr]    Compiling zerocopy v0.8.62
[INFO] [stderr]    Compiling getrandom v0.3.4
[INFO] [stderr]    Compiling ahash v0.8.12
[INFO] [stderr]    Compiling syn v2.0.119
[INFO] [stderr]    Compiling ref-cast v1.0.27
[INFO] [stderr]    Compiling ref-cast-impl v1.0.27
[INFO] [stderr]    Compiling simdutf8 v0.1.5
[INFO] [stderr]    Compiling pest v2.8.0
[INFO] [stderr]    Compiling getrandom v0.4.3
[INFO] [stderr]    Compiling rustix v1.1.5
[INFO] [stderr]    Compiling faststr v0.2.34
[INFO] [stderr]    Compiling nom v7.1.3
[INFO] [stderr]    Compiling serde_json v1.0.154
[INFO] [stderr]    Compiling regex v1.13.1
[INFO] [stderr]    Compiling memmap2 v0.9.11
[INFO] [stderr]    Compiling sonic-simd v0.1.4
[INFO] [stderr]    Compiling sonic-number v0.1.3
[INFO] [stderr]    Compiling pest_meta v2.8.0
[INFO] [stderr]    Compiling bumpalo v3.20.3
[INFO] [stderr]    Compiling xml v1.4.0
[INFO] [stderr]    Compiling xxhash-rust v0.8.19
[INFO] [stderr]    Compiling pest_generator v2.8.0
[INFO] [stderr]    Compiling typetag v0.2.23
[INFO] [stderr]    Compiling serde-xml-rs v0.8.2
[INFO] [stderr]    Compiling simdxml v0.2.1
[INFO] [stderr]    Compiling pest_derive v2.8.0
[INFO] [stderr]    Compiling jsonpath-rust v1.0.11
[INFO] [stderr]    Compiling fastrand v2.5.0
[INFO] [stderr]    Compiling vetis v0.1.7-beta.6 (/opt/rustwide/workdir)
[INFO] [stderr]    Compiling tempfile v3.27.0
[INFO] [stderr]    Compiling sonic-rs v0.5.10
[INFO] [stderr]    Compiling caramelo v0.1.5
[INFO] [stderr]     Finished `release` profile [optimized] target(s) in 1m 17s
[INFO] running `Command { std: "docker" "inspect" "22f11322b0bc46699b775d85ac20a50344ba3d5bef3f2b94a179ae37502941b2", kill_on_drop: false }`
[INFO] running `Command { std: "docker" "exec" "-e" "SOURCE_DIR=/opt/rustwide/workdir" "-e" "CARGO_HOME=/opt/rustwide/cargo-home" "-e" "RUSTUP_HOME=/opt/rustwide/rustup-home" "-e" "CARGO_TARGET_DIR=/opt/rustwide/target" "-e" "CARGO_INCREMENTAL=0" "-e" "RUST_BACKTRACE=full" "-e" "RUSTFLAGS=--cap-lints=warn" "-e" "RUSTDOCFLAGS=--cap-lints=warn" "-w" "/opt/rustwide/workdir" "--user" "0:0" "22f11322b0bc46699b775d85ac20a50344ba3d5bef3f2b94a179ae37502941b2" "/opt/rustwide/cargo-home/bin/cargo" "+1.100.0-beta.1" "test" "--frozen" "--release", kill_on_drop: false }`
[INFO] [stderr] warning: `package.homepage` is redundant with `package.repository`
[INFO] [stderr]   --> Cargo.toml:73:12
[INFO] [stderr]    |
[INFO] [stderr] 73 | homepage = "https://github.com/vetis-server/vetis"
[INFO] [stderr]    |            ^^^^^^^^^^^^^^^^^^^^^^^^^^^^^^^^^^^^^^^
[INFO] [stderr] ...
[INFO] [stderr] 79 | repository = "https://github.com/vetis-server/vetis"
[INFO] [stderr]    |              ---------------------------------------
[INFO] [stderr]    |
[INFO] [stderr]    = note: `cargo::redundant_homepage` is set to `warn` by default
[INFO] [stderr] help: consider removing `package.homepage`
[INFO] [stderr] warning: `vetis` (manifest) generated 1 warning
[INFO] [stderr]     Finished `release` profile [optimized] target(s) in 0.21s
[INFO] [stderr]      Running unittests src/lib.rs (/opt/rustwide/target/release/build/vetis/65e8d5d738dca4e8/out/vetis-65e8d5d738dca4e8)
[INFO] [stdout] 
[INFO] [stdout] running 72 tests
[INFO] [stdout] test tests::host::test_alt_service_builder ... ok
[INFO] [stdout] test tests::host::test_bind_addresses ... ok
[INFO] [stdout] test tests::host::test_host_config_build_missing_hostname ... ok
[INFO] [stdout] test tests::host::test_host_config_build_nonexistent_root_directory ... ok
[INFO] [stdout] test tests::host::test_host_config_build_with_multiple_headers ... ok
[INFO] [stdout] test tests::host::test_host_config_build_success ... ok
[INFO] [stdout] test tests::host::test_host_config_build_full ... ok
[INFO] [stdout] test tests::host::test_host_config_build_with_security ... ok
[INFO] [stdout] test tests::host::test_host_config_build_with_header ... ok
[INFO] [stdout] test tests::host::test_host_config_build_with_status_pages ... ok
[INFO] [stdout] test tests::host::test_host_config_default_headers_getter_some ... ok
[INFO] [stdout] test tests::host::test_host_config_enable_flags ... ok
[INFO] [stdout] test tests::host::test_host_config_build_with_port ... ok
[INFO] [stdout] test tests::host::test_host_config_hostname_getter ... ok
[INFO] [stdout] test tests::host::test_host_config_build_missing_root_directory ... ok
[INFO] [stdout] test tests::host::test_host_config_builder_chain ... ok
[INFO] [stdout] test tests::host::test_host_config_builder_default_hostname ... ok
[INFO] [stdout] test tests::host::test_host_config_default_headers_getter_none ... ok
[INFO] [stdout] test tests::host::test_listener_config_builder_default_port ... ok
[INFO] [stdout] test tests::host::test_host_config_root_directory_getter ... ok
[INFO] [stdout] test tests::host::test_host_config_status_pages_getter_some ... ok
[INFO] [stdout] test tests::host::test_host_config_status_pages_getter_none ... ok
[INFO] [stdout] test tests::host::test_hostname_into_hostconfig ... ok
[INFO] [stdout] test tests::listener::test_from_alpn_to_bytes ... ok
[INFO] [stdout] test tests::host::test_hostname_rootdir_into_hostconfig ... ok
[INFO] [stdout] test tests::host::test_host_config_paths_getter_none ... ok
[INFO] [stdout] test tests::listener::test_listener_config_builder_default ... ok
[INFO] [stdout] test tests::listener::test_listener_config_builder_preserves_settings ... ok
[INFO] [stdout] test tests::listener::test_listener_config_builder_with_interface ... ok
[INFO] [stdout] test tests::listener::test_listener_config_builder_chain ... ok
[INFO] [stdout] test tests::listener::test_from_str_to_alpn ... ok
[INFO] [stdout] test tests::listener::test_listener_config_builder_with_port ... ok
[INFO] [stdout] test tests::listener::test_listener_config_interface_getter ... ok
[INFO] [stdout] test tests::listener::test_listener_config_port_getter ... ok
[INFO] [stdout] test tests::request::test_request_headers ... ok
[INFO] [stdout] test tests::request::test_request_from_parts ... ok
[INFO] [stdout] test tests::request::test_request_method ... ok
[INFO] [stdout] test tests::listener::test_listener_config_various_interfaces ... ok
[INFO] [stdout] test tests::listener::test_port_into_listener ... ok
[INFO] [stdout] test tests::listener::test_listener_config_max_port ... ok
[INFO] [stdout] test tests::listener::test_listener_config_min_port ... ok
[INFO] [stdout] test tests::listener::test_listener_config_multiple_ports ... ok
[INFO] [stdout] test tests::request::test_request_uri ... ok
[INFO] [stdout] test tests::response::test_response_builder_empty ... ok
[INFO] [stdout] test tests::response::test_response_builder_header ... ok
[INFO] [stdout] test tests::response::test_response_builder_headers ... ok
[INFO] [stdout] test tests::request::test_request_into_parts ... ok
[INFO] [stdout] test tests::request::test_request_headers_mut ... ok
[INFO] [stdout] test tests::request::test_request_version ... ok
[INFO] [stdout] test tests::response::test_response_builder_body ... ok
[INFO] [stdout] test tests::response::test_response_builder_bytes ... ok
[INFO] [stdout] test tests::response::test_response_builder_chain ... ok
[INFO] [stdout] test tests::response::test_response_builder_default ... ok
[INFO] [stdout] test tests::response::test_response_builder_status ... ok
[INFO] [stdout] test tests::response::test_response_builder_text ... ok
[INFO] [stdout] test tests::response::test_response_builder_version ... ok
[INFO] [stdout] test tests::response::test_status_into_response ... ok
[INFO] [stdout] test tests::security::test_tls_config_build_full ... ok
[INFO] [stdout] test tests::security::test_tls_config_build_success ... ok
[INFO] [stdout] test tests::response::test_response_headers_replace ... ok
[INFO] [stdout] test tests::response::test_response_into_inner ... ok
[INFO] [stdout] test tests::security::test_tls_config_ca_cert_getter_none ... ok
[INFO] [stdout] test tests::response::test_response_multiple_status_codes ... ok
[INFO] [stdout] test tests::security::test_tls_config_client_auth_getter_false ... ok
[INFO] [stdout] test tests::security::test_tls_config_key_getter ... ok
[INFO] [stdout] test tests::security::test_tls_with_client_auth ... ok
[INFO] [stdout] test tests::server::test_add_host_to_server_config ... ok
[INFO] [stdout] test tests::server::test_has_hosts_configured ... ok
[INFO] [stdout] test tests::security::test_tls_config_ca_cert_getter_some ... ok
[INFO] [stdout] test tests::security::test_tls_config_cert_getter ... ok
[INFO] [stdout] test tests::security::test_tls_config_client_auth_getter_true ... ok
[INFO] [stdout] test tests::security::test_tls_with_ca_cert ... ok
[INFO] [stdout] 
[INFO] [stdout] test result: ok. 72 passed; 0 failed; 0 ignored; 0 measured; 0 filtered out; finished in 0.02s
[INFO] [stdout] 
[INFO] [stderr]    Doc-tests vetis
[INFO] [stdout] 
[INFO] [stdout] running 23 tests
[INFO] [stdout] test src/lib.rs - VetisHosts (line 100) - compile ... FAILED
[INFO] [stdout] test src/lib.rs - VetisTestResult (line 84) - compile ... FAILED
[INFO] [stdout] test src/lib.rs - VetisPathRouter (line 52) - compile ... FAILED
[INFO] [stdout] test src/lib.rs - VetisResult (line 68) - compile ... ok
[INFO] [stdout] test src/lib.rs - VetisFutureResult (line 116) - compile ... ok
[INFO] [stdout] test src/lib.rs - errors (line 23) ... ok
[INFO] [stdout] test src/request.rs - request::Request (line 11) - compile ... ok
[INFO] [stdout] test src/listener.rs - listener::ListenerConfig (line 106) - compile ... FAILED
[INFO] [stdout] test src/listener.rs - listener::ListenerConfigBuilder (line 52) - compile ... FAILED
[INFO] [stdout] test src/response.rs - response::Response (line 129) - compile ... FAILED
[INFO] [stdout] test src/security.rs - security::TlsConfigBuilder (line 15) - compile ... ok
[INFO] [stdout] test src/response.rs - response::ResponseBuilder (line 11) - compile ... FAILED
[INFO] [stdout] test src/host/mod.rs - host::HostConfigBuilder (line 124) - compile ... FAILED
[INFO] [stdout] test src/security.rs - security::TlsConfig::builder (line 205) - compile ... FAILED
[INFO] [stdout] test src/security.rs - security::TlsConfig (line 159) - compile ... FAILED
[INFO] [stdout] test src/server.rs - server::ServerConfigBuilder (line 13) ... ignored
[INFO] [stdout] test src/security.rs - security::TlsConfigBuilder::cert_file (line 41) - compile ... FAILED
[INFO] [stdout] test src/security.rs - security::TlsConfigBuilder::ca_file (line 77) - compile ... FAILED
[INFO] [stdout] test src/security.rs - security::TlsConfigBuilder::client_auth (line 95) - compile ... FAILED
[INFO] [stdout] test src/security.rs - security::TlsConfigBuilder::key_file (line 59) - compile ... FAILED
[INFO] [stdout] test src/server.rs - server::ServerConfig::builder (line 133) - compile ... ok
[INFO] [stdout] test src/security.rs - security::TlsConfigBuilder::supported_alpns (line 111) - compile ... FAILED
[INFO] [stdout] test src/server.rs - server::ServerConfig (line 106) - compile ... ok
[INFO] [stdout] 
[INFO] [stdout] failures:
[INFO] [stdout] 
[INFO] [stdout] ---- src/lib.rs - VetisHosts (line 100) stdout ----
[INFO] [stdout] error[E0252]: the name `HashMap` is defined multiple times
[INFO] [stdout]    --> src/lib.rs:103:22
[INFO] [stdout]     |
[INFO] [stdout] 102 | use papaya::HashMap;
[INFO] [stdout]     |     --------------- previous import of the type `HashMap` here
[INFO] [stdout] 103 | use std::{sync::Arc, collections::HashMap};
[INFO] [stdout]     |                      ^^^^^^^^^^^^^^^^^^^^ `HashMap` reimported here
[INFO] [stdout]     |
[INFO] [stdout]     = note: `HashMap` must be defined only once in the type namespace of this block
[INFO] [stdout] help: you can use `as` to change the binding name of the import
[INFO] [stdout]     |
[INFO] [stdout] 103 | use std::{sync::Arc, collections::HashMap as OtherHashMap};
[INFO] [stdout]     |                                           +++++++++++++++
[INFO] [stdout] 
[INFO] [stdout] error: aborting due to 1 previous error
[INFO] [stdout] 
[INFO] [stdout] For more information about this error, try `rustc --explain E0252`.
[INFO] [stdout] Couldn't compile the test.
[INFO] [stdout] ---- src/lib.rs - VetisTestResult (line 84) stdout ----
[INFO] [stdout] error: expected identifier, found keyword `dyn`
[INFO] [stdout]   --> src/lib.rs:85:34
[INFO] [stdout]    |
[INFO] [stdout] 85 | use vetis::{VetisTestResult, Box<dyn Error>};
[INFO] [stdout]    |                                  ^^^ expected identifier, found keyword
[INFO] [stdout] 
[INFO] [stdout] error: expected one of `,`, `::`, `as`, or `}`, found `<`
[INFO] [stdout]   --> src/lib.rs:85:33
[INFO] [stdout]    |
[INFO] [stdout] 85 | use vetis::{VetisTestResult, Box<dyn Error>};
[INFO] [stdout]    |                                 ^
[INFO] [stdout]    |                                 |
[INFO] [stdout]    |                                 expected one of `,`, `::`, `as`, or `}`
[INFO] [stdout]    |                                 help: missing `,`
[INFO] [stdout] 
[INFO] [stdout] error: expected one of `,`, `::`, `as`, or `}`, found `Error`
[INFO] [stdout]   --> src/lib.rs:85:38
[INFO] [stdout]    |
[INFO] [stdout] 85 | use vetis::{VetisTestResult, Box<dyn Error>};
[INFO] [stdout]    |                                     -^^^^^ expected one of `,`, `::`, `as`, or `}`
[INFO] [stdout]    |                                     |
[INFO] [stdout]    |                                     help: missing `,`
[INFO] [stdout] 
[INFO] [stdout] error: expected one of `,`, `::`, `as`, or `}`, found `>`
[INFO] [stdout]   --> src/lib.rs:85:43
[INFO] [stdout]    |
[INFO] [stdout] 85 | use vetis::{VetisTestResult, Box<dyn Error>};
[INFO] [stdout]    |                                           ^ expected one of `,`, `::`, `as`, or `}`
[INFO] [stdout] 
[INFO] [stdout] error: expected one of `#`, `*`, `,`, `::`, `;`, `as`, `{`, or `}`, found `>`
[INFO] [stdout]   --> src/lib.rs:85:43
[INFO] [stdout]    |
[INFO] [stdout] 85 | use vetis::{VetisTestResult, Box<dyn Error>};
[INFO] [stdout]    |                                           ^ expected one of 8 possible tokens
[INFO] [stdout]    |
[INFO] [stdout]    = note: glob-like brace syntax must be last on the path
[INFO] [stdout] 
[INFO] [stdout] error: aborting due to 5 previous errors
[INFO] [stdout] 
[INFO] [stdout] Couldn't compile the test.
[INFO] [stdout] ---- src/lib.rs - VetisPathRouter (line 52) stdout ----
[INFO] [stdout] error[E0432]: unresolved import `vetis::VetisRouter`
[INFO] [stdout]   --> src/lib.rs:54:13
[INFO] [stdout]    |
[INFO] [stdout] 54 | use vetis::{VetisRouter, errors::VetisError};
[INFO] [stdout]    |             ^^^^^^^^^^^ no `VetisRouter` in the root
[INFO] [stdout] 
[INFO] [stdout] error[E0425]: cannot find type `VetisResult` in this scope
[INFO] [stdout]   --> src/lib.rs:56:22
[INFO] [stdout]    |
[INFO] [stdout] 56 | fn process_data() -> VetisResult<i32> {
[INFO] [stdout]    |                      ^^^^^^^^^^^ not found in this scope
[INFO] [stdout] 
[INFO] [stdout] error: aborting due to 2 previous errors
[INFO] [stdout] 
[INFO] [stdout] Some errors have detailed explanations: E0425, E0432.
[INFO] [stdout] For more information about an error, try `rustc --explain E0425`.
[INFO] [stdout] Couldn't compile the test.
[INFO] [stdout] ---- src/listener.rs - listener::ListenerConfig (line 106) stdout ----
[INFO] [stdout] error[E0599]: no method named `protos` found for struct `ListenerConfigBuilder` in the current scope
[INFO] [stdout]    --> src/listener.rs:114:6
[INFO] [stdout]     |
[INFO] [stdout] 112 | let config = ListenerConfig::builder()
[INFO] [stdout] 113 |     .port(8443)
[INFO] [stdout] 114 |     .protos(vec![Version::HTTP_11])
[INFO] [stdout]     |      ^^^^^^
[INFO] [stdout]     |
[INFO] [stdout] help: there is a method `port` with a similar name
[INFO] [stdout]     |
[INFO] [stdout] 114 -     .protos(vec![Version::HTTP_11])
[INFO] [stdout] 114 +     .port(vec![Version::HTTP_11])
[INFO] [stdout]     |
[INFO] [stdout] 
[INFO] [stdout] error: aborting due to 1 previous error
[INFO] [stdout] 
[INFO] [stdout] For more information about this error, try `rustc --explain E0599`.
[INFO] [stdout] Couldn't compile the test.
[INFO] [stdout] ---- src/listener.rs - listener::ListenerConfigBuilder (line 52) stdout ----
[INFO] [stdout] error[E0599]: no method named `protos` found for struct `ListenerConfigBuilder` in the current scope
[INFO] [stdout]   --> src/listener.rs:59:6
[INFO] [stdout]    |
[INFO] [stdout] 57 | let config = ListenerConfig::builder()
[INFO] [stdout] 58 |     .port(8080)
[INFO] [stdout] 59 |     .protos(vec![Version::HTTP_11])
[INFO] [stdout]    |      ^^^^^^
[INFO] [stdout]    |
[INFO] [stdout] help: there is a method `port` with a similar name
[INFO] [stdout]    |
[INFO] [stdout] 59 -     .protos(vec![Version::HTTP_11])
[INFO] [stdout] 59 +     .port(vec![Version::HTTP_11])
[INFO] [stdout]    |
[INFO] [stdout] 
[INFO] [stdout] error: aborting due to 1 previous error
[INFO] [stdout] 
[INFO] [stdout] For more information about this error, try `rustc --explain E0599`.
[INFO] [stdout] Couldn't compile the test.
[INFO] [stdout] ---- src/response.rs - response::Response (line 129) stdout ----
[INFO] [stdout] error[E0432]: unresolved import `bytes`
[INFO] [stdout]    --> src/response.rs:131:5
[INFO] [stdout]     |
[INFO] [stdout] 131 | use bytes::Bytes;
[INFO] [stdout]     |     ^^^^^ use of unresolved module or unlinked crate `bytes`
[INFO] [stdout]     |
[INFO] [stdout]     = help: if you wanted to use a crate named `bytes`, use `cargo add bytes` to add it to your `Cargo.toml`
[INFO] [stdout] 
[INFO] [stdout] error[E0432]: unresolved import `http_body_util`
[INFO] [stdout]    --> src/response.rs:132:5
[INFO] [stdout]     |
[INFO] [stdout] 132 | use http_body_util::Full;
[INFO] [stdout]     |     ^^^^^^^^^^^^^^ use of unresolved module or unlinked crate `http_body_util`
[INFO] [stdout]     |
[INFO] [stdout]     = help: if you wanted to use a crate named `http_body_util`, use `cargo add http_body_util` to add it to your `Cargo.toml`
[INFO] [stdout] 
[INFO] [stdout] error: aborting due to 2 previous errors
[INFO] [stdout] 
[INFO] [stdout] For more information about this error, try `rustc --explain E0432`.
[INFO] [stdout] Couldn't compile the test.
[INFO] [stdout] ---- src/response.rs - response::ResponseBuilder (line 11) stdout ----
[INFO] [stdout] error[E0432]: unresolved import `bytes`
[INFO] [stdout]   --> src/response.rs:13:5
[INFO] [stdout]    |
[INFO] [stdout] 13 | use bytes::Bytes;
[INFO] [stdout]    |     ^^^^^ use of unresolved module or unlinked crate `bytes`
[INFO] [stdout]    |
[INFO] [stdout]    = help: if you wanted to use a crate named `bytes`, use `cargo add bytes` to add it to your `Cargo.toml`
[INFO] [stdout] 
[INFO] [stdout] error: aborting due to 1 previous error
[INFO] [stdout] 
[INFO] [stdout] For more information about this error, try `rustc --explain E0432`.
[INFO] [stdout] Couldn't compile the test.
[INFO] [stdout] ---- src/host/mod.rs - host::HostConfigBuilder (line 124) stdout ----
[INFO] [stdout] error[E0432]: unresolved import `vetis::security::SecurityConfig`
[INFO] [stdout]    --> src/host/mod.rs:127:5
[INFO] [stdout]     |
[INFO] [stdout] 127 |     security::SecurityConfig,
[INFO] [stdout]     |     ^^^^^^^^^^--------------
[INFO] [stdout]     |               |
[INFO] [stdout]     |               no `SecurityConfig` in `security`
[INFO] [stdout] 
[INFO] [stdout] error[E0599]: no method named `security` found for struct `HostConfigBuilder` in the current scope
[INFO] [stdout]    --> src/host/mod.rs:139:6
[INFO] [stdout]     |
[INFO] [stdout] 137 | let config = HostConfig::builder()
[INFO] [stdout] 138 |     .hostname("example.com")
[INFO] [stdout] 139 |     .security(security)
[INFO] [stdout]     |      ^^^^^^^^ method not found in `HostConfigBuilder`
[INFO] [stdout] 
[INFO] [stdout] error: aborting due to 2 previous errors
[INFO] [stdout] 
[INFO] [stdout] Some errors have detailed explanations: E0432, E0599.
[INFO] [stdout] For more information about an error, try `rustc --explain E0432`.
[INFO] [stdout] Couldn't compile the test.
[INFO] [stdout] ---- src/security.rs - security::TlsConfig::builder (line 205) stdout ----
[INFO] [stdout] error[E0599]: no method named `cert_from_bytes` found for struct `TlsConfigBuilder` in the current scope
[INFO] [stdout]    --> src/security.rs:210:6
[INFO] [stdout]     |
[INFO] [stdout] 209 | let security = TlsConfig::builder()
[INFO] [stdout] 210 |     .cert_from_bytes(vec![])
[INFO] [stdout]     |      ^^^^^^^^^^^^^^^
[INFO] [stdout]     |
[INFO] [stdout] help: there is a method `cert_file` with a similar name
[INFO] [stdout]     |
[INFO] [stdout] 210 -     .cert_from_bytes(vec![])
[INFO] [stdout] 210 +     .cert_file(vec![])
[INFO] [stdout]     |
[INFO] [stdout] 
[INFO] [stdout] error: aborting due to 1 previous error
[INFO] [stdout] 
[INFO] [stdout] For more information about this error, try `rustc --explain E0599`.
[INFO] [stdout] Couldn't compile the test.
[INFO] [stdout] ---- src/security.rs - security::TlsConfig (line 159) stdout ----
[INFO] [stdout] error[E0599]: no method named `cert` found for struct `TlsConfig` in the current scope
[INFO] [stdout]    --> src/security.rs:169:51
[INFO] [stdout]     |
[INFO] [stdout] 169 | println!("Certificate length: {} bytes", security.cert().len());
[INFO] [stdout]     |                                                   ^^^^ method not found in `TlsConfig`
[INFO] [stdout] 
[INFO] [stdout] error: aborting due to 1 previous error
[INFO] [stdout] 
[INFO] [stdout] For more information about this error, try `rustc --explain E0599`.
[INFO] [stdout] Couldn't compile the test.
[INFO] [stdout] ---- src/security.rs - security::TlsConfigBuilder::cert_file (line 41) stdout ----
[INFO] [stdout] error[E0432]: unresolved import `vetis::security::SecurityConfig`
[INFO] [stdout]   --> src/security.rs:43:5
[INFO] [stdout]    |
[INFO] [stdout] 43 | use vetis::security::SecurityConfig;
[INFO] [stdout]    |     ^^^^^^^^^^^^^^^^^--------------
[INFO] [stdout]    |                      |
[INFO] [stdout]    |                      no `SecurityConfig` in `security`
[INFO] [stdout] 
[INFO] [stdout] error: aborting due to 1 previous error
[INFO] [stdout] 
[INFO] [stdout] For more information about this error, try `rustc --explain E0432`.
[INFO] [stdout] Couldn't compile the test.
[INFO] [stdout] ---- src/security.rs - security::TlsConfigBuilder::ca_file (line 77) stdout ----
[INFO] [stdout] error[E0432]: unresolved import `vetis::security::SecurityConfig`
[INFO] [stdout]   --> src/security.rs:79:5
[INFO] [stdout]    |
[INFO] [stdout] 79 | use vetis::security::SecurityConfig;
[INFO] [stdout]    |     ^^^^^^^^^^^^^^^^^--------------
[INFO] [stdout]    |                      |
[INFO] [stdout]    |                      no `SecurityConfig` in `security`
[INFO] [stdout] 
[INFO] [stdout] error: aborting due to 1 previous error
[INFO] [stdout] 
[INFO] [stdout] For more information about this error, try `rustc --explain E0432`.
[INFO] [stdout] Couldn't compile the test.
[INFO] [stdout] ---- src/security.rs - security::TlsConfigBuilder::client_auth (line 95) stdout ----
[INFO] [stdout] error[E0432]: unresolved import `vetis::security::SecurityConfig`
[INFO] [stdout]   --> src/security.rs:97:5
[INFO] [stdout]    |
[INFO] [stdout] 97 | use vetis::security::SecurityConfig;
[INFO] [stdout]    |     ^^^^^^^^^^^^^^^^^--------------
[INFO] [stdout]    |                      |
[INFO] [stdout]    |                      no `SecurityConfig` in `security`
[INFO] [stdout] 
[INFO] [stdout] error: aborting due to 1 previous error
[INFO] [stdout] 
[INFO] [stdout] For more information about this error, try `rustc --explain E0432`.
[INFO] [stdout] Couldn't compile the test.
[INFO] [stdout] ---- src/security.rs - security::TlsConfigBuilder::key_file (line 59) stdout ----
[INFO] [stdout] error[E0432]: unresolved import `vetis::security::SecurityConfig`
[INFO] [stdout]   --> src/security.rs:61:5
[INFO] [stdout]    |
[INFO] [stdout] 61 | use vetis::security::SecurityConfig;
[INFO] [stdout]    |     ^^^^^^^^^^^^^^^^^--------------
[INFO] [stdout]    |                      |
[INFO] [stdout]    |                      no `SecurityConfig` in `security`
[INFO] [stdout] 
[INFO] [stdout] error: aborting due to 1 previous error
[INFO] [stdout] 
[INFO] [stdout] For more information about this error, try `rustc --explain E0432`.
[INFO] [stdout] Couldn't compile the test.
[INFO] [stdout] ---- src/security.rs - security::TlsConfigBuilder::supported_alpns (line 111) stdout ----
[INFO] [stdout] error[E0432]: unresolved import `vetis::Alpn`
[INFO] [stdout]    --> src/security.rs:113:13
[INFO] [stdout]     |
[INFO] [stdout] 113 | use vetis::{Alpn, {listener::ListenerConfig}};
[INFO] [stdout]     |             ^^^^ no `Alpn` in the root
[INFO] [stdout] 
[INFO] [stdout] warning: unexpected `cfg` condition value: `http1`
[INFO] [stdout]    --> src/security.rs:115:7
[INFO] [stdout]     |
[INFO] [stdout] 115 | #[cfg(feature = "http1")]
[INFO] [stdout]     |       ^^^^^^^^^^^^^^^^^
[INFO] [stdout]     |
[INFO] [stdout]     = note: expected values for `feature` are: `default`
[INFO] [stdout]     = help: consider adding `http1` as a feature in `Cargo.toml`
[INFO] [stdout]     = note: see <https://doc.rust-lang.org/nightly/rustc/check-cfg/cargo-specifics.html> for more information about checking conditional configuration
[INFO] [stdout]     = note: `#[warn(unexpected_cfgs)]` on by default
[INFO] [stdout] 
[INFO] [stdout] error: aborting due to 1 previous error; 1 warning emitted
[INFO] [stdout] 
[INFO] [stdout] For more information about this error, try `rustc --explain E0432`.
[INFO] [stdout] Couldn't compile the test.
[INFO] [stdout] 
[INFO] [stdout] failures:
[INFO] [stdout]     src/host/mod.rs - host::HostConfigBuilder (line 124)
[INFO] [stdout]     src/lib.rs - VetisHosts (line 100)
[INFO] [stdout]     src/lib.rs - VetisPathRouter (line 52)
[INFO] [stdout]     src/lib.rs - VetisTestResult (line 84)
[INFO] [stdout]     src/listener.rs - listener::ListenerConfig (line 106)
[INFO] [stdout]     src/listener.rs - listener::ListenerConfigBuilder (line 52)
[INFO] [stdout]     src/response.rs - response::Response (line 129)
[INFO] [stdout]     src/response.rs - response::ResponseBuilder (line 11)
[INFO] [stdout]     src/security.rs - security::TlsConfig (line 159)
[INFO] [stdout]     src/security.rs - security::TlsConfig::builder (line 205)
[INFO] [stdout]     src/security.rs - security::TlsConfigBuilder::ca_file (line 77)
[INFO] [stdout]     src/security.rs - security::TlsConfigBuilder::cert_file (line 41)
[INFO] [stdout]     src/security.rs - security::TlsConfigBuilder::client_auth (line 95)
[INFO] [stdout]     src/security.rs - security::TlsConfigBuilder::key_file (line 59)
[INFO] [stdout]     src/security.rs - security::TlsConfigBuilder::supported_alpns (line 111)
[INFO] [stdout] 
[INFO] [stdout] test result: FAILED. 7 passed; 15 failed; 1 ignored; 0 measured; 0 filtered out; finished in 1.24s
[INFO] [stdout] 
[INFO] [stdout] all doctests ran in 1.45s; merged doctests compilation took 0.21s
[INFO] [stderr] error: doctest failed, to rerun pass `--doc`
[INFO] running `Command { std: "docker" "inspect" "22f11322b0bc46699b775d85ac20a50344ba3d5bef3f2b94a179ae37502941b2", kill_on_drop: false }`
[INFO] running `Command { std: "docker" "rm" "-f" "22f11322b0bc46699b775d85ac20a50344ba3d5bef3f2b94a179ae37502941b2", kill_on_drop: false }`
[INFO] [stdout] 22f11322b0bc46699b775d85ac20a50344ba3d5bef3f2b94a179ae37502941b2
