[INFO] fetching crate vesta-federation 1.0.0...
[INFO] testing vesta-federation-1.0.0 against 1.99.0-beta.8+cargoflags=--release for beta-release-1.100-2
[INFO] extracting crate vesta-federation 1.0.0 into /workspace/builds/worker-2-tc1/source
[INFO] started tweaking crates.io crate vesta-federation 1.0.0
[INFO] removed 0 missing examples
[INFO] removed 0 missing tests
[INFO] finished tweaking crates.io crate vesta-federation 1.0.0
[INFO] tweaked toml for crates.io crate vesta-federation 1.0.0 written to /workspace/builds/worker-2-tc1/source/Cargo.toml
[INFO] validating manifest of crates.io crate vesta-federation 1.0.0 on toolchain 1.99.0-beta.8
[INFO] running `Command { std: CARGO_HOME="/workspace/cargo-home" RUSTUP_HOME="/workspace/rustup-home" "/workspace/cargo-home/bin/cargo" "+1.99.0-beta.8" "metadata" "--manifest-path" "Cargo.toml" "--no-deps", kill_on_drop: false }`
[INFO] crate crates.io crate vesta-federation 1.0.0 already has a lockfile, it will not be regenerated
[INFO] running `Command { std: CARGO_HOME="/workspace/cargo-home" RUSTUP_HOME="/workspace/rustup-home" "/workspace/cargo-home/bin/cargo" "+1.99.0-beta.8" "fetch" "--manifest-path" "Cargo.toml", kill_on_drop: false }`
[INFO] [stderr]     Updating crates.io index
[INFO] [stderr]  Downloading crates ...
[INFO] [stderr]   Downloaded chunked_transfer v1.5.0
[INFO] [stderr]   Downloaded tiny_http v0.12.0
[INFO] running `Command { std: "docker" "create" "-v" "/var/lib/crater-agent-workspace/builds/worker-2-tc1/source:/opt/rustwide/workdir:ro,Z" "-v" "/var/lib/crater-agent-workspace/builds/worker-2-tc1/target:/opt/rustwide/target:rw,Z" "-v" "/var/lib/crater-agent-workspace/cargo-home:/opt/rustwide/cargo-home:ro,Z" "-v" "/var/lib/crater-agent-workspace/rustup-home:/opt/rustwide/rustup-home:ro,Z" "-m" "1610612736" "--network" "none" "ghcr.io/rust-lang/crates-build-env/linux@sha256:77db811e55d90add9212f6832c23229e3de5f1c1f9905e8cb07319ea15df73ac" "sleep" "infinity", kill_on_drop: false }`
[INFO] [stdout] 24ae98a3ef1617ad9da1831539bbde39e8d8daedb98389431c795042d6f33def
[INFO] running `Command { std: "docker" "start" "24ae98a3ef1617ad9da1831539bbde39e8d8daedb98389431c795042d6f33def", kill_on_drop: false }`
[INFO] running `Command { std: "docker" "inspect" "24ae98a3ef1617ad9da1831539bbde39e8d8daedb98389431c795042d6f33def", kill_on_drop: false }`
[INFO] running `Command { std: "docker" "exec" "-e" "SOURCE_DIR=/opt/rustwide/workdir" "-e" "CARGO_HOME=/opt/rustwide/cargo-home" "-e" "RUSTUP_HOME=/opt/rustwide/rustup-home" "-e" "CARGO_TARGET_DIR=/opt/rustwide/target" "-w" "/opt/rustwide/workdir" "--user" "0:0" "24ae98a3ef1617ad9da1831539bbde39e8d8daedb98389431c795042d6f33def" "/opt/rustwide/cargo-home/bin/cargo" "+1.99.0-beta.8" "metadata" "--no-deps" "--format-version=1", kill_on_drop: false }`
[INFO] running `Command { std: "docker" "inspect" "24ae98a3ef1617ad9da1831539bbde39e8d8daedb98389431c795042d6f33def", kill_on_drop: false }`
[INFO] running `Command { std: "docker" "exec" "-e" "SOURCE_DIR=/opt/rustwide/workdir" "-e" "CARGO_HOME=/opt/rustwide/cargo-home" "-e" "RUSTUP_HOME=/opt/rustwide/rustup-home" "-e" "CARGO_TARGET_DIR=/opt/rustwide/target" "-e" "CARGO_INCREMENTAL=0" "-e" "RUST_BACKTRACE=full" "-e" "RUSTFLAGS=--cap-lints=warn" "-e" "RUSTDOCFLAGS=--cap-lints=warn" "-w" "/opt/rustwide/workdir" "--user" "0:0" "24ae98a3ef1617ad9da1831539bbde39e8d8daedb98389431c795042d6f33def" "/opt/rustwide/cargo-home/bin/cargo" "+1.99.0-beta.8" "build" "--frozen" "--message-format=json" "--release", kill_on_drop: false }`
[INFO] [stderr]    Compiling libc v0.2.186
[INFO] [stderr]    Compiling zerocopy v0.8.50
[INFO] [stderr]    Compiling proc-macro2 v1.0.106
[INFO] [stderr]    Compiling zmij v1.0.19
[INFO] [stderr]    Compiling inout v0.1.4
[INFO] [stderr]    Compiling signature v2.2.0
[INFO] [stderr]    Compiling memchr v2.8.1
[INFO] [stderr]    Compiling ed25519 v2.2.3
[INFO] [stderr]    Compiling quote v1.0.44
[INFO] [stderr]    Compiling serde_json v1.0.149
[INFO] [stderr]    Compiling syn v2.0.114
[INFO] [stderr]    Compiling getrandom v0.2.17
[INFO] [stderr]    Compiling rand_core v0.6.4
[INFO] [stderr]    Compiling crypto-common v0.1.7
[INFO] [stderr]    Compiling digest v0.10.7
[INFO] [stderr]    Compiling cipher v0.4.4
[INFO] [stderr]    Compiling universal-hash v0.5.1
[INFO] [stderr]    Compiling aead v0.5.2
[INFO] [stderr]    Compiling polyval v0.6.2
[INFO] [stderr]    Compiling aes v0.8.4
[INFO] [stderr]    Compiling ctr v0.9.2
[INFO] [stderr]    Compiling ghash v0.5.1
[INFO] [stderr]    Compiling sha2 v0.10.9
[INFO] [stderr]    Compiling hmac v0.12.1
[INFO] [stderr]    Compiling hkdf v0.12.4
[INFO] [stderr]    Compiling aes-gcm v0.10.3
[INFO] [stderr]    Compiling curve25519-dalek-derive v0.1.1
[INFO] [stderr]    Compiling serde_derive v1.0.228
[INFO] [stderr]    Compiling curve25519-dalek v4.1.3
[INFO] [stderr]    Compiling ppv-lite86 v0.2.21
[INFO] [stderr]    Compiling rand_chacha v0.3.1
[INFO] [stderr]    Compiling ed25519-dalek v2.1.1
[INFO] [stderr]    Compiling rand v0.8.6
[INFO] [stderr]    Compiling serde v1.0.228
[INFO] [stderr]    Compiling vesta-federation v1.0.0 (/opt/rustwide/workdir)
[INFO] [stderr]     Finished `release` profile [optimized] target(s) in 47.03s
[INFO] running `Command { std: "docker" "inspect" "24ae98a3ef1617ad9da1831539bbde39e8d8daedb98389431c795042d6f33def", kill_on_drop: false }`
[INFO] running `Command { std: "docker" "exec" "-e" "SOURCE_DIR=/opt/rustwide/workdir" "-e" "CARGO_HOME=/opt/rustwide/cargo-home" "-e" "RUSTUP_HOME=/opt/rustwide/rustup-home" "-e" "CARGO_TARGET_DIR=/opt/rustwide/target" "-e" "CARGO_INCREMENTAL=0" "-e" "RUST_BACKTRACE=full" "-e" "RUSTFLAGS=--cap-lints=warn" "-e" "RUSTDOCFLAGS=--cap-lints=warn" "-w" "/opt/rustwide/workdir" "--user" "0:0" "24ae98a3ef1617ad9da1831539bbde39e8d8daedb98389431c795042d6f33def" "/opt/rustwide/cargo-home/bin/cargo" "+1.99.0-beta.8" "test" "--frozen" "--no-run" "--message-format=json" "--release", kill_on_drop: false }`
[INFO] [stderr]    Compiling vesta-federation v1.0.0 (/opt/rustwide/workdir)
[INFO] [stderr]     Finished `release` profile [optimized] target(s) in 14.04s
[INFO] running `Command { std: "docker" "inspect" "24ae98a3ef1617ad9da1831539bbde39e8d8daedb98389431c795042d6f33def", kill_on_drop: false }`
[INFO] running `Command { std: "docker" "exec" "-e" "SOURCE_DIR=/opt/rustwide/workdir" "-e" "CARGO_HOME=/opt/rustwide/cargo-home" "-e" "RUSTUP_HOME=/opt/rustwide/rustup-home" "-e" "CARGO_TARGET_DIR=/opt/rustwide/target" "-e" "CARGO_INCREMENTAL=0" "-e" "RUST_BACKTRACE=full" "-e" "RUSTFLAGS=--cap-lints=warn" "-e" "RUSTDOCFLAGS=--cap-lints=warn" "-w" "/opt/rustwide/workdir" "--user" "0:0" "24ae98a3ef1617ad9da1831539bbde39e8d8daedb98389431c795042d6f33def" "/opt/rustwide/cargo-home/bin/cargo" "+1.99.0-beta.8" "test" "--frozen" "--release", kill_on_drop: false }`
[INFO] [stderr]     Finished `release` profile [optimized] target(s) in 0.11s
[INFO] [stderr]      Running unittests src/lib.rs (/opt/rustwide/target/release/deps/vesta-232522a1ca0dd985)
[INFO] [stdout] 
[INFO] [stdout] running 34 tests
[INFO] [stdout] test autopilot::tests::split_cpu_sums_to_exactly_total ... ok
[INFO] [stdout] test autopilot::tests::split_mem_skips_zero_capacity_slots ... ok
[INFO] [stdout] test autopilot::tests::recovery_leaves_shard_failed_when_local_rerun_also_fails ... ok
[INFO] [stdout] test autopilot::tests::split_cpu_more_slots_than_work ... ok
[INFO] [stdout] test autopilot::tests::node_score_saturates_on_huge_inputs ... ok
[INFO] [stdout] test config::tests::sanitize_strips_traversal ... ok
[INFO] [stdout] test config::tests::builder_labels ... ok
[INFO] [stdout] test config::tests::sanitize_truncates ... ok
[INFO] [stdout] test config::tests::builder_minimal ... ok
[INFO] [stdout] test autopilot::tests::recovery_reruns_failed_remote_shards_locally ... ok
[INFO] [stdout] test crypto::tests::short_secret_is_rejected ... ok
[INFO] [stdout] test daemon::tests::energy_window_resets_lazily_after_24h ... ok
[INFO] [stdout] test config::tests::validate_rejects_path_traversal ... ok
[INFO] [stdout] test config::tests::builder_rejects_all_illegal_name ... ok
[INFO] [stdout] test config::tests::builder_rejects_out_of_range_pct ... ok
[INFO] [stdout] test sysstat::tests::classify_ac_is_grid ... ok
[INFO] [stdout] test crypto::tests::open_rejects_undersized_input ... ok
[INFO] [stdout] test sync::tests::rwlock_recovers_after_poison ... ok
[INFO] [stdout] test crypto::tests::seal_open_roundtrip ... ok
[INFO] [stdout] test sysstat::tests::classify_never_returns_solar ... ok
[INFO] [stdout] test sysstat::tests::classify_no_battery_is_grid ... ok
[INFO] [stdout] test sysstat::tests::normalize_model_known_devices ... ok
[INFO] [stdout] test executor::tests::exec_job_honors_cancel_token ... ok
[INFO] [stdout] test wire::tests::garbage_payload_fails_to_decrypt ... ok
[INFO] [stdout] test config::tests::builder_rejects_short_key ... ok
[INFO] [stdout] test sysstat::tests::classify_discharging_is_battery_at_any_charge ... ok
[INFO] [stdout] test wire::tests::roundtrip_over_an_in_memory_buffer ... ok
[INFO] [stdout] test sync::tests::mutex_recovers_after_poison ... ok
[INFO] [stdout] test sysstat::tests::willingness_grid_full_battery_scaled ... ok
[INFO] [stdout] test wire::tests::a_frame_sealed_with_another_key_is_rejected ... ok
[INFO] [stdout] test wire::tests::empty_input_errors_without_panicking ... ok
[INFO] [stdout] test wire::tests::out_of_range_lengths_are_rejected_before_allocation ... ok
[INFO] [stdout] test wire::tests::wrong_version_byte_is_rejected ... ok
[INFO] [stdout] test executor::tests::exec_job_is_killed_at_its_timeout ... ok
[INFO] [stdout] 
[INFO] [stdout] test result: ok. 34 passed; 0 failed; 0 ignored; 0 measured; 0 filtered out; finished in 0.21s
[INFO] [stdout] 
[INFO] [stderr]      Running tests/integration.rs (/opt/rustwide/target/release/deps/integration-ff3dc84b68619236)
[INFO] [stdout] 
[INFO] [stdout] running 57 tests
[INFO] [stdout] test auth_fields_survive_serialization ... ok
[INFO] [stdout] test config_builder_custom_fields ... ok
[INFO] [stdout] test config_builder_minimal ... ok
[INFO] [stdout] test config_community_mode_fields ... ok
[INFO] [stdout] test config_daily_energy_budget_builder ... ok
[INFO] [stdout] test config_equity_routing_default_is_gentle_on ... ok
[INFO] [stdout] test config_example_matches_defaults ... ok
[INFO] [stdout] test cipher_different_nonces_each_seal ... ok
[INFO] [stdout] test cipher_rejects_short_key ... ok
[INFO] [stdout] test cipher_round_trip ... ok
[INFO] [stdout] test config_builder_rejects_bad_pct ... ok
[INFO] [stdout] test config_builder_name_sanitization ... ok
[INFO] [stdout] test config_json_omitting_equity_defaults_to_10 ... ok
[INFO] [stdout] test config_builder_rejects_short_key ... ok
[INFO] [stdout] test cipher_rejects_tampered_ciphertext ... ok
[INFO] [stdout] test config_goodwill_scale_default_true ... ok
[INFO] [stdout] test config_local_pref_factor_and_split_size ... ok
[INFO] [stdout] test config_resolved_bakes_community_mode ... ok
[INFO] [stdout] test config_resolved_gift_mode_disables_threshold ... ok
[INFO] [stdout] test config_gift_mode_and_equity_routing ... ok
[INFO] [stdout] test config_trusted_fingerprints_builder ... ok
[INFO] [stdout] test config_validate_rejects_open_http ... ok
[INFO] [stdout] test daemon_with_stats_and_filter ... FAILED
[INFO] [stdout] test gift_mode_bypasses_exchange_threshold ... ok
[INFO] [stdout] test daemon_new_with_fallback_stats ... FAILED
[INFO] [stdout] test job_signing_cmd_arrays_are_unambiguous ... ok
[INFO] [stdout] test identity_sign_verify_and_binding ... FAILED
[INFO] [stdout] test job_freshness_window ... ok
[INFO] [stdout] test job_signature_detects_tampering ... FAILED
[INFO] [stdout] test job_timestamp_is_signed ... FAILED
[INFO] [stdout] test ledger_basic_accounting ... ok
[INFO] [stdout] test ledger_contribution_ratio_correct ... ok
[INFO] [stdout] test ledger_in_flight_reservation_counts ... ok
[INFO] [stdout] test ledger_reset_clears_history ... ok
[INFO] [stdout] test node_score_disqualifies_unwilling ... ok
[INFO] [stdout] test node_score_higher_for_more_resources ... ok
[INFO] [stdout] test exchange_threshold_message_is_actionable ... ok
[INFO] [stdout] test node_score_label_require_disqualifies ... ok
[INFO] [stdout] test ledger_contribution_ratio_fully_reciprocal ... ok
[INFO] [stdout] test ledger_reciprocity_restores_allowance ... ok
[INFO] [stdout] test ledger_contribution_ratio_none_when_never_lended ... ok
[INFO] [stdout] test node_score_label_require_passes_when_present ... ok
[INFO] [stdout] test ledger_exchange_cap_actually_fires ... ok
[INFO] [stdout] test ledger_net_balance ... ok
[INFO] [stdout] test node_score_prefer_label_boosts_score ... ok
[INFO] [stdout] test peertable_accepts_bound_beacon_and_exposes_pubkey ... FAILED
[INFO] [stdout] test peertable_rejects_unsigned_or_forged_beacon ... FAILED
[INFO] [stdout] test peertable_rejects_mismatched_key_binding ... FAILED
[INFO] [stdout] test peertable_tolerates_clock_regression_but_rejects_stale_replay ... FAILED
[INFO] [stdout] test peertable_rejects_keyless_beacon ... ok
[INFO] [stdout] test routing_filter_score_adjustment_applied ... ok
[INFO] [stdout] test sanitize_strips_path_traversal ... ok
[INFO] [stdout] test result_signature_detects_tampering ... FAILED
[INFO] [stdout] test peertable_requires_strictly_monotonic_timestamps ... FAILED
[INFO] [stdout] test sanitize_allows_valid_names ... ok
[INFO] [stdout] test sanitize_strips_spaces_and_special ... ok
[INFO] [stdout] test sanitize_truncates_at_32 ... ok
[INFO] [stdout] 
[INFO] [stdout] failures:
[INFO] [stdout] 
[INFO] [stdout] ---- daemon_with_stats_and_filter stdout ----
[INFO] [stdout] 
[INFO] [stdout] thread 'daemon_with_stats_and_filter' (784) panicked at tests/integration.rs:1005:5:
[INFO] [stdout] assertion failed: result.is_ok()
[INFO] [stdout] stack backtrace:
[INFO] [stdout]    0:     0x5d2e90af81d1 - <<std[70759c8f55707aa4]::sys::backtrace::BacktraceLock>::print::DisplayBacktrace as core[df12db4294e9bfd3]::fmt::Display>::fmt
[INFO] [stdout]    1:     0x5d2e90b0f1fa - core[df12db4294e9bfd3]::fmt::write
[INFO] [stdout]    2:     0x5d2e90afcc7c - <alloc[2182bb758b4b3781]::vec::Vec<u8> as core[df12db4294e9bfd3]::io::write::Write>::write_fmt
[INFO] [stdout]    3:     0x5d2e90ad25c6 - std[70759c8f55707aa4]::panicking::default_hook::{closure#0}
[INFO] [stdout]    4:     0x5d2e90aef8e9 - std[70759c8f55707aa4]::panicking::default_hook
[INFO] [stdout]    5:     0x5d2e90a44700 - test[9d35eded1c95d3be]::test_main_inner::<test[9d35eded1c95d3be]::test_main_static::{closure#0}>::{closure#0}
[INFO] [stdout]    6:     0x5d2e90aefaa2 - std[70759c8f55707aa4]::panicking::panic_with_hook
[INFO] [stdout]    7:     0x5d2e90ad26a4 - std[70759c8f55707aa4]::panicking::panic_handler::{closure#0}
[INFO] [stdout]    8:     0x5d2e90acaf99 - std[70759c8f55707aa4]::sys::backtrace::__rust_end_short_backtrace::<std[70759c8f55707aa4]::panicking::panic_handler::{closure#0}, !>
[INFO] [stdout]    9:     0x5d2e90ad354d - __rustc[8fa7c3cbc660c2b3]::rust_begin_unwind
[INFO] [stdout]   10:     0x5d2e90b0f92c - core[df12db4294e9bfd3]::panicking::panic_fmt
[INFO] [stdout]   11:     0x5d2e90b0f8f2 - core[df12db4294e9bfd3]::panicking::panic
[INFO] [stdout]   12:     0x5d2e90a272b7 - <integration[b35f947b42e5f1]::daemon_with_stats_and_filter::{closure#0} as core[df12db4294e9bfd3]::ops::function::FnOnce<()>>::call_once
[INFO] [stdout]   13:     0x5d2e90a379eb - test[9d35eded1c95d3be]::__rust_begin_short_backtrace::<core[df12db4294e9bfd3]::result::Result<(), alloc[2182bb758b4b3781]::string::String>, fn() -> core[df12db4294e9bfd3]::result::Result<(), alloc[2182bb758b4b3781]::string::String>>
[INFO] [stdout]   14:     0x5d2e90a45055 - test[9d35eded1c95d3be]::run_test::{closure#0}
[INFO] [stdout]   15:     0x5d2e90a3e914 - std[70759c8f55707aa4]::sys::backtrace::__rust_begin_short_backtrace::<test[9d35eded1c95d3be]::run_test::{closure#1}, ()>
[INFO] [stdout]   16:     0x5d2e90a481b2 - <std[70759c8f55707aa4]::thread::lifecycle::spawn_unchecked<test[9d35eded1c95d3be]::run_test::{closure#1}, ()>::{closure#1} as core[df12db4294e9bfd3]::ops::function::FnOnce<()>>::call_once::{shim:vtable#0}
[INFO] [stdout]   17:     0x5d2e90af6f59 - <std[70759c8f55707aa4]::sys::thread::unix::Thread>::new::thread_start
[INFO] [stdout]   18:     0x7dff6abeedfa - <unknown>
[INFO] [stdout]   19:     0x7dff6ac823d4 - clone
[INFO] [stdout]   20:                0x0 - <unknown>
[INFO] [stdout] 
[INFO] [stdout] ---- daemon_new_with_fallback_stats stdout ----
[INFO] [stdout] 
[INFO] [stdout] thread 'daemon_new_with_fallback_stats' (783) panicked at tests/integration.rs:978:25:
[INFO] [stdout] Daemon::new should succeed: Io(Os { code: 30, kind: ReadOnlyFilesystem, message: "Read-only file system" })
[INFO] [stdout] stack backtrace:
[INFO] [stdout]    0:     0x5d2e90af81d1 - <<std[70759c8f55707aa4]::sys::backtrace::BacktraceLock>::print::DisplayBacktrace as core[df12db4294e9bfd3]::fmt::Display>::fmt
[INFO] [stdout]    1:     0x5d2e90b0f1fa - core[df12db4294e9bfd3]::fmt::write
[INFO] [stdout]    2:     0x5d2e90afcc7c - <alloc[2182bb758b4b3781]::vec::Vec<u8> as core[df12db4294e9bfd3]::io::write::Write>::write_fmt
[INFO] [stdout]    3:     0x5d2e90ad25c6 - std[70759c8f55707aa4]::panicking::default_hook::{closure#0}
[INFO] [stdout]    4:     0x5d2e90aef8e9 - std[70759c8f55707aa4]::panicking::default_hook
[INFO] [stdout]    5:     0x5d2e90a44700 - test[9d35eded1c95d3be]::test_main_inner::<test[9d35eded1c95d3be]::test_main_static::{closure#0}>::{closure#0}
[INFO] [stdout]    6:     0x5d2e90aefaa2 - std[70759c8f55707aa4]::panicking::panic_with_hook
[INFO] [stdout]    7:     0x5d2e90ad2672 - std[70759c8f55707aa4]::panicking::panic_handler::{closure#0}
[INFO] [stdout]    8:     0x5d2e90acaf99 - std[70759c8f55707aa4]::sys::backtrace::__rust_end_short_backtrace::<std[70759c8f55707aa4]::panicking::panic_handler::{closure#0}, !>
[INFO] [stdout]    9:     0x5d2e90ad354d - __rustc[8fa7c3cbc660c2b3]::rust_begin_unwind
[INFO] [stdout]   10:     0x5d2e90b0f92c - core[df12db4294e9bfd3]::panicking::panic_fmt
[INFO] [stdout]   11:     0x5d2e90b0f702 - core[df12db4294e9bfd3]::result::unwrap_failed
[INFO] [stdout]   12:     0x5d2e90a27620 - <integration[b35f947b42e5f1]::daemon_new_with_fallback_stats::{closure#0} as core[df12db4294e9bfd3]::ops::function::FnOnce<()>>::call_once
[INFO] [stdout]   13:     0x5d2e90a379eb - test[9d35eded1c95d3be]::__rust_begin_short_backtrace::<core[df12db4294e9bfd3]::result::Result<(), alloc[2182bb758b4b3781]::string::String>, fn() -> core[df12db4294e9bfd3]::result::Result<(), alloc[2182bb758b4b3781]::string::String>>
[INFO] [stdout]   14:     0x5d2e90a45055 - test[9d35eded1c95d3be]::run_test::{closure#0}
[INFO] [stdout]   15:     0x5d2e90a3e914 - std[70759c8f55707aa4]::sys::backtrace::__rust_begin_short_backtrace::<test[9d35eded1c95d3be]::run_test::{closure#1}, ()>
[INFO] [stdout]   16:     0x5d2e90a481b2 - <std[70759c8f55707aa4]::thread::lifecycle::spawn_unchecked<test[9d35eded1c95d3be]::run_test::{closure#1}, ()>::{closure#1} as core[df12db4294e9bfd3]::ops::function::FnOnce<()>>::call_once::{shim:vtable#0}
[INFO] [stdout]   17:     0x5d2e90af6f59 - <std[70759c8f55707aa4]::sys::thread::unix::Thread>::new::thread_start
[INFO] [stdout]   18:     0x7dff6abeedfa - <unknown>
[INFO] [stdout]   19:     0x7dff6ac823d4 - clone
[INFO] [stdout]   20:                0x0 - <unknown>
[INFO] [stdout] 
[INFO] [stdout] ---- identity_sign_verify_and_binding stdout ----
[INFO] [stdout] 
[INFO] [stdout] thread 'identity_sign_verify_and_binding' (787) panicked at tests/integration.rs:136:51:
[INFO] [stdout] called `Result::unwrap()` on an `Err` value: Io(Os { code: 30, kind: ReadOnlyFilesystem, message: "Read-only file system" })
[INFO] [stdout] stack backtrace:
[INFO] [stdout]    0:     0x5d2e90af81d1 - <<std[70759c8f55707aa4]::sys::backtrace::BacktraceLock>::print::DisplayBacktrace as core[df12db4294e9bfd3]::fmt::Display>::fmt
[INFO] [stdout]    1:     0x5d2e90b0f1fa - core[df12db4294e9bfd3]::fmt::write
[INFO] [stdout]    2:     0x5d2e90afcc7c - <alloc[2182bb758b4b3781]::vec::Vec<u8> as core[df12db4294e9bfd3]::io::write::Write>::write_fmt
[INFO] [stdout]    3:     0x5d2e90ad25c6 - std[70759c8f55707aa4]::panicking::default_hook::{closure#0}
[INFO] [stdout]    4:     0x5d2e90aef8e9 - std[70759c8f55707aa4]::panicking::default_hook
[INFO] [stdout]    5:     0x5d2e90a44700 - test[9d35eded1c95d3be]::test_main_inner::<test[9d35eded1c95d3be]::test_main_static::{closure#0}>::{closure#0}
[INFO] [stdout]    6:     0x5d2e90aefaa2 - std[70759c8f55707aa4]::panicking::panic_with_hook
[INFO] [stdout]    7:     0x5d2e90ad2672 - std[70759c8f55707aa4]::panicking::panic_handler::{closure#0}
[INFO] [stdout]    8:     0x5d2e90acaf99 - std[70759c8f55707aa4]::sys::backtrace::__rust_end_short_backtrace::<std[70759c8f55707aa4]::panicking::panic_handler::{closure#0}, !>
[INFO] [stdout]    9:     0x5d2e90ad354d - __rustc[8fa7c3cbc660c2b3]::rust_begin_unwind
[INFO] [stdout]   10:     0x5d2e90b0f92c - core[df12db4294e9bfd3]::panicking::panic_fmt
[INFO] [stdout]   11:     0x5d2e90b0f702 - core[df12db4294e9bfd3]::result::unwrap_failed
[INFO] [stdout]   12:     0x5d2e90a28d52 - <integration[b35f947b42e5f1]::identity_sign_verify_and_binding::{closure#0} as core[df12db4294e9bfd3]::ops::function::FnOnce<()>>::call_once
[INFO] [stdout]   13:     0x5d2e90a379eb - test[9d35eded1c95d3be]::__rust_begin_short_backtrace::<core[df12db4294e9bfd3]::result::Result<(), alloc[2182bb758b4b3781]::string::String>, fn() -> core[df12db4294e9bfd3]::result::Result<(), alloc[2182bb758b4b3781]::string::String>>
[INFO] [stdout]   14:     0x5d2e90a45055 - test[9d35eded1c95d3be]::run_test::{closure#0}
[INFO] [stdout]   15:     0x5d2e90a3e914 - std[70759c8f55707aa4]::sys::backtrace::__rust_begin_short_backtrace::<test[9d35eded1c95d3be]::run_test::{closure#1}, ()>
[INFO] [stdout]   16:     0x5d2e90a481b2 - <std[70759c8f55707aa4]::thread::lifecycle::spawn_unchecked<test[9d35eded1c95d3be]::run_test::{closure#1}, ()>::{closure#1} as core[df12db4294e9bfd3]::ops::function::FnOnce<()>>::call_once::{shim:vtable#0}
[INFO] [stdout]   17:     0x5d2e90af6f59 - <std[70759c8f55707aa4]::sys::thread::unix::Thread>::new::thread_start
[INFO] [stdout]   18:     0x7dff6abeedfa - <unknown>
[INFO] [stdout]   19:     0x7dff6ac823d4 - clone
[INFO] [stdout]   20:                0x0 - <unknown>
[INFO] [stdout] 
[INFO] [stdout] ---- job_signature_detects_tampering stdout ----
[INFO] [stdout] 
[INFO] [stdout] thread 'job_signature_detects_tampering' (789) panicked at tests/integration.rs:161:51:
[INFO] [stdout] called `Result::unwrap()` on an `Err` value: Io(Os { code: 30, kind: ReadOnlyFilesystem, message: "Read-only file system" })
[INFO] [stdout] stack backtrace:
[INFO] [stdout]    0:     0x5d2e90af81d1 - <<std[70759c8f55707aa4]::sys::backtrace::BacktraceLock>::print::DisplayBacktrace as core[df12db4294e9bfd3]::fmt::Display>::fmt
[INFO] [stdout]    1:     0x5d2e90b0f1fa - core[df12db4294e9bfd3]::fmt::write
[INFO] [stdout]    2:     0x5d2e90afcc7c - <alloc[2182bb758b4b3781]::vec::Vec<u8> as core[df12db4294e9bfd3]::io::write::Write>::write_fmt
[INFO] [stdout]    3:     0x5d2e90ad25c6 - std[70759c8f55707aa4]::panicking::default_hook::{closure#0}
[INFO] [stdout]    4:     0x5d2e90aef8e9 - std[70759c8f55707aa4]::panicking::default_hook
[INFO] [stdout]    5:     0x5d2e90a44700 - test[9d35eded1c95d3be]::test_main_inner::<test[9d35eded1c95d3be]::test_main_static::{closure#0}>::{closure#0}
[INFO] [stdout]    6:     0x5d2e90aefaa2 - std[70759c8f55707aa4]::panicking::panic_with_hook
[INFO] [stdout]    7:     0x5d2e90ad2672 - std[70759c8f55707aa4]::panicking::panic_handler::{closure#0}
[INFO] [stdout]    8:     0x5d2e90acaf99 - std[70759c8f55707aa4]::sys::backtrace::__rust_end_short_backtrace::<std[70759c8f55707aa4]::panicking::panic_handler::{closure#0}, !>
[INFO] [stdout]    9:     0x5d2e90ad354d - __rustc[8fa7c3cbc660c2b3]::rust_begin_unwind
[INFO] [stdout]   10:     0x5d2e90b0f92c - core[df12db4294e9bfd3]::panicking::panic_fmt
[INFO] [stdout]   11:     0x5d2e90b0f702 - core[df12db4294e9bfd3]::result::unwrap_failed
[INFO] [stdout]   12:     0x5d2e90a2838f - <integration[b35f947b42e5f1]::job_signature_detects_tampering::{closure#0} as core[df12db4294e9bfd3]::ops::function::FnOnce<()>>::call_once
[INFO] [stdout]   13:     0x5d2e90a379eb - test[9d35eded1c95d3be]::__rust_begin_short_backtrace::<core[df12db4294e9bfd3]::result::Result<(), alloc[2182bb758b4b3781]::string::String>, fn() -> core[df12db4294e9bfd3]::result::Result<(), alloc[2182bb758b4b3781]::string::String>>
[INFO] [stdout]   14:     0x5d2e90a45055 - test[9d35eded1c95d3be]::run_test::{closure#0}
[INFO] [stdout]   15:     0x5d2e90a3e914 - std[70759c8f55707aa4]::sys::backtrace::__rust_begin_short_backtrace::<test[9d35eded1c95d3be]::run_test::{closure#1}, ()>
[INFO] [stdout]   16:     0x5d2e90a481b2 - <std[70759c8f55707aa4]::thread::lifecycle::spawn_unchecked<test[9d35eded1c95d3be]::run_test::{closure#1}, ()>::{closure#1} as core[df12db4294e9bfd3]::ops::function::FnOnce<()>>::call_once::{shim:vtable#0}
[INFO] [stdout]   17:     0x5d2e90af6f59 - <std[70759c8f55707aa4]::sys::thread::unix::Thread>::new::thread_start
[INFO] [stdout]   18:     0x7dff6abeedfa - <unknown>
[INFO] [stdout]   19:     0x7dff6ac823d4 - clone
[INFO] [stdout]   20:                0x0 - <unknown>
[INFO] [stdout] 
[INFO] [stdout] ---- job_timestamp_is_signed stdout ----
[INFO] [stdout] 
[INFO] [stdout] thread 'job_timestamp_is_signed' (791) panicked at tests/integration.rs:263:51:
[INFO] [stdout] called `Result::unwrap()` on an `Err` value: Io(Os { code: 30, kind: ReadOnlyFilesystem, message: "Read-only file system" })
[INFO] [stdout] stack backtrace:
[INFO] [stdout]    0:     0x5d2e90af81d1 - <<std[70759c8f55707aa4]::sys::backtrace::BacktraceLock>::print::DisplayBacktrace as core[df12db4294e9bfd3]::fmt::Display>::fmt
[INFO] [stdout]    1:     0x5d2e90b0f1fa - core[df12db4294e9bfd3]::fmt::write
[INFO] [stdout]    2:     0x5d2e90afcc7c - <alloc[2182bb758b4b3781]::vec::Vec<u8> as core[df12db4294e9bfd3]::io::write::Write>::write_fmt
[INFO] [stdout]    3:     0x5d2e90ad25c6 - std[70759c8f55707aa4]::panicking::default_hook::{closure#0}
[INFO] [stdout]    4:     0x5d2e90aef8e9 - std[70759c8f55707aa4]::panicking::default_hook
[INFO] [stdout]    5:     0x5d2e90a44700 - test[9d35eded1c95d3be]::test_main_inner::<test[9d35eded1c95d3be]::test_main_static::{closure#0}>::{closure#0}
[INFO] [stdout]    6:     0x5d2e90aefaa2 - std[70759c8f55707aa4]::panicking::panic_with_hook
[INFO] [stdout]    7:     0x5d2e90ad2672 - std[70759c8f55707aa4]::panicking::panic_handler::{closure#0}
[INFO] [stdout]    8:     0x5d2e90acaf99 - std[70759c8f55707aa4]::sys::backtrace::__rust_end_short_backtrace::<std[70759c8f55707aa4]::panicking::panic_handler::{closure#0}, !>
[INFO] [stdout]    9:     0x5d2e90ad354d - __rustc[8fa7c3cbc660c2b3]::rust_begin_unwind
[INFO] [stdout]   10:     0x5d2e90b0f92c - core[df12db4294e9bfd3]::panicking::panic_fmt
[INFO] [stdout]   11:     0x5d2e90b0f702 - core[df12db4294e9bfd3]::result::unwrap_failed
[INFO] [stdout]   12:     0x5d2e90a25f0e - <integration[b35f947b42e5f1]::job_timestamp_is_signed::{closure#0} as core[df12db4294e9bfd3]::ops::function::FnOnce<()>>::call_once
[INFO] [stdout]   13:     0x5d2e90a379eb - test[9d35eded1c95d3be]::__rust_begin_short_backtrace::<core[df12db4294e9bfd3]::result::Result<(), alloc[2182bb758b4b3781]::string::String>, fn() -> core[df12db4294e9bfd3]::result::Result<(), alloc[2182bb758b4b3781]::string::String>>
[INFO] [stdout]   14:     0x5d2e90a45055 - test[9d35eded1c95d3be]::run_test::{closure#0}
[INFO] [stdout]   15:     0x5d2e90a3e914 - std[70759c8f55707aa4]::sys::backtrace::__rust_begin_short_backtrace::<test[9d35eded1c95d3be]::run_test::{closure#1}, ()>
[INFO] [stdout]   16:     0x5d2e90a481b2 - <std[70759c8f55707aa4]::thread::lifecycle::spawn_unchecked<test[9d35eded1c95d3be]::run_test::{closure#1}, ()>::{closure#1} as core[df12db4294e9bfd3]::ops::function::FnOnce<()>>::call_once::{shim:vtable#0}
[INFO] [stdout]   17:     0x5d2e90af6f59 - <std[70759c8f55707aa4]::sys::thread::unix::Thread>::new::thread_start
[INFO] [stdout]   18:     0x7dff6abeedfa - <unknown>
[INFO] [stdout]   19:     0x7dff6ac823d4 - clone
[INFO] [stdout]   20:                0x0 - <unknown>
[INFO] [stdout] 
[INFO] [stdout] ---- peertable_accepts_bound_beacon_and_exposes_pubkey stdout ----
[INFO] [stdout] 
[INFO] [stdout] thread 'peertable_accepts_bound_beacon_and_exposes_pubkey' (806) panicked at tests/integration.rs:325:51:
[INFO] [stdout] called `Result::unwrap()` on an `Err` value: Io(Os { code: 30, kind: ReadOnlyFilesystem, message: "Read-only file system" })
[INFO] [stdout] stack backtrace:
[INFO] [stdout]    0:     0x5d2e90af81d1 - <<std[70759c8f55707aa4]::sys::backtrace::BacktraceLock>::print::DisplayBacktrace as core[df12db4294e9bfd3]::fmt::Display>::fmt
[INFO] [stdout]    1:     0x5d2e90b0f1fa - core[df12db4294e9bfd3]::fmt::write
[INFO] [stdout]    2:     0x5d2e90afcc7c - <alloc[2182bb758b4b3781]::vec::Vec<u8> as core[df12db4294e9bfd3]::io::write::Write>::write_fmt
[INFO] [stdout]    3:     0x5d2e90ad25c6 - std[70759c8f55707aa4]::panicking::default_hook::{closure#0}
[INFO] [stdout]    4:     0x5d2e90aef8e9 - std[70759c8f55707aa4]::panicking::default_hook
[INFO] [stdout]    5:     0x5d2e90a44700 - test[9d35eded1c95d3be]::test_main_inner::<test[9d35eded1c95d3be]::test_main_static::{closure#0}>::{closure#0}
[INFO] [stdout]    6:     0x5d2e90aefaa2 - std[70759c8f55707aa4]::panicking::panic_with_hook
[INFO] [stdout]    7:     0x5d2e90ad2672 - std[70759c8f55707aa4]::panicking::panic_handler::{closure#0}
[INFO] [stdout]    8:     0x5d2e90acaf99 - std[70759c8f55707aa4]::sys::backtrace::__rust_end_short_backtrace::<std[70759c8f55707aa4]::panicking::panic_handler::{closure#0}, !>
[INFO] [stdout]    9:     0x5d2e90ad354d - __rustc[8fa7c3cbc660c2b3]::rust_begin_unwind
[INFO] [stdout]   10:     0x5d2e90b0f92c - core[df12db4294e9bfd3]::panicking::panic_fmt
[INFO] [stdout]   11:     0x5d2e90b0f702 - core[df12db4294e9bfd3]::result::unwrap_failed
[INFO] [stdout]   12:     0x5d2e90a319d9 - <integration[b35f947b42e5f1]::peertable_accepts_bound_beacon_and_exposes_pubkey::{closure#0} as core[df12db4294e9bfd3]::ops::function::FnOnce<()>>::call_once
[INFO] [stdout]   13:     0x5d2e90a379eb - test[9d35eded1c95d3be]::__rust_begin_short_backtrace::<core[df12db4294e9bfd3]::result::Result<(), alloc[2182bb758b4b3781]::string::String>, fn() -> core[df12db4294e9bfd3]::result::Result<(), alloc[2182bb758b4b3781]::string::String>>
[INFO] [stdout]   14:     0x5d2e90a45055 - test[9d35eded1c95d3be]::run_test::{closure#0}
[INFO] [stdout]   15:     0x5d2e90a3e914 - std[70759c8f55707aa4]::sys::backtrace::__rust_begin_short_backtrace::<test[9d35eded1c95d3be]::run_test::{closure#1}, ()>
[INFO] [stdout]   16:     0x5d2e90a481b2 - <std[70759c8f55707aa4]::thread::lifecycle::spawn_unchecked<test[9d35eded1c95d3be]::run_test::{closure#1}, ()>::{closure#1} as core[df12db4294e9bfd3]::ops::function::FnOnce<()>>::call_once::{shim:vtable#0}
[INFO] [stdout]   17:     0x5d2e90af6f59 - <std[70759c8f55707aa4]::sys::thread::unix::Thread>::new::thread_start
[INFO] [stdout]   18:     0x7dff6abeedfa - <unknown>
[INFO] [stdout]   19:     0x7dff6ac823d4 - clone
[INFO] [stdout]   20:                0x0 - <unknown>
[INFO] [stdout] 
[INFO] [stdout] ---- peertable_rejects_unsigned_or_forged_beacon stdout ----
[INFO] [stdout] 
[INFO] [stdout] thread 'peertable_rejects_unsigned_or_forged_beacon' (809) panicked at tests/integration.rs:352:51:
[INFO] [stdout] called `Result::unwrap()` on an `Err` value: Io(Os { code: 30, kind: ReadOnlyFilesystem, message: "Read-only file system" })
[INFO] [stdout] stack backtrace:
[INFO] [stdout]    0:     0x5d2e90af81d1 - <<std[70759c8f55707aa4]::sys::backtrace::BacktraceLock>::print::DisplayBacktrace as core[df12db4294e9bfd3]::fmt::Display>::fmt
[INFO] [stdout]    1:     0x5d2e90b0f1fa - core[df12db4294e9bfd3]::fmt::write
[INFO] [stdout]    2:     0x5d2e90afcc7c - <alloc[2182bb758b4b3781]::vec::Vec<u8> as core[df12db4294e9bfd3]::io::write::Write>::write_fmt
[INFO] [stdout]    3:     0x5d2e90ad25c6 - std[70759c8f55707aa4]::panicking::default_hook::{closure#0}
[INFO] [stdout]    4:     0x5d2e90aef8e9 - std[70759c8f55707aa4]::panicking::default_hook
[INFO] [stdout]    5:     0x5d2e90a44700 - test[9d35eded1c95d3be]::test_main_inner::<test[9d35eded1c95d3be]::test_main_static::{closure#0}>::{closure#0}
[INFO] [stdout]    6:     0x5d2e90aefaa2 - std[70759c8f55707aa4]::panicking::panic_with_hook
[INFO] [stdout]    7:     0x5d2e90ad2672 - std[70759c8f55707aa4]::panicking::panic_handler::{closure#0}
[INFO] [stdout]    8:     0x5d2e90acaf99 - std[70759c8f55707aa4]::sys::backtrace::__rust_end_short_backtrace::<std[70759c8f55707aa4]::panicking::panic_handler::{closure#0}, !>
[INFO] [stdout]    9:     0x5d2e90ad354d - __rustc[8fa7c3cbc660c2b3]::rust_begin_unwind
[INFO] [stdout]   10:     0x5d2e90b0f92c - core[df12db4294e9bfd3]::panicking::panic_fmt
[INFO] [stdout]   11:     0x5d2e90b0f702 - core[df12db4294e9bfd3]::result::unwrap_failed
[INFO] [stdout]   12:     0x5d2e90a304d1 - <integration[b35f947b42e5f1]::peertable_rejects_unsigned_or_forged_beacon::{closure#0} as core[df12db4294e9bfd3]::ops::function::FnOnce<()>>::call_once
[INFO] [stdout]   13:     0x5d2e90a379eb - test[9d35eded1c95d3be]::__rust_begin_short_backtrace::<core[df12db4294e9bfd3]::result::Result<(), alloc[2182bb758b4b3781]::string::String>, fn() -> core[df12db4294e9bfd3]::result::Result<(), alloc[2182bb758b4b3781]::string::String>>
[INFO] [stdout]   14:     0x5d2e90a45055 - test[9d35eded1c95d3be]::run_test::{closure#0}
[INFO] [stdout]   15:     0x5d2e90a3e914 - std[70759c8f55707aa4]::sys::backtrace::__rust_begin_short_backtrace::<test[9d35eded1c95d3be]::run_test::{closure#1}, ()>
[INFO] [stdout]   16:     0x5d2e90a481b2 - <std[70759c8f55707aa4]::thread::lifecycle::spawn_unchecked<test[9d35eded1c95d3be]::run_test::{closure#1}, ()>::{closure#1} as core[df12db4294e9bfd3]::ops::function::FnOnce<()>>::call_once::{shim:vtable#0}
[INFO] [stdout]   17:     0x5d2e90af6f59 - <std[70759c8f55707aa4]::sys::thread::unix::Thread>::new::thread_start
[INFO] [stdout]   18:     0x7dff6abeedfa - <unknown>
[INFO] [stdout]   19:     0x7dff6ac823d4 - clone
[INFO] [stdout]   20:                0x0 - <unknown>
[INFO] [stdout] 
[INFO] [stdout] ---- peertable_rejects_mismatched_key_binding stdout ----
[INFO] [stdout] 
[INFO] [stdout] thread 'peertable_rejects_mismatched_key_binding' (808) panicked at tests/integration.rs:306:51:
[INFO] [stdout] called `Result::unwrap()` on an `Err` value: Io(Os { code: 30, kind: ReadOnlyFilesystem, message: "Read-only file system" })
[INFO] [stdout] stack backtrace:
[INFO] [stdout]    0:     0x5d2e90af81d1 - <<std[70759c8f55707aa4]::sys::backtrace::BacktraceLock>::print::DisplayBacktrace as core[df12db4294e9bfd3]::fmt::Display>::fmt
[INFO] [stdout]    1:     0x5d2e90b0f1fa - core[df12db4294e9bfd3]::fmt::write
[INFO] [stdout]    2:     0x5d2e90afcc7c - <alloc[2182bb758b4b3781]::vec::Vec<u8> as core[df12db4294e9bfd3]::io::write::Write>::write_fmt
[INFO] [stdout]    3:     0x5d2e90ad25c6 - std[70759c8f55707aa4]::panicking::default_hook::{closure#0}
[INFO] [stdout]    4:     0x5d2e90aef8e9 - std[70759c8f55707aa4]::panicking::default_hook
[INFO] [stdout]    5:     0x5d2e90a44700 - test[9d35eded1c95d3be]::test_main_inner::<test[9d35eded1c95d3be]::test_main_static::{closure#0}>::{closure#0}
[INFO] [stdout]    6:     0x5d2e90aefaa2 - std[70759c8f55707aa4]::panicking::panic_with_hook
[INFO] [stdout]    7:     0x5d2e90ad2672 - std[70759c8f55707aa4]::panicking::panic_handler::{closure#0}
[INFO] [stdout]    8:     0x5d2e90acaf99 - std[70759c8f55707aa4]::sys::backtrace::__rust_end_short_backtrace::<std[70759c8f55707aa4]::panicking::panic_handler::{closure#0}, !>
[INFO] [stdout]    9:     0x5d2e90ad354d - __rustc[8fa7c3cbc660c2b3]::rust_begin_unwind
[INFO] [stdout]   10:     0x5d2e90b0f92c - core[df12db4294e9bfd3]::panicking::panic_fmt
[INFO] [stdout]   11:     0x5d2e90b0f702 - core[df12db4294e9bfd3]::result::unwrap_failed
[INFO] [stdout]   12:     0x5d2e90a2f28e - <integration[b35f947b42e5f1]::peertable_rejects_mismatched_key_binding::{closure#0} as core[df12db4294e9bfd3]::ops::function::FnOnce<()>>::call_once
[INFO] [stdout]   13:     0x5d2e90a379eb - test[9d35eded1c95d3be]::__rust_begin_short_backtrace::<core[df12db4294e9bfd3]::result::Result<(), alloc[2182bb758b4b3781]::string::String>, fn() -> core[df12db4294e9bfd3]::result::Result<(), alloc[2182bb758b4b3781]::string::String>>
[INFO] [stdout]   14:     0x5d2e90a45055 - test[9d35eded1c95d3be]::run_test::{closure#0}
[INFO] [stdout]   15:     0x5d2e90a3e914 - std[70759c8f55707aa4]::sys::backtrace::__rust_begin_short_backtrace::<test[9d35eded1c95d3be]::run_test::{closure#1}, ()>
[INFO] [stdout]   16:     0x5d2e90a481b2 - <std[70759c8f55707aa4]::thread::lifecycle::spawn_unchecked<test[9d35eded1c95d3be]::run_test::{closure#1}, ()>::{closure#1} as core[df12db4294e9bfd3]::ops::function::FnOnce<()>>::call_once::{shim:vtable#0}
[INFO] [stdout]   17:     0x5d2e90af6f59 - <std[70759c8f55707aa4]::sys::thread::unix::Thread>::new::thread_start
[INFO] [stdout]   18:     0x7dff6abeedfa - <unknown>
[INFO] [stdout]   19:     0x7dff6ac823d4 - clone
[INFO] [stdout]   20:                0x0 - <unknown>
[INFO] [stdout] 
[INFO] [stdout] ---- peertable_tolerates_clock_regression_but_rejects_stale_replay stdout ----
[INFO] [stdout] 
[INFO] [stdout] thread 'peertable_tolerates_clock_regression_but_rejects_stale_replay' (811) panicked at tests/integration.rs:416:51:
[INFO] [stdout] called `Result::unwrap()` on an `Err` value: Io(Os { code: 30, kind: ReadOnlyFilesystem, message: "Read-only file system" })
[INFO] [stdout] stack backtrace:
[INFO] [stdout]    0:     0x5d2e90af81d1 - <<std[70759c8f55707aa4]::sys::backtrace::BacktraceLock>::print::DisplayBacktrace as core[df12db4294e9bfd3]::fmt::Display>::fmt
[INFO] [stdout]    1:     0x5d2e90b0f1fa - core[df12db4294e9bfd3]::fmt::write
[INFO] [stdout]    2:     0x5d2e90afcc7c - <alloc[2182bb758b4b3781]::vec::Vec<u8> as core[df12db4294e9bfd3]::io::write::Write>::write_fmt
[INFO] [stdout]    3:     0x5d2e90ad25c6 - std[70759c8f55707aa4]::panicking::default_hook::{closure#0}
[INFO] [stdout]    4:     0x5d2e90aef8e9 - std[70759c8f55707aa4]::panicking::default_hook
[INFO] [stdout]    5:     0x5d2e90a44700 - test[9d35eded1c95d3be]::test_main_inner::<test[9d35eded1c95d3be]::test_main_static::{closure#0}>::{closure#0}
[INFO] [stdout]    6:     0x5d2e90aefaa2 - std[70759c8f55707aa4]::panicking::panic_with_hook
[INFO] [stdout]    7:     0x5d2e90ad2672 - std[70759c8f55707aa4]::panicking::panic_handler::{closure#0}
[INFO] [stdout]    8:     0x5d2e90acaf99 - std[70759c8f55707aa4]::sys::backtrace::__rust_end_short_backtrace::<std[70759c8f55707aa4]::panicking::panic_handler::{closure#0}, !>
[INFO] [stdout]    9:     0x5d2e90ad354d - __rustc[8fa7c3cbc660c2b3]::rust_begin_unwind
[INFO] [stdout]   10:     0x5d2e90b0f92c - core[df12db4294e9bfd3]::panicking::panic_fmt
[INFO] [stdout]   11:     0x5d2e90b0f702 - core[df12db4294e9bfd3]::result::unwrap_failed
[INFO] [stdout]   12:     0x5d2e90a3210b - <integration[b35f947b42e5f1]::peertable_tolerates_clock_regression_but_rejects_stale_replay::{closure#0} as core[df12db4294e9bfd3]::ops::function::FnOnce<()>>::call_once
[INFO] [stdout]   13:     0x5d2e90a379eb - test[9d35eded1c95d3be]::__rust_begin_short_backtrace::<core[df12db4294e9bfd3]::result::Result<(), alloc[2182bb758b4b3781]::string::String>, fn() -> core[df12db4294e9bfd3]::result::Result<(), alloc[2182bb758b4b3781]::string::String>>
[INFO] [stdout]   14:     0x5d2e90a45055 - test[9d35eded1c95d3be]::run_test::{closure#0}
[INFO] [stdout]   15:     0x5d2e90a3e914 - std[70759c8f55707aa4]::sys::backtrace::__rust_begin_short_backtrace::<test[9d35eded1c95d3be]::run_test::{closure#1}, ()>
[INFO] [stdout]   16:     0x5d2e90a481b2 - <std[70759c8f55707aa4]::thread::lifecycle::spawn_unchecked<test[9d35eded1c95d3be]::run_test::{closure#1}, ()>::{closure#1} as core[df12db4294e9bfd3]::ops::function::FnOnce<()>>::call_once::{shim:vtable#0}
[INFO] [stdout]   17:     0x5d2e90af6f59 - <std[70759c8f55707aa4]::sys::thread::unix::Thread>::new::thread_start
[INFO] [stdout]   18:     0x7dff6abeedfa - <unknown>
[INFO] [stdout]   19:     0x7dff6ac823d4 - clone
[INFO] [stdout]   20:                0x0 - <unknown>
[INFO] [stdout] 
[INFO] [stdout] ---- result_signature_detects_tampering stdout ----
[INFO] [stdout] 
[INFO] [stdout] thread 'result_signature_detects_tampering' (812) panicked at tests/integration.rs:214:51:
[INFO] [stdout] called `Result::unwrap()` on an `Err` value: Io(Os { code: 30, kind: ReadOnlyFilesystem, message: "Read-only file system" })
[INFO] [stdout] stack backtrace:
[INFO] [stdout]    0:     0x5d2e90af81d1 - <<std[70759c8f55707aa4]::sys::backtrace::BacktraceLock>::print::DisplayBacktrace as core[df12db4294e9bfd3]::fmt::Display>::fmt
[INFO] [stdout]    1:     0x5d2e90b0f1fa - core[df12db4294e9bfd3]::fmt::write
[INFO] [stdout]    2:     0x5d2e90afcc7c - <alloc[2182bb758b4b3781]::vec::Vec<u8> as core[df12db4294e9bfd3]::io::write::Write>::write_fmt
[INFO] [stdout]    3:     0x5d2e90ad25c6 - std[70759c8f55707aa4]::panicking::default_hook::{closure#0}
[INFO] [stdout]    4:     0x5d2e90aef8e9 - std[70759c8f55707aa4]::panicking::default_hook
[INFO] [stdout]    5:     0x5d2e90a44700 - test[9d35eded1c95d3be]::test_main_inner::<test[9d35eded1c95d3be]::test_main_static::{closure#0}>::{closure#0}
[INFO] [stdout]    6:     0x5d2e90aefaa2 - std[70759c8f55707aa4]::panicking::panic_with_hook
[INFO] [stdout]    7:     0x5d2e90ad2672 - std[70759c8f55707aa4]::panicking::panic_handler::{closure#0}
[INFO] [stdout]    8:     0x5d2e90acaf99 - std[70759c8f55707aa4]::sys::backtrace::__rust_end_short_backtrace::<std[70759c8f55707aa4]::panicking::panic_handler::{closure#0}, !>
[INFO] [stdout]    9:     0x5d2e90ad354d - __rustc[8fa7c3cbc660c2b3]::rust_begin_unwind
[INFO] [stdout]   10:     0x5d2e90b0f92c - core[df12db4294e9bfd3]::panicking::panic_fmt
[INFO] [stdout]   11:     0x5d2e90b0f702 - core[df12db4294e9bfd3]::result::unwrap_failed
[INFO] [stdout]   12:     0x5d2e90a2bbdc - <integration[b35f947b42e5f1]::result_signature_detects_tampering::{closure#0} as core[df12db4294e9bfd3]::ops::function::FnOnce<()>>::call_once
[INFO] [stdout]   13:     0x5d2e90a379eb - test[9d35eded1c95d3be]::__rust_begin_short_backtrace::<core[df12db4294e9bfd3]::result::Result<(), alloc[2182bb758b4b3781]::string::String>, fn() -> core[df12db4294e9bfd3]::result::Result<(), alloc[2182bb758b4b3781]::string::String>>
[INFO] [stdout]   14:     0x5d2e90a45055 - test[9d35eded1c95d3be]::run_test::{closure#0}
[INFO] [stdout]   15:     0x5d2e90a3e914 - std[70759c8f55707aa4]::sys::backtrace::__rust_begin_short_backtrace::<test[9d35eded1c95d3be]::run_test::{closure#1}, ()>
[INFO] [stdout]   16:     0x5d2e90a481b2 - <std[70759c8f55707aa4]::thread::lifecycle::spawn_unchecked<test[9d35eded1c95d3be]::run_test::{closure#1}, ()>::{closure#1} as core[df12db4294e9bfd3]::ops::function::FnOnce<()>>::call_once::{shim:vtable#0}
[INFO] [stdout]   17:     0x5d2e90af6f59 - <std[70759c8f55707aa4]::sys::thread::unix::Thread>::new::thread_start
[INFO] [stdout]   18:     0x7dff6abeedfa - <unknown>
[INFO] [stdout]   19:     0x7dff6ac823d4 - clone
[INFO] [stdout]   20:                0x0 - <unknown>
[INFO] [stdout] 
[INFO] [stdout] ---- peertable_requires_strictly_monotonic_timestamps stdout ----
[INFO] [stdout] 
[INFO] [stdout] thread 'peertable_requires_strictly_monotonic_timestamps' (810) panicked at tests/integration.rs:383:51:
[INFO] [stdout] called `Result::unwrap()` on an `Err` value: Io(Os { code: 30, kind: ReadOnlyFilesystem, message: "Read-only file system" })
[INFO] [stdout] stack backtrace:
[INFO] [stdout]    0:     0x5d2e90af81d1 - <<std[70759c8f55707aa4]::sys::backtrace::BacktraceLock>::print::DisplayBacktrace as core[df12db4294e9bfd3]::fmt::Display>::fmt
[INFO] [stdout]    1:     0x5d2e90b0f1fa - core[df12db4294e9bfd3]::fmt::write
[INFO] [stdout]    2:     0x5d2e90afcc7c - <alloc[2182bb758b4b3781]::vec::Vec<u8> as core[df12db4294e9bfd3]::io::write::Write>::write_fmt
[INFO] [stdout]    3:     0x5d2e90ad25c6 - std[70759c8f55707aa4]::panicking::default_hook::{closure#0}
[INFO] [stdout]    4:     0x5d2e90aef8e9 - std[70759c8f55707aa4]::panicking::default_hook
[INFO] [stdout]    5:     0x5d2e90a44700 - test[9d35eded1c95d3be]::test_main_inner::<test[9d35eded1c95d3be]::test_main_static::{closure#0}>::{closure#0}
[INFO] [stdout]    6:     0x5d2e90aefaa2 - std[70759c8f55707aa4]::panicking::panic_with_hook
[INFO] [stdout]    7:     0x5d2e90ad2672 - std[70759c8f55707aa4]::panicking::panic_handler::{closure#0}
[INFO] [stdout]    8:     0x5d2e90acaf99 - std[70759c8f55707aa4]::sys::backtrace::__rust_end_short_backtrace::<std[70759c8f55707aa4]::panicking::panic_handler::{closure#0}, !>
[INFO] [stdout]    9:     0x5d2e90ad354d - __rustc[8fa7c3cbc660c2b3]::rust_begin_unwind
[INFO] [stdout]   10:     0x5d2e90b0f92c - core[df12db4294e9bfd3]::panicking::panic_fmt
[INFO] [stdout]   11:     0x5d2e90b0f702 - core[df12db4294e9bfd3]::result::unwrap_failed
[INFO] [stdout]   12:     0x5d2e90a3133f - <integration[b35f947b42e5f1]::peertable_requires_strictly_monotonic_timestamps::{closure#0} as core[df12db4294e9bfd3]::ops::function::FnOnce<()>>::call_once
[INFO] [stdout]   13:     0x5d2e90a379eb - test[9d35eded1c95d3be]::__rust_begin_short_backtrace::<core[df12db4294e9bfd3]::result::Result<(), alloc[2182bb758b4b3781]::string::String>, fn() -> core[df12db4294e9bfd3]::result::Result<(), alloc[2182bb758b4b3781]::string::String>>
[INFO] [stdout]   14:     0x5d2e90a45055 - test[9d35eded1c95d3be]::run_test::{closure#0}
[INFO] [stdout]   15:     0x5d2e90a3e914 - std[70759c8f55707aa4]::sys::backtrace::__rust_begin_short_backtrace::<test[9d35eded1c95d3be]::run_test::{closure#1}, ()>
[INFO] [stdout]   16:     0x5d2e90a481b2 - <std[70759c8f55707aa4]::thread::lifecycle::spawn_unchecked<test[9d35eded1c95d3be]::run_test::{closure#1}, ()>::{closure#1} as core[df12db4294e9bfd3]::ops::function::FnOnce<()>>::call_once::{shim:vtable#0}
[INFO] [stdout]   17:     0x5d2e90af6f59 - <std[70759c8f55707aa4]::sys::thread::unix::Thread>::new::thread_start
[INFO] [stdout]   18:     0x7dff6abeedfa - <unknown>
[INFO] [stdout]   19:     0x7dff6ac823d4 - clone
[INFO] [stdout]   20:                0x0 - <unknown>
[INFO] [stdout] 
[INFO] [stdout] 
[INFO] [stdout] failures:
[INFO] [stdout]     daemon_new_with_fallback_stats
[INFO] [stdout]     daemon_with_stats_and_filter
[INFO] [stdout]     identity_sign_verify_and_binding
[INFO] [stdout]     job_signature_detects_tampering
[INFO] [stdout]     job_timestamp_is_signed
[INFO] [stdout]     peertable_accepts_bound_beacon_and_exposes_pubkey
[INFO] [stdout]     peertable_rejects_mismatched_key_binding
[INFO] [stdout]     peertable_rejects_unsigned_or_forged_beacon
[INFO] [stdout]     peertable_requires_strictly_monotonic_timestamps
[INFO] [stdout]     peertable_tolerates_clock_regression_but_rejects_stale_replay
[INFO] [stdout]     result_signature_detects_tampering
[INFO] [stdout] 
[INFO] [stdout] test result: FAILED. 46 passed; 11 failed; 0 ignored; 0 measured; 0 filtered out; finished in 0.02s
[INFO] [stdout] 
[INFO] [stderr] error: test failed, to rerun pass `--test integration`
[INFO] running `Command { std: "docker" "inspect" "24ae98a3ef1617ad9da1831539bbde39e8d8daedb98389431c795042d6f33def", kill_on_drop: false }`
[INFO] running `Command { std: "docker" "rm" "-f" "24ae98a3ef1617ad9da1831539bbde39e8d8daedb98389431c795042d6f33def", kill_on_drop: false }`
[INFO] [stdout] 24ae98a3ef1617ad9da1831539bbde39e8d8daedb98389431c795042d6f33def
