[INFO] fetching crate ves-stark-prover 0.3.3...
[INFO] testing ves-stark-prover-0.3.3 against 1.99.0-beta.8+cargoflags=--release for beta-release-1.100-2
[INFO] extracting crate ves-stark-prover 0.3.3 into /workspace/builds/worker-7-tc1/source
[INFO] started tweaking crates.io crate ves-stark-prover 0.3.3
[INFO] finished tweaking crates.io crate ves-stark-prover 0.3.3
[INFO] tweaked toml for crates.io crate ves-stark-prover 0.3.3 written to /workspace/builds/worker-7-tc1/source/Cargo.toml
[INFO] validating manifest of crates.io crate ves-stark-prover 0.3.3 on toolchain 1.99.0-beta.8
[INFO] running `Command { std: CARGO_HOME="/workspace/cargo-home" RUSTUP_HOME="/workspace/rustup-home" "/workspace/cargo-home/bin/cargo" "+1.99.0-beta.8" "metadata" "--manifest-path" "Cargo.toml" "--no-deps", kill_on_drop: false }`
[INFO] crate crates.io crate ves-stark-prover 0.3.3 already has a lockfile, it will not be regenerated
[INFO] running `Command { std: CARGO_HOME="/workspace/cargo-home" RUSTUP_HOME="/workspace/rustup-home" "/workspace/cargo-home/bin/cargo" "+1.99.0-beta.8" "fetch" "--manifest-path" "Cargo.toml", kill_on_drop: false }`
[INFO] [stderr]     Updating crates.io index
[INFO] [stderr]  Downloading crates ...
[INFO] [stderr]   Downloaded winter-math v0.10.2
[INFO] [stderr]   Downloaded winter-crypto v0.10.2
[INFO] [stderr]   Downloaded winter-maybe-async v0.10.1
[INFO] [stderr]   Downloaded winter-fri v0.10.2
[INFO] [stderr]   Downloaded winter-utils v0.10.2
[INFO] [stderr]   Downloaded ves-stark-air v0.3.3
[INFO] [stderr]   Downloaded ves-stark-primitives v0.3.3
[INFO] [stderr]   Downloaded winter-prover v0.10.3
[INFO] [stderr]   Downloaded winter-air v0.10.3
[INFO] running `Command { std: "docker" "create" "-v" "/var/lib/crater-agent-workspace/builds/worker-7-tc1/source:/opt/rustwide/workdir:ro,Z" "-v" "/var/lib/crater-agent-workspace/builds/worker-7-tc1/target:/opt/rustwide/target:rw,Z" "-v" "/var/lib/crater-agent-workspace/cargo-home:/opt/rustwide/cargo-home:ro,Z" "-v" "/var/lib/crater-agent-workspace/rustup-home:/opt/rustwide/rustup-home:ro,Z" "-m" "1610612736" "--network" "none" "ghcr.io/rust-lang/crates-build-env/linux@sha256:77db811e55d90add9212f6832c23229e3de5f1c1f9905e8cb07319ea15df73ac" "sleep" "infinity", kill_on_drop: false }`
[INFO] [stdout] 10404230a266fb4272c9f4794539db8cd622ec93102d133c5afecfd42023a09c
[INFO] running `Command { std: "docker" "start" "10404230a266fb4272c9f4794539db8cd622ec93102d133c5afecfd42023a09c", kill_on_drop: false }`
[INFO] running `Command { std: "docker" "inspect" "10404230a266fb4272c9f4794539db8cd622ec93102d133c5afecfd42023a09c", kill_on_drop: false }`
[INFO] running `Command { std: "docker" "exec" "-e" "SOURCE_DIR=/opt/rustwide/workdir" "-e" "CARGO_HOME=/opt/rustwide/cargo-home" "-e" "RUSTUP_HOME=/opt/rustwide/rustup-home" "-e" "CARGO_TARGET_DIR=/opt/rustwide/target" "-w" "/opt/rustwide/workdir" "--user" "0:0" "10404230a266fb4272c9f4794539db8cd622ec93102d133c5afecfd42023a09c" "/opt/rustwide/cargo-home/bin/cargo" "+1.99.0-beta.8" "metadata" "--no-deps" "--format-version=1", kill_on_drop: false }`
[INFO] running `Command { std: "docker" "inspect" "10404230a266fb4272c9f4794539db8cd622ec93102d133c5afecfd42023a09c", kill_on_drop: false }`
[INFO] running `Command { std: "docker" "exec" "-e" "SOURCE_DIR=/opt/rustwide/workdir" "-e" "CARGO_HOME=/opt/rustwide/cargo-home" "-e" "RUSTUP_HOME=/opt/rustwide/rustup-home" "-e" "CARGO_TARGET_DIR=/opt/rustwide/target" "-e" "CARGO_INCREMENTAL=0" "-e" "RUST_BACKTRACE=full" "-e" "RUSTFLAGS=--cap-lints=warn" "-e" "RUSTDOCFLAGS=--cap-lints=warn" "-w" "/opt/rustwide/workdir" "--user" "0:0" "10404230a266fb4272c9f4794539db8cd622ec93102d133c5afecfd42023a09c" "/opt/rustwide/cargo-home/bin/cargo" "+1.99.0-beta.8" "build" "--frozen" "--message-format=json" "--release", kill_on_drop: false }`
[INFO] [stderr]    Compiling keccak v0.1.6
[INFO] [stderr]    Compiling winter-utils v0.10.2
[INFO] [stderr]    Compiling libc v0.2.183
[INFO] [stderr]    Compiling serde_json v1.0.149
[INFO] [stderr]    Compiling blake3 v1.8.3
[INFO] [stderr]    Compiling ryu-js v0.2.2
[INFO] [stderr]    Compiling tracing-core v0.1.36
[INFO] [stderr]    Compiling serde_bytes v0.11.19
[INFO] [stderr]    Compiling winter-maybe-async v0.10.1
[INFO] [stderr]    Compiling serde v1.0.228
[INFO] [stderr]    Compiling sha3 v0.10.8
[INFO] [stderr]    Compiling winter-math v0.10.2
[INFO] [stderr]    Compiling tracing v0.1.44
[INFO] [stderr]    Compiling winter-crypto v0.10.2
[INFO] [stderr]    Compiling winter-fri v0.10.2
[INFO] [stderr]    Compiling getrandom v0.4.2
[INFO] [stderr]    Compiling uuid v1.22.0
[INFO] [stderr]    Compiling winter-air v0.10.3
[INFO] [stderr]    Compiling serde_jcs v0.1.0
[INFO] [stderr]    Compiling winter-prover v0.10.3
[INFO] [stderr]    Compiling ves-stark-primitives v0.3.3
[INFO] [stderr]    Compiling ves-stark-air v0.3.3
[INFO] [stderr]    Compiling ves-stark-prover v0.3.3 (/opt/rustwide/workdir)
[INFO] [stderr]     Finished `release` profile [optimized] target(s) in 20.36s
[INFO] running `Command { std: "docker" "inspect" "10404230a266fb4272c9f4794539db8cd622ec93102d133c5afecfd42023a09c", kill_on_drop: false }`
[INFO] running `Command { std: "docker" "exec" "-e" "SOURCE_DIR=/opt/rustwide/workdir" "-e" "CARGO_HOME=/opt/rustwide/cargo-home" "-e" "RUSTUP_HOME=/opt/rustwide/rustup-home" "-e" "CARGO_TARGET_DIR=/opt/rustwide/target" "-e" "CARGO_INCREMENTAL=0" "-e" "RUST_BACKTRACE=full" "-e" "RUSTFLAGS=--cap-lints=warn" "-e" "RUSTDOCFLAGS=--cap-lints=warn" "-w" "/opt/rustwide/workdir" "--user" "0:0" "10404230a266fb4272c9f4794539db8cd622ec93102d133c5afecfd42023a09c" "/opt/rustwide/cargo-home/bin/cargo" "+1.99.0-beta.8" "test" "--frozen" "--no-run" "--message-format=json" "--release", kill_on_drop: false }`
[INFO] [stderr]    Compiling zerocopy v0.8.47
[INFO] [stderr]    Compiling getrandom v0.3.4
[INFO] [stderr]    Compiling uuid v1.22.0
[INFO] [stderr]    Compiling getrandom v0.2.17
[INFO] [stderr]    Compiling tempfile v3.27.0
[INFO] [stderr]    Compiling wait-timeout v0.2.1
[INFO] [stderr]    Compiling rand_core v0.9.5
[INFO] [stderr]    Compiling rand_core v0.6.4
[INFO] [stderr]    Compiling rand v0.9.2
[INFO] [stderr]    Compiling rand_xorshift v0.4.0
[INFO] [stderr]    Compiling rusty-fork v0.3.1
[INFO] [stderr]    Compiling ves-stark-primitives v0.3.3
[INFO] [stderr]    Compiling ves-stark-air v0.3.3
[INFO] [stderr]    Compiling ves-stark-prover v0.3.3 (/opt/rustwide/workdir)
[INFO] [stderr]    Compiling ppv-lite86 v0.2.21
[INFO] [stderr]    Compiling rand_chacha v0.3.1
[INFO] [stderr]    Compiling rand_chacha v0.9.0
[INFO] [stderr]    Compiling rand v0.8.5
[INFO] [stderr]    Compiling proptest v1.10.0
[INFO] [stderr]     Finished `release` profile [optimized] target(s) in 39.80s
[INFO] running `Command { std: "docker" "inspect" "10404230a266fb4272c9f4794539db8cd622ec93102d133c5afecfd42023a09c", kill_on_drop: false }`
[INFO] running `Command { std: "docker" "exec" "-e" "SOURCE_DIR=/opt/rustwide/workdir" "-e" "CARGO_HOME=/opt/rustwide/cargo-home" "-e" "RUSTUP_HOME=/opt/rustwide/rustup-home" "-e" "CARGO_TARGET_DIR=/opt/rustwide/target" "-e" "CARGO_INCREMENTAL=0" "-e" "RUST_BACKTRACE=full" "-e" "RUSTFLAGS=--cap-lints=warn" "-e" "RUSTDOCFLAGS=--cap-lints=warn" "-w" "/opt/rustwide/workdir" "--user" "0:0" "10404230a266fb4272c9f4794539db8cd622ec93102d133c5afecfd42023a09c" "/opt/rustwide/cargo-home/bin/cargo" "+1.99.0-beta.8" "test" "--frozen" "--release", kill_on_drop: false }`
[INFO] [stderr]     Finished `release` profile [optimized] target(s) in 0.11s
[INFO] [stderr]      Running unittests src/lib.rs (/opt/rustwide/target/release/deps/ves_stark_prover-0ccfcefad8a76d0c)
[INFO] [stdout] 
[INFO] [stdout] running 46 tests
[INFO] [stdout] test serialization::tests::test_deserialize_base64 ... ok
[INFO] [stdout] test serialization::tests::test_auto_detect_json ... ok
[INFO] [stdout] test serialization::tests::test_deserialize_json ... ok
[INFO] [stdout] test serialization::tests::test_serialize_base64 ... ok
[INFO] [stdout] test prover::tests::test_prover_creation ... ok
[INFO] [stdout] test serialization::tests::test_proof_json_with_policy ... ok
[INFO] [stdout] test serialization::tests::test_auto_detect_base64 ... ok
[INFO] [stdout] test trace::tests::test_trace_builder_aml_invalid ... ok
[INFO] [stdout] test trace::tests::test_trace_builder_cap_invalid ... ok
[INFO] [stdout] test serialization::tests::test_serialize_binary ... ok
[INFO] [stdout] test trace::tests::test_trace_builder_aml_valid ... ok
[INFO] [stdout] test trace::tests::test_trace_builder_cap_valid ... ok
[INFO] [stdout] test serialization::tests::test_serialize_json ... ok
[INFO] [stdout] test trace::tests::test_bit_decomposition ... ok
[INFO] [stdout] test prover::tests::test_prover_rejects_public_inputs_witness_commitment_mismatch ... FAILED
[INFO] [stdout] test trace::tests::test_witness_commitment_deterministic ... ok
[INFO] [stdout] test serialization::tests::test_compact_proof ... ok
[INFO] [stdout] test trace::tests::test_trace_contains_bit_decomposition ... ok
[INFO] [stdout] test trace::tests::test_trace_info ... ok
[INFO] [stdout] test witness::tests::test_amount_limbs ... ok
[INFO] [stdout] test trace::tests::test_trace_builder_aml_boundary ... ok
[INFO] [stdout] test trace::tests::test_witness_commitment ... ok
[INFO] [stdout] test witness::tests::test_amount_limbs_max_value ... ok
[INFO] [stdout] test trace::tests::test_trace_builder_cap_boundary ... ok
[INFO] [stdout] test witness::tests::test_amount_u128_conversion ... ok
[INFO] [stdout] test witness::tests::test_witness_boundary_amount_fails ... ok
[INFO] [stdout] test witness::tests::test_witness_builder_default ... ok
[INFO] [stdout] test witness::tests::test_witness_builder ... ok
[INFO] [stdout] test witness::tests::test_witness_builder_missing_amount ... ok
[INFO] [stdout] test trace::tests::test_trace_builder_from_aml_threshold ... ok
[INFO] [stdout] test witness::tests::test_witness_builder_missing_public_inputs ... ok
[INFO] [stdout] test witness::tests::test_witness_try_new_rejects_mismatched_binding_fields ... ok
[INFO] [stdout] test witness::tests::test_witness_validation_invalid ... ok
[INFO] [stdout] test witness::tests::test_witness_validation_valid ... ok
[INFO] [stdout] test witness::tests::test_witness_zero_amount ... ok
[INFO] [stdout] test witness::tests::test_witness_max_valid_amount ... ok
[INFO] [stdout] test witness::tests::test_witness_validate_rejects_missing_amount_binding_hash ... ok
[INFO] [stdout] test witness::proptests::prop_amount_gte_threshold_fails ... ok
[INFO] [stdout] test witness::proptests::prop_amount_u128_preserves ... ok
[INFO] [stdout] test witness::proptests::prop_upper_limbs_zero ... ok
[INFO] [stdout] test witness::proptests::prop_amount_limb_decomposition_low ... ok
[INFO] [stdout] test witness::proptests::prop_amount_limb_decomposition_high ... ok
[INFO] [stdout] test witness::proptests::prop_amount_less_than_threshold_validates ... ok
[INFO] [stdout] test witness::proptests::prop_limb_recombination ... ok
[INFO] [stdout] test prover::tests::test_prove_benchmark ... ok
[INFO] [stdout] test witness::proptests::prop_builder_equals_direct ... ok
[INFO] [stderr] error: test failed, to rerun pass `--lib`
[INFO] [stdout] 
[INFO] [stdout] failures:
[INFO] [stdout] 
[INFO] [stdout] ---- prover::tests::test_prover_rejects_public_inputs_witness_commitment_mismatch stdout ----
[INFO] [stdout] 
[INFO] [stdout] thread 'prover::tests::test_prover_rejects_public_inputs_witness_commitment_mismatch' (892) panicked at src/witness.rs:40:46:
[INFO] [stdout] invalid compliance witness public inputs: InvalidPublicInputs("Invalid payload amount binding: payload amount binding amount does not match witnessCommitment")
[INFO] [stdout] stack backtrace:
[INFO] [stdout]    0:     0x5adadea6c051 - <<std[70759c8f55707aa4]::sys::backtrace::BacktraceLock>::print::DisplayBacktrace as core[df12db4294e9bfd3]::fmt::Display>::fmt
[INFO] [stdout]    1:     0x5adadea824ba - core[df12db4294e9bfd3]::fmt::write
[INFO] [stdout]    2:     0x5adadea7094c - <alloc[2182bb758b4b3781]::vec::Vec<u8> as core[df12db4294e9bfd3]::io::write::Write>::write_fmt
[INFO] [stdout]    3:     0x5adadea47046 - std[70759c8f55707aa4]::panicking::default_hook::{closure#0}
[INFO] [stdout]    4:     0x5adadea645c9 - std[70759c8f55707aa4]::panicking::default_hook
[INFO] [stdout]    5:     0x5adade9b2b70 - test[9d35eded1c95d3be]::test_main_inner::<test[9d35eded1c95d3be]::test_main_static::{closure#0}>::{closure#0}
[INFO] [stdout]    6:     0x5adadea64782 - std[70759c8f55707aa4]::panicking::panic_with_hook
[INFO] [stdout]    7:     0x5adadea470f2 - std[70759c8f55707aa4]::panicking::panic_handler::{closure#0}
[INFO] [stdout]    8:     0x5adadea3fd29 - std[70759c8f55707aa4]::sys::backtrace::__rust_end_short_backtrace::<std[70759c8f55707aa4]::panicking::panic_handler::{closure#0}, !>
[INFO] [stdout]    9:     0x5adadea47ced - __rustc[8fa7c3cbc660c2b3]::rust_begin_unwind
[INFO] [stdout]   10:     0x5adadea82c1c - core[df12db4294e9bfd3]::panicking::panic_fmt
[INFO] [stdout]   11:     0x5adadea829f2 - core[df12db4294e9bfd3]::result::unwrap_failed
[INFO] [stdout]   12:     0x5adade9a5507 - <ves_stark_prover[be80f6129e1d7c68]::prover::tests::test_prover_rejects_public_inputs_witness_commitment_mismatch::{closure#0} as core[df12db4294e9bfd3]::ops::function::FnOnce<()>>::call_once
[INFO] [stdout]   13:     0x5adade9a5e5b - test[9d35eded1c95d3be]::__rust_begin_short_backtrace::<core[df12db4294e9bfd3]::result::Result<(), alloc[2182bb758b4b3781]::string::String>, fn() -> core[df12db4294e9bfd3]::result::Result<(), alloc[2182bb758b4b3781]::string::String>>
[INFO] [stdout]   14:     0x5adade9b34c5 - test[9d35eded1c95d3be]::run_test::{closure#0}
[INFO] [stdout]   15:     0x5adade9acd84 - std[70759c8f55707aa4]::sys::backtrace::__rust_begin_short_backtrace::<test[9d35eded1c95d3be]::run_test::{closure#1}, ()>
[INFO] [stdout]   16:     0x5adade9b6622 - <std[70759c8f55707aa4]::thread::lifecycle::spawn_unchecked<test[9d35eded1c95d3be]::run_test::{closure#1}, ()>::{closure#1} as core[df12db4294e9bfd3]::ops::function::FnOnce<()>>::call_once::{shim:vtable#0}
[INFO] [stdout]   17:     0x5adadea6b929 - <std[70759c8f55707aa4]::sys::thread::unix::Thread>::new::thread_start
[INFO] [stdout]   18:     0x7bfe30678dfa - <unknown>
[INFO] [stdout]   19:     0x7bfe3070c3d4 - clone
[INFO] [stdout]   20:                0x0 - <unknown>
[INFO] [stdout] 
[INFO] [stdout] 
[INFO] [stdout] failures:
[INFO] [stdout]     prover::tests::test_prover_rejects_public_inputs_witness_commitment_mismatch
[INFO] [stdout] 
[INFO] [stdout] test result: FAILED. 45 passed; 1 failed; 0 ignored; 0 measured; 0 filtered out; finished in 0.17s
[INFO] [stdout] 
[INFO] running `Command { std: "docker" "inspect" "10404230a266fb4272c9f4794539db8cd622ec93102d133c5afecfd42023a09c", kill_on_drop: false }`
[INFO] running `Command { std: "docker" "rm" "-f" "10404230a266fb4272c9f4794539db8cd622ec93102d133c5afecfd42023a09c", kill_on_drop: false }`
[INFO] [stdout] 10404230a266fb4272c9f4794539db8cd622ec93102d133c5afecfd42023a09c
