[INFO] fetching crate ves-stark-air 0.3.3...
[INFO] testing ves-stark-air-0.3.3 against 1.99.0-beta.8+cargoflags=--release for beta-release-1.100-2
[INFO] extracting crate ves-stark-air 0.3.3 into /workspace/builds/worker-1-tc1/source
[INFO] started tweaking crates.io crate ves-stark-air 0.3.3
[INFO] finished tweaking crates.io crate ves-stark-air 0.3.3
[INFO] tweaked toml for crates.io crate ves-stark-air 0.3.3 written to /workspace/builds/worker-1-tc1/source/Cargo.toml
[INFO] validating manifest of crates.io crate ves-stark-air 0.3.3 on toolchain 1.99.0-beta.8
[INFO] running `Command { std: CARGO_HOME="/workspace/cargo-home" RUSTUP_HOME="/workspace/rustup-home" "/workspace/cargo-home/bin/cargo" "+1.99.0-beta.8" "metadata" "--manifest-path" "Cargo.toml" "--no-deps", kill_on_drop: false }`
[INFO] crate crates.io crate ves-stark-air 0.3.3 already has a lockfile, it will not be regenerated
[INFO] running `Command { std: CARGO_HOME="/workspace/cargo-home" RUSTUP_HOME="/workspace/rustup-home" "/workspace/cargo-home/bin/cargo" "+1.99.0-beta.8" "fetch" "--manifest-path" "Cargo.toml", kill_on_drop: false }`
[INFO] [stderr]     Updating crates.io index
[INFO] [stderr]  Downloading crates ...
[INFO] [stderr]   Downloaded winter-fri v0.10.2
[INFO] [stderr]   Downloaded winter-math v0.10.2
[INFO] [stderr]   Downloaded winter-utils v0.10.2
[INFO] [stderr]   Downloaded winter-air v0.10.3
[INFO] [stderr]   Downloaded winter-crypto v0.10.2
[INFO] [stderr]   Downloaded ves-stark-primitives v0.3.3
[INFO] running `Command { std: "docker" "create" "-v" "/var/lib/crater-agent-workspace/builds/worker-1-tc1/source:/opt/rustwide/workdir:ro,Z" "-v" "/var/lib/crater-agent-workspace/builds/worker-1-tc1/target:/opt/rustwide/target:rw,Z" "-v" "/var/lib/crater-agent-workspace/cargo-home:/opt/rustwide/cargo-home:ro,Z" "-v" "/var/lib/crater-agent-workspace/rustup-home:/opt/rustwide/rustup-home:ro,Z" "-m" "1610612736" "--network" "none" "ghcr.io/rust-lang/crates-build-env/linux@sha256:77db811e55d90add9212f6832c23229e3de5f1c1f9905e8cb07319ea15df73ac" "sleep" "infinity", kill_on_drop: false }`
[INFO] [stdout] 3fcf668b050b8971f9aded434cc776216e97331fb9ea2349ae735cd539ed132c
[INFO] running `Command { std: "docker" "start" "3fcf668b050b8971f9aded434cc776216e97331fb9ea2349ae735cd539ed132c", kill_on_drop: false }`
[INFO] running `Command { std: "docker" "inspect" "3fcf668b050b8971f9aded434cc776216e97331fb9ea2349ae735cd539ed132c", kill_on_drop: false }`
[INFO] running `Command { std: "docker" "exec" "-e" "SOURCE_DIR=/opt/rustwide/workdir" "-e" "CARGO_HOME=/opt/rustwide/cargo-home" "-e" "RUSTUP_HOME=/opt/rustwide/rustup-home" "-e" "CARGO_TARGET_DIR=/opt/rustwide/target" "-w" "/opt/rustwide/workdir" "--user" "0:0" "3fcf668b050b8971f9aded434cc776216e97331fb9ea2349ae735cd539ed132c" "/opt/rustwide/cargo-home/bin/cargo" "+1.99.0-beta.8" "metadata" "--no-deps" "--format-version=1", kill_on_drop: false }`
[INFO] running `Command { std: "docker" "inspect" "3fcf668b050b8971f9aded434cc776216e97331fb9ea2349ae735cd539ed132c", kill_on_drop: false }`
[INFO] running `Command { std: "docker" "exec" "-e" "SOURCE_DIR=/opt/rustwide/workdir" "-e" "CARGO_HOME=/opt/rustwide/cargo-home" "-e" "RUSTUP_HOME=/opt/rustwide/rustup-home" "-e" "CARGO_TARGET_DIR=/opt/rustwide/target" "-e" "CARGO_INCREMENTAL=0" "-e" "RUST_BACKTRACE=full" "-e" "RUSTFLAGS=--cap-lints=warn" "-e" "RUSTDOCFLAGS=--cap-lints=warn" "-w" "/opt/rustwide/workdir" "--user" "0:0" "3fcf668b050b8971f9aded434cc776216e97331fb9ea2349ae735cd539ed132c" "/opt/rustwide/cargo-home/bin/cargo" "+1.99.0-beta.8" "build" "--frozen" "--message-format=json" "--release", kill_on_drop: false }`
[INFO] [stderr]    Compiling crypto-common v0.1.7
[INFO] [stderr]    Compiling blake3 v1.8.3
[INFO] [stderr]    Compiling winter-utils v0.10.2
[INFO] [stderr]    Compiling libc v0.2.183
[INFO] [stderr]    Compiling serde_json v1.0.149
[INFO] [stderr]    Compiling serde_derive v1.0.228
[INFO] [stderr]    Compiling libm v0.2.16
[INFO] [stderr]    Compiling thiserror-impl v2.0.18
[INFO] [stderr]    Compiling ryu-js v0.2.2
[INFO] [stderr]    Compiling digest v0.10.7
[INFO] [stderr]    Compiling sha3 v0.10.8
[INFO] [stderr]    Compiling sha2 v0.10.9
[INFO] [stderr]    Compiling winter-math v0.10.2
[INFO] [stderr]    Compiling winter-crypto v0.10.2
[INFO] [stderr]    Compiling thiserror v2.0.18
[INFO] [stderr]    Compiling getrandom v0.4.2
[INFO] [stderr]    Compiling uuid v1.22.0
[INFO] [stderr]    Compiling winter-fri v0.10.2
[INFO] [stderr]    Compiling winter-air v0.10.3
[INFO] [stderr]    Compiling serde v1.0.228
[INFO] [stderr]    Compiling serde_jcs v0.1.0
[INFO] [stderr]    Compiling ves-stark-primitives v0.3.3
[INFO] [stderr]    Compiling ves-stark-air v0.3.3 (/opt/rustwide/workdir)
[INFO] [stderr]     Finished `release` profile [optimized] target(s) in 14.80s
[INFO] running `Command { std: "docker" "inspect" "3fcf668b050b8971f9aded434cc776216e97331fb9ea2349ae735cd539ed132c", kill_on_drop: false }`
[INFO] running `Command { std: "docker" "exec" "-e" "SOURCE_DIR=/opt/rustwide/workdir" "-e" "CARGO_HOME=/opt/rustwide/cargo-home" "-e" "RUSTUP_HOME=/opt/rustwide/rustup-home" "-e" "CARGO_TARGET_DIR=/opt/rustwide/target" "-e" "CARGO_INCREMENTAL=0" "-e" "RUST_BACKTRACE=full" "-e" "RUSTFLAGS=--cap-lints=warn" "-e" "RUSTDOCFLAGS=--cap-lints=warn" "-w" "/opt/rustwide/workdir" "--user" "0:0" "3fcf668b050b8971f9aded434cc776216e97331fb9ea2349ae735cd539ed132c" "/opt/rustwide/cargo-home/bin/cargo" "+1.99.0-beta.8" "test" "--frozen" "--no-run" "--message-format=json" "--release", kill_on_drop: false }`
[INFO] [stderr]    Compiling getrandom v0.2.17
[INFO] [stderr]    Compiling ppv-lite86 v0.2.21
[INFO] [stderr]    Compiling uuid v1.22.0
[INFO] [stderr]    Compiling rand_core v0.6.4
[INFO] [stderr]    Compiling ves-stark-primitives v0.3.3
[INFO] [stderr]    Compiling rand_chacha v0.3.1
[INFO] [stderr]    Compiling rand_chacha v0.9.0
[INFO] [stderr]    Compiling rand v0.8.5
[INFO] [stderr]    Compiling proptest v1.10.0
[INFO] [stderr]    Compiling ves-stark-air v0.3.3 (/opt/rustwide/workdir)
[INFO] [stderr]     Finished `release` profile [optimized] target(s) in 14.57s
[INFO] running `Command { std: "docker" "inspect" "3fcf668b050b8971f9aded434cc776216e97331fb9ea2349ae735cd539ed132c", kill_on_drop: false }`
[INFO] running `Command { std: "docker" "exec" "-e" "SOURCE_DIR=/opt/rustwide/workdir" "-e" "CARGO_HOME=/opt/rustwide/cargo-home" "-e" "RUSTUP_HOME=/opt/rustwide/rustup-home" "-e" "CARGO_TARGET_DIR=/opt/rustwide/target" "-e" "CARGO_INCREMENTAL=0" "-e" "RUST_BACKTRACE=full" "-e" "RUSTFLAGS=--cap-lints=warn" "-e" "RUSTDOCFLAGS=--cap-lints=warn" "-w" "/opt/rustwide/workdir" "--user" "0:0" "3fcf668b050b8971f9aded434cc776216e97331fb9ea2349ae735cd539ed132c" "/opt/rustwide/cargo-home/bin/cargo" "+1.99.0-beta.8" "test" "--frozen" "--release", kill_on_drop: false }`
[INFO] [stderr]     Finished `release` profile [optimized] target(s) in 0.09s
[INFO] [stderr]      Running unittests src/lib.rs (/opt/rustwide/target/release/deps/ves_stark_air-56cb0fe1ca9700cf)
[INFO] [stdout] 
[INFO] [stdout] running 41 tests
[INFO] [stdout] test compliance::tests::test_compliance_air_try_new_rejects_invalid_public_input_length ... ok
[INFO] [stdout] test compliance::tests::test_compliance_air_try_new_rejects_short_trace ... FAILED
[INFO] [stdout] test compliance::tests::test_public_inputs_new_rejects_invalid_length ... ok
[INFO] [stdout] test compliance::tests::test_air_assertions ... ok
[INFO] [stdout] test compliance::tests::test_public_inputs_with_commitment_rejects_invalid_length ... ok
[INFO] [stdout] test compliance::tests::test_public_inputs_to_elements ... ok
[INFO] [stdout] test options::tests::test_to_winterfell ... ok
[INFO] [stdout] test policies::aml_threshold::tests::test_comparison_state ... ok
[INFO] [stdout] test compliance::tests::test_air_builder ... ok
[INFO] [stdout] test options::tests::test_to_winterfell_panics_on_invalid_options - should panic ... ok
[INFO] [stdout] test options::tests::test_default_options ... ok
[INFO] [stdout] test compliance::tests::test_public_inputs_with_commitment ... ok
[INFO] [stdout] test options::tests::test_secure_options ... ok
[INFO] [stdout] test policies::order_total_cap::tests::test_comparison_state_lte ... ok
[INFO] [stdout] test policies::order_total_cap::tests::test_compute_comparison_values_lte ... ok
[INFO] [stdout] test policies::order_total_cap::tests::test_policy_cap_limbs ... ok
[INFO] [stdout] test policy::tests::test_from_public_inputs_supports_agent_authorization ... ok
[INFO] [stdout] test policies::order_total_cap::tests::test_large_values ... ok
[INFO] [stdout] test policy::tests::test_agent_authorization_policy ... ok
[INFO] [stdout] test policy::tests::test_order_total_cap_policy ... ok
[INFO] [stdout] test policies::aml_threshold::tests::test_policy_threshold_limbs ... ok
[INFO] [stdout] test policies::order_total_cap::tests::test_policy_id ... ok
[INFO] [stdout] test policies::order_total_cap::tests::test_witness_validation ... ok
[INFO] [stdout] test policy::tests::test_aml_threshold_policy ... ok
[INFO] [stdout] test policies::aml_threshold::tests::test_is_valid_u32_limb ... ok
[INFO] [stdout] test policies::aml_threshold::tests::test_compute_comparison_values ... ok
[INFO] [stdout] test policies::aml_threshold::tests::test_witness_validation ... ok
[INFO] [stdout] test policy::tests::test_agent_authorization_rejects_invalid_intent_hash ... ok
[INFO] [stdout] test policy::tests::test_effective_limit ... ok
[INFO] [stdout] test range_check::tests::test_binary_constraint ... ok
[INFO] [stdout] test policy::tests::test_limit_limbs ... ok
[INFO] [stdout] test rescue_air::tests::test_mds_constraint ... ok
[INFO] [stdout] test trace::tests::test_trace_row_accessors ... ok
[INFO] [stdout] test range_check::tests::test_range_check_data_invalid ... ok
[INFO] [stdout] test range_check::tests::test_u32_range_check ... ok
[INFO] [stdout] test range_check::tests::test_validate_limbs ... ok
[INFO] [stdout] test range_check::tests::test_is_valid_u32 ... ok
[INFO] [stdout] test range_check::tests::test_range_check_data ... ok
[INFO] [stdout] test rescue_air::tests::test_sbox_constraint ... ok
[INFO] [stdout] test trace::tests::test_trace_info_power_of_two ... ok
[INFO] [stdout] test range_check::tests::test_decompose_recompose ... ok
[INFO] [stdout] 
[INFO] [stdout] failures:
[INFO] [stdout] 
[INFO] [stdout] ---- compliance::tests::test_compliance_air_try_new_rejects_short_trace stdout ----
[INFO] [stdout] 
[INFO] [stdout] thread 'compliance::tests::test_compliance_air_try_new_rejects_short_trace' (772) panicked at /opt/rustwide/cargo-home/registry/src/index.crates.io-1949cf8c6b5b557f/winter-air-0.10.3/src/air/trace_info.rs:100:9:
[INFO] [stdout] trace length must be a power of two, but was 15
[INFO] [stdout] stack backtrace:
[INFO] [stdout]    0:     0x5e25b1df3561 - <<std[70759c8f55707aa4]::sys::backtrace::BacktraceLock>::print::DisplayBacktrace as core[df12db4294e9bfd3]::fmt::Display>::fmt
[INFO] [stdout]    1:     0x5e25b1e0783a - core[df12db4294e9bfd3]::fmt::write
[INFO] [stdout]    2:     0x5e25b1df79fc - <alloc[2182bb758b4b3781]::vec::Vec<u8> as core[df12db4294e9bfd3]::io::write::Write>::write_fmt
[INFO] [stdout]    3:     0x5e25b1dcfb56 - std[70759c8f55707aa4]::panicking::default_hook::{closure#0}
[INFO] [stdout]    4:     0x5e25b1debcc9 - std[70759c8f55707aa4]::panicking::default_hook
[INFO] [stdout]    5:     0x5e25b1d82ca0 - test[9d35eded1c95d3be]::test_main_inner::<test[9d35eded1c95d3be]::test_main_static::{closure#0}>::{closure#0}
[INFO] [stdout]    6:     0x5e25b1debe82 - std[70759c8f55707aa4]::panicking::panic_with_hook
[INFO] [stdout]    7:     0x5e25b1dcfc02 - std[70759c8f55707aa4]::panicking::panic_handler::{closure#0}
[INFO] [stdout]    8:     0x5e25b1dc8989 - std[70759c8f55707aa4]::sys::backtrace::__rust_end_short_backtrace::<std[70759c8f55707aa4]::panicking::panic_handler::{closure#0}, !>
[INFO] [stdout]    9:     0x5e25b1dd07fd - __rustc[8fa7c3cbc660c2b3]::rust_begin_unwind
[INFO] [stdout]   10:     0x5e25b1e07f6c - core[df12db4294e9bfd3]::panicking::panic_fmt
[INFO] [stdout]   11:     0x5e25b1db7090 - <winter_air[de5dc70ee23d7319]::air::trace_info::TraceInfo>::new_multi_segment
[INFO] [stdout]   12:     0x5e25b1db70fa - <winter_air[de5dc70ee23d7319]::air::trace_info::TraceInfo>::new
[INFO] [stdout]   13:     0x5e25b1d6f1bf - ves_stark_air[23f154a761ebd706]::compliance::tests::test_compliance_air_try_new_rejects_short_trace
[INFO] [stdout]   14:     0x5e25b1d74f19 - <ves_stark_air[23f154a761ebd706]::compliance::tests::test_compliance_air_try_new_rejects_short_trace::{closure#0} as core[df12db4294e9bfd3]::ops::function::FnOnce<()>>::call_once
[INFO] [stdout]   15:     0x5e25b1d75f8b - test[9d35eded1c95d3be]::__rust_begin_short_backtrace::<core[df12db4294e9bfd3]::result::Result<(), alloc[2182bb758b4b3781]::string::String>, fn() -> core[df12db4294e9bfd3]::result::Result<(), alloc[2182bb758b4b3781]::string::String>>
[INFO] [stdout]   16:     0x5e25b1d835f5 - test[9d35eded1c95d3be]::run_test::{closure#0}
[INFO] [stdout]   17:     0x5e25b1d7ceb4 - std[70759c8f55707aa4]::sys::backtrace::__rust_begin_short_backtrace::<test[9d35eded1c95d3be]::run_test::{closure#1}, ()>
[INFO] [stdout]   18:     0x5e25b1d86752 - <std[70759c8f55707aa4]::thread::lifecycle::spawn_unchecked<test[9d35eded1c95d3be]::run_test::{closure#1}, ()>::{closure#1} as core[df12db4294e9bfd3]::ops::function::FnOnce<()>>::call_once::{shim:vtable#0}
[INFO] [stdout]   19:     0x5e25b1df2e39 - <std[70759c8f55707aa4]::sys::thread::unix::Thread>::new::thread_start
[INFO] [stdout]   20:     0x70b8a8f13dfa - <unknown>
[INFO] [stdout]   21:     0x70b8a8fa73d4 - clone
[INFO] [stdout]   22:                0x0 - <unknown>
[INFO] [stdout] 
[INFO] [stdout] 
[INFO] [stdout] failures:
[INFO] [stdout]     compliance::tests::test_compliance_air_try_new_rejects_short_trace
[INFO] [stdout] 
[INFO] [stdout] test result: FAILED. 40 passed; 1 failed; 0 ignored; 0 measured; 0 filtered out; finished in 0.02s
[INFO] [stdout] 
[INFO] [stderr] error: test failed, to rerun pass `--lib`
[INFO] running `Command { std: "docker" "inspect" "3fcf668b050b8971f9aded434cc776216e97331fb9ea2349ae735cd539ed132c", kill_on_drop: false }`
[INFO] running `Command { std: "docker" "rm" "-f" "3fcf668b050b8971f9aded434cc776216e97331fb9ea2349ae735cd539ed132c", kill_on_drop: false }`
[INFO] [stdout] 3fcf668b050b8971f9aded434cc776216e97331fb9ea2349ae735cd539ed132c
