[INFO] fetching crate veryfi 1.0.0...
[INFO] testing veryfi-1.0.0 against 1.99.0-beta.8+cargoflags=--release for beta-release-1.100-2
[INFO] extracting crate veryfi 1.0.0 into /workspace/builds/worker-7-tc1/source
[INFO] started tweaking crates.io crate veryfi 1.0.0
[INFO] finished tweaking crates.io crate veryfi 1.0.0
[INFO] tweaked toml for crates.io crate veryfi 1.0.0 written to /workspace/builds/worker-7-tc1/source/Cargo.toml
[INFO] validating manifest of crates.io crate veryfi 1.0.0 on toolchain 1.99.0-beta.8
[INFO] running `Command { std: CARGO_HOME="/workspace/cargo-home" RUSTUP_HOME="/workspace/rustup-home" "/workspace/cargo-home/bin/cargo" "+1.99.0-beta.8" "metadata" "--manifest-path" "Cargo.toml" "--no-deps", kill_on_drop: false }`
[INFO] running `Command { std: CARGO_HOME="/workspace/cargo-home" RUSTUP_HOME="/workspace/rustup-home" "/workspace/cargo-home/bin/cargo" "+1.99.0-beta.8" "generate-lockfile" "--manifest-path" "Cargo.toml", kill_on_drop: false }`
[INFO] [stderr]     Updating crates.io index
[INFO] [stderr]      Locking 169 packages to highest compatible versions
[INFO] [stderr]       Adding base64 v0.13.1 (available: v0.23.1)
[INFO] [stderr]       Adding mockito v0.30.0 (available: v1.7.2)
[INFO] [stderr]       Adding rand v0.8.8 (available: v0.10.3)
[INFO] [stderr]       Adding reqwest v0.11.27 (available: v0.13.5)
[INFO] [stderr]       Adding utf8-decode v1.0.1 (available: v2.0.0)
[INFO] running `Command { std: CARGO_HOME="/workspace/cargo-home" RUSTUP_HOME="/workspace/rustup-home" "/workspace/cargo-home/bin/cargo" "+1.99.0-beta.8" "fetch" "--manifest-path" "Cargo.toml", kill_on_drop: false }`
[INFO] [stderr]  Downloading crates ...
[INFO] [stderr]   Downloaded hmac-sha256 v1.1.15
[INFO] [stderr]   Downloaded mockito v0.30.0
[INFO] running `Command { std: "docker" "create" "-v" "/var/lib/crater-agent-workspace/builds/worker-7-tc1/source:/opt/rustwide/workdir:ro,Z" "-v" "/var/lib/crater-agent-workspace/builds/worker-7-tc1/target:/opt/rustwide/target:rw,Z" "-v" "/var/lib/crater-agent-workspace/cargo-home:/opt/rustwide/cargo-home:ro,Z" "-v" "/var/lib/crater-agent-workspace/rustup-home:/opt/rustwide/rustup-home:ro,Z" "-m" "1610612736" "--network" "none" "ghcr.io/rust-lang/crates-build-env/linux@sha256:77db811e55d90add9212f6832c23229e3de5f1c1f9905e8cb07319ea15df73ac" "sleep" "infinity", kill_on_drop: false }`
[INFO] [stdout] d47e8116005f11fa1b2e753892c2e3bbfaf0c4967cf39773e0ee65aeb7f2e1b2
[INFO] running `Command { std: "docker" "start" "d47e8116005f11fa1b2e753892c2e3bbfaf0c4967cf39773e0ee65aeb7f2e1b2", kill_on_drop: false }`
[INFO] running `Command { std: "docker" "inspect" "d47e8116005f11fa1b2e753892c2e3bbfaf0c4967cf39773e0ee65aeb7f2e1b2", kill_on_drop: false }`
[INFO] running `Command { std: "docker" "exec" "-e" "SOURCE_DIR=/opt/rustwide/workdir" "-e" "CARGO_HOME=/opt/rustwide/cargo-home" "-e" "RUSTUP_HOME=/opt/rustwide/rustup-home" "-e" "CARGO_TARGET_DIR=/opt/rustwide/target" "-w" "/opt/rustwide/workdir" "--user" "0:0" "d47e8116005f11fa1b2e753892c2e3bbfaf0c4967cf39773e0ee65aeb7f2e1b2" "/opt/rustwide/cargo-home/bin/cargo" "+1.99.0-beta.8" "metadata" "--no-deps" "--format-version=1", kill_on_drop: false }`
[INFO] running `Command { std: "docker" "inspect" "d47e8116005f11fa1b2e753892c2e3bbfaf0c4967cf39773e0ee65aeb7f2e1b2", kill_on_drop: false }`
[INFO] running `Command { std: "docker" "exec" "-e" "SOURCE_DIR=/opt/rustwide/workdir" "-e" "CARGO_HOME=/opt/rustwide/cargo-home" "-e" "RUSTUP_HOME=/opt/rustwide/rustup-home" "-e" "CARGO_TARGET_DIR=/opt/rustwide/target" "-e" "CARGO_INCREMENTAL=0" "-e" "RUST_BACKTRACE=full" "-e" "RUSTFLAGS=--cap-lints=warn" "-e" "RUSTDOCFLAGS=--cap-lints=warn" "-w" "/opt/rustwide/workdir" "--user" "0:0" "d47e8116005f11fa1b2e753892c2e3bbfaf0c4967cf39773e0ee65aeb7f2e1b2" "/opt/rustwide/cargo-home/bin/cargo" "+1.99.0-beta.8" "build" "--frozen" "--message-format=json" "--release", kill_on_drop: false }`
[INFO] [stderr]    Compiling cc v1.8.0
[INFO] [stderr]    Compiling openssl v0.10.81
[INFO] [stderr]    Compiling rustversion v1.0.23
[INFO] [stderr]    Compiling futures-task v0.3.34
[INFO] [stderr]    Compiling http v0.2.12
[INFO] [stderr]    Compiling bitflags v2.13.2
[INFO] [stderr]    Compiling futures-io v0.3.34
[INFO] [stderr]    Compiling mio v1.2.4
[INFO] [stderr]    Compiling socket2 v0.6.5
[INFO] [stderr]    Compiling syn v2.0.119
[INFO] [stderr]    Compiling native-tls v0.2.18
[INFO] [stderr]    Compiling want v0.3.2
[INFO] [stderr]    Compiling form_urlencoded v1.2.2
[INFO] [stderr]    Compiling socket2 v0.5.10
[INFO] [stderr]    Compiling serde v1.0.229
[INFO] [stderr]    Compiling simdutf8 v0.1.5
[INFO] [stderr]    Compiling multiversion_no_op v1.0.0
[INFO] [stderr]    Compiling core_detect v1.0.0
[INFO] [stderr]    Compiling futures-util v0.3.34
[INFO] [stderr]    Compiling rustls-pemfile v1.0.4
[INFO] [stderr]    Compiling url v2.5.8
[INFO] [stderr]    Compiling ipnet v2.12.2
[INFO] [stderr]    Compiling sync_wrapper v0.1.2
[INFO] [stderr]    Compiling utf8-decode v1.0.1
[INFO] [stderr]    Compiling base64 v0.13.1
[INFO] [stderr]    Compiling hmac-sha256 v1.1.15
[INFO] [stderr]    Compiling encoding_rs v0.8.42
[INFO] [stderr]    Compiling tokio v1.53.3
[INFO] [stderr]    Compiling serde_urlencoded v0.7.1
[INFO] [stderr]    Compiling http-body v0.4.6
[INFO] [stderr]    Compiling openssl-sys v0.9.117
[INFO] [stderr]    Compiling openssl-macros v0.1.1
[INFO] [stderr]    Compiling tokio-util v0.7.20
[INFO] [stderr]    Compiling h2 v0.3.27
[INFO] [stderr]    Compiling hyper v0.14.32
[INFO] [stderr]    Compiling tokio-native-tls v0.3.1
[INFO] [stderr]    Compiling hyper-tls v0.5.0
[INFO] [stderr]    Compiling reqwest v0.11.27
[INFO] [stderr]    Compiling veryfi v1.0.0 (/opt/rustwide/workdir)
[INFO] [stderr]     Finished `release` profile [optimized] target(s) in 40.64s
[INFO] running `Command { std: "docker" "inspect" "d47e8116005f11fa1b2e753892c2e3bbfaf0c4967cf39773e0ee65aeb7f2e1b2", kill_on_drop: false }`
[INFO] running `Command { std: "docker" "exec" "-e" "SOURCE_DIR=/opt/rustwide/workdir" "-e" "CARGO_HOME=/opt/rustwide/cargo-home" "-e" "RUSTUP_HOME=/opt/rustwide/rustup-home" "-e" "CARGO_TARGET_DIR=/opt/rustwide/target" "-e" "CARGO_INCREMENTAL=0" "-e" "RUST_BACKTRACE=full" "-e" "RUSTFLAGS=--cap-lints=warn" "-e" "RUSTDOCFLAGS=--cap-lints=warn" "-w" "/opt/rustwide/workdir" "--user" "0:0" "d47e8116005f11fa1b2e753892c2e3bbfaf0c4967cf39773e0ee65aeb7f2e1b2" "/opt/rustwide/cargo-home/bin/cargo" "+1.99.0-beta.8" "test" "--frozen" "--no-run" "--message-format=json" "--release", kill_on_drop: false }`
[INFO] [stderr]    Compiling aho-corasick v1.1.5
[INFO] [stderr]    Compiling assert-json-diff v2.0.2
[INFO] [stderr]    Compiling colored v2.2.0
[INFO] [stderr]    Compiling difference v2.0.0
[INFO] [stderr]    Compiling regex-automata v0.4.18
[INFO] [stderr]    Compiling regex v1.13.1
[INFO] [stderr]    Compiling mockito v0.30.0
[INFO] [stderr]    Compiling veryfi v1.0.0 (/opt/rustwide/workdir)
[INFO] [stderr]     Finished `release` profile [optimized] target(s) in 17.74s
[INFO] running `Command { std: "docker" "inspect" "d47e8116005f11fa1b2e753892c2e3bbfaf0c4967cf39773e0ee65aeb7f2e1b2", kill_on_drop: false }`
[INFO] running `Command { std: "docker" "exec" "-e" "SOURCE_DIR=/opt/rustwide/workdir" "-e" "CARGO_HOME=/opt/rustwide/cargo-home" "-e" "RUSTUP_HOME=/opt/rustwide/rustup-home" "-e" "CARGO_TARGET_DIR=/opt/rustwide/target" "-e" "CARGO_INCREMENTAL=0" "-e" "RUST_BACKTRACE=full" "-e" "RUSTFLAGS=--cap-lints=warn" "-e" "RUSTDOCFLAGS=--cap-lints=warn" "-w" "/opt/rustwide/workdir" "--user" "0:0" "d47e8116005f11fa1b2e753892c2e3bbfaf0c4967cf39773e0ee65aeb7f2e1b2" "/opt/rustwide/cargo-home/bin/cargo" "+1.99.0-beta.8" "test" "--frozen" "--release", kill_on_drop: false }`
[INFO] [stderr]     Finished `release` profile [optimized] target(s) in 0.15s
[INFO] [stderr]      Running unittests src/lib.rs (/opt/rustwide/target/release/deps/veryfi-41fae91a60c4f75a)
[INFO] [stdout] 
[INFO] [stdout] running 6 tests
[INFO] [stdout] test client::client::tests::test_process_document_url ... FAILED
[INFO] [stdout] test client::client::tests::test_process_document ... FAILED
[INFO] [stdout] test client::client::tests::test_get_documents ... FAILED
[INFO] [stdout] test client::client::tests::test_delete_document ... FAILED
[INFO] [stdout] test client::client::tests::test_get_document ... FAILED
[INFO] [stdout] test client::client::tests::test_update_document ... FAILED
[INFO] [stdout] 
[INFO] [stdout] failures:
[INFO] [stdout] 
[INFO] [stdout] ---- client::client::tests::test_process_document_url stdout ----
[INFO] [stdout] 
[INFO] [stdout] thread 'client::client::tests::test_process_document_url' (1114) panicked at /opt/rustwide/cargo-home/registry/src/index.crates.io-1949cf8c6b5b557f/mockito-0.30.0/src/lib.rs:1184:72:
[INFO] [stdout] called `Result::unwrap()` on an `Err` value: Os { code: 2, kind: NotFound, message: "No such file or directory" }
[INFO] [stdout] stack backtrace:
[INFO] [stdout]    0:     0x5a7157fd05c1 - <<std[70759c8f55707aa4]::sys::backtrace::BacktraceLock>::print::DisplayBacktrace as core[df12db4294e9bfd3]::fmt::Display>::fmt
[INFO] [stdout]    1:     0x5a7157fe8c9a - core[df12db4294e9bfd3]::fmt::write
[INFO] [stdout]    2:     0x5a7157fd542c - <alloc[2182bb758b4b3781]::vec::Vec<u8> as core[df12db4294e9bfd3]::io::write::Write>::write_fmt
[INFO] [stdout]    3:     0x5a7157faafe6 - std[70759c8f55707aa4]::panicking::default_hook::{closure#0}
[INFO] [stdout]    4:     0x5a7157fc7f09 - std[70759c8f55707aa4]::panicking::default_hook
[INFO] [stdout]    5:     0x5a7157d22420 - test[9d35eded1c95d3be]::test_main_inner::<test[9d35eded1c95d3be]::test_main_static::{closure#0}>::{closure#0}
[INFO] [stdout]    6:     0x5a7157fc8232 - std[70759c8f55707aa4]::panicking::panic_with_hook
[INFO] [stdout]    7:     0x5a7157fab092 - std[70759c8f55707aa4]::panicking::panic_handler::{closure#0}
[INFO] [stdout]    8:     0x5a7157fa3ba9 - std[70759c8f55707aa4]::sys::backtrace::__rust_end_short_backtrace::<std[70759c8f55707aa4]::panicking::panic_handler::{closure#0}, !>
[INFO] [stdout]    9:     0x5a7157fabe7d - __rustc[8fa7c3cbc660c2b3]::rust_begin_unwind
[INFO] [stdout]   10:     0x5a7157fe947c - core[df12db4294e9bfd3]::panicking::panic_fmt
[INFO] [stdout]   11:     0x5a7157fe9252 - core[df12db4294e9bfd3]::result::unwrap_failed
[INFO] [stdout]   12:     0x5a7157d0b2f1 - <mockito[d71c251c128c2781]::Mock>::with_body_from_file::<&str>
[INFO] [stdout]   13:     0x5a7157d1049b - veryfi[27d4795c1b93644d]::client::client::tests::test_process_document_url
[INFO] [stdout]   14:     0x5a7157d0cd59 - <veryfi[27d4795c1b93644d]::client::client::tests::test_process_document_url::{closure#0} as core[df12db4294e9bfd3]::ops::function::FnOnce<()>>::call_once
[INFO] [stdout]   15:     0x5a7157d1570b - test[9d35eded1c95d3be]::__rust_begin_short_backtrace::<core[df12db4294e9bfd3]::result::Result<(), alloc[2182bb758b4b3781]::string::String>, fn() -> core[df12db4294e9bfd3]::result::Result<(), alloc[2182bb758b4b3781]::string::String>>
[INFO] [stdout]   16:     0x5a7157d22d75 - test[9d35eded1c95d3be]::run_test::{closure#0}
[INFO] [stdout]   17:     0x5a7157d1c634 - std[70759c8f55707aa4]::sys::backtrace::__rust_begin_short_backtrace::<test[9d35eded1c95d3be]::run_test::{closure#1}, ()>
[INFO] [stdout]   18:     0x5a7157d25ed2 - <std[70759c8f55707aa4]::thread::lifecycle::spawn_unchecked<test[9d35eded1c95d3be]::run_test::{closure#1}, ()>::{closure#1} as core[df12db4294e9bfd3]::ops::function::FnOnce<()>>::call_once::{shim:vtable#0}
[INFO] [stdout]   19:     0x5a7157fcf579 - <std[70759c8f55707aa4]::sys::thread::unix::Thread>::new::thread_start
[INFO] [stdout]   20:     0x7244d904bdfa - <unknown>
[INFO] [stdout]   21:     0x7244d90df3d4 - clone
[INFO] [stdout]   22:                0x0 - <unknown>
[INFO] [stdout] 
[INFO] [stdout] ---- client::client::tests::test_process_document stdout ----
[INFO] [stdout] 
[INFO] [stdout] thread 'client::client::tests::test_process_document' (1113) panicked at /opt/rustwide/cargo-home/registry/src/index.crates.io-1949cf8c6b5b557f/mockito-0.30.0/src/lib.rs:1184:72:
[INFO] [stdout] called `Result::unwrap()` on an `Err` value: Os { code: 2, kind: NotFound, message: "No such file or directory" }
[INFO] [stdout] stack backtrace:
[INFO] [stdout]    0:     0x5a7157fd05c1 - <<std[70759c8f55707aa4]::sys::backtrace::BacktraceLock>::print::DisplayBacktrace as core[df12db4294e9bfd3]::fmt::Display>::fmt
[INFO] [stdout]    1:     0x5a7157fe8c9a - core[df12db4294e9bfd3]::fmt::write
[INFO] [stdout]    2:     0x5a7157fd542c - <alloc[2182bb758b4b3781]::vec::Vec<u8> as core[df12db4294e9bfd3]::io::write::Write>::write_fmt
[INFO] [stdout]    3:     0x5a7157faafe6 - std[70759c8f55707aa4]::panicking::default_hook::{closure#0}
[INFO] [stdout]    4:     0x5a7157fc7f09 - std[70759c8f55707aa4]::panicking::default_hook
[INFO] [stdout]    5:     0x5a7157d22420 - test[9d35eded1c95d3be]::test_main_inner::<test[9d35eded1c95d3be]::test_main_static::{closure#0}>::{closure#0}
[INFO] [stdout]    6:     0x5a7157fc8232 - std[70759c8f55707aa4]::panicking::panic_with_hook
[INFO] [stdout]    7:     0x5a7157fab092 - std[70759c8f55707aa4]::panicking::panic_handler::{closure#0}
[INFO] [stdout]    8:     0x5a7157fa3ba9 - std[70759c8f55707aa4]::sys::backtrace::__rust_end_short_backtrace::<std[70759c8f55707aa4]::panicking::panic_handler::{closure#0}, !>
[INFO] [stdout]    9:     0x5a7157fabe7d - __rustc[8fa7c3cbc660c2b3]::rust_begin_unwind
[INFO] [stdout]   10:     0x5a7157fe947c - core[df12db4294e9bfd3]::panicking::panic_fmt
[INFO] [stdout]   11:     0x5a7157fe9252 - core[df12db4294e9bfd3]::result::unwrap_failed
[INFO] [stdout]   12:     0x5a7157d0b2f1 - <mockito[d71c251c128c2781]::Mock>::with_body_from_file::<&str>
[INFO] [stdout]   13:     0x5a7157d0fcdb - veryfi[27d4795c1b93644d]::client::client::tests::test_process_document
[INFO] [stdout]   14:     0x5a7157d0cd39 - <veryfi[27d4795c1b93644d]::client::client::tests::test_process_document::{closure#0} as core[df12db4294e9bfd3]::ops::function::FnOnce<()>>::call_once
[INFO] [stdout]   15:     0x5a7157d1570b - test[9d35eded1c95d3be]::__rust_begin_short_backtrace::<core[df12db4294e9bfd3]::result::Result<(), alloc[2182bb758b4b3781]::string::String>, fn() -> core[df12db4294e9bfd3]::result::Result<(), alloc[2182bb758b4b3781]::string::String>>
[INFO] [stdout]   16:     0x5a7157d22d75 - test[9d35eded1c95d3be]::run_test::{closure#0}
[INFO] [stdout]   17:     0x5a7157d1c634 - std[70759c8f55707aa4]::sys::backtrace::__rust_begin_short_backtrace::<test[9d35eded1c95d3be]::run_test::{closure#1}, ()>
[INFO] [stdout]   18:     0x5a7157d25ed2 - <std[70759c8f55707aa4]::thread::lifecycle::spawn_unchecked<test[9d35eded1c95d3be]::run_test::{closure#1}, ()>::{closure#1} as core[df12db4294e9bfd3]::ops::function::FnOnce<()>>::call_once::{shim:vtable#0}
[INFO] [stdout]   19:     0x5a7157fcf579 - <std[70759c8f55707aa4]::sys::thread::unix::Thread>::new::thread_start
[INFO] [stdout]   20:     0x7244d904bdfa - <unknown>
[INFO] [stdout]   21:     0x7244d90df3d4 - clone
[INFO] [stdout]   22:                0x0 - <unknown>
[INFO] [stdout] 
[INFO] [stdout] ---- client::client::tests::test_get_documents stdout ----
[INFO] [stdout] 
[INFO] [stdout] thread 'client::client::tests::test_get_documents' (1112) panicked at /opt/rustwide/cargo-home/registry/src/index.crates.io-1949cf8c6b5b557f/mockito-0.30.0/src/lib.rs:1184:72:
[INFO] [stdout] called `Result::unwrap()` on an `Err` value: Os { code: 2, kind: NotFound, message: "No such file or directory" }
[INFO] [stdout] stack backtrace:
[INFO] [stdout]    0:     0x5a7157fd05c1 - <<std[70759c8f55707aa4]::sys::backtrace::BacktraceLock>::print::DisplayBacktrace as core[df12db4294e9bfd3]::fmt::Display>::fmt
[INFO] [stdout]    1:     0x5a7157fe8c9a - core[df12db4294e9bfd3]::fmt::write
[INFO] [stdout]    2:     0x5a7157fd542c - <alloc[2182bb758b4b3781]::vec::Vec<u8> as core[df12db4294e9bfd3]::io::write::Write>::write_fmt
[INFO] [stdout]    3:     0x5a7157faafe6 - std[70759c8f55707aa4]::panicking::default_hook::{closure#0}
[INFO] [stdout]    4:     0x5a7157fc7f09 - std[70759c8f55707aa4]::panicking::default_hook
[INFO] [stdout]    5:     0x5a7157d22420 - test[9d35eded1c95d3be]::test_main_inner::<test[9d35eded1c95d3be]::test_main_static::{closure#0}>::{closure#0}
[INFO] [stdout]    6:     0x5a7157fc8232 - std[70759c8f55707aa4]::panicking::panic_with_hook
[INFO] [stdout]    7:     0x5a7157fab092 - std[70759c8f55707aa4]::panicking::panic_handler::{closure#0}
[INFO] [stdout]    8:     0x5a7157fa3ba9 - std[70759c8f55707aa4]::sys::backtrace::__rust_end_short_backtrace::<std[70759c8f55707aa4]::panicking::panic_handler::{closure#0}, !>
[INFO] [stdout]    9:     0x5a7157fabe7d - __rustc[8fa7c3cbc660c2b3]::rust_begin_unwind
[INFO] [stdout]   10:     0x5a7157fe947c - core[df12db4294e9bfd3]::panicking::panic_fmt
[INFO] [stdout]   11:     0x5a7157fe9252 - core[df12db4294e9bfd3]::result::unwrap_failed
[INFO] [stdout]   12:     0x5a7157d0b2f1 - <mockito[d71c251c128c2781]::Mock>::with_body_from_file::<&str>
[INFO] [stdout]   13:     0x5a7157d0e2e3 - veryfi[27d4795c1b93644d]::client::client::tests::test_get_documents
[INFO] [stdout]   14:     0x5a7157d0ccd9 - <veryfi[27d4795c1b93644d]::client::client::tests::test_get_documents::{closure#0} as core[df12db4294e9bfd3]::ops::function::FnOnce<()>>::call_once
[INFO] [stdout]   15:     0x5a7157d1570b - test[9d35eded1c95d3be]::__rust_begin_short_backtrace::<core[df12db4294e9bfd3]::result::Result<(), alloc[2182bb758b4b3781]::string::String>, fn() -> core[df12db4294e9bfd3]::result::Result<(), alloc[2182bb758b4b3781]::string::String>>
[INFO] [stdout]   16:     0x5a7157d22d75 - test[9d35eded1c95d3be]::run_test::{closure#0}
[INFO] [stdout]   17:     0x5a7157d1c634 - std[70759c8f55707aa4]::sys::backtrace::__rust_begin_short_backtrace::<test[9d35eded1c95d3be]::run_test::{closure#1}, ()>
[INFO] [stdout]   18:     0x5a7157d25ed2 - <std[70759c8f55707aa4]::thread::lifecycle::spawn_unchecked<test[9d35eded1c95d3be]::run_test::{closure#1}, ()>::{closure#1} as core[df12db4294e9bfd3]::ops::function::FnOnce<()>>::call_once::{shim:vtable#0}
[INFO] [stdout]   19:     0x5a7157fcf579 - <std[70759c8f55707aa4]::sys::thread::unix::Thread>::new::thread_start
[INFO] [stdout]   20:     0x7244d904bdfa - <unknown>
[INFO] [stdout]   21:     0x7244d90df3d4 - clone
[INFO] [stdout]   22:                0x0 - <unknown>
[INFO] [stdout] 
[INFO] [stdout] ---- client::client::tests::test_delete_document stdout ----
[INFO] [stdout] 
[INFO] [stdout] thread 'client::client::tests::test_delete_document' (1110) panicked at /opt/rustwide/cargo-home/registry/src/index.crates.io-1949cf8c6b5b557f/mockito-0.30.0/src/lib.rs:1184:72:
[INFO] [stdout] called `Result::unwrap()` on an `Err` value: Os { code: 2, kind: NotFound, message: "No such file or directory" }
[INFO] [stdout] stack backtrace:
[INFO] [stdout]    0:     0x5a7157fd05c1 - <<std[70759c8f55707aa4]::sys::backtrace::BacktraceLock>::print::DisplayBacktrace as core[df12db4294e9bfd3]::fmt::Display>::fmt
[INFO] [stdout]    1:     0x5a7157fe8c9a - core[df12db4294e9bfd3]::fmt::write
[INFO] [stdout]    2:     0x5a7157fd542c - <alloc[2182bb758b4b3781]::vec::Vec<u8> as core[df12db4294e9bfd3]::io::write::Write>::write_fmt
[INFO] [stdout]    3:     0x5a7157faafe6 - std[70759c8f55707aa4]::panicking::default_hook::{closure#0}
[INFO] [stdout]    4:     0x5a7157fc7f09 - std[70759c8f55707aa4]::panicking::default_hook
[INFO] [stdout]    5:     0x5a7157d22420 - test[9d35eded1c95d3be]::test_main_inner::<test[9d35eded1c95d3be]::test_main_static::{closure#0}>::{closure#0}
[INFO] [stdout]    6:     0x5a7157fc8232 - std[70759c8f55707aa4]::panicking::panic_with_hook
[INFO] [stdout]    7:     0x5a7157fab092 - std[70759c8f55707aa4]::panicking::panic_handler::{closure#0}
[INFO] [stdout]    8:     0x5a7157fa3ba9 - std[70759c8f55707aa4]::sys::backtrace::__rust_end_short_backtrace::<std[70759c8f55707aa4]::panicking::panic_handler::{closure#0}, !>
[INFO] [stdout]    9:     0x5a7157fabe7d - __rustc[8fa7c3cbc660c2b3]::rust_begin_unwind
[INFO] [stdout]   10:     0x5a7157fe947c - core[df12db4294e9bfd3]::panicking::panic_fmt
[INFO] [stdout]   11:     0x5a7157fe9252 - core[df12db4294e9bfd3]::result::unwrap_failed
[INFO] [stdout]   12:     0x5a7157d0b2f1 - <mockito[d71c251c128c2781]::Mock>::with_body_from_file::<&str>
[INFO] [stdout]   13:     0x5a7157d0ea07 - veryfi[27d4795c1b93644d]::client::client::tests::test_delete_document
[INFO] [stdout]   14:     0x5a7157d0ccf9 - <veryfi[27d4795c1b93644d]::client::client::tests::test_delete_document::{closure#0} as core[df12db4294e9bfd3]::ops::function::FnOnce<()>>::call_once
[INFO] [stdout]   15:     0x5a7157d1570b - test[9d35eded1c95d3be]::__rust_begin_short_backtrace::<core[df12db4294e9bfd3]::result::Result<(), alloc[2182bb758b4b3781]::string::String>, fn() -> core[df12db4294e9bfd3]::result::Result<(), alloc[2182bb758b4b3781]::string::String>>
[INFO] [stdout]   16:     0x5a7157d22d75 - test[9d35eded1c95d3be]::run_test::{closure#0}
[INFO] [stdout]   17:     0x5a7157d1c634 - std[70759c8f55707aa4]::sys::backtrace::__rust_begin_short_backtrace::<test[9d35eded1c95d3be]::run_test::{closure#1}, ()>
[INFO] [stdout]   18:     0x5a7157d25ed2 - <std[70759c8f55707aa4]::thread::lifecycle::spawn_unchecked<test[9d35eded1c95d3be]::run_test::{closure#1}, ()>::{closure#1} as core[df12db4294e9bfd3]::ops::function::FnOnce<()>>::call_once::{shim:vtable#0}
[INFO] [stdout]   19:     0x5a7157fcf579 - <std[70759c8f55707aa4]::sys::thread::unix::Thread>::new::thread_start
[INFO] [stdout]   20:     0x7244d904bdfa - <unknown>
[INFO] [stdout]   21:     0x7244d90df3d4 - clone
[INFO] [stdout]   22:                0x0 - <unknown>
[INFO] [stdout] 
[INFO] [stdout] ---- client::client::tests::test_get_document stdout ----
[INFO] [stdout] 
[INFO] [stdout] thread 'client::client::tests::test_get_document' (1111) panicked at /opt/rustwide/cargo-home/registry/src/index.crates.io-1949cf8c6b5b557f/mockito-0.30.0/src/lib.rs:1184:72:
[INFO] [stdout] called `Result::unwrap()` on an `Err` value: Os { code: 2, kind: NotFound, message: "No such file or directory" }
[INFO] [stdout] stack backtrace:
[INFO] [stdout]    0:     0x5a7157fd05c1 - <<std[70759c8f55707aa4]::sys::backtrace::BacktraceLock>::print::DisplayBacktrace as core[df12db4294e9bfd3]::fmt::Display>::fmt
[INFO] [stdout]    1:     0x5a7157fe8c9a - core[df12db4294e9bfd3]::fmt::write
[INFO] [stdout]    2:     0x5a7157fd542c - <alloc[2182bb758b4b3781]::vec::Vec<u8> as core[df12db4294e9bfd3]::io::write::Write>::write_fmt
[INFO] [stdout]    3:     0x5a7157faafe6 - std[70759c8f55707aa4]::panicking::default_hook::{closure#0}
[INFO] [stdout]    4:     0x5a7157fc7f09 - std[70759c8f55707aa4]::panicking::default_hook
[INFO] [stdout]    5:     0x5a7157d22420 - test[9d35eded1c95d3be]::test_main_inner::<test[9d35eded1c95d3be]::test_main_static::{closure#0}>::{closure#0}
[INFO] [stdout]    6:     0x5a7157fc8232 - std[70759c8f55707aa4]::panicking::panic_with_hook
[INFO] [stdout]    7:     0x5a7157fab092 - std[70759c8f55707aa4]::panicking::panic_handler::{closure#0}
[INFO] [stdout]    8:     0x5a7157fa3ba9 - std[70759c8f55707aa4]::sys::backtrace::__rust_end_short_backtrace::<std[70759c8f55707aa4]::panicking::panic_handler::{closure#0}, !>
[INFO] [stdout]    9:     0x5a7157fabe7d - __rustc[8fa7c3cbc660c2b3]::rust_begin_unwind
[INFO] [stdout]   10:     0x5a7157fe947c - core[df12db4294e9bfd3]::panicking::panic_fmt
[INFO] [stdout]   11:     0x5a7157fe9252 - core[df12db4294e9bfd3]::result::unwrap_failed
[INFO] [stdout]   12:     0x5a7157d0b2f1 - <mockito[d71c251c128c2781]::Mock>::with_body_from_file::<&str>
[INFO] [stdout]   13:     0x5a7157d0db8e - veryfi[27d4795c1b93644d]::client::client::tests::test_get_document
[INFO] [stdout]   14:     0x5a7157d0ccb9 - <veryfi[27d4795c1b93644d]::client::client::tests::test_get_document::{closure#0} as core[df12db4294e9bfd3]::ops::function::FnOnce<()>>::call_once
[INFO] [stdout]   15:     0x5a7157d1570b - test[9d35eded1c95d3be]::__rust_begin_short_backtrace::<core[df12db4294e9bfd3]::result::Result<(), alloc[2182bb758b4b3781]::string::String>, fn() -> core[df12db4294e9bfd3]::result::Result<(), alloc[2182bb758b4b3781]::string::String>>
[INFO] [stdout]   16:     0x5a7157d22d75 - test[9d35eded1c95d3be]::run_test::{closure#0}
[INFO] [stdout]   17:     0x5a7157d1c634 - std[70759c8f55707aa4]::sys::backtrace::__rust_begin_short_backtrace::<test[9d35eded1c95d3be]::run_test::{closure#1}, ()>
[INFO] [stdout]   18:     0x5a7157d25ed2 - <std[70759c8f55707aa4]::thread::lifecycle::spawn_unchecked<test[9d35eded1c95d3be]::run_test::{closure#1}, ()>::{closure#1} as core[df12db4294e9bfd3]::ops::function::FnOnce<()>>::call_once::{shim:vtable#0}
[INFO] [stdout]   19:     0x5a7157fcf579 - <std[70759c8f55707aa4]::sys::thread::unix::Thread>::new::thread_start
[INFO] [stdout]   20:     0x7244d904bdfa - <unknown>
[INFO] [stdout]   21:     0x7244d90df3d4 - clone
[INFO] [stdout]   22:                0x0 - <unknown>
[INFO] [stdout] 
[INFO] [stdout] ---- client::client::tests::test_update_document stdout ----
[INFO] [stdout] 
[INFO] [stdout] thread 'client::client::tests::test_update_document' (1115) panicked at /opt/rustwide/cargo-home/registry/src/index.crates.io-1949cf8c6b5b557f/mockito-0.30.0/src/lib.rs:1184:72:
[INFO] [stdout] called `Result::unwrap()` on an `Err` value: Os { code: 2, kind: NotFound, message: "No such file or directory" }
[INFO] [stdout] stack backtrace:
[INFO] [stdout]    0:     0x5a7157fd05c1 - <<std[70759c8f55707aa4]::sys::backtrace::BacktraceLock>::print::DisplayBacktrace as core[df12db4294e9bfd3]::fmt::Display>::fmt
[INFO] [stdout]    1:     0x5a7157fe8c9a - core[df12db4294e9bfd3]::fmt::write
[INFO] [stdout]    2:     0x5a7157fd542c - <alloc[2182bb758b4b3781]::vec::Vec<u8> as core[df12db4294e9bfd3]::io::write::Write>::write_fmt
[INFO] [stdout]    3:     0x5a7157faafe6 - std[70759c8f55707aa4]::panicking::default_hook::{closure#0}
[INFO] [stdout]    4:     0x5a7157fc7f09 - std[70759c8f55707aa4]::panicking::default_hook
[INFO] [stdout]    5:     0x5a7157d22420 - test[9d35eded1c95d3be]::test_main_inner::<test[9d35eded1c95d3be]::test_main_static::{closure#0}>::{closure#0}
[INFO] [stdout]    6:     0x5a7157fc8232 - std[70759c8f55707aa4]::panicking::panic_with_hook
[INFO] [stdout]    7:     0x5a7157fab092 - std[70759c8f55707aa4]::panicking::panic_handler::{closure#0}
[INFO] [stdout]    8:     0x5a7157fa3ba9 - std[70759c8f55707aa4]::sys::backtrace::__rust_end_short_backtrace::<std[70759c8f55707aa4]::panicking::panic_handler::{closure#0}, !>
[INFO] [stdout]    9:     0x5a7157fabe7d - __rustc[8fa7c3cbc660c2b3]::rust_begin_unwind
[INFO] [stdout]   10:     0x5a7157fe947c - core[df12db4294e9bfd3]::panicking::panic_fmt
[INFO] [stdout]   11:     0x5a7157fe9252 - core[df12db4294e9bfd3]::result::unwrap_failed
[INFO] [stdout]   12:     0x5a7157d0b2f1 - <mockito[d71c251c128c2781]::Mock>::with_body_from_file::<&str>
[INFO] [stdout]   13:     0x5a7157d0f34f - veryfi[27d4795c1b93644d]::client::client::tests::test_update_document
[INFO] [stdout]   14:     0x5a7157d0cd19 - <veryfi[27d4795c1b93644d]::client::client::tests::test_update_document::{closure#0} as core[df12db4294e9bfd3]::ops::function::FnOnce<()>>::call_once
[INFO] [stdout]   15:     0x5a7157d1570b - test[9d35eded1c95d3be]::__rust_begin_short_backtrace::<core[df12db4294e9bfd3]::result::Result<(), alloc[2182bb758b4b3781]::string::String>, fn() -> core[df12db4294e9bfd3]::result::Result<(), alloc[2182bb758b4b3781]::string::String>>
[INFO] [stdout]   16:     0x5a7157d22d75 - test[9d35eded1c95d3be]::run_test::{closure#0}
[INFO] [stdout]   17:     0x5a7157d1c634 - std[70759c8f55707aa4]::sys::backtrace::__rust_begin_short_backtrace::<test[9d35eded1c95d3be]::run_test::{closure#1}, ()>
[INFO] [stdout]   18:     0x5a7157d25ed2 - <std[70759c8f55707aa4]::thread::lifecycle::spawn_unchecked<test[9d35eded1c95d3be]::run_test::{closure#1}, ()>::{closure#1} as core[df12db4294e9bfd3]::ops::function::FnOnce<()>>::call_once::{shim:vtable#0}
[INFO] [stdout]   19:     0x5a7157fcf579 - <std[70759c8f55707aa4]::sys::thread::unix::Thread>::new::thread_start
[INFO] [stdout]   20:     0x7244d904bdfa - <unknown>
[INFO] [stdout]   21:     0x7244d90df3d4 - clone
[INFO] [stdout]   22:                0x0 - <unknown>
[INFO] [stdout] 
[INFO] [stdout] 
[INFO] [stdout] failures:
[INFO] [stdout]     client::client::tests::test_delete_document
[INFO] [stdout]     client::client::tests::test_get_document
[INFO] [stdout]     client::client::tests::test_get_documents
[INFO] [stdout]     client::client::tests::test_process_document
[INFO] [stdout]     client::client::tests::test_process_document_url
[INFO] [stdout]     client::client::tests::test_update_document
[INFO] [stdout] 
[INFO] [stdout] test result: FAILED. 0 passed; 6 failed; 0 ignored; 0 measured; 0 filtered out; finished in 0.01s
[INFO] [stdout] 
[INFO] [stderr] error: test failed, to rerun pass `--lib`
[INFO] running `Command { std: "docker" "inspect" "d47e8116005f11fa1b2e753892c2e3bbfaf0c4967cf39773e0ee65aeb7f2e1b2", kill_on_drop: false }`
[INFO] running `Command { std: "docker" "rm" "-f" "d47e8116005f11fa1b2e753892c2e3bbfaf0c4967cf39773e0ee65aeb7f2e1b2", kill_on_drop: false }`
[INFO] [stdout] d47e8116005f11fa1b2e753892c2e3bbfaf0c4967cf39773e0ee65aeb7f2e1b2
