[INFO] fetching crate verum-mappa 0.1.6...
[INFO] testing verum-mappa-0.1.6 against 1.99.0-beta.8+cargoflags=--release for beta-release-1.100-2
[INFO] extracting crate verum-mappa 0.1.6 into /workspace/builds/worker-1-tc1/source
[INFO] started tweaking crates.io crate verum-mappa 0.1.6
[INFO] removed 0 missing tests
[INFO] finished tweaking crates.io crate verum-mappa 0.1.6
[INFO] tweaked toml for crates.io crate verum-mappa 0.1.6 written to /workspace/builds/worker-1-tc1/source/Cargo.toml
[INFO] validating manifest of crates.io crate verum-mappa 0.1.6 on toolchain 1.99.0-beta.8
[INFO] running `Command { std: CARGO_HOME="/workspace/cargo-home" RUSTUP_HOME="/workspace/rustup-home" "/workspace/cargo-home/bin/cargo" "+1.99.0-beta.8" "metadata" "--manifest-path" "Cargo.toml" "--no-deps", kill_on_drop: false }`
[INFO] crate crates.io crate verum-mappa 0.1.6 already has a lockfile, it will not be regenerated
[INFO] running `Command { std: CARGO_HOME="/workspace/cargo-home" RUSTUP_HOME="/workspace/rustup-home" "/workspace/cargo-home/bin/cargo" "+1.99.0-beta.8" "fetch" "--manifest-path" "Cargo.toml", kill_on_drop: false }`
[INFO] [stderr]     Updating crates.io index
[INFO] [stderr]  Downloading crates ...
[INFO] [stderr]   Downloaded verum-nucleus v0.1.6
[INFO] [stderr]   Downloaded tree-sitter v0.26.12
[INFO] running `Command { std: "docker" "create" "-v" "/var/lib/crater-agent-workspace/builds/worker-1-tc1/source:/opt/rustwide/workdir:ro,Z" "-v" "/var/lib/crater-agent-workspace/builds/worker-1-tc1/target:/opt/rustwide/target:rw,Z" "-v" "/var/lib/crater-agent-workspace/cargo-home:/opt/rustwide/cargo-home:ro,Z" "-v" "/var/lib/crater-agent-workspace/rustup-home:/opt/rustwide/rustup-home:ro,Z" "-m" "1610612736" "--network" "none" "ghcr.io/rust-lang/crates-build-env/linux@sha256:77db811e55d90add9212f6832c23229e3de5f1c1f9905e8cb07319ea15df73ac" "sleep" "infinity", kill_on_drop: false }`
[INFO] [stdout] b32704d33853f2697f2bf7a1414e154f5fb4faaa240f8e6c3f42aacfd7b2dcd9
[INFO] running `Command { std: "docker" "start" "b32704d33853f2697f2bf7a1414e154f5fb4faaa240f8e6c3f42aacfd7b2dcd9", kill_on_drop: false }`
[INFO] running `Command { std: "docker" "inspect" "b32704d33853f2697f2bf7a1414e154f5fb4faaa240f8e6c3f42aacfd7b2dcd9", kill_on_drop: false }`
[INFO] running `Command { std: "docker" "exec" "-e" "SOURCE_DIR=/opt/rustwide/workdir" "-e" "CARGO_HOME=/opt/rustwide/cargo-home" "-e" "RUSTUP_HOME=/opt/rustwide/rustup-home" "-e" "CARGO_TARGET_DIR=/opt/rustwide/target" "-w" "/opt/rustwide/workdir" "--user" "0:0" "b32704d33853f2697f2bf7a1414e154f5fb4faaa240f8e6c3f42aacfd7b2dcd9" "/opt/rustwide/cargo-home/bin/cargo" "+1.99.0-beta.8" "metadata" "--no-deps" "--format-version=1", kill_on_drop: false }`
[INFO] running `Command { std: "docker" "inspect" "b32704d33853f2697f2bf7a1414e154f5fb4faaa240f8e6c3f42aacfd7b2dcd9", kill_on_drop: false }`
[INFO] running `Command { std: "docker" "exec" "-e" "SOURCE_DIR=/opt/rustwide/workdir" "-e" "CARGO_HOME=/opt/rustwide/cargo-home" "-e" "RUSTUP_HOME=/opt/rustwide/rustup-home" "-e" "CARGO_TARGET_DIR=/opt/rustwide/target" "-e" "CARGO_INCREMENTAL=0" "-e" "RUST_BACKTRACE=full" "-e" "RUSTFLAGS=--cap-lints=warn" "-e" "RUSTDOCFLAGS=--cap-lints=warn" "-w" "/opt/rustwide/workdir" "--user" "0:0" "b32704d33853f2697f2bf7a1414e154f5fb4faaa240f8e6c3f42aacfd7b2dcd9" "/opt/rustwide/cargo-home/bin/cargo" "+1.99.0-beta.8" "build" "--frozen" "--message-format=json" "--release", kill_on_drop: false }`
[INFO] [stderr]    Compiling cc v1.4.3
[INFO] [stderr]    Compiling tree-sitter-language v0.1.7
[INFO] [stderr]    Compiling aho-corasick v1.1.5
[INFO] [stderr]    Compiling serde_json v1.0.151
[INFO] [stderr]    Compiling syn v3.0.3
[INFO] [stderr]    Compiling syn v2.0.119
[INFO] [stderr]    Compiling getrandom v0.3.4
[INFO] [stderr]    Compiling hashbrown v0.15.5
[INFO] [stderr]    Compiling bstr v1.13.1
[INFO] [stderr]    Compiling fixedbitset v0.5.7
[INFO] [stderr]    Compiling either v1.17.0
[INFO] [stderr]    Compiling streaming-iterator v0.1.9
[INFO] [stderr]    Compiling ahash v0.8.12
[INFO] [stderr]    Compiling rayon v1.12.0
[INFO] [stderr]    Compiling tree-sitter-rust v0.24.2
[INFO] [stderr]    Compiling tree-sitter-javascript v0.25.0
[INFO] [stderr]    Compiling tree-sitter-python v0.25.0
[INFO] [stderr]    Compiling tree-sitter-java v0.23.5
[INFO] [stderr]    Compiling tree-sitter-go v0.25.0
[INFO] [stderr]    Compiling tree-sitter-php v0.24.2
[INFO] [stderr]    Compiling tree-sitter-typescript v0.23.2
[INFO] [stderr]    Compiling tree-sitter v0.26.12
[INFO] [stderr]    Compiling regex-automata v0.4.18
[INFO] [stderr]    Compiling serde_derive v1.0.229
[INFO] [stderr]    Compiling thiserror-impl v2.0.20
[INFO] [stderr]    Compiling tracing-attributes v0.1.31
[INFO] [stderr]    Compiling thiserror v2.0.20
[INFO] [stderr]    Compiling tracing v0.1.44
[INFO] [stderr]    Compiling regex v1.13.1
[INFO] [stderr]    Compiling globset v0.4.20
[INFO] [stderr]    Compiling ignore v0.4.33
[INFO] [stderr]    Compiling serde v1.0.229
[INFO] [stderr]    Compiling petgraph v0.8.3
[INFO] [stderr]    Compiling serde_yaml v0.9.34+deprecated
[INFO] [stderr]    Compiling verum-nucleus v0.1.6
[INFO] [stderr]    Compiling verum-mappa v0.1.6 (/opt/rustwide/workdir)
[INFO] [stderr]     Finished `release` profile [optimized] target(s) in 1m 01s
[INFO] running `Command { std: "docker" "inspect" "b32704d33853f2697f2bf7a1414e154f5fb4faaa240f8e6c3f42aacfd7b2dcd9", kill_on_drop: false }`
[INFO] running `Command { std: "docker" "exec" "-e" "SOURCE_DIR=/opt/rustwide/workdir" "-e" "CARGO_HOME=/opt/rustwide/cargo-home" "-e" "RUSTUP_HOME=/opt/rustwide/rustup-home" "-e" "CARGO_TARGET_DIR=/opt/rustwide/target" "-e" "CARGO_INCREMENTAL=0" "-e" "RUST_BACKTRACE=full" "-e" "RUSTFLAGS=--cap-lints=warn" "-e" "RUSTDOCFLAGS=--cap-lints=warn" "-w" "/opt/rustwide/workdir" "--user" "0:0" "b32704d33853f2697f2bf7a1414e154f5fb4faaa240f8e6c3f42aacfd7b2dcd9" "/opt/rustwide/cargo-home/bin/cargo" "+1.99.0-beta.8" "test" "--frozen" "--no-run" "--message-format=json" "--release", kill_on_drop: false }`
[INFO] [stderr]    Compiling verum-mappa v0.1.6 (/opt/rustwide/workdir)
[INFO] [stderr]     Finished `release` profile [optimized] target(s) in 21.01s
[INFO] running `Command { std: "docker" "inspect" "b32704d33853f2697f2bf7a1414e154f5fb4faaa240f8e6c3f42aacfd7b2dcd9", kill_on_drop: false }`
[INFO] running `Command { std: "docker" "exec" "-e" "SOURCE_DIR=/opt/rustwide/workdir" "-e" "CARGO_HOME=/opt/rustwide/cargo-home" "-e" "RUSTUP_HOME=/opt/rustwide/rustup-home" "-e" "CARGO_TARGET_DIR=/opt/rustwide/target" "-e" "CARGO_INCREMENTAL=0" "-e" "RUST_BACKTRACE=full" "-e" "RUSTFLAGS=--cap-lints=warn" "-e" "RUSTDOCFLAGS=--cap-lints=warn" "-w" "/opt/rustwide/workdir" "--user" "0:0" "b32704d33853f2697f2bf7a1414e154f5fb4faaa240f8e6c3f42aacfd7b2dcd9" "/opt/rustwide/cargo-home/bin/cargo" "+1.99.0-beta.8" "test" "--frozen" "--release", kill_on_drop: false }`
[INFO] [stderr]     Finished `release` profile [optimized] target(s) in 0.11s
[INFO] [stderr]      Running unittests src/lib.rs (/opt/rustwide/target/release/deps/verum_mappa-194b9753b22a1abf)
[INFO] [stdout] 
[INFO] [stdout] running 61 tests
[INFO] [stdout] test dockerfile::tests::test_last_user_root ... ok
[INFO] [stdout] test dockerfile::tests::test_pinned_digest_ok ... ok
[INFO] [stdout] test dockerfile::tests::test_no_user_directive ... ok
[INFO] [stdout] test dockerfile::tests::test_platform_flag_tagged_image_is_medium_not_high ... ok
[INFO] [stdout] test dockerfile::tests::test_sudo_in_run ... ok
[INFO] [stdout] test dockerfile::tests::test_add_instead_of_copy ... ok
[INFO] [stdout] test dockerfile::tests::test_multiple_cmd ... ok
[INFO] [stdout] test dockerfile::tests::test_curl_pipe ... ok
[INFO] [stdout] test dockerfile::tests::test_missing_healthcheck ... ok
[INFO] [stdout] test dockerfile::tests::test_env_secret ... ok
[INFO] [stdout] test dockerfile::tests::test_has_healthcheck ... ok
[INFO] [stdout] test dockerfile::tests::test_add_url ... ok
[INFO] [stdout] test dockerfile::tests::test_pinned_tag_no_digest ... ok
[INFO] [stdout] test endpoints::tests::version_prefix_secondary_links ... ok
[INFO] [stdout] test html::tests::extracts_inline_module_script ... ok
[INFO] [stdout] test html::tests::handler_referenced_fn_not_dead ... ok
[INFO] [stdout] test endpoints::tests::any_route_matches_get_call ... ok
[INFO] [stdout] test endpoints::tests::method_mismatch_is_orphan ... ok
[INFO] [stdout] test endpoints::tests::trailing_slash_matches ... ok
[INFO] [stdout] test html::tests::line_offset_maps_to_html ... ok
[INFO] [stdout] test html::tests::skips_external_and_non_js ... ok
[INFO] [stdout] test dockerfile::tests::test_expose_ssh ... ok
[INFO] [stdout] test java_web::tests::parses_jaxrs_verb_plus_path ... ok
[INFO] [stdout] test java_web::tests::get_mapping_not_matched_as_bare_get ... ok
[INFO] [stdout] test dockerfile::tests::test_user_nonroot_ok ... ok
[INFO] [stdout] test endpoints::tests::template_dollar_matches_brace ... ok
[INFO] [stdout] test html::tests::handler_and_window_refs_detected ... ok
[INFO] [stdout] test endpoints::tests::no_false_link_across_paths ... ok
[INFO] [stdout] test java_web::tests::parses_request_mapping_with_method_and_value ... ok
[INFO] [stdout] test java_web::tests::source_scan_fallback_reads_multiline_and_multi_annotation ... ok
[INFO] [stdout] test java_web::tests::joins_and_normalizes_paths ... ok
[INFO] [stdout] test java_web::tests::parses_spring_get_mapping ... ok
[INFO] [stdout] test java_web::tests::request_mapping_without_method_is_any ... ok
[INFO] [stdout] test panic_isolation_tests::a_panicking_parse_is_isolated_and_reported ... ok
[INFO] [stdout] test terraform::tests::test_all_ports_open ... ok
[INFO] [stdout] test dockerfile::tests::test_unpinned_no_tag ... ok
[INFO] [stdout] test dockerfile::tests::test_unpinned_latest ... ok
[INFO] [stdout] test laravel::tests::nested_array_group_applies_prefix_and_middleware ... ok
[INFO] [stdout] test panic_isolation_tests::a_clean_tree_reports_no_parse_failures ... ok
[INFO] [stdout] test java_web::tests::extract_path_prefers_named_value ... ok
[INFO] [stdout] test laravel::tests::resource_expands_to_seven_routes ... ok
[INFO] [stdout] test terraform::tests::test_all_protocols ... ok
[INFO] [stdout] test laravel::tests::match_and_any_verbs ... ok
[INFO] [stdout] test laravel::tests::api_resource_expands_to_five_routes ... ok
[INFO] [stdout] test laravel::tests::prefixed_group_route_is_prefixed ... ok
[INFO] [stdout] test terraform::tests::test_ec2_no_imdsv2 ... ok
[INFO] [stdout] test terraform::tests::test_hardcoded_credentials ... ok
[INFO] [stdout] test terraform::tests::test_force_destroy ... ok
[INFO] [stdout] test laravel::tests::chained_modifiers_do_not_break_path ... ok
[INFO] [stdout] test terraform::tests::test_missing_egress ... ok
[INFO] [stdout] test terraform::tests::test_public_s3 ... ok
[INFO] [stdout] test terraform::tests::test_iam_action_star ... ok
[INFO] [stdout] test terraform::tests::test_rds_no_encryption ... ok
[INFO] [stdout] test terraform::tests::test_s3_no_encryption ... ok
[INFO] [stdout] test terraform::tests::test_rds_publicly_accessible ... ok
[INFO] [stdout] test terraform::tests::test_s3_no_versioning ... ok
[INFO] [stdout] test terraform::tests::test_todo_comment ... ok
[INFO] [stdout] test terraform::tests::test_lambda_no_vpc ... ok
[INFO] [stdout] test terraform::tests::test_s3_no_logging ... ok
[INFO] [stdout] test terraform::tests::test_missing_tags ... ok
[INFO] [stdout] test terraform::tests::test_open_security_group ... ok
[INFO] [stdout] 
[INFO] [stdout] test result: ok. 61 passed; 0 failed; 0 ignored; 0 measured; 0 filtered out; finished in 0.23s
[INFO] [stdout] 
[INFO] [stderr]      Running tests/cross_language_test.rs (/opt/rustwide/target/release/deps/cross_language_test-9f095f07bc4d9417)
[INFO] [stdout] 
[INFO] [stdout] running 1 test
[INFO] [stdout] test js_fetch_links_to_laravel_controller ... ok
[INFO] [stdout] 
[INFO] [stdout] test result: ok. 1 passed; 0 failed; 0 ignored; 0 measured; 0 filtered out; finished in 0.06s
[INFO] [stdout] 
[INFO] [stderr]      Running tests/fuzz_regression_test.rs (/opt/rustwide/target/release/deps/fuzz_regression_test-c7c994058b2d43ac)
[INFO] [stdout] 
[INFO] [stdout] running 3 tests
[INFO] [stdout] test rust_use_group_with_brace_before_the_opening_one ... ok
[INFO] [stdout] test rust_use_group_minimal_inverted_braces ... ok
[INFO] [stdout] test every_front_end_survives_empty_and_truncated_input ... ok
[INFO] [stdout] 
[INFO] [stdout] test result: ok. 3 passed; 0 failed; 0 ignored; 0 measured; 0 filtered out; finished in 0.05s
[INFO] [stdout] 
[INFO] [stderr]      Running tests/go_endpoints_test.rs (/opt/rustwide/target/release/deps/go_endpoints_test-dc8bd7532d4923e3)
[INFO] [stdout] 
[INFO] [stdout] running 9 tests
[INFO] [stdout] test nethttp_client_get_is_http_call ... ok
[INFO] [stdout] test func_slice_index_call_is_not_a_named_callee ... ok
[INFO] [stdout] test generic_instantiation_call_unwraps_to_callee_name ... ok
[INFO] [stdout] test resty_chained_client_is_http_call ... ok
[INFO] [stdout] test nethttp_handlefunc_registers_any_route ... ok
[INFO] [stdout] test chi_lowercase_verb_with_router_receiver_is_route ... ok
[INFO] [stdout] test gin_group_prefix_is_applied ... ok
[INFO] [stdout] test gin_verb_registers_route ... ok
[INFO] [stdout] test qualified_generic_instantiation_call_records_edge ... ok
[INFO] [stdout] 
[INFO] [stdout] test result: ok. 9 passed; 0 failed; 0 ignored; 0 measured; 0 filtered out; finished in 0.01s
[INFO] [stdout] 
[INFO] [stderr]      Running tests/go_parse_test.rs (/opt/rustwide/target/release/deps/go_parse_test-c137a140837c4058)
[INFO] [stdout] 
[INFO] [stdout] running 1 test
[INFO] [stdout] test test_parse_simple_go ... FAILED
[INFO] [stdout] 
[INFO] [stdout] failures:
[INFO] [stdout] 
[INFO] [stdout] ---- test_parse_simple_go stdout ----
[INFO] [stdout] 
[INFO] [stdout] thread 'test_parse_simple_go' (1948) panicked at tests/go_parse_test.rs:11:5:
[INFO] [stdout] should extract symbols
[INFO] [stdout] stack backtrace:
[INFO] [stdout]    0:     0x592436743d31 - <<std[70759c8f55707aa4]::sys::backtrace::BacktraceLock>::print::DisplayBacktrace as core[df12db4294e9bfd3]::fmt::Display>::fmt
[INFO] [stdout]    1:     0x59243675b86a - core[df12db4294e9bfd3]::fmt::write
[INFO] [stdout]    2:     0x592436748a0c - <alloc[2182bb758b4b3781]::vec::Vec<u8> as core[df12db4294e9bfd3]::io::write::Write>::write_fmt
[INFO] [stdout]    3:     0x59243671e406 - std[70759c8f55707aa4]::panicking::default_hook::{closure#0}
[INFO] [stdout]    4:     0x59243673b9d9 - std[70759c8f55707aa4]::panicking::default_hook
[INFO] [stdout]    5:     0x5924366d5ba0 - test[9d35eded1c95d3be]::test_main_inner::<test[9d35eded1c95d3be]::test_main_static::{closure#0}>::{closure#0}
[INFO] [stdout]    6:     0x59243673bd02 - std[70759c8f55707aa4]::panicking::panic_with_hook
[INFO] [stdout]    7:     0x59243671e4e4 - std[70759c8f55707aa4]::panicking::panic_handler::{closure#0}
[INFO] [stdout]    8:     0x592436716a79 - std[70759c8f55707aa4]::sys::backtrace::__rust_end_short_backtrace::<std[70759c8f55707aa4]::panicking::panic_handler::{closure#0}, !>
[INFO] [stdout]    9:     0x59243671f1bd - __rustc[8fa7c3cbc660c2b3]::rust_begin_unwind
[INFO] [stdout]   10:     0x59243675c04c - core[df12db4294e9bfd3]::panicking::panic_fmt
[INFO] [stdout]   11:     0x59243648f313 - <go_parse_test[a7f0bc750abf4ef4]::test_parse_simple_go::{closure#0} as core[df12db4294e9bfd3]::ops::function::FnOnce<()>>::call_once
[INFO] [stdout]   12:     0x5924366c8e8b - test[9d35eded1c95d3be]::__rust_begin_short_backtrace::<core[df12db4294e9bfd3]::result::Result<(), alloc[2182bb758b4b3781]::string::String>, fn() -> core[df12db4294e9bfd3]::result::Result<(), alloc[2182bb758b4b3781]::string::String>>
[INFO] [stdout]   13:     0x5924366d64f5 - test[9d35eded1c95d3be]::run_test::{closure#0}
[INFO] [stdout]   14:     0x5924366cfdb4 - std[70759c8f55707aa4]::sys::backtrace::__rust_begin_short_backtrace::<test[9d35eded1c95d3be]::run_test::{closure#1}, ()>
[INFO] [stdout]   15:     0x5924366d9652 - <std[70759c8f55707aa4]::thread::lifecycle::spawn_unchecked<test[9d35eded1c95d3be]::run_test::{closure#1}, ()>::{closure#1} as core[df12db4294e9bfd3]::ops::function::FnOnce<()>>::call_once::{shim:vtable#0}
[INFO] [stdout]   16:     0x592436743259 - <std[70759c8f55707aa4]::sys::thread::unix::Thread>::new::thread_start
[INFO] [stdout]   17:     0x7ee3b60a6dfa - <unknown>
[INFO] [stdout]   18:     0x7ee3b613a3d4 - clone
[INFO] [stdout]   19:                0x0 - <unknown>
[INFO] [stdout] 
[INFO] [stdout] 
[INFO] [stdout] failures:
[INFO] [stdout]     test_parse_simple_go
[INFO] [stdout] 
[INFO] [stdout] test result: FAILED. 0 passed; 1 failed; 0 ignored; 0 measured; 0 filtered out; finished in 0.00s
[INFO] [stdout] 
[INFO] [stderr] error: test failed, to rerun pass `--test go_parse_test`
[INFO] running `Command { std: "docker" "inspect" "b32704d33853f2697f2bf7a1414e154f5fb4faaa240f8e6c3f42aacfd7b2dcd9", kill_on_drop: false }`
[INFO] running `Command { std: "docker" "rm" "-f" "b32704d33853f2697f2bf7a1414e154f5fb4faaa240f8e6c3f42aacfd7b2dcd9", kill_on_drop: false }`
[INFO] [stdout] b32704d33853f2697f2bf7a1414e154f5fb4faaa240f8e6c3f42aacfd7b2dcd9
