[INFO] fetching crate verum-lumen 0.1.6...
[INFO] testing verum-lumen-0.1.6 against 1.99.0-beta.8+cargoflags=--release for beta-release-1.100-2
[INFO] extracting crate verum-lumen 0.1.6 into /workspace/builds/worker-6-tc1/source
[INFO] started tweaking crates.io crate verum-lumen 0.1.6
[INFO] removed 0 missing tests
[INFO] finished tweaking crates.io crate verum-lumen 0.1.6
[INFO] tweaked toml for crates.io crate verum-lumen 0.1.6 written to /workspace/builds/worker-6-tc1/source/Cargo.toml
[INFO] validating manifest of crates.io crate verum-lumen 0.1.6 on toolchain 1.99.0-beta.8
[INFO] running `Command { std: CARGO_HOME="/workspace/cargo-home" RUSTUP_HOME="/workspace/rustup-home" "/workspace/cargo-home/bin/cargo" "+1.99.0-beta.8" "metadata" "--manifest-path" "Cargo.toml" "--no-deps", kill_on_drop: false }`
[INFO] crate crates.io crate verum-lumen 0.1.6 already has a lockfile, it will not be regenerated
[INFO] running `Command { std: CARGO_HOME="/workspace/cargo-home" RUSTUP_HOME="/workspace/rustup-home" "/workspace/cargo-home/bin/cargo" "+1.99.0-beta.8" "fetch" "--manifest-path" "Cargo.toml", kill_on_drop: false }`
[INFO] [stderr]     Updating crates.io index
[INFO] [stderr]  Downloading crates ...
[INFO] [stderr]   Downloaded verum-mappa v0.1.6
[INFO] [stderr]   Downloaded verum-nucleus v0.1.6
[INFO] [stderr]   Downloaded cc v1.4.3
[INFO] [stderr]   Downloaded ignore v0.4.33
[INFO] [stderr]   Downloaded tree-sitter v0.26.12
[INFO] running `Command { std: "docker" "create" "-v" "/var/lib/crater-agent-workspace/builds/worker-6-tc1/source:/opt/rustwide/workdir:ro,Z" "-v" "/var/lib/crater-agent-workspace/builds/worker-6-tc1/target:/opt/rustwide/target:rw,Z" "-v" "/var/lib/crater-agent-workspace/cargo-home:/opt/rustwide/cargo-home:ro,Z" "-v" "/var/lib/crater-agent-workspace/rustup-home:/opt/rustwide/rustup-home:ro,Z" "-m" "1610612736" "--network" "none" "ghcr.io/rust-lang/crates-build-env/linux@sha256:77db811e55d90add9212f6832c23229e3de5f1c1f9905e8cb07319ea15df73ac" "sleep" "infinity", kill_on_drop: false }`
[INFO] [stdout] b01b2886711db19d977ad3cf3672df4fc355fb634a22c1c5821f95d43b3332c4
[INFO] running `Command { std: "docker" "start" "b01b2886711db19d977ad3cf3672df4fc355fb634a22c1c5821f95d43b3332c4", kill_on_drop: false }`
[INFO] running `Command { std: "docker" "inspect" "b01b2886711db19d977ad3cf3672df4fc355fb634a22c1c5821f95d43b3332c4", kill_on_drop: false }`
[INFO] running `Command { std: "docker" "exec" "-e" "SOURCE_DIR=/opt/rustwide/workdir" "-e" "CARGO_HOME=/opt/rustwide/cargo-home" "-e" "RUSTUP_HOME=/opt/rustwide/rustup-home" "-e" "CARGO_TARGET_DIR=/opt/rustwide/target" "-w" "/opt/rustwide/workdir" "--user" "0:0" "b01b2886711db19d977ad3cf3672df4fc355fb634a22c1c5821f95d43b3332c4" "/opt/rustwide/cargo-home/bin/cargo" "+1.99.0-beta.8" "metadata" "--no-deps" "--format-version=1", kill_on_drop: false }`
[INFO] running `Command { std: "docker" "inspect" "b01b2886711db19d977ad3cf3672df4fc355fb634a22c1c5821f95d43b3332c4", kill_on_drop: false }`
[INFO] running `Command { std: "docker" "exec" "-e" "SOURCE_DIR=/opt/rustwide/workdir" "-e" "CARGO_HOME=/opt/rustwide/cargo-home" "-e" "RUSTUP_HOME=/opt/rustwide/rustup-home" "-e" "CARGO_TARGET_DIR=/opt/rustwide/target" "-e" "CARGO_INCREMENTAL=0" "-e" "RUST_BACKTRACE=full" "-e" "RUSTFLAGS=--cap-lints=warn" "-e" "RUSTDOCFLAGS=--cap-lints=warn" "-w" "/opt/rustwide/workdir" "--user" "0:0" "b01b2886711db19d977ad3cf3672df4fc355fb634a22c1c5821f95d43b3332c4" "/opt/rustwide/cargo-home/bin/cargo" "+1.99.0-beta.8" "build" "--frozen" "--message-format=json" "--release", kill_on_drop: false }`
[INFO] [stderr]    Compiling crossbeam-utils v0.8.22
[INFO] [stderr]    Compiling libc v0.2.189
[INFO] [stderr]    Compiling zerocopy v0.8.56
[INFO] [stderr]    Compiling hashbrown v0.15.5
[INFO] [stderr]    Compiling indexmap v2.14.0
[INFO] [stderr]    Compiling aho-corasick v1.1.5
[INFO] [stderr]    Compiling fixedbitset v0.5.7
[INFO] [stderr]    Compiling syn v3.0.3
[INFO] [stderr]    Compiling syn v2.0.119
[INFO] [stderr]    Compiling either v1.17.0
[INFO] [stderr]    Compiling serde_json v1.0.151
[INFO] [stderr]    Compiling crossbeam-epoch v0.9.20
[INFO] [stderr]    Compiling getrandom v0.3.4
[INFO] [stderr]    Compiling crossbeam-deque v0.8.7
[INFO] [stderr]    Compiling rayon-core v1.13.0
[INFO] [stderr]    Compiling rayon v1.12.0
[INFO] [stderr]    Compiling regex-automata v0.4.18
[INFO] [stderr]    Compiling serde_derive v1.0.229
[INFO] [stderr]    Compiling thiserror-impl v2.0.20
[INFO] [stderr]    Compiling thiserror v2.0.20
[INFO] [stderr]    Compiling tracing-attributes v0.1.31
[INFO] [stderr]    Compiling ahash v0.8.12
[INFO] [stderr]    Compiling regex v1.13.1
[INFO] [stderr]    Compiling tracing v0.1.44
[INFO] [stderr]    Compiling serde v1.0.229
[INFO] [stderr]    Compiling petgraph v0.8.3
[INFO] [stderr]    Compiling verum-nucleus v0.1.6
[INFO] [stderr]    Compiling verum-lumen v0.1.6 (/opt/rustwide/workdir)
[INFO] [stderr]     Finished `release` profile [optimized] target(s) in 44.31s
[INFO] running `Command { std: "docker" "inspect" "b01b2886711db19d977ad3cf3672df4fc355fb634a22c1c5821f95d43b3332c4", kill_on_drop: false }`
[INFO] running `Command { std: "docker" "exec" "-e" "SOURCE_DIR=/opt/rustwide/workdir" "-e" "CARGO_HOME=/opt/rustwide/cargo-home" "-e" "RUSTUP_HOME=/opt/rustwide/rustup-home" "-e" "CARGO_TARGET_DIR=/opt/rustwide/target" "-e" "CARGO_INCREMENTAL=0" "-e" "RUST_BACKTRACE=full" "-e" "RUSTFLAGS=--cap-lints=warn" "-e" "RUSTDOCFLAGS=--cap-lints=warn" "-w" "/opt/rustwide/workdir" "--user" "0:0" "b01b2886711db19d977ad3cf3672df4fc355fb634a22c1c5821f95d43b3332c4" "/opt/rustwide/cargo-home/bin/cargo" "+1.99.0-beta.8" "test" "--frozen" "--no-run" "--message-format=json" "--release", kill_on_drop: false }`
[INFO] [stderr]    Compiling find-msvc-tools v0.1.11
[INFO] [stderr]    Compiling tree-sitter-language v0.1.7
[INFO] [stderr]    Compiling serde_json v1.0.151
[INFO] [stderr]    Compiling aho-corasick v1.1.5
[INFO] [stderr]    Compiling serde_core v1.0.229
[INFO] [stderr]    Compiling bstr v1.13.1
[INFO] [stderr]    Compiling petgraph v0.8.3
[INFO] [stderr]    Compiling serde_yaml v0.9.34+deprecated
[INFO] [stderr]    Compiling cc v1.4.3
[INFO] [stderr]    Compiling regex-automata v0.4.18
[INFO] [stderr]    Compiling tree-sitter-javascript v0.25.0
[INFO] [stderr]    Compiling tree-sitter-php v0.24.2
[INFO] [stderr]    Compiling tree-sitter-java v0.23.5
[INFO] [stderr]    Compiling tree-sitter-go v0.25.0
[INFO] [stderr]    Compiling tree-sitter-typescript v0.23.2
[INFO] [stderr]    Compiling tree-sitter-rust v0.24.2
[INFO] [stderr]    Compiling tree-sitter-python v0.25.0
[INFO] [stderr]    Compiling tree-sitter v0.26.12
[INFO] [stderr]    Compiling regex v1.13.1
[INFO] [stderr]    Compiling globset v0.4.20
[INFO] [stderr]    Compiling verum-nucleus v0.1.6
[INFO] [stderr]    Compiling ignore v0.4.33
[INFO] [stderr]    Compiling verum-lumen v0.1.6 (/opt/rustwide/workdir)
[INFO] [stderr]    Compiling verum-mappa v0.1.6
[INFO] [stderr]     Finished `release` profile [optimized] target(s) in 1m 24s
[INFO] running `Command { std: "docker" "inspect" "b01b2886711db19d977ad3cf3672df4fc355fb634a22c1c5821f95d43b3332c4", kill_on_drop: false }`
[INFO] running `Command { std: "docker" "exec" "-e" "SOURCE_DIR=/opt/rustwide/workdir" "-e" "CARGO_HOME=/opt/rustwide/cargo-home" "-e" "RUSTUP_HOME=/opt/rustwide/rustup-home" "-e" "CARGO_TARGET_DIR=/opt/rustwide/target" "-e" "CARGO_INCREMENTAL=0" "-e" "RUST_BACKTRACE=full" "-e" "RUSTFLAGS=--cap-lints=warn" "-e" "RUSTDOCFLAGS=--cap-lints=warn" "-w" "/opt/rustwide/workdir" "--user" "0:0" "b01b2886711db19d977ad3cf3672df4fc355fb634a22c1c5821f95d43b3332c4" "/opt/rustwide/cargo-home/bin/cargo" "+1.99.0-beta.8" "test" "--frozen" "--release", kill_on_drop: false }`
[INFO] [stderr]     Finished `release` profile [optimized] target(s) in 0.11s
[INFO] [stderr]      Running unittests src/lib.rs (/opt/rustwide/target/release/deps/verum_lumen-e32883280620e4e3)
[INFO] [stdout] 
[INFO] [stdout] running 117 tests
[INFO] [stdout] test chains::tests::php_passthru_chain_is_still_flagged ... ok
[INFO] [stdout] test chains::tests::rust_passthru_chain_is_not_flagged ... ok
[INFO] [stdout] test chains::tests::exec_catalog_is_language_gated ... ok
[INFO] [stdout] test crate_semantics::tests::std_rule_always_active ... ok
[INFO] [stdout] test crypto_hygiene::tests::constant_time_compare_is_clean ... ok
[INFO] [stdout] test crypto_hygiene::tests::generic_tag_and_token_words_are_clean ... ok
[INFO] [stdout] test crate_semantics::tests::table_header_dependency_detected ... ok
[INFO] [stdout] test crate_semantics::tests::read_dependency_names_handles_all_table_header_forms ... ok
[INFO] [stdout] test chains::tests::trust_tiers_order ... ok
[INFO] [stdout] test crate_semantics::tests::guard_suppresses_finding ... ok
[INFO] [stdout] test crate_semantics::tests::tokio_interval_tick_flagged_when_tokio_present ... ok
[INFO] [stdout] test crypto_hygiene::tests::non_sensitive_equality_is_clean ... ok
[INFO] [stdout] test crypto_hygiene::tests::secret_hash_equality_is_flagged ... ok
[INFO] [stdout] test crate_semantics::tests::rule_silent_without_dependency ... ok
[INFO] [stdout] test crypto_hygiene::tests::sensitive_compound_equality_is_flagged ... ok
[INFO] [stdout] test crypto_hygiene::tests::hardcoded_nonce_reaching_encrypt_is_flagged ... ok
[INFO] [stdout] test crypto_hygiene::tests::rng_filled_nonce_is_clean ... ok
[INFO] [stdout] test chains::tests::detects_dangerous_sinks ... ok
[INFO] [stdout] test crypto_hygiene::tests::sensitive_equality_is_flagged ... ok
[INFO] [stdout] test crypto_hygiene::tests::inline_literal_nonce_at_seal_is_flagged ... ok
[INFO] [stdout] test crypto_hygiene::tests::random_xchacha_nonce_is_clean ... ok
[INFO] [stdout] test crate_semantics::tests::importing_missed_tick_behavior_not_flagged ... ok
[INFO] [stdout] test crate_semantics::tests::file_scoped_guard_suppresses_interval_rule ... ok
[INFO] [stdout] test crypto_hygiene::tests::option_and_enum_comparisons_are_clean ... ok
[INFO] [stdout] test deps::tests::flags_vulnerable_below_patch_only ... ok
[INFO] [stdout] test deps::tests::no_lockfile_is_quiet ... ok
[INFO] [stdout] test crate_semantics::tests::frame_interval_is_not_flagged ... ok
[INFO] [stdout] test chains::tests::benign_receivers_are_not_sinks ... ok
[INFO] [stdout] test crate_semantics::tests::interval_without_missed_tick_setter_flagged ... ok
[INFO] [stdout] test crypto_hygiene::tests::string_literal_comparison_is_clean ... ok
[INFO] [stdout] test deps::tests::detects_duplicate_majors ... ok
[INFO] [stdout] test deps::tests::different_major_is_not_affected ... ok
[INFO] [stdout] test crate_semantics::tests::needle_respects_word_boundary ... ok
[INFO] [stdout] test deps::tests::parses_packages ... ok
[INFO] [stdout] test chains::tests::recognizes_gates ... ok
[INFO] [stdout] test chains::tests::last_segment_strips_qualifiers ... ok
[INFO] [stdout] test deps::tests::zero_x_advisories_track_the_minor_line ... ok
[INFO] [stdout] test loc::tests::a_comment_marker_inside_a_string_does_not_open_a_block ... ok
[INFO] [stdout] test lcov::tests::parse_errors_are_reported_not_swallowed ... ok
[INFO] [stdout] test lcov::tests::an_empty_file_is_an_error_not_zero_coverage ... ok
[INFO] [stdout] test loc::tests::buckets_always_sum_to_the_line_count ... ok
[INFO] [stdout] test loc::tests::code_after_a_block_comment_ends_counts_as_code ... ok
[INFO] [stdout] test lcov::tests::repeated_sections_merge_by_highest_hit_count ... ok
[INFO] [stdout] test lcov::tests::reports_per_file_sorted_by_path ... ok
[INFO] [stdout] test lcov::tests::parses_line_and_function_coverage ... ok
[INFO] [stdout] test lcov::tests::parsing_is_repeatable ... ok
[INFO] [stdout] test lcov::tests::summary_records_never_override_the_detail ... ok
[INFO] [stdout] test loc::tests::hash_is_not_a_comment_in_the_c_family ... ok
[INFO] [stdout] test lcov::tests::function_names_may_contain_commas ... ok
[INFO] [stdout] test loc::tests::python_hash_comments_and_docstrings ... ok
[INFO] [stdout] test naming::tests::loading_does_not_pair_with_get_user ... ok
[INFO] [stdout] test loc::tests::php_accepts_hash_comments_too ... ok
[INFO] [stdout] test loc::tests::rust_lifetimes_are_not_string_literals ... ok
[INFO] [stdout] test naming::tests::load_user_still_pairs_with_get_user ... ok
[INFO] [stdout] test naming::tests::vendor_and_target_paths_skipped ... ok
[INFO] [stdout] test naming::tests::prefix_variant_word_boundary ... ok
[INFO] [stdout] test naming::tests::snake_case_variants_still_pair ... ok
[INFO] [stdout] test fingerprint::tests::different_kinds_files_and_messages_differ ... ok
[INFO] [stdout] test reachability::tests::an_uncalled_helper_is_not_reachable ... ok
[INFO] [stdout] test reachability::tests::a_helper_called_only_from_a_test_is_reachable ... ok
[INFO] [stdout] test fingerprint::tests::the_absolute_path_of_the_repo_does_not_matter ... ok
[INFO] [stdout] test reachability::tests::output_is_sorted_and_repeatable ... ok
[INFO] [stdout] test fingerprint::tests::the_symbol_name_separates_same_message_findings_across_symbols ... ok
[INFO] [stdout] test fingerprint::tests::line_numbers_do_not_change_the_fingerprint ... ok
[INFO] [stdout] test rust_insights::tests::hot_alloc_detects ... ok
[INFO] [stdout] test rust_insights::tests::safety_comment_detection ... ok
[INFO] [stdout] test reachability::tests::reachability_is_transitive ... ok
[INFO] [stdout] test reachability::tests::vendored_code_is_outside_the_denominator ... ok
[INFO] [stdout] test scan::tests::missing_file_has_no_lines_and_no_symbols ... ok
[INFO] [stdout] test scan::tests::pre_read_and_on_demand_lines_match ... ok
[INFO] [stdout] test scan::tests::symbols_are_grouped_by_file_in_id_order ... ok
[INFO] [stdout] test scoring::tests::a_repo_with_no_tests_no_longer_scores_full_marks ... ok
[INFO] [stdout] test loc::tests::rust_line_and_block_comments_are_comments ... ok
[INFO] [stdout] test scoring::tests::a_well_reached_repo_scores_high ... ok
[INFO] [stdout] test loc::tests::top_level_dir_of_a_root_file_is_dot ... ok
[INFO] [stdout] test loc::tests::unknown_language_counts_every_non_blank_line_as_code ... ok
[INFO] [stdout] test reachability::tests::a_function_named_test_is_not_a_test ... ok
[INFO] [stdout] test reachability::tests::rust_inline_test_modules_are_roots_not_denominator ... ok
[INFO] [stdout] test rust_insights::tests::word_boundary ... ok
[INFO] [stdout] test reachability::tests::unresolved_calls_do_not_grant_reachability ... ok
[INFO] [stdout] test reachability::tests::a_repo_with_no_tests_reaches_nothing ... ok
[INFO] [stdout] test scoring::tests::one_critical_caps_overall_in_clean_codebase ... ok
[INFO] [stdout] test scoring::tests::clean_codebase_stays_high ... ok
[INFO] [stdout] test scoring::tests::dense_small_codebase_is_still_punished ... ok
[INFO] [stdout] test scoring::tests::density_penalty_never_exceeds_its_maximum ... ok
[INFO] [stdout] test suppress::tests::line_zero_findings_cannot_be_suppressed ... ok
[INFO] [stdout] test scoring::tests::tests_that_reach_almost_nothing_score_almost_nothing ... ok
[INFO] [stdout] test scoring::tests::the_reachability_ramp_is_linear_up_to_the_target ... ok
[INFO] [stdout] test scoring::tests::tiny_codebases_use_the_size_floor ... ok
[INFO] [stdout] test scoring::tests::informational_high_does_not_cap ... ok
[INFO] [stdout] test scoring::tests::one_high_caps_at_89 ... ok
[INFO] [stdout] test suppress::tests::an_unmatched_suppression_becomes_a_stale_finding ... ok
[INFO] [stdout] test taint::tests::detects_sql_concat ... ok
[INFO] [stdout] test suppress::tests::parse_accepts_each_comment_family ... ok
[INFO] [stdout] test suppress::tests::parse_reads_the_kind_list_and_ignores_the_reason ... ok
[INFO] [stdout] test suppress::tests::parse_rejects_non_comments_and_near_misses ... ok
[INFO] [stdout] test scoring::tests::measured_coverage_is_used_as_measured ... ok
[INFO] [stdout] test scoring::tests::the_test_dimension_does_not_move_the_overall ... ok
[INFO] [stdout] test suppress::tests::normal_comments_and_unrelated_lines_never_suppress ... ok
[INFO] [stdout] test suppress::tests::a_kind_filter_only_suppresses_the_listed_kinds ... ok
[INFO] [stdout] test suppress::tests::a_suppression_two_lines_above_does_not_reach_the_finding ... ok
[INFO] [stdout] test fingerprint::tests::duplicates_of_the_same_tuple_get_distinct_stable_fingerprints ... ok
[INFO] [stdout] test suppress::tests::a_suppression_on_the_finding_line_or_above_suppresses_it ... ok
[INFO] [stdout] test taint::tests::detects_var_at_word_boundary ... ok
[INFO] [stdout] test taint::tests::tainted_var_tracking_is_capped_and_deterministic ... ok
[INFO] [stdout] test transport::tests::split_message_on_datagram_is_flagged ... ok
[INFO] [stdout] test transport::tests::bounded_wire_length_is_clean ... ok
[INFO] [stdout] test transport::tests::validation_helper_counts_as_bound ... ok
[INFO] [stdout] test transport::tests::u16_count_is_not_flagged ... ok
[INFO] [stdout] test transport::tests::oversized_chunk_const_is_flagged ... ok
[INFO] [stdout] test transport::tests::unvalidated_wire_length_is_flagged ... ok
[INFO] [stdout] test transport::tests::js_getuint32_alloc_is_flagged ... ok
[INFO] [stdout] test transport::tests::fn_signature_arrows_and_generics_are_not_bound_checks ... ok
[INFO] [stdout] test transport::tests::mtu_safe_chunks_are_clean ... ok
[INFO] [stdout] test transport::tests::single_write_per_message_is_clean ... ok
[INFO] [stdout] test scoring::tests::equal_density_scores_equally_regardless_of_size ... ok
[INFO] [stdout] test scoring::tests::same_finding_count_hurts_a_small_codebase_more_than_a_large_one ... ok
[INFO] [stdout] 
[INFO] [stdout] test result: ok. 117 passed; 0 failed; 0 ignored; 0 measured; 0 filtered out; finished in 0.15s
[INFO] [stdout] 
[INFO] [stderr]      Running tests/dynamic_confidence_test.rs (/opt/rustwide/target/release/deps/dynamic_confidence_test-4c0bd1d019e4a4f2)
[INFO] [stdout] 
[INFO] [stdout] running 1 test
[INFO] [stdout] test dynamic_calls_only_lower_confidence_where_they_can_reach ... ok
[INFO] [stdout] 
[INFO] [stderr]      Running tests/false_positive_test.rs (/opt/rustwide/target/release/deps/false_positive_test-abaf4e9ba74aee7b)
[INFO] [stdout] test result: ok. 1 passed; 0 failed; 0 ignored; 0 measured; 0 filtered out; finished in 0.01s
[INFO] [stdout] 
[INFO] [stdout] 
[INFO] [stdout] running 4 tests
[INFO] [stdout] test test_paths_are_the_narrow_subset_of_auxiliary_paths ... ok
[INFO] [stdout] test auxiliary_paths_are_classified ... ok
[INFO] [stdout] test go_naming_is_not_flagged ... ok
[INFO] [stdout] test go_init_and_interface_methods_are_not_dead ... FAILED
[INFO] [stdout] 
[INFO] [stdout] failures:
[INFO] [stdout] 
[INFO] [stdout] ---- go_init_and_interface_methods_are_not_dead stdout ----
[INFO] [stdout] 
[INFO] [stdout] thread 'go_init_and_interface_methods_are_not_dead' (2155) panicked at tests/false_positive_test.rs:104:5:
[INFO] [stdout] an uncalled plain function should be dead, got {}
[INFO] [stdout] stack backtrace:
[INFO] [stdout]    0:     0x5b19a3449f81 - <<std[70759c8f55707aa4]::sys::backtrace::BacktraceLock>::print::DisplayBacktrace as core[df12db4294e9bfd3]::fmt::Display>::fmt
[INFO] [stdout]    1:     0x5b19a346230a - core[df12db4294e9bfd3]::fmt::write
[INFO] [stdout]    2:     0x5b19a344ec5c - <alloc[2182bb758b4b3781]::vec::Vec<u8> as core[df12db4294e9bfd3]::io::write::Write>::write_fmt
[INFO] [stdout]    3:     0x5b19a3424656 - std[70759c8f55707aa4]::panicking::default_hook::{closure#0}
[INFO] [stdout]    4:     0x5b19a3441c29 - std[70759c8f55707aa4]::panicking::default_hook
[INFO] [stdout]    5:     0x5b19a32eb940 - test[9d35eded1c95d3be]::test_main_inner::<test[9d35eded1c95d3be]::test_main_static::{closure#0}>::{closure#0}
[INFO] [stdout]    6:     0x5b19a3441f52 - std[70759c8f55707aa4]::panicking::panic_with_hook
[INFO] [stdout]    7:     0x5b19a3424702 - std[70759c8f55707aa4]::panicking::panic_handler::{closure#0}
[INFO] [stdout]    8:     0x5b19a341ccc9 - std[70759c8f55707aa4]::sys::backtrace::__rust_end_short_backtrace::<std[70759c8f55707aa4]::panicking::panic_handler::{closure#0}, !>
[INFO] [stdout]    9:     0x5b19a342540d - __rustc[8fa7c3cbc660c2b3]::rust_begin_unwind
[INFO] [stdout]   10:     0x5b19a3462aec - core[df12db4294e9bfd3]::panicking::panic_fmt
[INFO] [stdout]   11:     0x5b19a317d950 - <false_positive_test[e4c74c27efeca6cc]::go_init_and_interface_methods_are_not_dead::{closure#0} as core[df12db4294e9bfd3]::ops::function::FnOnce<()>>::call_once
[INFO] [stdout]   12:     0x5b19a32dec2b - test[9d35eded1c95d3be]::__rust_begin_short_backtrace::<core[df12db4294e9bfd3]::result::Result<(), alloc[2182bb758b4b3781]::string::String>, fn() -> core[df12db4294e9bfd3]::result::Result<(), alloc[2182bb758b4b3781]::string::String>>
[INFO] [stdout]   13:     0x5b19a32ec295 - test[9d35eded1c95d3be]::run_test::{closure#0}
[INFO] [stdout]   14:     0x5b19a32e5b54 - std[70759c8f55707aa4]::sys::backtrace::__rust_begin_short_backtrace::<test[9d35eded1c95d3be]::run_test::{closure#1}, ()>
[INFO] [stdout]   15:     0x5b19a32ef3f2 - <std[70759c8f55707aa4]::thread::lifecycle::spawn_unchecked<test[9d35eded1c95d3be]::run_test::{closure#1}, ()>::{closure#1} as core[df12db4294e9bfd3]::ops::function::FnOnce<()>>::call_once::{shim:vtable#0}
[INFO] [stdout]   16:     0x5b19a34494a9 - <std[70759c8f55707aa4]::sys::thread::unix::Thread>::new::thread_start
[INFO] [stdout]   17:     0x747210241dfa - <unknown>
[INFO] [stdout]   18:     0x7472102d53d4 - clone
[INFO] [stdout]   19:                0x0 - <unknown>
[INFO] [stdout] 
[INFO] [stdout] 
[INFO] [stdout] failures:
[INFO] [stdout]     go_init_and_interface_methods_are_not_dead
[INFO] [stdout] 
[INFO] [stdout] test result: FAILED. 3 passed; 1 failed; 0 ignored; 0 measured; 0 filtered out; finished in 0.01s
[INFO] [stdout] 
[INFO] [stderr] error: test failed, to rerun pass `--test false_positive_test`
[INFO] running `Command { std: "docker" "inspect" "b01b2886711db19d977ad3cf3672df4fc355fb634a22c1c5821f95d43b3332c4", kill_on_drop: false }`
[INFO] running `Command { std: "docker" "rm" "-f" "b01b2886711db19d977ad3cf3672df4fc355fb634a22c1c5821f95d43b3332c4", kill_on_drop: false }`
[INFO] [stdout] b01b2886711db19d977ad3cf3672df4fc355fb634a22c1c5821f95d43b3332c4
