[INFO] fetching crate vertexrs 0.1.0...
[INFO] testing vertexrs-0.1.0 against 1.99.0-beta.8+cargoflags=--release for beta-release-1.100-2
[INFO] extracting crate vertexrs 0.1.0 into /workspace/builds/worker-6-tc1/source
[INFO] started tweaking crates.io crate vertexrs 0.1.0
[INFO] removed 0 missing tests
[INFO] finished tweaking crates.io crate vertexrs 0.1.0
[INFO] tweaked toml for crates.io crate vertexrs 0.1.0 written to /workspace/builds/worker-6-tc1/source/Cargo.toml
[INFO] validating manifest of crates.io crate vertexrs 0.1.0 on toolchain 1.99.0-beta.8
[INFO] running `Command { std: CARGO_HOME="/workspace/cargo-home" RUSTUP_HOME="/workspace/rustup-home" "/workspace/cargo-home/bin/cargo" "+1.99.0-beta.8" "metadata" "--manifest-path" "Cargo.toml" "--no-deps", kill_on_drop: false }`
[INFO] crate crates.io crate vertexrs 0.1.0 already has a lockfile, it will not be regenerated
[INFO] running `Command { std: CARGO_HOME="/workspace/cargo-home" RUSTUP_HOME="/workspace/rustup-home" "/workspace/cargo-home/bin/cargo" "+1.99.0-beta.8" "fetch" "--manifest-path" "Cargo.toml", kill_on_drop: false }`
[INFO] [stderr]     Updating crates.io index
[INFO] [stderr]  Downloading crates ...
[INFO] [stderr]   Downloaded tikv-jemallocator v0.6.1
[INFO] [stderr]   Downloaded polars-utils v0.53.0
[INFO] [stderr]   Downloaded vertexrs-macro v0.1.0
[INFO] [stderr]   Downloaded wasm-bindgen-futures v0.4.71
[INFO] [stderr]   Downloaded serde_stacker v0.1.14
[INFO] [stderr]   Downloaded array-init-cursor v0.2.1
[INFO] [stderr]   Downloaded stacker v0.1.24
[INFO] [stderr]   Downloaded psm v0.1.31
[INFO] [stderr]   Downloaded polars-error v0.53.0
[INFO] [stderr]   Downloaded planus v1.1.1
[INFO] [stderr]   Downloaded polars v0.53.0
[INFO] [stderr]   Downloaded signal-hook v0.4.4
[INFO] [stderr]   Downloaded polars-arrow-format v0.2.1
[INFO] [stderr]   Downloaded ar_archive_writer v0.5.1
[INFO] [stderr]   Downloaded web-sys v0.3.98
[INFO] [stderr]   Downloaded tikv-jemalloc-sys v0.6.1+5.3.0-1-ge13ca993e8ccb9ba9847cc330696e02839f328f7
[INFO] [stderr]   Downloaded h2 v0.4.14
[INFO] [stderr]   Downloaded argminmax v0.6.3
[INFO] [stderr]   Downloaded polars-time v0.53.0
[INFO] [stderr]   Downloaded polars-ops v0.53.0
[INFO] [stderr]   Downloaded polars-schema v0.53.0
[INFO] [stderr]   Downloaded polars-row v0.53.0
[INFO] [stderr]   Downloaded xxhash-rust v0.8.15
[INFO] [stderr]   Downloaded unicode-reverse v1.0.9
[INFO] [stderr]   Downloaded polars-dtype v0.53.0
[INFO] [stderr]   Downloaded atoi_simd v0.17.0
[INFO] [stderr]   Downloaded polars-arrow v0.53.0
[INFO] [stderr]   Downloaded polars-buffer v0.53.0
[INFO] [stderr]   Downloaded ethnum v1.5.3
[INFO] [stderr]   Downloaded now v0.1.3
[INFO] [stderr]   Downloaded debug_unsafe v0.1.4
[INFO] [stderr]   Downloaded polars-core v0.53.0
[INFO] [stderr]   Downloaded streaming-decompression v0.1.2
[INFO] [stderr]   Downloaded sqlparser_derive v0.4.0
[INFO] [stderr]   Downloaded polars-parquet v0.53.0
[INFO] [stderr]   Downloaded polars-sql v0.53.0
[INFO] [stderr]   Downloaded polars-compute v0.53.0
[INFO] [stderr]   Downloaded fast-float2 v0.2.3
[INFO] [stderr]   Downloaded sqlparser v0.60.0
[INFO] [stderr]   Downloaded strength_reduce v0.2.4
[INFO] [stderr]   Downloaded recursive v0.1.1
[INFO] [stderr]   Downloaded polars-plan v0.53.0
[INFO] [stderr]   Downloaded polars-parquet-format v0.1.0
[INFO] [stderr]   Downloaded polars-mem-engine v0.53.0
[INFO] [stderr]   Downloaded polars-io v0.53.0
[INFO] [stderr]   Downloaded chrono-tz v0.10.4
[INFO] [stderr]   Downloaded polars-expr v0.53.0
[INFO] [stderr]   Downloaded polars-lazy v0.53.0
[INFO] [stderr]   Downloaded polars-stream v0.53.0
[INFO] [stderr]   Downloaded recursive-proc-macro-impl v0.1.1
[INFO] [stderr]   Downloaded arrow-buffer v58.3.0
[INFO] [stderr]   Downloaded arrow-array v58.3.0
[INFO] [stderr]   Downloaded arrow-data v58.3.0
[INFO] [stderr]   Downloaded arrow-schema v58.3.0
[INFO] running `Command { std: "docker" "create" "-v" "/var/lib/crater-agent-workspace/builds/worker-6-tc1/source:/opt/rustwide/workdir:ro,Z" "-v" "/var/lib/crater-agent-workspace/builds/worker-6-tc1/target:/opt/rustwide/target:rw,Z" "-v" "/var/lib/crater-agent-workspace/cargo-home:/opt/rustwide/cargo-home:ro,Z" "-v" "/var/lib/crater-agent-workspace/rustup-home:/opt/rustwide/rustup-home:ro,Z" "-m" "1610612736" "--network" "none" "ghcr.io/rust-lang/crates-build-env/linux@sha256:77db811e55d90add9212f6832c23229e3de5f1c1f9905e8cb07319ea15df73ac" "sleep" "infinity", kill_on_drop: false }`
[INFO] [stdout] e4d825d239e234b00b4f6d723a9b5f8951635c28bc666c0d7f927c0775772ff3
[INFO] running `Command { std: "docker" "start" "e4d825d239e234b00b4f6d723a9b5f8951635c28bc666c0d7f927c0775772ff3", kill_on_drop: false }`
[INFO] running `Command { std: "docker" "inspect" "e4d825d239e234b00b4f6d723a9b5f8951635c28bc666c0d7f927c0775772ff3", kill_on_drop: false }`
[INFO] running `Command { std: "docker" "exec" "-e" "SOURCE_DIR=/opt/rustwide/workdir" "-e" "CARGO_HOME=/opt/rustwide/cargo-home" "-e" "RUSTUP_HOME=/opt/rustwide/rustup-home" "-e" "CARGO_TARGET_DIR=/opt/rustwide/target" "-w" "/opt/rustwide/workdir" "--user" "0:0" "e4d825d239e234b00b4f6d723a9b5f8951635c28bc666c0d7f927c0775772ff3" "/opt/rustwide/cargo-home/bin/cargo" "+1.99.0-beta.8" "metadata" "--no-deps" "--format-version=1", kill_on_drop: false }`
[INFO] running `Command { std: "docker" "inspect" "e4d825d239e234b00b4f6d723a9b5f8951635c28bc666c0d7f927c0775772ff3", kill_on_drop: false }`
[INFO] running `Command { std: "docker" "exec" "-e" "SOURCE_DIR=/opt/rustwide/workdir" "-e" "CARGO_HOME=/opt/rustwide/cargo-home" "-e" "RUSTUP_HOME=/opt/rustwide/rustup-home" "-e" "CARGO_TARGET_DIR=/opt/rustwide/target" "-e" "CARGO_INCREMENTAL=0" "-e" "RUST_BACKTRACE=full" "-e" "RUSTFLAGS=--cap-lints=warn" "-e" "RUSTDOCFLAGS=--cap-lints=warn" "-w" "/opt/rustwide/workdir" "--user" "0:0" "e4d825d239e234b00b4f6d723a9b5f8951635c28bc666c0d7f927c0775772ff3" "/opt/rustwide/cargo-home/bin/cargo" "+1.99.0-beta.8" "build" "--frozen" "--message-format=json" "--release", kill_on_drop: false }`
[INFO] [stderr]    Compiling num-traits v0.2.19
[INFO] [stderr]    Compiling zerocopy v0.8.48
[INFO] [stderr]    Compiling ahash v0.8.12
[INFO] [stderr]    Compiling syn v2.0.117
[INFO] [stderr]    Compiling once_cell v1.21.4
[INFO] [stderr]    Compiling arrow-schema v58.3.0
[INFO] [stderr]    Compiling getrandom v0.3.4
[INFO] [stderr]    Compiling bytemuck v1.25.0
[INFO] [stderr]    Compiling roaring v0.11.4
[INFO] [stderr]    Compiling num-integer v0.1.46
[INFO] [stderr]    Compiling chrono v0.4.41
[INFO] [stderr]    Compiling num-complex v0.4.6
[INFO] [stderr]    Compiling num-bigint v0.4.6
[INFO] [stderr]    Compiling zerocopy-derive v0.8.48
[INFO] [stderr]    Compiling vertexrs-macro v0.1.0
[INFO] [stderr]    Compiling half v2.7.1
[INFO] [stderr]    Compiling arrow-buffer v58.3.0
[INFO] [stderr]    Compiling arrow-data v58.3.0
[INFO] [stderr]    Compiling arrow-array v58.3.0
[INFO] [stderr]    Compiling vertexrs v0.1.0 (/opt/rustwide/workdir)
[INFO] [stderr]     Finished `release` profile [optimized] target(s) in 1m 10s
[INFO] running `Command { std: "docker" "inspect" "e4d825d239e234b00b4f6d723a9b5f8951635c28bc666c0d7f927c0775772ff3", kill_on_drop: false }`
[INFO] running `Command { std: "docker" "exec" "-e" "SOURCE_DIR=/opt/rustwide/workdir" "-e" "CARGO_HOME=/opt/rustwide/cargo-home" "-e" "RUSTUP_HOME=/opt/rustwide/rustup-home" "-e" "CARGO_TARGET_DIR=/opt/rustwide/target" "-e" "CARGO_INCREMENTAL=0" "-e" "RUST_BACKTRACE=full" "-e" "RUSTFLAGS=--cap-lints=warn" "-e" "RUSTDOCFLAGS=--cap-lints=warn" "-w" "/opt/rustwide/workdir" "--user" "0:0" "e4d825d239e234b00b4f6d723a9b5f8951635c28bc666c0d7f927c0775772ff3" "/opt/rustwide/cargo-home/bin/cargo" "+1.99.0-beta.8" "test" "--frozen" "--no-run" "--message-format=json" "--release", kill_on_drop: false }`
[INFO] [stderr]    Compiling half v2.7.1
[INFO] [stderr]    Compiling crossbeam-utils v0.8.21
[INFO] [stderr]    Compiling num-bigint v0.4.6
[INFO] [stderr]    Compiling cc v1.2.62
[INFO] [stderr]    Compiling serde_derive v1.0.228
[INFO] [stderr]    Compiling getrandom v0.3.4
[INFO] [stderr]    Compiling clap_lex v1.1.0
[INFO] [stderr]    Compiling anstyle v1.0.14
[INFO] [stderr]    Compiling plotters-backend v0.3.7
[INFO] [stderr]    Compiling regex-syntax v0.8.10
[INFO] [stderr]    Compiling plotters-svg v0.3.7
[INFO] [stderr]    Compiling clap_builder v4.6.0
[INFO] [stderr]    Compiling ciborium-ll v0.2.2
[INFO] [stderr]    Compiling crossbeam-epoch v0.9.18
[INFO] [stderr]    Compiling chrono v0.4.41
[INFO] [stderr]    Compiling serde_json v1.0.150
[INFO] [stderr]    Compiling crossbeam-deque v0.8.6
[INFO] [stderr]    Compiling rayon-core v1.13.0
[INFO] [stderr]    Compiling alloca v0.4.0
[INFO] [stderr]    Compiling arrow-buffer v58.3.0
[INFO] [stderr]    Compiling arrow-data v58.3.0
[INFO] [stderr]    Compiling serde v1.0.228
[INFO] [stderr]    Compiling regex-automata v0.4.14
[INFO] [stderr]    Compiling ahash v0.8.12
[INFO] [stderr]    Compiling itertools v0.13.0
[INFO] [stderr]    Compiling num-complex v0.4.6
[INFO] [stderr]    Compiling cast v0.3.0
[INFO] [stderr]    Compiling arrow-array v58.3.0
[INFO] [stderr]    Compiling tinytemplate v1.2.1
[INFO] [stderr]    Compiling regex v1.12.3
[INFO] [stderr]    Compiling criterion-plot v0.8.2
[INFO] [stderr]    Compiling ciborium v0.2.2
[INFO] [stderr]    Compiling clap v4.6.1
[INFO] [stderr]    Compiling rayon v1.12.0
[INFO] [stderr]    Compiling plotters v0.3.7
[INFO] [stderr]    Compiling page_size v0.6.0
[INFO] [stderr]    Compiling anes v0.1.6
[INFO] [stderr]    Compiling oorandom v11.1.5
[INFO] [stderr]    Compiling vertexrs v0.1.0 (/opt/rustwide/workdir)
[INFO] [stderr]    Compiling criterion v0.8.2
[INFO] [stderr]     Finished `release` profile [optimized] target(s) in 2m 08s
[INFO] running `Command { std: "docker" "inspect" "e4d825d239e234b00b4f6d723a9b5f8951635c28bc666c0d7f927c0775772ff3", kill_on_drop: false }`
[INFO] running `Command { std: "docker" "exec" "-e" "SOURCE_DIR=/opt/rustwide/workdir" "-e" "CARGO_HOME=/opt/rustwide/cargo-home" "-e" "RUSTUP_HOME=/opt/rustwide/rustup-home" "-e" "CARGO_TARGET_DIR=/opt/rustwide/target" "-e" "CARGO_INCREMENTAL=0" "-e" "RUST_BACKTRACE=full" "-e" "RUSTFLAGS=--cap-lints=warn" "-e" "RUSTDOCFLAGS=--cap-lints=warn" "-w" "/opt/rustwide/workdir" "--user" "0:0" "e4d825d239e234b00b4f6d723a9b5f8951635c28bc666c0d7f927c0775772ff3" "/opt/rustwide/cargo-home/bin/cargo" "+1.99.0-beta.8" "test" "--frozen" "--release", kill_on_drop: false }`
[INFO] [stderr]     Finished `release` profile [optimized] target(s) in 0.27s
[INFO] [stderr]      Running unittests src/lib.rs (/opt/rustwide/target/release/deps/vertexrs-0c5ccf454a232130)
[INFO] [stdout] 
[INFO] [stdout] running 124 tests
[INFO] [stdout] test column::tests::chunk_arrow_roundtrip ... ok
[INFO] [stdout] test column::tests::chunk_stores_values ... ok
[INFO] [stdout] test column::tests::chunk_buffer_is_64byte_aligned ... FAILED
[INFO] [stdout] test column::tests::clear_dirty_removes_all_flags ... ok
[INFO] [stdout] test column::tests::chunk_panics_if_oversized - should panic ... ok
[INFO] [stdout] test column::tests::append_delta_marks_correct_chunks ... ok
[INFO] [stdout] test column::tests::chunk_full_at_chunk_size ... ok
[INFO] [stdout] test column::tests::column_default_is_empty ... ok
[INFO] [stdout] test column::tests::column_get_returns_correct_element ... ok
[INFO] [stdout] test column::tests::column_push_chunk ... ok
[INFO] [stdout] test column::tests::dirty_chunks_yields_correct_pairs ... ok
[INFO] [stdout] test column::tests::column_from_slice_splits_at_chunk_size ... ok
[INFO] [stdout] test column::tests::column_to_arrow_arrays ... ok
[INFO] [stdout] test column::tests::mark_dirty_range_spanning_two_chunks ... ok
[INFO] [stdout] test column::tests::mark_dirty_single_row_marks_correct_chunk ... ok
[INFO] [stdout] test column::tests::new_column_is_clean ... ok
[INFO] [stdout] test column::tests::from_slice_column_is_clean ... ok
[INFO] [stdout] test column::tests::mark_all_dirty_marks_every_chunk ... ok
[INFO] [stdout] test column::tests::mark_dirty_empty_range_is_noop ... ok
[INFO] [stdout] test column::tests::mutation_delta_marks_correct_chunks ... ok
[INFO] [stdout] test dag::tests::add_and_retrieve_nodes ... ok
[INFO] [stdout] test dag::tests::add_node_with_missing_input_panics - should panic ... ok
[INFO] [stdout] test dag::tests::mapping_is_blocking_flags ... ok
[INFO] [stdout] test dag::tests::mapping_local_window_expands_range ... ok
[INFO] [stdout] test dag::tests::mapping_local_window_saturates_at_zero ... ok
[INFO] [stdout] test dag::tests::propagate_dirty_local_window_expands ... ok
[INFO] [stdout] test dag::tests::propagate_dirty_simple_pointwise_chain ... ok
[INFO] [stdout] test dag::tests::mapping_pointwise_identity ... ok
[INFO] [stdout] test dag::tests::mapping_reshape_is_full_range ... ok
[INFO] [stdout] test dag::tests::mapping_scatter_is_full_range ... ok
[INFO] [stdout] test dag::tests::propagate_dirty_blocking_node_full_output ... ok
[INFO] [stdout] test dag::tests::propagate_dirty_diamond_merges_ranges ... ok
[INFO] [stdout] test dag::tests::propagate_dirty_does_not_include_unrelated_nodes ... ok
[INFO] [stdout] test dag::tests::propagate_dirty_five_node_mixed_graph ... ok
[INFO] [stdout] test dag::tests::topo_order_linear_chain ... ok
[INFO] [stdout] test dag::tests::propagate_dirty_source_only ... ok
[INFO] [stdout] test dag::tests::topo_order_diamond ... ok
[INFO] [stdout] test dag::tests::topo_order_single_node ... ok
[INFO] [stdout] test executor::tests::hard_failure_returns_error ... ok
[INFO] [stdout] test executor::tests::integration_three_node_dag ... ok
[INFO] [stdout] test executor::tests::na_threshold_warning_on_soft_failure ... ok
[INFO] [stdout] test executor::tests::warning_collector_cap_is_respected ... ok
[INFO] [stdout] test executor::tests::purity_check_passes_for_pure_kernel ... ok
[INFO] [stdout] test executor::tests::run_is_idempotent_when_nothing_is_dirty ... ok
[INFO] [stdout] test executor::tests::run_produces_no_null_buffers_for_valid_data ... ok
[INFO] [stdout] test executor::tests::soft_failure_marks_output_null_and_warns ... ok
[INFO] [stdout] test executor::tests::warning_collector_push_and_drain ... ok
[INFO] [stdout] test kernel::tests::binary_kernel_mul_i64 ... ok
[INFO] [stdout] test kernel::tests::binary_kernel_panics_wrong_input_count - should panic ... ok
[INFO] [stdout] test kernel::tests::chunk_contract_variants_eq ... ok
[INFO] [stdout] test kernel::tests::cond_kernel_all_true ... ok
[INFO] [stdout] test kernel::tests::cond_kernel_panics_wrong_input_count - should panic ... ok
[INFO] [stdout] test kernel::tests::binary_kernel_add_f64 ... ok
[INFO] [stdout] test kernel::tests::cond_kernel_selects_correctly ... ok
[INFO] [stdout] test kernel::tests::propagate_nulls_all_valid_returns_none ... ok
[INFO] [stdout] test kernel::tests::factory_add_kernel ... ok
[INFO] [stdout] test kernel::tests::factory_cond_kernel ... ok
[INFO] [stdout] test kernel::tests::factory_div_kernel ... ok
[INFO] [stdout] test kernel::tests::factory_mul_kernel ... ok
[INFO] [stdout] test kernel::tests::factory_rem_kernel ... ok
[INFO] [stdout] test kernel::tests::factory_sub_kernel ... ok
[INFO] [stdout] test kernel::tests::propagate_nulls_three_inputs_mixed ... ok
[INFO] [stdout] test kernel::tests::propagate_nulls_single_buffer ... ok
[INFO] [stdout] test tests::any_node_data_type ... ok
[INFO] [stdout] test kernel::tests::unary_kernel_double ... ok
[INFO] [stdout] test tests::any_node_bool_metadata ... ok
[INFO] [stdout] test kernel::tests::unary_kernel_negate_i32 ... ok
[INFO] [stdout] test tests::any_node_str_metadata ... ok
[INFO] [stdout] test tests::arrow_buffer_is_shared ... ok
[INFO] [stdout] test tests::arrow_round_trip ... ok
[INFO] [stdout] test tests::bool_node_from_data_round_trip ... ok
[INFO] [stdout] test tests::any_node_is_empty ... ok
[INFO] [stdout] test tests::any_node_name_and_len ... ok
[INFO] [stdout] test tests::bool_node_is_empty ... ok
[INFO] [stdout] test tests::bool_node_new_with_deps ... ok
[INFO] [stdout] test tests::bool_node_value_indexing ... ok
[INFO] [stdout] test tests::frame_add_duplicate_panics - should panic ... ok
[INFO] [stdout] test tests::frame_add_length_mismatch_panics - should panic ... ok
[INFO] [stdout] test tests::frame_basic_get ... ok
[INFO] [stdout] test tests::frame_column_names ... ok
[INFO] [stdout] test tests::frame_get_bool_missing_column ... ok
[INFO] [stdout] test tests::frame_empty ... ok
[INFO] [stdout] test tests::frame_get_bool_happy_path ... ok
[INFO] [stdout] test tests::frame_get_bool_wrong_type ... ok
[INFO] [stdout] test tests::frame_get_missing_column_returns_none ... ok
[INFO] [stdout] test tests::frame_get_str_happy_path ... ok
[INFO] [stdout] test tests::frame_get_str_missing_column ... ok
[INFO] [stdout] test tests::frame_get_str_wrong_type ... ok
[INFO] [stdout] test tests::frame_get_wrong_type_returns_none ... ok
[INFO] [stdout] test tests::frame_len_and_column_count ... ok
[INFO] [stdout] test tests::macro_col_captures_dep_from_body ... ok
[INFO] [stdout] test tests::macro_col_sort ... ok
[INFO] [stdout] test tests::macro_col_filter ... ok
[INFO] [stdout] test tests::macro_frame_col_typed ... ok
[INFO] [stdout] test tests::macro_frame_row_multi_col ... ok
[INFO] [stdout] test tests::macro_row_after_col ... ok
[INFO] [stdout] test kernel::tests::is_null_mask_marks_nulls ... ok
[INFO] [stdout] test kernel::tests::propagate_nulls_ands_two_bitmaps ... ok
[INFO] [stdout] test tests::macro_row_mixed_types ... ok
[INFO] [stdout] test tests::node_macro_bool_output_without_annotation_still_compiles ... ok
[INFO] [stdout] test tests::node_row_single_dep ... ok
[INFO] [stdout] test tests::pipeline_basic_round_trip ... ok
[INFO] [stdout] test tests::pipeline_missing_source_returns_error ... ok
[INFO] [stdout] test tests::pipeline_multi_source_and_derived ... ok
[INFO] [stdout] test tests::pipeline_nested_basic ... ok
[INFO] [stdout] test tests::pipeline_nested_internal_nodes_invisible ... ok
[INFO] [stdout] test tests::pipeline_nested_isolate_failure_parent_continues ... ok
[INFO] [stdout] test tests::pipeline_output_is_only_declared_columns ... ok
[INFO] [stdout] test tests::pipeline_push_then_recompute ... ok
[INFO] [stdout] test tests::pipeline_sub_basic ... ok
[INFO] [stdout] test tests::pipeline_sub_missing_output_returns_error ... ok
[INFO] [stdout] test tests::pipeline_sub_multiple_outputs ... ok
[INFO] [stdout] test tests::pipeline_two_independent_subs ... ok
[INFO] [stdout] test tests::string_node_from_data_round_trip ... ok
[INFO] [stdout] test tests::string_node_is_empty ... ok
[INFO] [stdout] test tests::string_node_new_with_deps ... ok
[INFO] [stdout] test tests::node_col_sort ... ok
[INFO] [stdout] test tests::node_macro_bool_output_uses_extra_dep ... ok
[INFO] [stderr] error: test failed, to rerun pass `--lib`
[INFO] [stdout] test tests::node_macro_bool_output_row_mode ... ok
[INFO] [stdout] test tests::string_node_value_indexing ... ok
[INFO] [stdout] test kernel::tests::propagate_nulls_empty_returns_none ... ok
[INFO] [stdout] test tests::macro_row_scalar_op ... ok
[INFO] [stdout] test tests::macro_row_two_nodes ... ok
[INFO] [stdout] test tests::node_col_filter ... ok
[INFO] [stdout] 
[INFO] [stdout] failures:
[INFO] [stdout] 
[INFO] [stdout] ---- column::tests::chunk_buffer_is_64byte_aligned stdout ----
[INFO] [stdout] 
[INFO] [stdout] thread 'column::tests::chunk_buffer_is_64byte_aligned' (1344) panicked at src/column.rs:301:9:
[INFO] [stdout] assertion `left == right` failed: buffer not 64-byte aligned (ptr = 0x725298001110)
[INFO] [stdout]   left: 16
[INFO] [stdout]  right: 0
[INFO] [stdout] stack backtrace:
[INFO] [stdout]    0:     0x5611e7a27191 - <<std[70759c8f55707aa4]::sys::backtrace::BacktraceLock>::print::DisplayBacktrace as core[df12db4294e9bfd3]::fmt::Display>::fmt
[INFO] [stdout]    1:     0x5611e7a3bd6a - core[df12db4294e9bfd3]::fmt::write
[INFO] [stdout]    2:     0x5611e7a2b62c - <alloc[2182bb758b4b3781]::vec::Vec<u8> as core[df12db4294e9bfd3]::io::write::Write>::write_fmt
[INFO] [stdout]    3:     0x5611e7a03786 - std[70759c8f55707aa4]::panicking::default_hook::{closure#0}
[INFO] [stdout]    4:     0x5611e7a1f8f9 - std[70759c8f55707aa4]::panicking::default_hook
[INFO] [stdout]    5:     0x5611e799f8c0 - test[9d35eded1c95d3be]::test_main_inner::<test[9d35eded1c95d3be]::test_main_static::{closure#0}>::{closure#0}
[INFO] [stdout]    6:     0x5611e7a1fab2 - std[70759c8f55707aa4]::panicking::panic_with_hook
[INFO] [stdout]    7:     0x5611e7a03832 - std[70759c8f55707aa4]::panicking::panic_handler::{closure#0}
[INFO] [stdout]    8:     0x5611e79fc5b9 - std[70759c8f55707aa4]::sys::backtrace::__rust_end_short_backtrace::<std[70759c8f55707aa4]::panicking::panic_handler::{closure#0}, !>
[INFO] [stdout]    9:     0x5611e7a0442d - __rustc[8fa7c3cbc660c2b3]::rust_begin_unwind
[INFO] [stdout]   10:     0x5611e7a3c4cc - core[df12db4294e9bfd3]::panicking::panic_fmt
[INFO] [stdout]   11:     0x5611e7a3c443 - core[df12db4294e9bfd3]::panicking::assert_failed_inner
[INFO] [stdout]   12:     0x5611e7a3830d - core[df12db4294e9bfd3]::panicking::assert_failed::<usize, usize>
[INFO] [stdout]   13:     0x5611e7980a23 - vertexrs[41af00a0b2625b37]::column::tests::chunk_buffer_is_64byte_aligned
[INFO] [stdout]   14:     0x5611e797b5c9 - <vertexrs[41af00a0b2625b37]::column::tests::chunk_buffer_is_64byte_aligned::{closure#0} as core[df12db4294e9bfd3]::ops::function::FnOnce<()>>::call_once
[INFO] [stdout]   15:     0x5611e7992bab - test[9d35eded1c95d3be]::__rust_begin_short_backtrace::<core[df12db4294e9bfd3]::result::Result<(), alloc[2182bb758b4b3781]::string::String>, fn() -> core[df12db4294e9bfd3]::result::Result<(), alloc[2182bb758b4b3781]::string::String>>
[INFO] [stdout]   16:     0x5611e79a0215 - test[9d35eded1c95d3be]::run_test::{closure#0}
[INFO] [stdout]   17:     0x5611e7999ad4 - std[70759c8f55707aa4]::sys::backtrace::__rust_begin_short_backtrace::<test[9d35eded1c95d3be]::run_test::{closure#1}, ()>
[INFO] [stdout]   18:     0x5611e79a3372 - <std[70759c8f55707aa4]::thread::lifecycle::spawn_unchecked<test[9d35eded1c95d3be]::run_test::{closure#1}, ()>::{closure#1} as core[df12db4294e9bfd3]::ops::function::FnOnce<()>>::call_once::{shim:vtable#0}
[INFO] [stdout]   19:     0x5611e7a26a69 - <std[70759c8f55707aa4]::sys::thread::unix::Thread>::new::thread_start
[INFO] [stdout]   20:     0x7252a6f77dfa - <unknown>
[INFO] [stdout]   21:     0x7252a700b3d4 - clone
[INFO] [stdout]   22:                0x0 - <unknown>
[INFO] [stdout] 
[INFO] [stdout] 
[INFO] [stdout] failures:
[INFO] [stdout]     column::tests::chunk_buffer_is_64byte_aligned
[INFO] [stdout] 
[INFO] [stdout] test result: FAILED. 123 passed; 1 failed; 0 ignored; 0 measured; 0 filtered out; finished in 0.03s
[INFO] [stdout] 
[INFO] running `Command { std: "docker" "inspect" "e4d825d239e234b00b4f6d723a9b5f8951635c28bc666c0d7f927c0775772ff3", kill_on_drop: false }`
[INFO] running `Command { std: "docker" "rm" "-f" "e4d825d239e234b00b4f6d723a9b5f8951635c28bc666c0d7f927c0775772ff3", kill_on_drop: false }`
[INFO] [stdout] e4d825d239e234b00b4f6d723a9b5f8951635c28bc666c0d7f927c0775772ff3
